-- Data for Name: sale_order_line_invoice_rel; Type: TABLE DATA; Schema: public; Owner: odoo
--

COPY public.sale_order_line_invoice_rel (invoice_line_id, order_line_id) FROM stdin;
\.


--
-- Data for Name: sale_order_line_product_document_rel; Type: TABLE DATA; Schema: public; Owner: odoo
--

COPY public.sale_order_line_product_document_rel (sale_order_line_id, product_document_id) FROM stdin;
\.


--
-- Data for Name: sale_order_mass_cancel_wizard_rel; Type: TABLE DATA; Schema: public; Owner: odoo
--

COPY public.sale_order_mass_cancel_wizard_rel (sale_mass_cancel_orders_id, sale_order_id) FROM stdin;
\.


--
-- Data for Name: sale_order_option; Type: TABLE DATA; Schema: public; Owner: odoo
--

COPY public.sale_order_option (id, order_id, product_id, line_id, sequence, uom_id, create_uid, write_uid, name, quantity, price_unit, discount, create_date, write_date) FROM stdin;
\.


--
-- Data for Name: sale_order_tag_rel; Type: TABLE DATA; Schema: public; Owner: odoo
--

COPY public.sale_order_tag_rel (order_id, tag_id) FROM stdin;
\.


--
-- Data for Name: sale_order_template; Type: TABLE DATA; Schema: public; Owner: odoo
--

COPY public.sale_order_template (id, company_id, sequence, mail_template_id, number_of_days, create_uid, write_uid, name, note, journal_id, active, require_signature, require_payment, create_date, write_date, prepayment_percent) FROM stdin;
\.


--
-- Data for Name: sale_order_template_line; Type: TABLE DATA; Schema: public; Owner: odoo
--

COPY public.sale_order_template_line (id, sale_order_template_id, sequence, company_id, product_id, product_uom_id, create_uid, write_uid, display_type, name, product_uom_qty, create_date, write_date) FROM stdin;
\.


--
-- Data for Name: sale_order_template_option; Type: TABLE DATA; Schema: public; Owner: odoo
--

COPY public.sale_order_template_option (id, sale_order_template_id, company_id, product_id, uom_id, create_uid, write_uid, name, quantity, create_date, write_date) FROM stdin;
\.


--
-- Data for Name: sale_order_transaction_rel; Type: TABLE DATA; Schema: public; Owner: odoo
--

COPY public.sale_order_transaction_rel (transaction_id, sale_order_id) FROM stdin;
\.


--
-- Data for Name: sale_payment_provider_onboarding_wizard; Type: TABLE DATA; Schema: public; Owner: odoo
--

COPY public.sale_payment_provider_onboarding_wizard (id, create_uid, write_uid, payment_method, paypal_email_account, manual_name, journal_name, acc_number, manual_post_msg, create_date, write_date) FROM stdin;
\.


--
-- Data for Name: sale_pdf_form_field; Type: TABLE DATA; Schema: public; Owner: odoo
--

COPY public.sale_pdf_form_field (id, create_uid, write_uid, name, document_type, path, create_date, write_date) FROM stdin;
1	1	1	amount_total	quotation_document	amount_total	2026-04-08 08:35:06.530911	2026-04-08 08:35:06.530911
2	1	1	amount_untaxed	quotation_document	amount_untaxed	2026-04-08 08:35:06.530911	2026-04-08 08:35:06.530911
3	1	1	client_order_ref	quotation_document	client_order_ref	2026-04-08 08:35:06.530911	2026-04-08 08:35:06.530911
4	1	1	delivery_date	quotation_document	commitment_date	2026-04-08 08:35:06.530911	2026-04-08 08:35:06.530911
5	1	1	order_date	quotation_document	date_order	2026-04-08 08:35:06.530911	2026-04-08 08:35:06.530911
6	1	1	name	quotation_document	name	2026-04-08 08:35:06.530911	2026-04-08 08:35:06.530911
7	1	1	partner_id__name	quotation_document	partner_id.name	2026-04-08 08:35:06.530911	2026-04-08 08:35:06.530911
8	1	1	user_id__email	quotation_document	user_id.login	2026-04-08 08:35:06.530911	2026-04-08 08:35:06.530911
9	1	1	user_id__name	quotation_document	user_id.name	2026-04-08 08:35:06.530911	2026-04-08 08:35:06.530911
10	1	1	validity_date	quotation_document	validity_date	2026-04-08 08:35:06.530911	2026-04-08 08:35:06.530911
11	1	1	amount_total	product_document	order_id.amount_total	2026-04-08 08:35:06.530911	2026-04-08 08:35:06.530911
12	1	1	amount_untaxed	product_document	order_id.amount_untaxed	2026-04-08 08:35:06.530911	2026-04-08 08:35:06.530911
13	1	1	client_order_ref	product_document	order_id.client_order_ref	2026-04-08 08:35:06.530911	2026-04-08 08:35:06.530911
14	1	1	delivery_date	product_document	order_id.commitment_date	2026-04-08 08:35:06.530911	2026-04-08 08:35:06.530911
15	1	1	description	product_document	name	2026-04-08 08:35:06.530911	2026-04-08 08:35:06.530911
16	1	1	discount	product_document	discount	2026-04-08 08:35:06.530911	2026-04-08 08:35:06.530911
17	1	1	name	product_document	order_id.name	2026-04-08 08:35:06.530911	2026-04-08 08:35:06.530911
18	1	1	partner_id__name	product_document	order_partner_id.name	2026-04-08 08:35:06.530911	2026-04-08 08:35:06.530911
19	1	1	price_unit	product_document	price_unit	2026-04-08 08:35:06.530911	2026-04-08 08:35:06.530911
20	1	1	product_sale_price	product_document	product_id.lst_price	2026-04-08 08:35:06.530911	2026-04-08 08:35:06.530911
21	1	1	quantity	product_document	product_uom_qty	2026-04-08 08:35:06.530911	2026-04-08 08:35:06.530911
22	1	1	tax_excl_price	product_document	price_subtotal	2026-04-08 08:35:06.530911	2026-04-08 08:35:06.530911
23	1	1	tax_incl_price	product_document	price_total	2026-04-08 08:35:06.530911	2026-04-08 08:35:06.530911
24	1	1	taxes	product_document	tax_id	2026-04-08 08:35:06.530911	2026-04-08 08:35:06.530911
25	1	1	uom	product_document	product_uom.name	2026-04-08 08:35:06.530911	2026-04-08 08:35:06.530911
26	1	1	user_id__name	product_document	salesman_id.name	2026-04-08 08:35:06.530911	2026-04-08 08:35:06.530911
27	1	1	validity_date	product_document	order_id.validity_date	2026-04-08 08:35:06.530911	2026-04-08 08:35:06.530911
\.


--
-- Data for Name: scheduled_message_attachment_rel; Type: TABLE DATA; Schema: public; Owner: odoo
--

COPY public.scheduled_message_attachment_rel (scheduled_message_id, attachment_id) FROM stdin;
\.


--
-- Data for Name: sms_account_code; Type: TABLE DATA; Schema: public; Owner: odoo
--

COPY public.sms_account_code (id, account_id, create_uid, write_uid, verification_code, create_date, write_date) FROM stdin;
\.


--
-- Data for Name: sms_account_phone; Type: TABLE DATA; Schema: public; Owner: odoo
--

COPY public.sms_account_phone (id, account_id, create_uid, write_uid, phone_number, create_date, write_date) FROM stdin;
\.


--
-- Data for Name: sms_account_sender; Type: TABLE DATA; Schema: public; Owner: odoo
--

COPY public.sms_account_sender (id, account_id, create_uid, write_uid, sender_name, create_date, write_date) FROM stdin;
\.


--
-- Data for Name: sms_composer; Type: TABLE DATA; Schema: public; Owner: odoo
--

COPY public.sms_composer (id, res_id, template_id, create_uid, write_uid, composition_mode, res_model, res_ids, recipient_single_number_itf, number_field_name, numbers, body, mass_keep_log, mass_force_send, mass_use_blacklist, create_date, write_date) FROM stdin;
\.


--
-- Data for Name: sms_resend; Type: TABLE DATA; Schema: public; Owner: odoo
--

COPY public.sms_resend (id, mail_message_id, create_uid, write_uid, create_date, write_date) FROM stdin;
\.


--
-- Data for Name: sms_resend_recipient; Type: TABLE DATA; Schema: public; Owner: odoo
--

COPY public.sms_resend_recipient (id, sms_resend_id, notification_id, create_uid, write_uid, partner_name, sms_number, resend, create_date, write_date) FROM stdin;
\.


--
-- Data for Name: sms_sms; Type: TABLE DATA; Schema: public; Owner: odoo
--

COPY public.sms_sms (id, partner_id, mail_message_id, create_uid, write_uid, uuid, number, state, failure_type, body, to_delete, create_date, write_date) FROM stdin;
\.


--
-- Data for Name: sms_template; Type: TABLE DATA; Schema: public; Owner: odoo
--

COPY public.sms_template (id, model_id, sidebar_action_id, create_uid, write_uid, template_fs, lang, model, name, body, create_date, write_date) FROM stdin;
1	632	\N	1	1	calendar_sms/data/sms_data.xml	\N	calendar.event	{"en_US": "Calendar Event: Reminder", "es_ES": "Evento del calendario: recordatorio"}	{"en_US": "Event reminder: {{ object.name }}, {{ object.get_display_time_tz(object.partner_id.tz) }}", "es_ES": "Recordatorio de evento: {{ object.name }}, {{ object.get_display_time_tz(object.partner_id.tz) }}"}	2026-04-08 08:38:56.871515	2026-04-08 08:38:56.871515
2	672	\N	1	1	stock_sms/data/sms_data.xml	\N	stock.picking	{"en_US": "Delivery: Send by SMS Text Message", "es_ES": "Entrega: Enviar por mensaje de texto SMS"}	{"en_US": "\\n                {{ (object.company_id.name + ': We are glad to inform you that your order n° ' + object.origin + ' has been shipped.' if object.origin else object.company_id.name + ': We are glad to inform you that your order has been shipped.') + (' Your tracking reference is ' + (object.carrier_tracking_ref) + '.' if hasattr(object, 'carrier_tracking_ref') and object.carrier_tracking_ref else '') }}\\n            ", "es_ES": "\\n                {{ (object.company_id.name + ': Nos alegra informarle que su orden con el número ' + object.origin + ' ha sido enviada.' if object.origin else object.company_id.name + ': Nos alegra informarle que su orden ha sido enviada.') + (' Su referencia de rastreo es ' + (object.carrier_tracking_ref) + '.' if hasattr(object, 'carrier_tracking_ref') and object.carrier_tracking_ref else '') }}\\n            "}	2026-04-08 08:46:15.876097	2026-04-08 08:46:15.876097
\.


--
-- Data for Name: sms_template_preview; Type: TABLE DATA; Schema: public; Owner: odoo
--

COPY public.sms_template_preview (id, sms_template_id, create_uid, write_uid, lang, resource_ref, create_date, write_date) FROM stdin;
\.


--
-- Data for Name: sms_template_reset; Type: TABLE DATA; Schema: public; Owner: odoo
--

COPY public.sms_template_reset (id, create_uid, write_uid, create_date, write_date) FROM stdin;
\.


--
-- Data for Name: sms_template_sms_template_reset_rel; Type: TABLE DATA; Schema: public; Owner: odoo
--

COPY public.sms_template_sms_template_reset_rel (sms_template_reset_id, sms_template_id) FROM stdin;
\.


--
-- Data for Name: sms_tracker; Type: TABLE DATA; Schema: public; Owner: odoo
--

COPY public.sms_tracker (id, mail_notification_id, create_uid, write_uid, sms_uuid, create_date, write_date) FROM stdin;
\.


--
-- Data for Name: snailmail_letter; Type: TABLE DATA; Schema: public; Owner: odoo
--

COPY public.snailmail_letter (id, user_id, res_id, partner_id, company_id, report_template, attachment_id, message_id, state_id, country_id, create_uid, write_uid, model, state, error_code, street, street2, zip, city, info_msg, color, cover, duplex, create_date, write_date) FROM stdin;
\.


--
-- Data for Name: snailmail_letter_format_error; Type: TABLE DATA; Schema: public; Owner: odoo
--

COPY public.snailmail_letter_format_error (id, message_id, create_uid, write_uid, snailmail_cover, create_date, write_date) FROM stdin;
\.


--
-- Data for Name: snailmail_letter_missing_required_fields; Type: TABLE DATA; Schema: public; Owner: odoo
--

COPY public.snailmail_letter_missing_required_fields (id, partner_id, letter_id, state_id, country_id, create_uid, write_uid, street, street2, zip, city, create_date, write_date) FROM stdin;
\.


--
-- Data for Name: spreadsheet_dashboard; Type: TABLE DATA; Schema: public; Owner: odoo
--

COPY public.spreadsheet_dashboard (id, dashboard_group_id, sequence, company_id, create_uid, write_uid, sample_dashboard_file_path, name, is_published, create_date, write_date) FROM stdin;
1	1	20	\N	1	1	spreadsheet_dashboard_account/data/files/invoicing_sample_dashboard.json	{"en_US": "Invoicing", "es_ES": "Facturación"}	t	2026-04-08 08:34:55.779674	2026-04-08 08:34:55.779674
2	2	100	\N	1	1	spreadsheet_dashboard_sale/data/files/sales_sample_dashboard.json	{"en_US": "Sales", "es_ES": "Ventas"}	t	2026-04-08 08:35:06.354452	2026-04-08 08:35:06.354452
3	2	200	\N	1	1	spreadsheet_dashboard_sale/data/files/product_sample_dashboard.json	{"en_US": "Product", "es_ES": "Producto"}	t	2026-04-08 08:35:06.354452	2026-04-08 08:35:06.354452
4	6	300	\N	1	1	spreadsheet_dashboard_stock_account/data/files/warehouse_metrics_sample_dashboard.json	{"en_US": "Warehouse Metrics", "es_ES": "Métricas del almacén"}	t	2026-04-08 08:46:16.817419	2026-04-08 08:46:16.817419
\.


--
-- Data for Name: spreadsheet_dashboard_group; Type: TABLE DATA; Schema: public; Owner: odoo
--

COPY public.spreadsheet_dashboard_group (id, sequence, create_uid, write_uid, name, create_date, write_date) FROM stdin;
1	300	1	1	{"en_US": "Finance", "es_ES": "Finanzas"}	2026-04-08 08:34:52.241103	2026-04-08 08:34:52.241103
2	100	1	1	{"en_US": "Sales", "es_ES": "Ventas"}	2026-04-08 08:34:52.241103	2026-04-08 08:34:52.241103
3	800	1	1	{"en_US": "Human Resources", "es_ES": "Recursos Humanos"}	2026-04-08 08:34:52.241103	2026-04-08 08:34:52.241103
4	700	1	1	{"en_US": "Website", "es_ES": "Sitio web"}	2026-04-08 08:34:52.241103	2026-04-08 08:34:52.241103
5	500	1	1	{"en_US": "Services", "es_ES": "Servicios"}	2026-04-08 08:34:52.241103	2026-04-08 08:34:52.241103
6	400	1	1	{"en_US": "Logistics", "es_ES": "Logística"}	2026-04-08 08:34:52.241103	2026-04-08 08:34:52.241103
7	600	1	1	{"en_US": "Marketing", "es_ES": "Marketing"}	2026-04-08 08:34:52.241103	2026-04-08 08:34:52.241103
\.


--
-- Data for Name: spreadsheet_dashboard_share; Type: TABLE DATA; Schema: public; Owner: odoo
--

COPY public.spreadsheet_dashboard_share (id, dashboard_id, create_uid, write_uid, access_token, create_date, write_date) FROM stdin;
\.


--
-- Data for Name: stock_backorder_confirmation; Type: TABLE DATA; Schema: public; Owner: odoo
--

COPY public.stock_backorder_confirmation (id, create_uid, write_uid, show_transfers, create_date, write_date) FROM stdin;
\.


--
-- Data for Name: stock_backorder_confirmation_line; Type: TABLE DATA; Schema: public; Owner: odoo
--

COPY public.stock_backorder_confirmation_line (id, backorder_confirmation_id, picking_id, create_uid, write_uid, to_backorder, create_date, write_date) FROM stdin;
\.


--
-- Data for Name: stock_change_product_qty; Type: TABLE DATA; Schema: public; Owner: odoo
--

COPY public.stock_change_product_qty (id, product_id, product_tmpl_id, create_uid, write_uid, new_quantity, create_date, write_date) FROM stdin;
\.


--
-- Data for Name: stock_conflict_quant_rel; Type: TABLE DATA; Schema: public; Owner: odoo
--

COPY public.stock_conflict_quant_rel (stock_inventory_conflict_id, stock_quant_id) FROM stdin;
\.


--
-- Data for Name: stock_inventory_adjustment_name; Type: TABLE DATA; Schema: public; Owner: odoo
--

COPY public.stock_inventory_adjustment_name (id, create_uid, write_uid, inventory_adjustment_name, create_date, write_date) FROM stdin;
\.


--
-- Data for Name: stock_inventory_adjustment_name_stock_quant_rel; Type: TABLE DATA; Schema: public; Owner: odoo
--

COPY public.stock_inventory_adjustment_name_stock_quant_rel (stock_inventory_adjustment_name_id, stock_quant_id) FROM stdin;
\.


--
-- Data for Name: stock_inventory_conflict; Type: TABLE DATA; Schema: public; Owner: odoo
--

COPY public.stock_inventory_conflict (id, create_uid, write_uid, create_date, write_date) FROM stdin;
\.


--
-- Data for Name: stock_inventory_conflict_stock_quant_rel; Type: TABLE DATA; Schema: public; Owner: odoo
--

COPY public.stock_inventory_conflict_stock_quant_rel (stock_inventory_conflict_id, stock_quant_id) FROM stdin;
\.


--
-- Data for Name: stock_inventory_warning; Type: TABLE DATA; Schema: public; Owner: odoo
--

COPY public.stock_inventory_warning (id, create_uid, write_uid, create_date, write_date) FROM stdin;
\.


--
-- Data for Name: stock_inventory_warning_stock_quant_rel; Type: TABLE DATA; Schema: public; Owner: odoo
--

COPY public.stock_inventory_warning_stock_quant_rel (stock_inventory_warning_id, stock_quant_id) FROM stdin;
\.


--
-- Data for Name: stock_location; Type: TABLE DATA; Schema: public; Owner: odoo
--

COPY public.stock_location (id, location_id, posx, posy, posz, company_id, removal_strategy_id, cyclic_inventory_frequency, warehouse_id, storage_category_id, create_uid, write_uid, name, complete_name, usage, parent_path, barcode, last_inventory_date, next_inventory_date, comment, active, scrap_location, replenish_location, create_date, write_date, valuation_in_account_id, valuation_out_account_id) FROM stdin;
1	\N	0	0	0	\N	\N	0	\N	\N	1	1	Physical Locations	Physical Locations	view	1/	\N	\N	\N	\N	t	f	f	2026-04-08 08:46:08.412603	2026-04-08 08:46:08.412603	\N	\N
2	\N	0	0	1	\N	\N	0	\N	\N	1	1	Partners	Partners	view	2/	\N	\N	\N	\N	t	f	f	2026-04-08 08:46:08.412603	2026-04-08 08:46:08.412603	\N	\N
3	\N	0	0	1	\N	\N	0	\N	\N	1	1	Virtual Locations	Virtual Locations	view	3/	\N	\N	\N	\N	t	f	f	2026-04-08 08:46:08.412603	2026-04-08 08:46:08.412603	\N	\N
4	2	0	0	0	\N	\N	0	\N	\N	1	1	Vendors	Partners/Vendors	supplier	2/4/	\N	\N	\N	\N	t	f	f	2026-04-08 08:46:08.412603	2026-04-08 08:46:08.412603	\N	\N
5	2	0	0	0	\N	\N	0	\N	\N	1	1	Customers	Partners/Customers	customer	2/5/	\N	\N	\N	\N	t	f	f	2026-04-08 08:46:08.412603	2026-04-08 08:46:08.412603	\N	\N
6	3	0	0	0	\N	\N	0	\N	\N	1	1	Inter-company transit	Virtual Locations/Inter-company transit	transit	3/6/	\N	\N	\N	\N	f	f	f	2026-04-08 08:46:08.412603	2026-04-08 08:46:08.412603	\N	\N
9	7	0	0	0	1	\N	0	1	\N	1	1	Entrada	WH/Entrada	internal	1/7/9/	WHINPUT	\N	\N	\N	f	f	\N	2026-04-08 08:46:08.412603	2026-04-08 08:46:08.412603	\N	\N
10	7	0	0	0	1	\N	0	1	\N	1	1	Control de calidad	WH/Control de calidad	internal	1/7/10/	WHQUALITY	\N	\N	\N	f	f	\N	2026-04-08 08:46:08.412603	2026-04-08 08:46:08.412603	\N	\N
11	7	0	0	0	1	\N	0	1	\N	1	1	Salida	WH/Salida	internal	1/7/11/	WHOUTPUT	\N	\N	\N	f	f	\N	2026-04-08 08:46:08.412603	2026-04-08 08:46:08.412603	\N	\N
12	7	0	0	0	1	\N	0	1	\N	1	1	Zona de empaquetado	WH/Zona de empaquetado	internal	1/7/12/	WHPACKING	\N	\N	\N	f	f	\N	2026-04-08 08:46:08.412603	2026-04-08 08:46:08.412603	\N	\N
7	1	0	0	0	1	\N	0	1	\N	1	1	WH	WH	view	1/7/	\N	\N	\N	\N	t	f	f	2026-04-08 08:46:08.412603	2026-04-08 08:46:08.412603	\N	\N
8	7	0	0	0	1	\N	0	1	\N	1	1	Stock	WH/Stock	internal	1/7/8/	WHSTOCK	\N	\N	\N	t	f	t	2026-04-08 08:46:08.412603	2026-04-08 08:46:08.412603	\N	\N
13	1	0	0	0	1	\N	0	\N	\N	1	1	Tránsito entre almacenes	Physical Locations/Tránsito entre almacenes	transit	1/13/	\N	\N	\N	\N	f	f	f	2026-04-08 08:46:08.412603	2026-04-08 08:46:08.412603	\N	\N
14	3	0	0	0	1	\N	0	\N	\N	1	1	Inventory adjustment	Virtual Locations/Inventory adjustment	inventory	3/14/	\N	\N	\N	\N	t	f	f	2026-04-08 08:46:08.412603	2026-04-08 08:46:08.412603	\N	\N
15	3	0	0	0	1	\N	0	\N	\N	1	1	Production	Virtual Locations/Production	production	3/15/	\N	\N	\N	\N	t	f	f	2026-04-08 08:46:08.412603	2026-04-08 08:46:08.412603	\N	\N
16	3	0	0	0	1	\N	0	\N	\N	1	1	Scrap	Virtual Locations/Scrap	inventory	3/16/	\N	\N	\N	\N	t	t	f	2026-04-08 08:46:08.412603	2026-04-08 08:46:08.412603	\N	\N
17	7	0	0	0	1	\N	0	1	\N	1	1	Preproducción	WH/Preproducción	internal	1/7/17/	WHPREPRODUCTION	\N	\N	\N	f	f	\N	2026-04-08 09:11:55.219689	2026-04-08 09:11:55.219689	\N	\N
18	7	0	0	0	1	\N	0	1	\N	1	1	Posproducción	WH/Posproducción	internal	1/7/18/	WHPOSTPRODUCTION	\N	\N	\N	f	f	\N	2026-04-08 09:11:55.219689	2026-04-08 09:11:55.219689	\N	\N
\.


--
-- Data for Name: stock_lot; Type: TABLE DATA; Schema: public; Owner: odoo
--

COPY public.stock_lot (id, product_id, product_uom_id, company_id, location_id, create_uid, write_uid, name, ref, lot_properties, note, create_date, write_date, standard_price) FROM stdin;
\.


--
-- Data for Name: stock_move; Type: TABLE DATA; Schema: public; Owner: odoo
--

COPY public.stock_move (id, sequence, company_id, product_id, product_uom, location_id, location_dest_id, location_final_id, partner_id, picking_id, scrap_id, group_id, rule_id, picking_type_id, origin_returned_move_id, restrict_partner_id, warehouse_id, package_level_id, next_serial_count, orderpoint_id, product_packaging_id, create_uid, write_uid, name, priority, state, origin, procure_method, reference, next_serial, reservation_date, description_picking, product_qty, product_uom_qty, quantity, picked, scrapped, propagate_cancel, is_inventory, additional, date, date_deadline, delay_alert_date, create_date, write_date, price_unit, to_refund, sale_line_id, repair_id, repair_line_type, purchase_line_id) FROM stdin;
\.


--
-- Data for Name: stock_move_created_purchase_line_rel; Type: TABLE DATA; Schema: public; Owner: odoo
--

COPY public.stock_move_created_purchase_line_rel (created_purchase_line_id, move_id) FROM stdin;
\.


--
-- Data for Name: stock_move_line; Type: TABLE DATA; Schema: public; Owner: odoo
--

COPY public.stock_move_line (id, picking_id, move_id, company_id, product_id, product_uom_id, package_id, package_level_id, lot_id, result_package_id, owner_id, location_id, location_dest_id, create_uid, write_uid, lot_name, state, reference, description_picking, quantity, quantity_product_uom, picked, date, create_date, write_date) FROM stdin;
\.


--
-- Data for Name: stock_move_line_consume_rel; Type: TABLE DATA; Schema: public; Owner: odoo
--

COPY public.stock_move_line_consume_rel (consume_line_id, produce_line_id) FROM stdin;
\.


--
-- Data for Name: stock_move_move_rel; Type: TABLE DATA; Schema: public; Owner: odoo
--

COPY public.stock_move_move_rel (move_orig_id, move_dest_id) FROM stdin;
\.


--
-- Data for Name: stock_orderpoint_snooze; Type: TABLE DATA; Schema: public; Owner: odoo
--

COPY public.stock_orderpoint_snooze (id, create_uid, write_uid, predefined_date, snoozed_until, create_date, write_date) FROM stdin;
\.


--
-- Data for Name: stock_orderpoint_snooze_stock_warehouse_orderpoint_rel; Type: TABLE DATA; Schema: public; Owner: odoo
--

COPY public.stock_orderpoint_snooze_stock_warehouse_orderpoint_rel (stock_orderpoint_snooze_id, stock_warehouse_orderpoint_id) FROM stdin;
\.


--
-- Data for Name: stock_package_destination; Type: TABLE DATA; Schema: public; Owner: odoo
--

COPY public.stock_package_destination (id, picking_id, location_dest_id, create_uid, write_uid, create_date, write_date) FROM stdin;
\.


--
-- Data for Name: stock_package_level; Type: TABLE DATA; Schema: public; Owner: odoo
--

COPY public.stock_package_level (id, package_id, picking_id, location_dest_id, company_id, create_uid, write_uid, create_date, write_date) FROM stdin;
\.


--
-- Data for Name: stock_package_type; Type: TABLE DATA; Schema: public; Owner: odoo
--

COPY public.stock_package_type (id, sequence, company_id, create_uid, write_uid, name, barcode, create_date, write_date, height, width, packaging_length, base_weight, max_weight) FROM stdin;
\.


--
-- Data for Name: stock_package_type_stock_putaway_rule_rel; Type: TABLE DATA; Schema: public; Owner: odoo
--

COPY public.stock_package_type_stock_putaway_rule_rel (stock_putaway_rule_id, stock_package_type_id) FROM stdin;
\.


--
-- Data for Name: stock_picking; Type: TABLE DATA; Schema: public; Owner: odoo
--

COPY public.stock_picking (id, backorder_id, return_id, group_id, location_id, location_dest_id, picking_type_id, partner_id, company_id, user_id, owner_id, create_uid, write_uid, name, origin, move_type, state, priority, picking_properties, note, has_deadline_issue, printed, is_locked, scheduled_date, date_deadline, date, date_done, create_date, write_date, project_id, sale_id) FROM stdin;
1961	\N	\N	\N	4	8	1	\N	1	19	\N	19	19	WH/IN/00844	\N	direct	draft	0	\N	\N	f	\N	t	2026-05-07 11:01:12	\N	2026-05-07 11:01:12	\N	2026-05-07 11:01:11.673339	2026-05-07 11:02:02.489667	\N	\N
1962	\N	\N	\N	4	8	1	\N	1	19	\N	19	19	WH/IN/00845	\N	direct	draft	0	\N	\N	f	\N	t	2026-05-07 11:01:12	\N	2026-05-07 11:01:12	\N	2026-05-07 11:01:11.673339	2026-05-07 11:02:02.489667	\N	\N
1963	\N	\N	\N	4	8	1	\N	1	19	\N	19	19	WH/IN/00846	\N	direct	draft	0	\N	\N	f	\N	t	2026-05-07 11:01:12	\N	2026-05-07 11:01:12	\N	2026-05-07 11:01:11.673339	2026-05-07 11:02:02.489667	\N	\N
1964	\N	\N	\N	4	8	1	\N	1	19	\N	19	19	WH/IN/00847	\N	direct	draft	0	\N	\N	f	\N	t	2026-05-07 11:01:12	\N	2026-05-07 11:01:12	\N	2026-05-07 11:01:11.673339	2026-05-07 11:02:02.489667	\N	\N
1965	\N	\N	\N	4	8	1	\N	1	19	\N	19	19	WH/IN/00848	\N	direct	draft	0	\N	\N	f	\N	t	2026-05-07 11:01:12	\N	2026-05-07 11:01:12	\N	2026-05-07 11:01:11.673339	2026-05-07 11:02:02.489667	\N	\N
1966	\N	\N	\N	4	8	1	\N	1	19	\N	19	19	WH/IN/00849	\N	direct	draft	0	\N	\N	f	\N	t	2026-05-07 11:01:12	\N	2026-05-07 11:01:12	\N	2026-05-07 11:01:11.673339	2026-05-07 11:02:02.489667	\N	\N
1967	\N	\N	\N	4	8	1	\N	1	19	\N	19	19	WH/IN/00850	\N	direct	draft	0	\N	\N	f	\N	t	2026-05-07 11:01:12	\N	2026-05-07 11:01:12	\N	2026-05-07 11:01:11.673339	2026-05-07 11:02:02.489667	\N	\N
1968	\N	\N	\N	4	8	1	\N	1	19	\N	19	19	WH/IN/00851	\N	direct	draft	0	\N	\N	f	\N	t	2026-05-07 11:01:12	\N	2026-05-07 11:01:12	\N	2026-05-07 11:01:11.673339	2026-05-07 11:02:02.489667	\N	\N
1969	\N	\N	\N	4	8	1	\N	1	19	\N	19	19	WH/IN/00852	\N	direct	draft	0	\N	\N	f	\N	t	2026-05-07 11:01:12	\N	2026-05-07 11:01:12	\N	2026-05-07 11:01:11.673339	2026-05-07 11:02:02.489667	\N	\N
1970	\N	\N	\N	4	8	1	\N	1	19	\N	19	19	WH/IN/00853	\N	direct	draft	0	\N	\N	f	\N	t	2026-05-07 11:01:12	\N	2026-05-07 11:01:12	\N	2026-05-07 11:01:11.673339	2026-05-07 11:02:02.489667	\N	\N
1971	\N	\N	\N	4	8	1	\N	1	19	\N	19	19	WH/IN/00854	\N	direct	draft	0	\N	\N	f	\N	t	2026-05-07 11:01:12	\N	2026-05-07 11:01:12	\N	2026-05-07 11:01:11.673339	2026-05-07 11:02:02.489667	\N	\N
1972	\N	\N	\N	4	8	1	\N	1	19	\N	19	19	WH/IN/00855	\N	direct	draft	0	\N	\N	f	\N	t	2026-05-07 11:01:12	\N	2026-05-07 11:01:12	\N	2026-05-07 11:01:11.673339	2026-05-07 11:02:02.489667	\N	\N
1973	\N	\N	\N	4	8	1	\N	1	19	\N	19	19	WH/IN/00856	\N	direct	draft	0	\N	\N	f	\N	t	2026-05-07 11:01:12	\N	2026-05-07 11:01:12	\N	2026-05-07 11:01:11.673339	2026-05-07 11:02:02.489667	\N	\N
987	\N	\N	\N	4	8	1	\N	1	13	\N	13	13	WH/IN/00004	\N	direct	draft	0	\N	\N	f	\N	t	2026-05-07 09:18:13	\N	2026-05-07 09:18:28	\N	2026-05-07 09:18:28.948152	2026-05-07 09:18:28.948152	\N	\N
1974	\N	\N	\N	4	8	1	\N	1	19	\N	19	19	WH/IN/00857	\N	direct	draft	0	\N	\N	f	\N	t	2026-05-07 11:01:12	\N	2026-05-07 11:01:12	\N	2026-05-07 11:01:11.673339	2026-05-07 11:02:02.489667	\N	\N
1975	\N	\N	\N	4	8	1	\N	1	19	\N	19	19	WH/IN/00858	\N	direct	draft	0	\N	\N	f	\N	t	2026-05-07 11:01:12	\N	2026-05-07 11:01:12	\N	2026-05-07 11:01:11.673339	2026-05-07 11:02:02.489667	\N	\N
1976	\N	\N	\N	4	8	1	\N	1	19	\N	19	19	WH/IN/00859	\N	direct	draft	0	\N	\N	f	\N	t	2026-05-07 11:01:12	\N	2026-05-07 11:01:12	\N	2026-05-07 11:01:11.673339	2026-05-07 11:02:02.489667	\N	\N
1977	\N	\N	\N	4	8	1	\N	1	19	\N	19	19	WH/IN/00860	\N	direct	draft	0	\N	\N	f	\N	t	2026-05-07 11:01:12	\N	2026-05-07 11:01:12	\N	2026-05-07 11:01:11.673339	2026-05-07 11:02:02.489667	\N	\N
1978	\N	\N	\N	4	8	1	\N	1	19	\N	19	19	WH/IN/00861	\N	direct	draft	0	\N	\N	f	\N	t	2026-05-07 11:01:12	\N	2026-05-07 11:01:12	\N	2026-05-07 11:01:11.673339	2026-05-07 11:02:02.489667	\N	\N
1979	\N	\N	\N	4	8	1	\N	1	19	\N	19	19	WH/IN/00862	\N	direct	draft	0	\N	\N	f	\N	t	2026-05-07 11:01:12	\N	2026-05-07 11:01:12	\N	2026-05-07 11:01:11.673339	2026-05-07 11:02:02.489667	\N	\N
1980	\N	\N	\N	4	8	1	\N	1	19	\N	19	19	WH/IN/00863	\N	direct	draft	0	\N	\N	f	\N	t	2026-05-07 11:01:12	\N	2026-05-07 11:01:12	\N	2026-05-07 11:01:11.673339	2026-05-07 11:02:02.489667	\N	\N
1981	\N	\N	\N	4	8	1	\N	1	19	\N	19	19	WH/IN/00864	\N	direct	draft	0	\N	\N	f	\N	t	2026-05-07 11:01:12	\N	2026-05-07 11:01:12	\N	2026-05-07 11:01:11.673339	2026-05-07 11:02:02.489667	\N	\N
1982	\N	\N	\N	4	8	1	\N	1	19	\N	19	19	WH/IN/00865	\N	direct	draft	0	\N	\N	f	\N	t	2026-05-07 11:01:12	\N	2026-05-07 11:01:12	\N	2026-05-07 11:01:11.673339	2026-05-07 11:02:02.489667	\N	\N
1983	\N	\N	\N	4	8	1	\N	1	19	\N	19	19	WH/IN/00866	\N	direct	draft	0	\N	\N	f	\N	t	2026-05-07 11:01:12	\N	2026-05-07 11:01:12	\N	2026-05-07 11:01:11.673339	2026-05-07 11:02:02.489667	\N	\N
1984	\N	\N	\N	4	8	1	\N	1	19	\N	19	19	WH/IN/00867	\N	direct	draft	0	\N	\N	f	\N	t	2026-05-07 11:01:12	\N	2026-05-07 11:01:12	\N	2026-05-07 11:01:11.673339	2026-05-07 11:02:02.489667	\N	\N
1985	\N	\N	\N	4	8	1	\N	1	19	\N	19	19	WH/IN/00868	\N	direct	draft	0	\N	\N	f	\N	t	2026-05-07 11:01:12	\N	2026-05-07 11:01:12	\N	2026-05-07 11:01:11.673339	2026-05-07 11:02:02.489667	\N	\N
1986	\N	\N	\N	4	8	1	\N	1	19	\N	19	19	WH/IN/00869	\N	direct	draft	0	\N	\N	f	\N	t	2026-05-07 11:01:12	\N	2026-05-07 11:01:12	\N	2026-05-07 11:01:11.673339	2026-05-07 11:02:02.489667	\N	\N
1987	\N	\N	\N	4	8	1	\N	1	19	\N	19	19	WH/IN/00870	\N	direct	draft	0	\N	\N	f	\N	t	2026-05-07 11:01:12	\N	2026-05-07 11:01:12	\N	2026-05-07 11:01:11.673339	2026-05-07 11:02:02.489667	\N	\N
1988	\N	\N	\N	4	8	1	\N	1	19	\N	19	19	WH/IN/00871	\N	direct	draft	0	\N	\N	f	\N	t	2026-05-07 11:01:12	\N	2026-05-07 11:01:12	\N	2026-05-07 11:01:11.673339	2026-05-07 11:02:02.489667	\N	\N
1989	\N	\N	\N	4	8	1	\N	1	19	\N	19	19	WH/IN/00872	\N	direct	draft	0	\N	\N	f	\N	t	2026-05-07 11:01:12	\N	2026-05-07 11:01:12	\N	2026-05-07 11:01:11.673339	2026-05-07 11:02:02.489667	\N	\N
1990	\N	\N	\N	4	8	1	\N	1	19	\N	19	19	WH/IN/00873	\N	direct	draft	0	\N	\N	f	\N	t	2026-05-07 11:01:12	\N	2026-05-07 11:01:12	\N	2026-05-07 11:01:11.673339	2026-05-07 11:02:02.489667	\N	\N
1991	\N	\N	\N	4	8	1	\N	1	19	\N	19	19	WH/IN/00874	\N	direct	draft	0	\N	\N	f	\N	t	2026-05-07 11:01:12	\N	2026-05-07 11:01:12	\N	2026-05-07 11:01:11.673339	2026-05-07 11:02:02.489667	\N	\N
1992	\N	\N	\N	4	8	1	\N	1	19	\N	19	19	WH/IN/00875	\N	direct	draft	0	\N	\N	f	\N	t	2026-05-07 11:01:12	\N	2026-05-07 11:01:12	\N	2026-05-07 11:01:11.673339	2026-05-07 11:02:02.489667	\N	\N
1993	\N	\N	\N	4	8	1	\N	1	19	\N	19	19	WH/IN/00876	\N	direct	draft	0	\N	\N	f	\N	t	2026-05-07 11:01:12	\N	2026-05-07 11:01:12	\N	2026-05-07 11:01:11.673339	2026-05-07 11:02:02.489667	\N	\N
1994	\N	\N	\N	4	8	1	\N	1	19	\N	19	19	WH/IN/00877	\N	direct	draft	0	\N	\N	f	\N	t	2026-05-07 11:01:12	\N	2026-05-07 11:01:12	\N	2026-05-07 11:01:11.673339	2026-05-07 11:02:02.489667	\N	\N
1995	\N	\N	\N	4	8	1	\N	1	19	\N	19	19	WH/IN/00878	\N	direct	draft	0	\N	\N	f	\N	t	2026-05-07 11:01:12	\N	2026-05-07 11:01:12	\N	2026-05-07 11:01:11.673339	2026-05-07 11:02:02.489667	\N	\N
1996	\N	\N	\N	4	8	1	\N	1	19	\N	19	19	WH/IN/00879	\N	direct	draft	0	\N	\N	f	\N	t	2026-05-07 11:01:12	\N	2026-05-07 11:01:12	\N	2026-05-07 11:01:11.673339	2026-05-07 11:02:02.489667	\N	\N
1997	\N	\N	\N	4	8	1	\N	1	19	\N	19	19	WH/IN/00880	\N	direct	draft	0	\N	\N	f	\N	t	2026-05-07 11:01:12	\N	2026-05-07 11:01:12	\N	2026-05-07 11:01:11.673339	2026-05-07 11:02:02.489667	\N	\N
1998	\N	\N	\N	4	8	1	\N	1	19	\N	19	19	WH/IN/00881	\N	direct	draft	0	\N	\N	f	\N	t	2026-05-07 11:01:12	\N	2026-05-07 11:01:12	\N	2026-05-07 11:01:11.673339	2026-05-07 11:02:02.489667	\N	\N
1999	\N	\N	\N	4	8	1	\N	1	19	\N	19	19	WH/IN/00882	\N	direct	draft	0	\N	\N	f	\N	t	2026-05-07 11:01:12	\N	2026-05-07 11:01:12	\N	2026-05-07 11:01:11.673339	2026-05-07 11:02:02.489667	\N	\N
2000	\N	\N	\N	4	8	1	\N	1	19	\N	19	19	WH/IN/00883	\N	direct	draft	0	\N	\N	f	\N	t	2026-05-07 11:01:12	\N	2026-05-07 11:01:12	\N	2026-05-07 11:01:11.673339	2026-05-07 11:02:02.489667	\N	\N
2001	\N	\N	\N	4	8	1	\N	1	19	\N	19	19	WH/IN/00884	\N	direct	draft	0	\N	\N	f	\N	t	2026-05-07 11:01:12	\N	2026-05-07 11:01:12	\N	2026-05-07 11:01:11.673339	2026-05-07 11:02:02.489667	\N	\N
2002	\N	\N	\N	4	8	1	\N	1	19	\N	19	19	WH/IN/00885	\N	direct	draft	0	\N	\N	f	\N	t	2026-05-07 11:01:12	\N	2026-05-07 11:01:12	\N	2026-05-07 11:01:11.673339	2026-05-07 11:02:02.489667	\N	\N
2003	\N	\N	\N	4	8	1	\N	1	19	\N	19	19	WH/IN/00886	\N	direct	draft	0	\N	\N	f	\N	t	2026-05-07 11:01:12	\N	2026-05-07 11:01:12	\N	2026-05-07 11:01:11.673339	2026-05-07 11:02:02.489667	\N	\N
2004	\N	\N	\N	4	8	1	\N	1	19	\N	19	19	WH/IN/00887	\N	direct	draft	0	\N	\N	f	\N	t	2026-05-07 11:01:12	\N	2026-05-07 11:01:12	\N	2026-05-07 11:01:11.673339	2026-05-07 11:02:02.489667	\N	\N
2005	\N	\N	\N	4	8	1	\N	1	19	\N	19	19	WH/IN/00888	\N	direct	draft	0	\N	\N	f	\N	t	2026-05-07 11:01:12	\N	2026-05-07 11:01:12	\N	2026-05-07 11:01:11.673339	2026-05-07 11:02:02.489667	\N	\N
2006	\N	\N	\N	4	8	1	\N	1	19	\N	19	19	WH/IN/00889	\N	direct	draft	0	\N	\N	f	\N	t	2026-05-07 11:01:12	\N	2026-05-07 11:01:12	\N	2026-05-07 11:01:11.673339	2026-05-07 11:02:02.489667	\N	\N
2007	\N	\N	\N	4	8	1	\N	1	19	\N	19	19	WH/IN/00890	\N	direct	draft	0	\N	\N	f	\N	t	2026-05-07 11:01:12	\N	2026-05-07 11:01:12	\N	2026-05-07 11:01:11.673339	2026-05-07 11:02:02.489667	\N	\N
2008	\N	\N	\N	4	8	1	\N	1	19	\N	19	19	WH/IN/00891	\N	direct	draft	0	\N	\N	f	\N	t	2026-05-07 11:01:12	\N	2026-05-07 11:01:12	\N	2026-05-07 11:01:11.673339	2026-05-07 11:02:02.489667	\N	\N
2009	\N	\N	\N	4	8	1	\N	1	19	\N	19	19	WH/IN/00892	\N	direct	draft	0	\N	\N	f	\N	t	2026-05-07 11:01:12	\N	2026-05-07 11:01:12	\N	2026-05-07 11:01:11.673339	2026-05-07 11:02:02.489667	\N	\N
2010	\N	\N	\N	4	8	1	\N	1	19	\N	19	19	WH/IN/00893	\N	direct	draft	0	\N	\N	f	\N	t	2026-05-07 11:01:12	\N	2026-05-07 11:01:12	\N	2026-05-07 11:01:11.673339	2026-05-07 11:02:02.489667	\N	\N
2011	\N	\N	\N	4	8	1	\N	1	19	\N	19	19	WH/IN/00894	\N	direct	draft	0	\N	\N	f	\N	t	2026-05-07 11:01:12	\N	2026-05-07 11:01:12	\N	2026-05-07 11:01:11.673339	2026-05-07 11:02:02.489667	\N	\N
2012	\N	\N	\N	4	8	1	\N	1	19	\N	19	19	WH/IN/00895	\N	direct	draft	0	\N	\N	f	\N	t	2026-05-07 11:01:12	\N	2026-05-07 11:01:12	\N	2026-05-07 11:01:11.673339	2026-05-07 11:02:02.489667	\N	\N
2013	\N	\N	\N	4	8	1	\N	1	19	\N	19	19	WH/IN/00896	\N	direct	draft	0	\N	\N	f	\N	t	2026-05-07 11:01:12	\N	2026-05-07 11:01:12	\N	2026-05-07 11:01:11.673339	2026-05-07 11:02:02.489667	\N	\N
2014	\N	\N	\N	4	8	1	\N	1	19	\N	19	19	WH/IN/00897	\N	direct	draft	0	\N	\N	f	\N	t	2026-05-07 11:01:12	\N	2026-05-07 11:01:12	\N	2026-05-07 11:01:11.673339	2026-05-07 11:02:02.489667	\N	\N
2015	\N	\N	\N	4	8	1	\N	1	19	\N	19	19	WH/IN/00898	\N	direct	draft	0	\N	\N	f	\N	t	2026-05-07 11:01:12	\N	2026-05-07 11:01:12	\N	2026-05-07 11:01:11.673339	2026-05-07 11:02:02.489667	\N	\N
2016	\N	\N	\N	4	8	1	\N	1	19	\N	19	19	WH/IN/00899	\N	direct	draft	0	\N	\N	f	\N	t	2026-05-07 11:01:12	\N	2026-05-07 11:01:12	\N	2026-05-07 11:01:11.673339	2026-05-07 11:02:02.489667	\N	\N
2017	\N	\N	\N	4	8	1	\N	1	19	\N	19	19	WH/IN/00900	\N	direct	draft	0	\N	\N	f	\N	t	2026-05-07 11:01:12	\N	2026-05-07 11:01:12	\N	2026-05-07 11:01:11.673339	2026-05-07 11:02:02.489667	\N	\N
2018	\N	\N	\N	4	8	1	\N	1	19	\N	19	19	WH/IN/00901	\N	direct	draft	0	\N	\N	f	\N	t	2026-05-07 11:01:12	\N	2026-05-07 11:01:12	\N	2026-05-07 11:01:11.673339	2026-05-07 11:02:02.489667	\N	\N
2019	\N	\N	\N	4	8	1	\N	1	19	\N	19	19	WH/IN/00902	\N	direct	draft	0	\N	\N	f	\N	t	2026-05-07 11:01:12	\N	2026-05-07 11:01:12	\N	2026-05-07 11:01:11.673339	2026-05-07 11:02:02.489667	\N	\N
2020	\N	\N	\N	4	8	1	\N	1	19	\N	19	19	WH/IN/00903	\N	direct	draft	0	\N	\N	f	\N	t	2026-05-07 11:01:12	\N	2026-05-07 11:01:12	\N	2026-05-07 11:01:11.673339	2026-05-07 11:02:02.489667	\N	\N
2021	\N	\N	\N	4	8	1	\N	1	19	\N	19	19	WH/IN/00904	\N	direct	draft	0	\N	\N	f	\N	t	2026-05-07 11:01:12	\N	2026-05-07 11:01:12	\N	2026-05-07 11:01:11.673339	2026-05-07 11:02:02.489667	\N	\N
2022	\N	\N	\N	4	8	1	\N	1	19	\N	19	19	WH/IN/00905	\N	direct	draft	0	\N	\N	f	\N	t	2026-05-07 11:01:12	\N	2026-05-07 11:01:12	\N	2026-05-07 11:01:11.673339	2026-05-07 11:02:02.489667	\N	\N
2023	\N	\N	\N	4	8	1	\N	1	19	\N	19	19	WH/IN/00906	\N	direct	draft	0	\N	\N	f	\N	t	2026-05-07 11:01:12	\N	2026-05-07 11:01:12	\N	2026-05-07 11:01:11.673339	2026-05-07 11:02:02.489667	\N	\N
2024	\N	\N	\N	4	8	1	\N	1	19	\N	19	19	WH/IN/00907	\N	direct	draft	0	\N	\N	f	\N	t	2026-05-07 11:01:12	\N	2026-05-07 11:01:12	\N	2026-05-07 11:01:11.673339	2026-05-07 11:02:02.489667	\N	\N
2025	\N	\N	\N	4	8	1	\N	1	19	\N	19	19	WH/IN/00908	\N	direct	draft	0	\N	\N	f	\N	t	2026-05-07 11:01:12	\N	2026-05-07 11:01:12	\N	2026-05-07 11:01:11.673339	2026-05-07 11:02:02.489667	\N	\N
2026	\N	\N	\N	4	8	1	\N	1	19	\N	19	19	WH/IN/00909	\N	direct	draft	0	\N	\N	f	\N	t	2026-05-07 11:01:12	\N	2026-05-07 11:01:12	\N	2026-05-07 11:01:11.673339	2026-05-07 11:02:02.489667	\N	\N
2027	\N	\N	\N	4	8	1	\N	1	19	\N	19	19	WH/IN/00910	\N	direct	draft	0	\N	\N	f	\N	t	2026-05-07 11:01:12	\N	2026-05-07 11:01:12	\N	2026-05-07 11:01:11.673339	2026-05-07 11:02:02.489667	\N	\N
2028	\N	\N	\N	4	8	1	\N	1	19	\N	19	19	WH/IN/00911	\N	direct	draft	0	\N	\N	f	\N	t	2026-05-07 11:01:12	\N	2026-05-07 11:01:12	\N	2026-05-07 11:01:11.673339	2026-05-07 11:02:02.489667	\N	\N
2029	\N	\N	\N	4	8	1	\N	1	19	\N	19	19	WH/IN/00912	\N	direct	draft	0	\N	\N	f	\N	t	2026-05-07 11:01:12	\N	2026-05-07 11:01:12	\N	2026-05-07 11:01:11.673339	2026-05-07 11:02:02.489667	\N	\N
2030	\N	\N	\N	4	8	1	\N	1	19	\N	19	19	WH/IN/00913	\N	direct	draft	0	\N	\N	f	\N	t	2026-05-07 11:01:12	\N	2026-05-07 11:01:12	\N	2026-05-07 11:01:11.673339	2026-05-07 11:02:02.489667	\N	\N
2031	\N	\N	\N	4	8	1	\N	1	19	\N	19	19	WH/IN/00914	\N	direct	draft	0	\N	\N	f	\N	t	2026-05-07 11:01:12	\N	2026-05-07 11:01:12	\N	2026-05-07 11:01:11.673339	2026-05-07 11:02:02.489667	\N	\N
2032	\N	\N	\N	4	8	1	\N	1	19	\N	19	19	WH/IN/00915	\N	direct	draft	0	\N	\N	f	\N	t	2026-05-07 11:01:12	\N	2026-05-07 11:01:12	\N	2026-05-07 11:01:11.673339	2026-05-07 11:02:02.489667	\N	\N
2033	\N	\N	\N	4	8	1	\N	1	19	\N	19	19	WH/IN/00916	\N	direct	draft	0	\N	\N	f	\N	t	2026-05-07 11:01:12	\N	2026-05-07 11:01:12	\N	2026-05-07 11:01:11.673339	2026-05-07 11:02:02.489667	\N	\N
2034	\N	\N	\N	4	8	1	\N	1	19	\N	19	19	WH/IN/00917	\N	direct	draft	0	\N	\N	f	\N	t	2026-05-07 11:01:12	\N	2026-05-07 11:01:12	\N	2026-05-07 11:01:11.673339	2026-05-07 11:02:02.489667	\N	\N
2035	\N	\N	\N	4	8	1	\N	1	19	\N	19	19	WH/IN/00918	\N	direct	draft	0	\N	\N	f	\N	t	2026-05-07 11:01:12	\N	2026-05-07 11:01:12	\N	2026-05-07 11:01:11.673339	2026-05-07 11:02:02.489667	\N	\N
2036	\N	\N	\N	4	8	1	\N	1	19	\N	19	19	WH/IN/00919	\N	direct	draft	0	\N	\N	f	\N	t	2026-05-07 11:01:12	\N	2026-05-07 11:01:12	\N	2026-05-07 11:01:11.673339	2026-05-07 11:02:02.489667	\N	\N
2037	\N	\N	\N	4	8	1	\N	1	19	\N	19	19	WH/IN/00920	\N	direct	draft	0	\N	\N	f	\N	t	2026-05-07 11:01:12	\N	2026-05-07 11:01:12	\N	2026-05-07 11:01:11.673339	2026-05-07 11:02:02.489667	\N	\N
2038	\N	\N	\N	4	8	1	\N	1	19	\N	19	19	WH/IN/00921	\N	direct	draft	0	\N	\N	f	\N	t	2026-05-07 11:01:12	\N	2026-05-07 11:01:12	\N	2026-05-07 11:01:11.673339	2026-05-07 11:02:02.489667	\N	\N
2039	\N	\N	\N	4	8	1	\N	1	19	\N	19	19	WH/IN/00922	\N	direct	draft	0	\N	\N	f	\N	t	2026-05-07 11:01:12	\N	2026-05-07 11:01:12	\N	2026-05-07 11:01:11.673339	2026-05-07 11:02:02.489667	\N	\N
2040	\N	\N	\N	4	8	1	\N	1	19	\N	19	19	WH/IN/00923	\N	direct	draft	0	\N	\N	f	\N	t	2026-05-07 11:01:12	\N	2026-05-07 11:01:12	\N	2026-05-07 11:01:11.673339	2026-05-07 11:02:02.489667	\N	\N
2041	\N	\N	\N	4	8	1	\N	1	19	\N	19	19	WH/IN/00924	\N	direct	draft	0	\N	\N	f	\N	t	2026-05-07 11:01:12	\N	2026-05-07 11:01:12	\N	2026-05-07 11:01:11.673339	2026-05-07 11:02:02.489667	\N	\N
2042	\N	\N	\N	4	8	1	\N	1	19	\N	19	19	WH/IN/00925	\N	direct	draft	0	\N	\N	f	\N	t	2026-05-07 11:01:12	\N	2026-05-07 11:01:12	\N	2026-05-07 11:01:11.673339	2026-05-07 11:02:02.489667	\N	\N
2043	\N	\N	\N	4	8	1	\N	1	19	\N	19	19	WH/IN/00926	\N	direct	draft	0	\N	\N	f	\N	t	2026-05-07 11:01:12	\N	2026-05-07 11:01:12	\N	2026-05-07 11:01:11.673339	2026-05-07 11:02:02.489667	\N	\N
2044	\N	\N	\N	4	8	1	\N	1	19	\N	19	19	WH/IN/00927	\N	direct	draft	0	\N	\N	f	\N	t	2026-05-07 11:01:12	\N	2026-05-07 11:01:12	\N	2026-05-07 11:01:11.673339	2026-05-07 11:02:02.489667	\N	\N
2045	\N	\N	\N	4	8	1	\N	1	19	\N	19	19	WH/IN/00928	\N	direct	draft	0	\N	\N	f	\N	t	2026-05-07 11:01:12	\N	2026-05-07 11:01:12	\N	2026-05-07 11:01:11.673339	2026-05-07 11:02:02.489667	\N	\N
2046	\N	\N	\N	4	8	1	\N	1	19	\N	19	19	WH/IN/00929	\N	direct	draft	0	\N	\N	f	\N	t	2026-05-07 11:01:12	\N	2026-05-07 11:01:12	\N	2026-05-07 11:01:11.673339	2026-05-07 11:02:02.489667	\N	\N
2047	\N	\N	\N	4	8	1	\N	1	19	\N	19	19	WH/IN/00930	\N	direct	draft	0	\N	\N	f	\N	t	2026-05-07 11:01:12	\N	2026-05-07 11:01:12	\N	2026-05-07 11:01:11.673339	2026-05-07 11:02:02.489667	\N	\N
2048	\N	\N	\N	4	8	1	\N	1	19	\N	19	19	WH/IN/00931	\N	direct	draft	0	\N	\N	f	\N	t	2026-05-07 11:01:12	\N	2026-05-07 11:01:12	\N	2026-05-07 11:01:11.673339	2026-05-07 11:02:02.489667	\N	\N
2049	\N	\N	\N	4	8	1	\N	1	19	\N	19	19	WH/IN/00932	\N	direct	draft	0	\N	\N	f	\N	t	2026-05-07 11:01:12	\N	2026-05-07 11:01:12	\N	2026-05-07 11:01:11.673339	2026-05-07 11:02:02.489667	\N	\N
2050	\N	\N	\N	4	8	1	\N	1	19	\N	19	19	WH/IN/00933	\N	direct	draft	0	\N	\N	f	\N	t	2026-05-07 11:01:12	\N	2026-05-07 11:01:12	\N	2026-05-07 11:01:11.673339	2026-05-07 11:02:02.489667	\N	\N
2051	\N	\N	\N	4	8	1	\N	1	19	\N	19	19	WH/IN/00934	\N	direct	draft	0	\N	\N	f	\N	t	2026-05-07 11:01:12	\N	2026-05-07 11:01:12	\N	2026-05-07 11:01:11.673339	2026-05-07 11:02:02.489667	\N	\N
2052	\N	\N	\N	4	8	1	\N	1	19	\N	19	19	WH/IN/00935	\N	direct	draft	0	\N	\N	f	\N	t	2026-05-07 11:01:12	\N	2026-05-07 11:01:12	\N	2026-05-07 11:01:11.673339	2026-05-07 11:02:02.489667	\N	\N
2053	\N	\N	\N	4	8	1	\N	1	19	\N	19	19	WH/IN/00936	\N	direct	draft	0	\N	\N	f	\N	t	2026-05-07 11:01:12	\N	2026-05-07 11:01:12	\N	2026-05-07 11:01:11.673339	2026-05-07 11:02:02.489667	\N	\N
2054	\N	\N	\N	4	8	1	\N	1	19	\N	19	19	WH/IN/00937	\N	direct	draft	0	\N	\N	f	\N	t	2026-05-07 11:01:12	\N	2026-05-07 11:01:12	\N	2026-05-07 11:01:11.673339	2026-05-07 11:02:02.489667	\N	\N
2055	\N	\N	\N	4	8	1	\N	1	19	\N	19	19	WH/IN/00938	\N	direct	draft	0	\N	\N	f	\N	t	2026-05-07 11:01:12	\N	2026-05-07 11:01:12	\N	2026-05-07 11:01:11.673339	2026-05-07 11:02:02.489667	\N	\N
2056	\N	\N	\N	4	8	1	\N	1	19	\N	19	19	WH/IN/00939	\N	direct	draft	0	\N	\N	f	\N	t	2026-05-07 11:01:12	\N	2026-05-07 11:01:12	\N	2026-05-07 11:01:11.673339	2026-05-07 11:02:02.489667	\N	\N
2057	\N	\N	\N	4	8	1	\N	1	19	\N	19	19	WH/IN/00940	\N	direct	draft	0	\N	\N	f	\N	t	2026-05-07 11:01:12	\N	2026-05-07 11:01:12	\N	2026-05-07 11:01:11.673339	2026-05-07 11:02:02.489667	\N	\N
2058	\N	\N	\N	4	8	1	\N	1	19	\N	19	19	WH/IN/00941	\N	direct	draft	0	\N	\N	f	\N	t	2026-05-07 11:01:12	\N	2026-05-07 11:01:12	\N	2026-05-07 11:01:11.673339	2026-05-07 11:02:02.489667	\N	\N
2059	\N	\N	\N	4	8	1	\N	1	19	\N	19	19	WH/IN/00942	\N	direct	draft	0	\N	\N	f	\N	t	2026-05-07 11:01:12	\N	2026-05-07 11:01:12	\N	2026-05-07 11:01:11.673339	2026-05-07 11:02:02.489667	\N	\N
2060	\N	\N	\N	4	8	1	\N	1	19	\N	19	19	WH/IN/00943	\N	direct	draft	0	\N	\N	f	\N	t	2026-05-07 11:01:12	\N	2026-05-07 11:01:12	\N	2026-05-07 11:01:11.673339	2026-05-07 11:02:02.489667	\N	\N
2061	\N	\N	\N	4	8	1	\N	1	19	\N	19	19	WH/IN/00944	\N	direct	draft	0	\N	\N	f	\N	t	2026-05-07 11:01:12	\N	2026-05-07 11:01:12	\N	2026-05-07 11:01:11.673339	2026-05-07 11:02:02.489667	\N	\N
2062	\N	\N	\N	4	8	1	\N	1	19	\N	19	19	WH/IN/00945	\N	direct	draft	0	\N	\N	f	\N	t	2026-05-07 11:01:12	\N	2026-05-07 11:01:12	\N	2026-05-07 11:01:11.673339	2026-05-07 11:02:02.489667	\N	\N
2063	\N	\N	\N	4	8	1	\N	1	19	\N	19	19	WH/IN/00946	\N	direct	draft	0	\N	\N	f	\N	t	2026-05-07 11:01:12	\N	2026-05-07 11:01:12	\N	2026-05-07 11:01:11.673339	2026-05-07 11:02:02.489667	\N	\N
2064	\N	\N	\N	4	8	1	\N	1	19	\N	19	19	WH/IN/00947	\N	direct	draft	0	\N	\N	f	\N	t	2026-05-07 11:01:12	\N	2026-05-07 11:01:12	\N	2026-05-07 11:01:11.673339	2026-05-07 11:02:02.489667	\N	\N
2065	\N	\N	\N	4	8	1	\N	1	19	\N	19	19	WH/IN/00948	\N	direct	draft	0	\N	\N	f	\N	t	2026-05-07 11:01:12	\N	2026-05-07 11:01:12	\N	2026-05-07 11:01:11.673339	2026-05-07 11:02:02.489667	\N	\N
2066	\N	\N	\N	4	8	1	\N	1	19	\N	19	19	WH/IN/00949	\N	direct	draft	0	\N	\N	f	\N	t	2026-05-07 11:01:12	\N	2026-05-07 11:01:12	\N	2026-05-07 11:01:11.673339	2026-05-07 11:02:02.489667	\N	\N
2067	\N	\N	\N	4	8	1	\N	1	19	\N	19	19	WH/IN/00950	\N	direct	draft	0	\N	\N	f	\N	t	2026-05-07 11:01:12	\N	2026-05-07 11:01:12	\N	2026-05-07 11:01:11.673339	2026-05-07 11:02:02.489667	\N	\N
2068	\N	\N	\N	4	8	1	\N	1	19	\N	19	19	WH/IN/00951	\N	direct	draft	0	\N	\N	f	\N	t	2026-05-07 11:01:12	\N	2026-05-07 11:01:12	\N	2026-05-07 11:01:11.673339	2026-05-07 11:02:02.489667	\N	\N
2069	\N	\N	\N	4	8	1	\N	1	19	\N	19	19	WH/IN/00952	\N	direct	draft	0	\N	\N	f	\N	t	2026-05-07 11:01:12	\N	2026-05-07 11:01:12	\N	2026-05-07 11:01:11.673339	2026-05-07 11:02:02.489667	\N	\N
2070	\N	\N	\N	4	8	1	\N	1	19	\N	19	19	WH/IN/00953	\N	direct	draft	0	\N	\N	f	\N	t	2026-05-07 11:01:12	\N	2026-05-07 11:01:12	\N	2026-05-07 11:01:11.673339	2026-05-07 11:02:02.489667	\N	\N
2071	\N	\N	\N	4	8	1	\N	1	19	\N	19	19	WH/IN/00954	\N	direct	draft	0	\N	\N	f	\N	t	2026-05-07 11:01:12	\N	2026-05-07 11:01:12	\N	2026-05-07 11:01:11.673339	2026-05-07 11:02:02.489667	\N	\N
2072	\N	\N	\N	4	8	1	\N	1	19	\N	19	19	WH/IN/00955	\N	direct	draft	0	\N	\N	f	\N	t	2026-05-07 11:01:12	\N	2026-05-07 11:01:12	\N	2026-05-07 11:01:11.673339	2026-05-07 11:02:02.489667	\N	\N
2073	\N	\N	\N	4	8	1	\N	1	19	\N	19	19	WH/IN/00956	\N	direct	draft	0	\N	\N	f	\N	t	2026-05-07 11:01:12	\N	2026-05-07 11:01:12	\N	2026-05-07 11:01:11.673339	2026-05-07 11:02:02.489667	\N	\N
2074	\N	\N	\N	4	8	1	\N	1	19	\N	19	19	WH/IN/00957	\N	direct	draft	0	\N	\N	f	\N	t	2026-05-07 11:01:12	\N	2026-05-07 11:01:12	\N	2026-05-07 11:01:11.673339	2026-05-07 11:02:02.489667	\N	\N
2075	\N	\N	\N	4	8	1	\N	1	19	\N	19	19	WH/IN/00958	\N	direct	draft	0	\N	\N	f	\N	t	2026-05-07 11:01:12	\N	2026-05-07 11:01:12	\N	2026-05-07 11:01:11.673339	2026-05-07 11:02:02.489667	\N	\N
2076	\N	\N	\N	4	8	1	\N	1	19	\N	19	19	WH/IN/00959	\N	direct	draft	0	\N	\N	f	\N	t	2026-05-07 11:01:12	\N	2026-05-07 11:01:12	\N	2026-05-07 11:01:11.673339	2026-05-07 11:02:02.489667	\N	\N
2077	\N	\N	\N	4	8	1	\N	1	19	\N	19	19	WH/IN/00960	\N	direct	draft	0	\N	\N	f	\N	t	2026-05-07 11:01:12	\N	2026-05-07 11:01:12	\N	2026-05-07 11:01:11.673339	2026-05-07 11:02:02.489667	\N	\N
2078	\N	\N	\N	4	8	1	\N	1	19	\N	19	19	WH/IN/00961	\N	direct	draft	0	\N	\N	f	\N	t	2026-05-07 11:01:12	\N	2026-05-07 11:01:12	\N	2026-05-07 11:01:11.673339	2026-05-07 11:02:02.489667	\N	\N
2079	\N	\N	\N	4	8	1	\N	1	19	\N	19	19	WH/IN/00962	\N	direct	draft	0	\N	\N	f	\N	t	2026-05-07 11:01:12	\N	2026-05-07 11:01:12	\N	2026-05-07 11:01:11.673339	2026-05-07 11:02:02.489667	\N	\N
2080	\N	\N	\N	4	8	1	\N	1	19	\N	19	19	WH/IN/00963	\N	direct	draft	0	\N	\N	f	\N	t	2026-05-07 11:01:12	\N	2026-05-07 11:01:12	\N	2026-05-07 11:01:11.673339	2026-05-07 11:02:02.489667	\N	\N
2081	\N	\N	\N	4	8	1	\N	1	19	\N	19	19	WH/IN/00964	\N	direct	draft	0	\N	\N	f	\N	t	2026-05-07 11:01:12	\N	2026-05-07 11:01:12	\N	2026-05-07 11:01:11.673339	2026-05-07 11:02:02.489667	\N	\N
2082	\N	\N	\N	4	8	1	\N	1	19	\N	19	19	WH/IN/00965	\N	direct	draft	0	\N	\N	f	\N	t	2026-05-07 11:01:12	\N	2026-05-07 11:01:12	\N	2026-05-07 11:01:11.673339	2026-05-07 11:02:02.489667	\N	\N
2083	\N	\N	\N	4	8	1	\N	1	19	\N	19	19	WH/IN/00966	\N	direct	draft	0	\N	\N	f	\N	t	2026-05-07 11:01:12	\N	2026-05-07 11:01:12	\N	2026-05-07 11:01:11.673339	2026-05-07 11:02:02.489667	\N	\N
2084	\N	\N	\N	4	8	1	\N	1	19	\N	19	19	WH/IN/00967	\N	direct	draft	0	\N	\N	f	\N	t	2026-05-07 11:01:12	\N	2026-05-07 11:01:12	\N	2026-05-07 11:01:11.673339	2026-05-07 11:02:02.489667	\N	\N
2085	\N	\N	\N	4	8	1	\N	1	19	\N	19	19	WH/IN/00968	\N	direct	draft	0	\N	\N	f	\N	t	2026-05-07 11:01:12	\N	2026-05-07 11:01:12	\N	2026-05-07 11:01:11.673339	2026-05-07 11:02:02.489667	\N	\N
2086	\N	\N	\N	4	8	1	\N	1	19	\N	19	19	WH/IN/00969	\N	direct	draft	0	\N	\N	f	\N	t	2026-05-07 11:01:12	\N	2026-05-07 11:01:12	\N	2026-05-07 11:01:11.673339	2026-05-07 11:02:02.489667	\N	\N
2087	\N	\N	\N	4	8	1	\N	1	19	\N	19	19	WH/IN/00970	\N	direct	draft	0	\N	\N	f	\N	t	2026-05-07 11:01:12	\N	2026-05-07 11:01:12	\N	2026-05-07 11:01:11.673339	2026-05-07 11:02:02.489667	\N	\N
2088	\N	\N	\N	4	8	1	\N	1	19	\N	19	19	WH/IN/00971	\N	direct	draft	0	\N	\N	f	\N	t	2026-05-07 11:01:12	\N	2026-05-07 11:01:12	\N	2026-05-07 11:01:11.673339	2026-05-07 11:02:02.489667	\N	\N
2089	\N	\N	\N	4	8	1	\N	1	19	\N	19	19	WH/IN/00972	\N	direct	draft	0	\N	\N	f	\N	t	2026-05-07 11:01:12	\N	2026-05-07 11:01:12	\N	2026-05-07 11:01:11.673339	2026-05-07 11:02:02.489667	\N	\N
2090	\N	\N	\N	4	8	1	\N	1	19	\N	19	19	WH/IN/00973	\N	direct	draft	0	\N	\N	f	\N	t	2026-05-07 11:01:12	\N	2026-05-07 11:01:12	\N	2026-05-07 11:01:11.673339	2026-05-07 11:02:02.489667	\N	\N
2091	\N	\N	\N	4	8	1	\N	1	19	\N	19	19	WH/IN/00974	\N	direct	draft	0	\N	\N	f	\N	t	2026-05-07 11:01:12	\N	2026-05-07 11:01:12	\N	2026-05-07 11:01:11.673339	2026-05-07 11:02:02.489667	\N	\N
2092	\N	\N	\N	4	8	1	\N	1	19	\N	19	19	WH/IN/00975	\N	direct	draft	0	\N	\N	f	\N	t	2026-05-07 11:01:12	\N	2026-05-07 11:01:12	\N	2026-05-07 11:01:11.673339	2026-05-07 11:02:02.489667	\N	\N
2093	\N	\N	\N	4	8	1	\N	1	19	\N	19	19	WH/IN/00976	\N	direct	draft	0	\N	\N	f	\N	t	2026-05-07 11:01:12	\N	2026-05-07 11:01:12	\N	2026-05-07 11:01:11.673339	2026-05-07 11:02:02.489667	\N	\N
2094	\N	\N	\N	4	8	1	\N	1	19	\N	19	19	WH/IN/00977	\N	direct	draft	0	\N	\N	f	\N	t	2026-05-07 11:01:12	\N	2026-05-07 11:01:12	\N	2026-05-07 11:01:11.673339	2026-05-07 11:02:02.489667	\N	\N
2095	\N	\N	\N	4	8	1	\N	1	19	\N	19	19	WH/IN/00978	\N	direct	draft	0	\N	\N	f	\N	t	2026-05-07 11:01:12	\N	2026-05-07 11:01:12	\N	2026-05-07 11:01:11.673339	2026-05-07 11:02:02.489667	\N	\N
2096	\N	\N	\N	4	8	1	\N	1	19	\N	19	19	WH/IN/00979	\N	direct	draft	0	\N	\N	f	\N	t	2026-05-07 11:01:12	\N	2026-05-07 11:01:12	\N	2026-05-07 11:01:11.673339	2026-05-07 11:02:02.489667	\N	\N
2097	\N	\N	\N	4	8	1	\N	1	19	\N	19	19	WH/IN/00980	\N	direct	draft	0	\N	\N	f	\N	t	2026-05-07 11:01:12	\N	2026-05-07 11:01:12	\N	2026-05-07 11:01:11.673339	2026-05-07 11:02:02.489667	\N	\N
2098	\N	\N	\N	4	8	1	\N	1	19	\N	19	19	WH/IN/00981	\N	direct	draft	0	\N	\N	f	\N	t	2026-05-07 11:01:12	\N	2026-05-07 11:01:12	\N	2026-05-07 11:01:11.673339	2026-05-07 11:02:02.489667	\N	\N
2099	\N	\N	\N	4	8	1	\N	1	19	\N	19	19	WH/IN/00982	\N	direct	draft	0	\N	\N	f	\N	t	2026-05-07 11:01:12	\N	2026-05-07 11:01:12	\N	2026-05-07 11:01:11.673339	2026-05-07 11:02:02.489667	\N	\N
2100	\N	\N	\N	4	8	1	\N	1	19	\N	19	19	WH/IN/00983	\N	direct	draft	0	\N	\N	f	\N	t	2026-05-07 11:01:12	\N	2026-05-07 11:01:12	\N	2026-05-07 11:01:11.673339	2026-05-07 11:02:02.489667	\N	\N
2101	\N	\N	\N	4	8	1	\N	1	19	\N	19	19	WH/IN/00984	\N	direct	draft	0	\N	\N	f	\N	t	2026-05-07 11:01:12	\N	2026-05-07 11:01:12	\N	2026-05-07 11:01:11.673339	2026-05-07 11:02:02.489667	\N	\N
2102	\N	\N	\N	4	8	1	\N	1	19	\N	19	19	WH/IN/00985	\N	direct	draft	0	\N	\N	f	\N	t	2026-05-07 11:01:12	\N	2026-05-07 11:01:12	\N	2026-05-07 11:01:11.673339	2026-05-07 11:02:02.489667	\N	\N
2103	\N	\N	\N	4	8	1	\N	1	19	\N	19	19	WH/IN/00986	\N	direct	draft	0	\N	\N	f	\N	t	2026-05-07 11:01:12	\N	2026-05-07 11:01:12	\N	2026-05-07 11:01:11.673339	2026-05-07 11:02:02.489667	\N	\N
2104	\N	\N	\N	4	8	1	\N	1	19	\N	19	19	WH/IN/00987	\N	direct	draft	0	\N	\N	f	\N	t	2026-05-07 11:01:12	\N	2026-05-07 11:01:12	\N	2026-05-07 11:01:11.673339	2026-05-07 11:02:02.489667	\N	\N
2105	\N	\N	\N	4	8	1	\N	1	19	\N	19	19	WH/IN/00988	\N	direct	draft	0	\N	\N	f	\N	t	2026-05-07 11:01:12	\N	2026-05-07 11:01:12	\N	2026-05-07 11:01:11.673339	2026-05-07 11:02:02.489667	\N	\N
2106	\N	\N	\N	4	8	1	\N	1	19	\N	19	19	WH/IN/00989	\N	direct	draft	0	\N	\N	f	\N	t	2026-05-07 11:01:12	\N	2026-05-07 11:01:12	\N	2026-05-07 11:01:11.673339	2026-05-07 11:02:02.489667	\N	\N
2107	\N	\N	\N	4	8	1	\N	1	19	\N	19	19	WH/IN/00990	\N	direct	draft	0	\N	\N	f	\N	t	2026-05-07 11:01:12	\N	2026-05-07 11:01:12	\N	2026-05-07 11:01:11.673339	2026-05-07 11:02:02.489667	\N	\N
2108	\N	\N	\N	4	8	1	\N	1	19	\N	19	19	WH/IN/00991	\N	direct	draft	0	\N	\N	f	\N	t	2026-05-07 11:01:12	\N	2026-05-07 11:01:12	\N	2026-05-07 11:01:11.673339	2026-05-07 11:02:02.489667	\N	\N
2109	\N	\N	\N	4	8	1	\N	1	19	\N	19	19	WH/IN/00992	\N	direct	draft	0	\N	\N	f	\N	t	2026-05-07 11:01:12	\N	2026-05-07 11:01:12	\N	2026-05-07 11:01:11.673339	2026-05-07 11:02:02.489667	\N	\N
2110	\N	\N	\N	4	8	1	\N	1	19	\N	19	19	WH/IN/00993	\N	direct	draft	0	\N	\N	f	\N	t	2026-05-07 11:01:12	\N	2026-05-07 11:01:12	\N	2026-05-07 11:01:11.673339	2026-05-07 11:02:02.489667	\N	\N
2111	\N	\N	\N	4	8	1	\N	1	19	\N	19	19	WH/IN/00994	\N	direct	draft	0	\N	\N	f	\N	t	2026-05-07 11:01:12	\N	2026-05-07 11:01:12	\N	2026-05-07 11:01:11.673339	2026-05-07 11:02:02.489667	\N	\N
2112	\N	\N	\N	4	8	1	\N	1	19	\N	19	19	WH/IN/00995	\N	direct	draft	0	\N	\N	f	\N	t	2026-05-07 11:01:12	\N	2026-05-07 11:01:12	\N	2026-05-07 11:01:11.673339	2026-05-07 11:02:02.489667	\N	\N
2113	\N	\N	\N	4	8	1	\N	1	19	\N	19	19	WH/IN/00996	\N	direct	draft	0	\N	\N	f	\N	t	2026-05-07 11:01:12	\N	2026-05-07 11:01:12	\N	2026-05-07 11:01:11.673339	2026-05-07 11:02:02.489667	\N	\N
2114	\N	\N	\N	4	8	1	\N	1	19	\N	19	19	WH/IN/00997	\N	direct	draft	0	\N	\N	f	\N	t	2026-05-07 11:01:12	\N	2026-05-07 11:01:12	\N	2026-05-07 11:01:11.673339	2026-05-07 11:02:02.489667	\N	\N
2115	\N	\N	\N	4	8	1	\N	1	19	\N	19	19	WH/IN/00998	\N	direct	draft	0	\N	\N	f	\N	t	2026-05-07 11:01:12	\N	2026-05-07 11:01:12	\N	2026-05-07 11:01:11.673339	2026-05-07 11:02:02.489667	\N	\N
2116	\N	\N	\N	4	8	1	\N	1	19	\N	19	19	WH/IN/00999	\N	direct	draft	0	\N	\N	f	\N	t	2026-05-07 11:01:12	\N	2026-05-07 11:01:12	\N	2026-05-07 11:01:11.673339	2026-05-07 11:02:02.489667	\N	\N
2117	\N	\N	\N	4	8	1	\N	1	19	\N	19	19	WH/IN/01000	\N	direct	draft	0	\N	\N	f	\N	t	2026-05-07 11:01:12	\N	2026-05-07 11:01:12	\N	2026-05-07 11:01:11.673339	2026-05-07 11:02:02.489667	\N	\N
2118	\N	\N	\N	4	8	1	\N	1	19	\N	19	19	WH/IN/01001	\N	direct	draft	0	\N	\N	f	\N	t	2026-05-07 11:01:12	\N	2026-05-07 11:01:12	\N	2026-05-07 11:01:11.673339	2026-05-07 11:02:02.489667	\N	\N
2119	\N	\N	\N	4	8	1	\N	1	19	\N	19	19	WH/IN/01002	\N	direct	draft	0	\N	\N	f	\N	t	2026-05-07 11:01:12	\N	2026-05-07 11:01:12	\N	2026-05-07 11:01:11.673339	2026-05-07 11:02:02.489667	\N	\N
2120	\N	\N	\N	4	8	1	\N	1	19	\N	19	19	WH/IN/01003	\N	direct	draft	0	\N	\N	f	\N	t	2026-05-07 11:01:12	\N	2026-05-07 11:01:12	\N	2026-05-07 11:01:11.673339	2026-05-07 11:02:02.489667	\N	\N
2121	\N	\N	\N	4	8	1	\N	1	19	\N	19	19	WH/IN/01004	\N	direct	draft	0	\N	\N	f	\N	t	2026-05-07 11:01:12	\N	2026-05-07 11:01:12	\N	2026-05-07 11:01:11.673339	2026-05-07 11:02:02.489667	\N	\N
2122	\N	\N	\N	4	8	1	\N	1	19	\N	19	19	WH/IN/01005	\N	direct	draft	0	\N	\N	f	\N	t	2026-05-07 11:01:12	\N	2026-05-07 11:01:12	\N	2026-05-07 11:01:11.673339	2026-05-07 11:02:02.489667	\N	\N
2123	\N	\N	\N	4	8	1	\N	1	19	\N	19	19	WH/IN/01006	\N	direct	draft	0	\N	\N	f	\N	t	2026-05-07 11:01:12	\N	2026-05-07 11:01:12	\N	2026-05-07 11:01:11.673339	2026-05-07 11:02:02.489667	\N	\N
2124	\N	\N	\N	4	8	1	\N	1	19	\N	19	19	WH/IN/01007	\N	direct	draft	0	\N	\N	f	\N	t	2026-05-07 11:01:12	\N	2026-05-07 11:01:12	\N	2026-05-07 11:01:11.673339	2026-05-07 11:02:02.489667	\N	\N
2125	\N	\N	\N	4	8	1	\N	1	19	\N	19	19	WH/IN/01008	\N	direct	draft	0	\N	\N	f	\N	t	2026-05-07 11:01:12	\N	2026-05-07 11:01:12	\N	2026-05-07 11:01:11.673339	2026-05-07 11:02:02.489667	\N	\N
2126	\N	\N	\N	4	8	1	\N	1	19	\N	19	19	WH/IN/01009	\N	direct	draft	0	\N	\N	f	\N	t	2026-05-07 11:01:12	\N	2026-05-07 11:01:12	\N	2026-05-07 11:01:11.673339	2026-05-07 11:02:02.489667	\N	\N
2127	\N	\N	\N	4	8	1	\N	1	19	\N	19	19	WH/IN/01010	\N	direct	draft	0	\N	\N	f	\N	t	2026-05-07 11:01:12	\N	2026-05-07 11:01:12	\N	2026-05-07 11:01:11.673339	2026-05-07 11:02:02.489667	\N	\N
2128	\N	\N	\N	4	8	1	\N	1	19	\N	19	19	WH/IN/01011	\N	direct	draft	0	\N	\N	f	\N	t	2026-05-07 11:01:12	\N	2026-05-07 11:01:12	\N	2026-05-07 11:01:11.673339	2026-05-07 11:02:02.489667	\N	\N
2129	\N	\N	\N	4	8	1	\N	1	19	\N	19	19	WH/IN/01012	\N	direct	draft	0	\N	\N	f	\N	t	2026-05-07 11:01:12	\N	2026-05-07 11:01:12	\N	2026-05-07 11:01:11.673339	2026-05-07 11:02:02.489667	\N	\N
2130	\N	\N	\N	4	8	1	\N	1	19	\N	19	19	WH/IN/01013	\N	direct	draft	0	\N	\N	f	\N	t	2026-05-07 11:01:12	\N	2026-05-07 11:01:12	\N	2026-05-07 11:01:11.673339	2026-05-07 11:02:02.489667	\N	\N
2131	\N	\N	\N	4	8	1	\N	1	19	\N	19	19	WH/IN/01014	\N	direct	draft	0	\N	\N	f	\N	t	2026-05-07 11:01:12	\N	2026-05-07 11:01:12	\N	2026-05-07 11:01:11.673339	2026-05-07 11:02:02.489667	\N	\N
2132	\N	\N	\N	4	8	1	\N	1	19	\N	19	19	WH/IN/01015	\N	direct	draft	0	\N	\N	f	\N	t	2026-05-07 11:01:12	\N	2026-05-07 11:01:12	\N	2026-05-07 11:01:11.673339	2026-05-07 11:02:02.489667	\N	\N
2133	\N	\N	\N	4	8	1	\N	1	19	\N	19	19	WH/IN/01016	\N	direct	draft	0	\N	\N	f	\N	t	2026-05-07 11:01:12	\N	2026-05-07 11:01:12	\N	2026-05-07 11:01:11.673339	2026-05-07 11:02:02.489667	\N	\N
2134	\N	\N	\N	4	8	1	\N	1	19	\N	19	19	WH/IN/01017	\N	direct	draft	0	\N	\N	f	\N	t	2026-05-07 11:01:12	\N	2026-05-07 11:01:12	\N	2026-05-07 11:01:11.673339	2026-05-07 11:02:02.489667	\N	\N
2135	\N	\N	\N	4	8	1	\N	1	19	\N	19	19	WH/IN/01018	\N	direct	draft	0	\N	\N	f	\N	t	2026-05-07 11:01:12	\N	2026-05-07 11:01:12	\N	2026-05-07 11:01:11.673339	2026-05-07 11:02:02.489667	\N	\N
2136	\N	\N	\N	4	8	1	\N	1	19	\N	19	19	WH/IN/01019	\N	direct	draft	0	\N	\N	f	\N	t	2026-05-07 11:01:12	\N	2026-05-07 11:01:12	\N	2026-05-07 11:01:11.673339	2026-05-07 11:02:02.489667	\N	\N
2137	\N	\N	\N	4	8	1	\N	1	19	\N	19	19	WH/IN/01020	\N	direct	draft	0	\N	\N	f	\N	t	2026-05-07 11:01:12	\N	2026-05-07 11:01:12	\N	2026-05-07 11:01:11.673339	2026-05-07 11:02:02.489667	\N	\N
2138	\N	\N	\N	4	8	1	\N	1	19	\N	19	19	WH/IN/01021	\N	direct	draft	0	\N	\N	f	\N	t	2026-05-07 11:01:12	\N	2026-05-07 11:01:12	\N	2026-05-07 11:01:11.673339	2026-05-07 11:02:02.489667	\N	\N
2139	\N	\N	\N	4	8	1	\N	1	19	\N	19	19	WH/IN/01022	\N	direct	draft	0	\N	\N	f	\N	t	2026-05-07 11:01:12	\N	2026-05-07 11:01:12	\N	2026-05-07 11:01:11.673339	2026-05-07 11:02:02.489667	\N	\N
2140	\N	\N	\N	4	8	1	\N	1	19	\N	19	19	WH/IN/01023	\N	direct	draft	0	\N	\N	f	\N	t	2026-05-07 11:01:12	\N	2026-05-07 11:01:12	\N	2026-05-07 11:01:11.673339	2026-05-07 11:02:02.489667	\N	\N
2141	\N	\N	\N	4	8	1	\N	1	19	\N	19	19	WH/IN/01024	\N	direct	draft	0	\N	\N	f	\N	t	2026-05-07 11:01:12	\N	2026-05-07 11:01:12	\N	2026-05-07 11:01:11.673339	2026-05-07 11:02:02.489667	\N	\N
2142	\N	\N	\N	4	8	1	\N	1	19	\N	19	19	WH/IN/01025	\N	direct	draft	0	\N	\N	f	\N	t	2026-05-07 11:01:12	\N	2026-05-07 11:01:12	\N	2026-05-07 11:01:11.673339	2026-05-07 11:02:02.489667	\N	\N
2143	\N	\N	\N	4	8	1	\N	1	19	\N	19	19	WH/IN/01026	\N	direct	draft	0	\N	\N	f	\N	t	2026-05-07 11:01:12	\N	2026-05-07 11:01:12	\N	2026-05-07 11:01:11.673339	2026-05-07 11:02:02.489667	\N	\N
2144	\N	\N	\N	4	8	1	\N	1	19	\N	19	19	WH/IN/01027	\N	direct	draft	0	\N	\N	f	\N	t	2026-05-07 11:01:12	\N	2026-05-07 11:01:12	\N	2026-05-07 11:01:11.673339	2026-05-07 11:02:02.489667	\N	\N
2145	\N	\N	\N	4	8	1	\N	1	19	\N	19	19	WH/IN/01028	\N	direct	draft	0	\N	\N	f	\N	t	2026-05-07 11:01:12	\N	2026-05-07 11:01:12	\N	2026-05-07 11:01:11.673339	2026-05-07 11:02:02.489667	\N	\N
2146	\N	\N	\N	4	8	1	\N	1	19	\N	19	19	WH/IN/01029	\N	direct	draft	0	\N	\N	f	\N	t	2026-05-07 11:01:12	\N	2026-05-07 11:01:12	\N	2026-05-07 11:01:11.673339	2026-05-07 11:02:02.489667	\N	\N
2147	\N	\N	\N	4	8	1	\N	1	19	\N	19	19	WH/IN/01030	\N	direct	draft	0	\N	\N	f	\N	t	2026-05-07 11:01:12	\N	2026-05-07 11:01:12	\N	2026-05-07 11:01:11.673339	2026-05-07 11:02:02.489667	\N	\N
2148	\N	\N	\N	4	8	1	\N	1	19	\N	19	19	WH/IN/01031	\N	direct	draft	0	\N	\N	f	\N	t	2026-05-07 11:01:12	\N	2026-05-07 11:01:12	\N	2026-05-07 11:01:11.673339	2026-05-07 11:02:02.489667	\N	\N
2149	\N	\N	\N	4	8	1	\N	1	19	\N	19	19	WH/IN/01032	\N	direct	draft	0	\N	\N	f	\N	t	2026-05-07 11:01:12	\N	2026-05-07 11:01:12	\N	2026-05-07 11:01:11.673339	2026-05-07 11:02:02.489667	\N	\N
2150	\N	\N	\N	4	8	1	\N	1	19	\N	19	19	WH/IN/01033	\N	direct	draft	0	\N	\N	f	\N	t	2026-05-07 11:01:12	\N	2026-05-07 11:01:12	\N	2026-05-07 11:01:11.673339	2026-05-07 11:02:02.489667	\N	\N
2151	\N	\N	\N	4	8	1	\N	1	19	\N	19	19	WH/IN/01034	\N	direct	draft	0	\N	\N	f	\N	t	2026-05-07 11:01:12	\N	2026-05-07 11:01:12	\N	2026-05-07 11:01:11.673339	2026-05-07 11:02:02.489667	\N	\N
2152	\N	\N	\N	4	8	1	\N	1	19	\N	19	19	WH/IN/01035	\N	direct	draft	0	\N	\N	f	\N	t	2026-05-07 11:01:12	\N	2026-05-07 11:01:12	\N	2026-05-07 11:01:11.673339	2026-05-07 11:02:02.489667	\N	\N
2153	\N	\N	\N	4	8	1	\N	1	19	\N	19	19	WH/IN/01036	\N	direct	draft	0	\N	\N	f	\N	t	2026-05-07 11:01:12	\N	2026-05-07 11:01:12	\N	2026-05-07 11:01:11.673339	2026-05-07 11:02:02.489667	\N	\N
2154	\N	\N	\N	4	8	1	\N	1	19	\N	19	19	WH/IN/01037	\N	direct	draft	0	\N	\N	f	\N	t	2026-05-07 11:01:12	\N	2026-05-07 11:01:12	\N	2026-05-07 11:01:11.673339	2026-05-07 11:02:02.489667	\N	\N
2155	\N	\N	\N	4	8	1	\N	1	19	\N	19	19	WH/IN/01038	\N	direct	draft	0	\N	\N	f	\N	t	2026-05-07 11:01:12	\N	2026-05-07 11:01:12	\N	2026-05-07 11:01:11.673339	2026-05-07 11:02:02.489667	\N	\N
2156	\N	\N	\N	4	8	1	\N	1	19	\N	19	19	WH/IN/01039	\N	direct	draft	0	\N	\N	f	\N	t	2026-05-07 11:01:12	\N	2026-05-07 11:01:12	\N	2026-05-07 11:01:11.673339	2026-05-07 11:02:02.489667	\N	\N
2157	\N	\N	\N	4	8	1	\N	1	19	\N	19	19	WH/IN/01040	\N	direct	draft	0	\N	\N	f	\N	t	2026-05-07 11:01:12	\N	2026-05-07 11:01:12	\N	2026-05-07 11:01:11.673339	2026-05-07 11:02:02.489667	\N	\N
2158	\N	\N	\N	4	8	1	\N	1	19	\N	19	19	WH/IN/01041	\N	direct	draft	0	\N	\N	f	\N	t	2026-05-07 11:01:12	\N	2026-05-07 11:01:12	\N	2026-05-07 11:01:11.673339	2026-05-07 11:02:02.489667	\N	\N
2159	\N	\N	\N	4	8	1	\N	1	19	\N	19	19	WH/IN/01042	\N	direct	draft	0	\N	\N	f	\N	t	2026-05-07 11:01:12	\N	2026-05-07 11:01:12	\N	2026-05-07 11:01:11.673339	2026-05-07 11:02:02.489667	\N	\N
2160	\N	\N	\N	4	8	1	\N	1	19	\N	19	19	WH/IN/01043	\N	direct	draft	0	\N	\N	f	\N	t	2026-05-07 11:01:12	\N	2026-05-07 11:01:12	\N	2026-05-07 11:01:11.673339	2026-05-07 11:02:02.489667	\N	\N
2161	\N	\N	\N	4	8	1	\N	1	19	\N	19	19	WH/IN/01044	\N	direct	draft	0	\N	\N	f	\N	t	2026-05-07 11:01:12	\N	2026-05-07 11:01:12	\N	2026-05-07 11:01:11.673339	2026-05-07 11:02:02.489667	\N	\N
2162	\N	\N	\N	4	8	1	\N	1	19	\N	19	19	WH/IN/01045	\N	direct	draft	0	\N	\N	f	\N	t	2026-05-07 11:01:12	\N	2026-05-07 11:01:12	\N	2026-05-07 11:01:11.673339	2026-05-07 11:02:02.489667	\N	\N
2163	\N	\N	\N	4	8	1	\N	1	19	\N	19	19	WH/IN/01046	\N	direct	draft	0	\N	\N	f	\N	t	2026-05-07 11:01:12	\N	2026-05-07 11:01:12	\N	2026-05-07 11:01:11.673339	2026-05-07 11:02:02.489667	\N	\N
2164	\N	\N	\N	4	8	1	\N	1	19	\N	19	19	WH/IN/01047	\N	direct	draft	0	\N	\N	f	\N	t	2026-05-07 11:01:12	\N	2026-05-07 11:01:12	\N	2026-05-07 11:01:11.673339	2026-05-07 11:02:02.489667	\N	\N
2165	\N	\N	\N	4	8	1	\N	1	19	\N	19	19	WH/IN/01048	\N	direct	draft	0	\N	\N	f	\N	t	2026-05-07 11:01:12	\N	2026-05-07 11:01:12	\N	2026-05-07 11:01:11.673339	2026-05-07 11:02:02.489667	\N	\N
2166	\N	\N	\N	4	8	1	\N	1	19	\N	19	19	WH/IN/01049	\N	direct	draft	0	\N	\N	f	\N	t	2026-05-07 11:01:12	\N	2026-05-07 11:01:12	\N	2026-05-07 11:01:11.673339	2026-05-07 11:02:02.489667	\N	\N
2167	\N	\N	\N	4	8	1	\N	1	19	\N	19	19	WH/IN/01050	\N	direct	draft	0	\N	\N	f	\N	t	2026-05-07 11:01:12	\N	2026-05-07 11:01:12	\N	2026-05-07 11:01:11.673339	2026-05-07 11:02:02.489667	\N	\N
2168	\N	\N	\N	4	8	1	\N	1	19	\N	19	19	WH/IN/01051	\N	direct	draft	0	\N	\N	f	\N	t	2026-05-07 11:01:12	\N	2026-05-07 11:01:12	\N	2026-05-07 11:01:11.673339	2026-05-07 11:02:02.489667	\N	\N
2169	\N	\N	\N	4	8	1	\N	1	19	\N	19	19	WH/IN/01052	\N	direct	draft	0	\N	\N	f	\N	t	2026-05-07 11:01:12	\N	2026-05-07 11:01:12	\N	2026-05-07 11:01:11.673339	2026-05-07 11:02:02.489667	\N	\N
2170	\N	\N	\N	4	8	1	\N	1	19	\N	19	19	WH/IN/01053	\N	direct	draft	0	\N	\N	f	\N	t	2026-05-07 11:01:12	\N	2026-05-07 11:01:12	\N	2026-05-07 11:01:11.673339	2026-05-07 11:02:02.489667	\N	\N
2171	\N	\N	\N	4	8	1	\N	1	19	\N	19	19	WH/IN/01054	\N	direct	draft	0	\N	\N	f	\N	t	2026-05-07 11:01:12	\N	2026-05-07 11:01:12	\N	2026-05-07 11:01:11.673339	2026-05-07 11:02:02.489667	\N	\N
2172	\N	\N	\N	4	8	1	\N	1	19	\N	19	19	WH/IN/01055	\N	direct	draft	0	\N	\N	f	\N	t	2026-05-07 11:01:12	\N	2026-05-07 11:01:12	\N	2026-05-07 11:01:11.673339	2026-05-07 11:02:02.489667	\N	\N
2173	\N	\N	\N	4	8	1	\N	1	19	\N	19	19	WH/IN/01056	\N	direct	draft	0	\N	\N	f	\N	t	2026-05-07 11:01:12	\N	2026-05-07 11:01:12	\N	2026-05-07 11:01:11.673339	2026-05-07 11:02:02.489667	\N	\N
2174	\N	\N	\N	4	8	1	\N	1	19	\N	19	19	WH/IN/01057	\N	direct	draft	0	\N	\N	f	\N	t	2026-05-07 11:01:12	\N	2026-05-07 11:01:12	\N	2026-05-07 11:01:11.673339	2026-05-07 11:02:02.489667	\N	\N
2175	\N	\N	\N	4	8	1	\N	1	19	\N	19	19	WH/IN/01058	\N	direct	draft	0	\N	\N	f	\N	t	2026-05-07 11:01:12	\N	2026-05-07 11:01:12	\N	2026-05-07 11:01:11.673339	2026-05-07 11:02:02.489667	\N	\N
2176	\N	\N	\N	4	8	1	\N	1	19	\N	19	19	WH/IN/01059	\N	direct	draft	0	\N	\N	f	\N	t	2026-05-07 11:01:12	\N	2026-05-07 11:01:12	\N	2026-05-07 11:01:11.673339	2026-05-07 11:02:02.489667	\N	\N
2177	\N	\N	\N	4	8	1	\N	1	19	\N	19	19	WH/IN/01060	\N	direct	draft	0	\N	\N	f	\N	t	2026-05-07 11:01:12	\N	2026-05-07 11:01:12	\N	2026-05-07 11:01:11.673339	2026-05-07 11:02:02.489667	\N	\N
2178	\N	\N	\N	4	8	1	\N	1	19	\N	19	19	WH/IN/01061	\N	direct	draft	0	\N	\N	f	\N	t	2026-05-07 11:01:12	\N	2026-05-07 11:01:12	\N	2026-05-07 11:01:11.673339	2026-05-07 11:02:02.489667	\N	\N
2179	\N	\N	\N	4	8	1	\N	1	19	\N	19	19	WH/IN/01062	\N	direct	draft	0	\N	\N	f	\N	t	2026-05-07 11:01:12	\N	2026-05-07 11:01:12	\N	2026-05-07 11:01:11.673339	2026-05-07 11:02:02.489667	\N	\N
2180	\N	\N	\N	4	8	1	\N	1	19	\N	19	19	WH/IN/01063	\N	direct	draft	0	\N	\N	f	\N	t	2026-05-07 11:01:12	\N	2026-05-07 11:01:12	\N	2026-05-07 11:01:11.673339	2026-05-07 11:02:02.489667	\N	\N
2181	\N	\N	\N	4	8	1	\N	1	19	\N	19	19	WH/IN/01064	\N	direct	draft	0	\N	\N	f	\N	t	2026-05-07 11:01:12	\N	2026-05-07 11:01:12	\N	2026-05-07 11:01:11.673339	2026-05-07 11:02:02.489667	\N	\N
2182	\N	\N	\N	4	8	1	\N	1	19	\N	19	19	WH/IN/01065	\N	direct	draft	0	\N	\N	f	\N	t	2026-05-07 11:01:12	\N	2026-05-07 11:01:12	\N	2026-05-07 11:01:11.673339	2026-05-07 11:02:02.489667	\N	\N
2183	\N	\N	\N	4	8	1	\N	1	19	\N	19	19	WH/IN/01066	\N	direct	draft	0	\N	\N	f	\N	t	2026-05-07 11:01:12	\N	2026-05-07 11:01:12	\N	2026-05-07 11:01:11.673339	2026-05-07 11:02:02.489667	\N	\N
2184	\N	\N	\N	4	8	1	\N	1	19	\N	19	19	WH/IN/01067	\N	direct	draft	0	\N	\N	f	\N	t	2026-05-07 11:01:12	\N	2026-05-07 11:01:12	\N	2026-05-07 11:01:11.673339	2026-05-07 11:02:02.489667	\N	\N
2185	\N	\N	\N	4	8	1	\N	1	19	\N	19	19	WH/IN/01068	\N	direct	draft	0	\N	\N	f	\N	t	2026-05-07 11:01:12	\N	2026-05-07 11:01:12	\N	2026-05-07 11:01:11.673339	2026-05-07 11:02:02.489667	\N	\N
2186	\N	\N	\N	4	8	1	\N	1	19	\N	19	19	WH/IN/01069	\N	direct	draft	0	\N	\N	f	\N	t	2026-05-07 11:01:12	\N	2026-05-07 11:01:12	\N	2026-05-07 11:01:11.673339	2026-05-07 11:02:02.489667	\N	\N
2187	\N	\N	\N	4	8	1	\N	1	19	\N	19	19	WH/IN/01070	\N	direct	draft	0	\N	\N	f	\N	t	2026-05-07 11:01:12	\N	2026-05-07 11:01:12	\N	2026-05-07 11:01:11.673339	2026-05-07 11:02:02.489667	\N	\N
2188	\N	\N	\N	4	8	1	\N	1	19	\N	19	19	WH/IN/01071	\N	direct	draft	0	\N	\N	f	\N	t	2026-05-07 11:01:12	\N	2026-05-07 11:01:12	\N	2026-05-07 11:01:11.673339	2026-05-07 11:02:02.489667	\N	\N
2189	\N	\N	\N	4	8	1	\N	1	19	\N	19	19	WH/IN/01072	\N	direct	draft	0	\N	\N	f	\N	t	2026-05-07 11:01:12	\N	2026-05-07 11:01:12	\N	2026-05-07 11:01:11.673339	2026-05-07 11:02:02.489667	\N	\N
2190	\N	\N	\N	4	8	1	\N	1	19	\N	19	19	WH/IN/01073	\N	direct	draft	0	\N	\N	f	\N	t	2026-05-07 11:01:12	\N	2026-05-07 11:01:12	\N	2026-05-07 11:01:11.673339	2026-05-07 11:02:02.489667	\N	\N
2191	\N	\N	\N	4	8	1	\N	1	19	\N	19	19	WH/IN/01074	\N	direct	draft	0	\N	\N	f	\N	t	2026-05-07 11:01:12	\N	2026-05-07 11:01:12	\N	2026-05-07 11:01:11.673339	2026-05-07 11:02:02.489667	\N	\N
2192	\N	\N	\N	4	8	1	\N	1	19	\N	19	19	WH/IN/01075	\N	direct	draft	0	\N	\N	f	\N	t	2026-05-07 11:01:12	\N	2026-05-07 11:01:12	\N	2026-05-07 11:01:11.673339	2026-05-07 11:02:02.489667	\N	\N
2193	\N	\N	\N	4	8	1	\N	1	19	\N	19	19	WH/IN/01076	\N	direct	draft	0	\N	\N	f	\N	t	2026-05-07 11:01:12	\N	2026-05-07 11:01:12	\N	2026-05-07 11:01:11.673339	2026-05-07 11:02:02.489667	\N	\N
2194	\N	\N	\N	4	8	1	\N	1	19	\N	19	19	WH/IN/01077	\N	direct	draft	0	\N	\N	f	\N	t	2026-05-07 11:01:12	\N	2026-05-07 11:01:12	\N	2026-05-07 11:01:11.673339	2026-05-07 11:02:02.489667	\N	\N
2195	\N	\N	\N	4	8	1	\N	1	19	\N	19	19	WH/IN/01078	\N	direct	draft	0	\N	\N	f	\N	t	2026-05-07 11:01:12	\N	2026-05-07 11:01:12	\N	2026-05-07 11:01:11.673339	2026-05-07 11:02:02.489667	\N	\N
2196	\N	\N	\N	4	8	1	\N	1	19	\N	19	19	WH/IN/01079	\N	direct	draft	0	\N	\N	f	\N	t	2026-05-07 11:01:12	\N	2026-05-07 11:01:12	\N	2026-05-07 11:01:11.673339	2026-05-07 11:02:02.489667	\N	\N
2197	\N	\N	\N	4	8	1	\N	1	19	\N	19	19	WH/IN/01080	\N	direct	draft	0	\N	\N	f	\N	t	2026-05-07 11:01:12	\N	2026-05-07 11:01:12	\N	2026-05-07 11:01:11.673339	2026-05-07 11:02:02.489667	\N	\N
1956	\N	\N	\N	4	8	1	\N	1	19	\N	19	19	WH/IN/00839	\N	direct	draft	0	\N	\N	f	\N	t	2026-05-07 11:01:12	\N	2026-05-07 11:01:12	\N	2026-05-07 11:01:11.673339	2026-05-07 11:02:02.489667	\N	\N
1957	\N	\N	\N	4	8	1	\N	1	19	\N	19	19	WH/IN/00840	\N	direct	draft	0	\N	\N	f	\N	t	2026-05-07 11:01:12	\N	2026-05-07 11:01:12	\N	2026-05-07 11:01:11.673339	2026-05-07 11:02:02.489667	\N	\N
1958	\N	\N	\N	4	8	1	\N	1	19	\N	19	19	WH/IN/00841	\N	direct	draft	0	\N	\N	f	\N	t	2026-05-07 11:01:12	\N	2026-05-07 11:01:12	\N	2026-05-07 11:01:11.673339	2026-05-07 11:02:02.489667	\N	\N
1959	\N	\N	\N	4	8	1	\N	1	19	\N	19	19	WH/IN/00842	\N	direct	draft	0	\N	\N	f	\N	t	2026-05-07 11:01:12	\N	2026-05-07 11:01:12	\N	2026-05-07 11:01:11.673339	2026-05-07 11:02:02.489667	\N	\N
1960	\N	\N	\N	4	8	1	\N	1	19	\N	19	19	WH/IN/00843	\N	direct	draft	0	\N	\N	f	\N	t	2026-05-07 11:01:12	\N	2026-05-07 11:01:12	\N	2026-05-07 11:01:11.673339	2026-05-07 11:02:02.489667	\N	\N
2198	\N	\N	\N	4	8	1	\N	1	19	\N	19	19	WH/IN/01081	\N	direct	draft	0	\N	\N	f	\N	t	2026-05-07 11:01:12	\N	2026-05-07 11:01:12	\N	2026-05-07 11:01:11.673339	2026-05-07 11:02:02.489667	\N	\N
2199	\N	\N	\N	4	8	1	\N	1	19	\N	19	19	WH/IN/01082	\N	direct	draft	0	\N	\N	f	\N	t	2026-05-07 11:01:12	\N	2026-05-07 11:01:12	\N	2026-05-07 11:01:11.673339	2026-05-07 11:02:02.489667	\N	\N
2200	\N	\N	\N	4	8	1	\N	1	19	\N	19	19	WH/IN/01083	\N	direct	draft	0	\N	\N	f	\N	t	2026-05-07 11:01:12	\N	2026-05-07 11:01:12	\N	2026-05-07 11:01:11.673339	2026-05-07 11:02:02.489667	\N	\N
2201	\N	\N	\N	4	8	1	\N	1	19	\N	19	19	WH/IN/01084	\N	direct	draft	0	\N	\N	f	\N	t	2026-05-07 11:01:12	\N	2026-05-07 11:01:12	\N	2026-05-07 11:01:11.673339	2026-05-07 11:02:02.489667	\N	\N
2202	\N	\N	\N	4	8	1	\N	1	19	\N	19	19	WH/IN/01085	\N	direct	draft	0	\N	\N	f	\N	t	2026-05-07 11:01:12	\N	2026-05-07 11:01:12	\N	2026-05-07 11:01:11.673339	2026-05-07 11:02:02.489667	\N	\N
2203	\N	\N	\N	4	8	1	\N	1	19	\N	19	19	WH/IN/01086	\N	direct	draft	0	\N	\N	f	\N	t	2026-05-07 11:01:12	\N	2026-05-07 11:01:12	\N	2026-05-07 11:01:11.673339	2026-05-07 11:02:02.489667	\N	\N
2204	\N	\N	\N	4	8	1	\N	1	19	\N	19	19	WH/IN/01087	\N	direct	draft	0	\N	\N	f	\N	t	2026-05-07 11:01:12	\N	2026-05-07 11:01:12	\N	2026-05-07 11:01:11.673339	2026-05-07 11:02:02.489667	\N	\N
2205	\N	\N	\N	4	8	1	\N	1	19	\N	19	19	WH/IN/01088	\N	direct	draft	0	\N	\N	f	\N	t	2026-05-07 11:01:12	\N	2026-05-07 11:01:12	\N	2026-05-07 11:01:11.673339	2026-05-07 11:02:02.489667	\N	\N
2206	\N	\N	\N	4	8	1	\N	1	19	\N	19	19	WH/IN/01089	\N	direct	draft	0	\N	\N	f	\N	t	2026-05-07 11:01:12	\N	2026-05-07 11:01:12	\N	2026-05-07 11:01:11.673339	2026-05-07 11:02:02.489667	\N	\N
2207	\N	\N	\N	4	8	1	\N	1	19	\N	19	19	WH/IN/01090	\N	direct	draft	0	\N	\N	f	\N	t	2026-05-07 11:01:12	\N	2026-05-07 11:01:12	\N	2026-05-07 11:01:11.673339	2026-05-07 11:02:02.489667	\N	\N
2208	\N	\N	\N	4	8	1	\N	1	19	\N	19	19	WH/IN/01091	\N	direct	draft	0	\N	\N	f	\N	t	2026-05-07 11:01:12	\N	2026-05-07 11:01:12	\N	2026-05-07 11:01:11.673339	2026-05-07 11:02:02.489667	\N	\N
2209	\N	\N	\N	4	8	1	\N	1	19	\N	19	19	WH/IN/01092	\N	direct	draft	0	\N	\N	f	\N	t	2026-05-07 11:01:12	\N	2026-05-07 11:01:12	\N	2026-05-07 11:01:11.673339	2026-05-07 11:02:02.489667	\N	\N
2210	\N	\N	\N	4	8	1	\N	1	19	\N	19	19	WH/IN/01093	\N	direct	draft	0	\N	\N	f	\N	t	2026-05-07 11:01:12	\N	2026-05-07 11:01:12	\N	2026-05-07 11:01:11.673339	2026-05-07 11:02:02.489667	\N	\N
2211	\N	\N	\N	4	8	1	\N	1	19	\N	19	19	WH/IN/01094	\N	direct	draft	0	\N	\N	f	\N	t	2026-05-07 11:01:12	\N	2026-05-07 11:01:12	\N	2026-05-07 11:01:11.673339	2026-05-07 11:02:02.489667	\N	\N
2212	\N	\N	\N	4	8	1	\N	1	19	\N	19	19	WH/IN/01095	\N	direct	draft	0	\N	\N	f	\N	t	2026-05-07 11:01:12	\N	2026-05-07 11:01:12	\N	2026-05-07 11:01:11.673339	2026-05-07 11:02:02.489667	\N	\N
2213	\N	\N	\N	4	8	1	\N	1	19	\N	19	19	WH/IN/01096	\N	direct	draft	0	\N	\N	f	\N	t	2026-05-07 11:01:12	\N	2026-05-07 11:01:12	\N	2026-05-07 11:01:11.673339	2026-05-07 11:02:02.489667	\N	\N
2214	\N	\N	\N	4	8	1	\N	1	19	\N	19	19	WH/IN/01097	\N	direct	draft	0	\N	\N	f	\N	t	2026-05-07 11:01:12	\N	2026-05-07 11:01:12	\N	2026-05-07 11:01:11.673339	2026-05-07 11:02:02.489667	\N	\N
2215	\N	\N	\N	4	8	1	\N	1	19	\N	19	19	WH/IN/01098	\N	direct	draft	0	\N	\N	f	\N	t	2026-05-07 11:01:12	\N	2026-05-07 11:01:12	\N	2026-05-07 11:01:11.673339	2026-05-07 11:02:02.489667	\N	\N
2216	\N	\N	\N	4	8	1	\N	1	19	\N	19	19	WH/IN/01099	\N	direct	draft	0	\N	\N	f	\N	t	2026-05-07 11:01:12	\N	2026-05-07 11:01:12	\N	2026-05-07 11:01:11.673339	2026-05-07 11:02:02.489667	\N	\N
2217	\N	\N	\N	4	8	1	\N	1	19	\N	19	19	WH/IN/01100	\N	direct	draft	0	\N	\N	f	\N	t	2026-05-07 11:01:12	\N	2026-05-07 11:01:12	\N	2026-05-07 11:01:11.673339	2026-05-07 11:02:02.489667	\N	\N
2218	\N	\N	\N	4	8	1	\N	1	19	\N	19	19	WH/IN/01101	\N	direct	draft	0	\N	\N	f	\N	t	2026-05-07 11:01:12	\N	2026-05-07 11:01:12	\N	2026-05-07 11:01:11.673339	2026-05-07 11:02:02.489667	\N	\N
2219	\N	\N	\N	4	8	1	\N	1	19	\N	19	19	WH/IN/01102	\N	direct	draft	0	\N	\N	f	\N	t	2026-05-07 11:01:12	\N	2026-05-07 11:01:12	\N	2026-05-07 11:01:11.673339	2026-05-07 11:02:02.489667	\N	\N
2220	\N	\N	\N	4	8	1	\N	1	19	\N	19	19	WH/IN/01103	\N	direct	draft	0	\N	\N	f	\N	t	2026-05-07 11:01:12	\N	2026-05-07 11:01:12	\N	2026-05-07 11:01:11.673339	2026-05-07 11:02:02.489667	\N	\N
2221	\N	\N	\N	4	8	1	\N	1	19	\N	19	19	WH/IN/01104	\N	direct	draft	0	\N	\N	f	\N	t	2026-05-07 11:01:12	\N	2026-05-07 11:01:12	\N	2026-05-07 11:01:11.673339	2026-05-07 11:02:02.489667	\N	\N
2222	\N	\N	\N	4	8	1	\N	1	19	\N	19	19	WH/IN/01105	\N	direct	draft	0	\N	\N	f	\N	t	2026-05-07 11:01:12	\N	2026-05-07 11:01:12	\N	2026-05-07 11:01:11.673339	2026-05-07 11:02:02.489667	\N	\N
2223	\N	\N	\N	4	8	1	\N	1	19	\N	19	19	WH/IN/01106	\N	direct	draft	0	\N	\N	f	\N	t	2026-05-07 11:01:12	\N	2026-05-07 11:01:12	\N	2026-05-07 11:01:11.673339	2026-05-07 11:02:02.489667	\N	\N
2224	\N	\N	\N	4	8	1	\N	1	19	\N	19	19	WH/IN/01107	\N	direct	draft	0	\N	\N	f	\N	t	2026-05-07 11:01:12	\N	2026-05-07 11:01:12	\N	2026-05-07 11:01:11.673339	2026-05-07 11:02:02.489667	\N	\N
2225	\N	\N	\N	4	8	1	\N	1	19	\N	19	19	WH/IN/01108	\N	direct	draft	0	\N	\N	f	\N	t	2026-05-07 11:01:12	\N	2026-05-07 11:01:12	\N	2026-05-07 11:01:11.673339	2026-05-07 11:02:02.489667	\N	\N
2226	\N	\N	\N	4	8	1	\N	1	19	\N	19	19	WH/IN/01109	\N	direct	draft	0	\N	\N	f	\N	t	2026-05-07 11:01:12	\N	2026-05-07 11:01:12	\N	2026-05-07 11:01:11.673339	2026-05-07 11:02:02.489667	\N	\N
2227	\N	\N	\N	4	8	1	\N	1	19	\N	19	19	WH/IN/01110	\N	direct	draft	0	\N	\N	f	\N	t	2026-05-07 11:01:12	\N	2026-05-07 11:01:12	\N	2026-05-07 11:01:11.673339	2026-05-07 11:02:02.489667	\N	\N
2228	\N	\N	\N	4	8	1	\N	1	19	\N	19	19	WH/IN/01111	\N	direct	draft	0	\N	\N	f	\N	t	2026-05-07 11:01:12	\N	2026-05-07 11:01:12	\N	2026-05-07 11:01:11.673339	2026-05-07 11:02:02.489667	\N	\N
2229	\N	\N	\N	4	8	1	\N	1	19	\N	19	19	WH/IN/01112	\N	direct	draft	0	\N	\N	f	\N	t	2026-05-07 11:01:12	\N	2026-05-07 11:01:12	\N	2026-05-07 11:01:11.673339	2026-05-07 11:02:02.489667	\N	\N
2230	\N	\N	\N	4	8	1	\N	1	19	\N	19	19	WH/IN/01113	\N	direct	draft	0	\N	\N	f	\N	t	2026-05-07 11:01:12	\N	2026-05-07 11:01:12	\N	2026-05-07 11:01:11.673339	2026-05-07 11:02:02.489667	\N	\N
2231	\N	\N	\N	4	8	1	\N	1	19	\N	19	19	WH/IN/01114	\N	direct	draft	0	\N	\N	f	\N	t	2026-05-07 11:01:12	\N	2026-05-07 11:01:12	\N	2026-05-07 11:01:11.673339	2026-05-07 11:02:02.489667	\N	\N
2232	\N	\N	\N	4	8	1	\N	1	19	\N	19	19	WH/IN/01115	\N	direct	draft	0	\N	\N	f	\N	t	2026-05-07 11:01:12	\N	2026-05-07 11:01:12	\N	2026-05-07 11:01:11.673339	2026-05-07 11:02:02.489667	\N	\N
2233	\N	\N	\N	4	8	1	\N	1	19	\N	19	19	WH/IN/01116	\N	direct	draft	0	\N	\N	f	\N	t	2026-05-07 11:01:12	\N	2026-05-07 11:01:12	\N	2026-05-07 11:01:11.673339	2026-05-07 11:02:02.489667	\N	\N
2234	\N	\N	\N	4	8	1	\N	1	19	\N	19	19	WH/IN/01117	\N	direct	draft	0	\N	\N	f	\N	t	2026-05-07 11:01:12	\N	2026-05-07 11:01:12	\N	2026-05-07 11:01:11.673339	2026-05-07 11:02:02.489667	\N	\N
2235	\N	\N	\N	4	8	1	\N	1	19	\N	19	19	WH/IN/01118	\N	direct	draft	0	\N	\N	f	\N	t	2026-05-07 11:01:12	\N	2026-05-07 11:01:12	\N	2026-05-07 11:01:11.673339	2026-05-07 11:02:02.489667	\N	\N
2236	\N	\N	\N	4	8	1	\N	1	19	\N	19	19	WH/IN/01119	\N	direct	draft	0	\N	\N	f	\N	t	2026-05-07 11:01:12	\N	2026-05-07 11:01:12	\N	2026-05-07 11:01:11.673339	2026-05-07 11:02:02.489667	\N	\N
2237	\N	\N	\N	4	8	1	\N	1	19	\N	19	19	WH/IN/01120	\N	direct	draft	0	\N	\N	f	\N	t	2026-05-07 11:01:12	\N	2026-05-07 11:01:12	\N	2026-05-07 11:01:11.673339	2026-05-07 11:02:02.489667	\N	\N
2238	\N	\N	\N	4	8	1	\N	1	19	\N	19	19	WH/IN/01121	\N	direct	draft	0	\N	\N	f	\N	t	2026-05-07 11:01:12	\N	2026-05-07 11:01:12	\N	2026-05-07 11:01:11.673339	2026-05-07 11:02:02.489667	\N	\N
2239	\N	\N	\N	4	8	1	\N	1	19	\N	19	19	WH/IN/01122	\N	direct	draft	0	\N	\N	f	\N	t	2026-05-07 11:01:12	\N	2026-05-07 11:01:12	\N	2026-05-07 11:01:11.673339	2026-05-07 11:02:02.489667	\N	\N
2240	\N	\N	\N	4	8	1	\N	1	19	\N	19	19	WH/IN/01123	\N	direct	draft	0	\N	\N	f	\N	t	2026-05-07 11:01:12	\N	2026-05-07 11:01:12	\N	2026-05-07 11:01:11.673339	2026-05-07 11:02:02.489667	\N	\N
2241	\N	\N	\N	4	8	1	\N	1	19	\N	19	19	WH/IN/01124	\N	direct	draft	0	\N	\N	f	\N	t	2026-05-07 11:01:12	\N	2026-05-07 11:01:12	\N	2026-05-07 11:01:11.673339	2026-05-07 11:02:02.489667	\N	\N
2242	\N	\N	\N	4	8	1	\N	1	19	\N	19	19	WH/IN/01125	\N	direct	draft	0	\N	\N	f	\N	t	2026-05-07 11:01:12	\N	2026-05-07 11:01:12	\N	2026-05-07 11:01:11.673339	2026-05-07 11:02:02.489667	\N	\N
2243	\N	\N	\N	4	8	1	\N	1	19	\N	19	19	WH/IN/01126	\N	direct	draft	0	\N	\N	f	\N	t	2026-05-07 11:01:12	\N	2026-05-07 11:01:12	\N	2026-05-07 11:01:11.673339	2026-05-07 11:02:02.489667	\N	\N
2244	\N	\N	\N	4	8	1	\N	1	19	\N	19	19	WH/IN/01127	\N	direct	draft	0	\N	\N	f	\N	t	2026-05-07 11:01:12	\N	2026-05-07 11:01:12	\N	2026-05-07 11:01:11.673339	2026-05-07 11:02:02.489667	\N	\N
2245	\N	\N	\N	4	8	1	\N	1	19	\N	19	19	WH/IN/01128	\N	direct	draft	0	\N	\N	f	\N	t	2026-05-07 11:01:12	\N	2026-05-07 11:01:12	\N	2026-05-07 11:01:11.673339	2026-05-07 11:02:02.489667	\N	\N
2246	\N	\N	\N	4	8	1	\N	1	19	\N	19	19	WH/IN/01129	\N	direct	draft	0	\N	\N	f	\N	t	2026-05-07 11:01:12	\N	2026-05-07 11:01:12	\N	2026-05-07 11:01:11.673339	2026-05-07 11:02:02.489667	\N	\N
2247	\N	\N	\N	4	8	1	\N	1	19	\N	19	19	WH/IN/01130	\N	direct	draft	0	\N	\N	f	\N	t	2026-05-07 11:01:12	\N	2026-05-07 11:01:12	\N	2026-05-07 11:01:11.673339	2026-05-07 11:02:02.489667	\N	\N
2248	\N	\N	\N	4	8	1	\N	1	19	\N	19	19	WH/IN/01131	\N	direct	draft	0	\N	\N	f	\N	t	2026-05-07 11:01:12	\N	2026-05-07 11:01:12	\N	2026-05-07 11:01:11.673339	2026-05-07 11:02:02.489667	\N	\N
3675	\N	\N	\N	8	5	2	3405	1	2	\N	2	2	WH/OUT/02675	\N	direct	draft	0	\N	<p>Factura: 250127 | Comentarios: Cambio de 2 neumaticos en FirstStop</p>	f	\N	t	2025-06-29 22:00:00	\N	2026-05-08 09:01:51	\N	2026-05-08 09:01:50.704468	2026-05-08 09:01:50.704468	\N	\N
2249	\N	\N	\N	4	8	1	\N	1	19	\N	19	19	WH/IN/01132	\N	direct	draft	0	\N	\N	f	\N	t	2026-05-07 11:01:12	\N	2026-05-07 11:01:12	\N	2026-05-07 11:01:11.673339	2026-05-07 11:02:02.489667	\N	\N
2250	\N	\N	\N	4	8	1	\N	1	19	\N	19	19	WH/IN/01133	\N	direct	draft	0	\N	\N	f	\N	t	2026-05-07 11:01:12	\N	2026-05-07 11:01:12	\N	2026-05-07 11:01:11.673339	2026-05-07 11:02:02.489667	\N	\N
2251	\N	\N	\N	4	8	1	\N	1	19	\N	19	19	WH/IN/01134	\N	direct	draft	0	\N	\N	f	\N	t	2026-05-07 11:01:12	\N	2026-05-07 11:01:12	\N	2026-05-07 11:01:11.673339	2026-05-07 11:02:02.489667	\N	\N
2252	\N	\N	\N	4	8	1	\N	1	19	\N	19	19	WH/IN/01135	\N	direct	draft	0	\N	\N	f	\N	t	2026-05-07 11:01:12	\N	2026-05-07 11:01:12	\N	2026-05-07 11:01:11.673339	2026-05-07 11:02:02.489667	\N	\N
2253	\N	\N	\N	4	8	1	\N	1	19	\N	19	19	WH/IN/01136	\N	direct	draft	0	\N	\N	f	\N	t	2026-05-07 11:01:12	\N	2026-05-07 11:01:12	\N	2026-05-07 11:01:11.673339	2026-05-07 11:02:02.489667	\N	\N
2254	\N	\N	\N	4	8	1	\N	1	19	\N	19	19	WH/IN/01137	\N	direct	draft	0	\N	\N	f	\N	t	2026-05-07 11:01:12	\N	2026-05-07 11:01:12	\N	2026-05-07 11:01:11.673339	2026-05-07 11:02:02.489667	\N	\N
2255	\N	\N	\N	4	8	1	\N	1	19	\N	19	19	WH/IN/01138	\N	direct	draft	0	\N	\N	f	\N	t	2026-05-07 11:01:12	\N	2026-05-07 11:01:12	\N	2026-05-07 11:01:11.673339	2026-05-07 11:02:02.489667	\N	\N
2256	\N	\N	\N	4	8	1	\N	1	19	\N	19	19	WH/IN/01139	\N	direct	draft	0	\N	\N	f	\N	t	2026-05-07 11:01:12	\N	2026-05-07 11:01:12	\N	2026-05-07 11:01:11.673339	2026-05-07 11:02:02.489667	\N	\N
2257	\N	\N	\N	4	8	1	\N	1	19	\N	19	19	WH/IN/01140	\N	direct	draft	0	\N	\N	f	\N	t	2026-05-07 11:01:12	\N	2026-05-07 11:01:12	\N	2026-05-07 11:01:11.673339	2026-05-07 11:02:02.489667	\N	\N
2258	\N	\N	\N	4	8	1	\N	1	19	\N	19	19	WH/IN/01141	\N	direct	draft	0	\N	\N	f	\N	t	2026-05-07 11:01:12	\N	2026-05-07 11:01:12	\N	2026-05-07 11:01:11.673339	2026-05-07 11:02:02.489667	\N	\N
2259	\N	\N	\N	4	8	1	\N	1	19	\N	19	19	WH/IN/01142	\N	direct	draft	0	\N	\N	f	\N	t	2026-05-07 11:01:12	\N	2026-05-07 11:01:12	\N	2026-05-07 11:01:11.673339	2026-05-07 11:02:02.489667	\N	\N
2260	\N	\N	\N	4	8	1	\N	1	19	\N	19	19	WH/IN/01143	\N	direct	draft	0	\N	\N	f	\N	t	2026-05-07 11:01:12	\N	2026-05-07 11:01:12	\N	2026-05-07 11:01:11.673339	2026-05-07 11:02:02.489667	\N	\N
2261	\N	\N	\N	4	8	1	\N	1	19	\N	19	19	WH/IN/01144	\N	direct	draft	0	\N	\N	f	\N	t	2026-05-07 11:01:12	\N	2026-05-07 11:01:12	\N	2026-05-07 11:01:11.673339	2026-05-07 11:02:02.489667	\N	\N
2262	\N	\N	\N	4	8	1	\N	1	19	\N	19	19	WH/IN/01145	\N	direct	draft	0	\N	\N	f	\N	t	2026-05-07 11:01:12	\N	2026-05-07 11:01:12	\N	2026-05-07 11:01:11.673339	2026-05-07 11:02:02.489667	\N	\N
2263	\N	\N	\N	4	8	1	\N	1	19	\N	19	19	WH/IN/01146	\N	direct	draft	0	\N	\N	f	\N	t	2026-05-07 11:01:12	\N	2026-05-07 11:01:12	\N	2026-05-07 11:01:11.673339	2026-05-07 11:02:02.489667	\N	\N
2264	\N	\N	\N	4	8	1	\N	1	19	\N	19	19	WH/IN/01147	\N	direct	draft	0	\N	\N	f	\N	t	2026-05-07 11:01:12	\N	2026-05-07 11:01:12	\N	2026-05-07 11:01:11.673339	2026-05-07 11:02:02.489667	\N	\N
2265	\N	\N	\N	4	8	1	\N	1	19	\N	19	19	WH/IN/01148	\N	direct	draft	0	\N	\N	f	\N	t	2026-05-07 11:01:12	\N	2026-05-07 11:01:12	\N	2026-05-07 11:01:11.673339	2026-05-07 11:02:02.489667	\N	\N
2266	\N	\N	\N	4	8	1	\N	1	19	\N	19	19	WH/IN/01149	\N	direct	draft	0	\N	\N	f	\N	t	2026-05-07 11:01:12	\N	2026-05-07 11:01:12	\N	2026-05-07 11:01:11.673339	2026-05-07 11:02:02.489667	\N	\N
2267	\N	\N	\N	4	8	1	\N	1	19	\N	19	19	WH/IN/01150	\N	direct	draft	0	\N	\N	f	\N	t	2026-05-07 11:01:12	\N	2026-05-07 11:01:12	\N	2026-05-07 11:01:11.673339	2026-05-07 11:02:02.489667	\N	\N
2268	\N	\N	\N	4	8	1	\N	1	19	\N	19	19	WH/IN/01151	\N	direct	draft	0	\N	\N	f	\N	t	2026-05-07 11:01:12	\N	2026-05-07 11:01:12	\N	2026-05-07 11:01:11.673339	2026-05-07 11:02:02.489667	\N	\N
3543	\N	\N	\N	8	5	2	2908	1	2	\N	2	2	WH/OUT/02543	25PC000042 / OT-6137	direct	draft	0	\N	<p>Factura: 250022 | Ppto: Ppto 001-2025 | Marca: Suministro 2 Uds. MX341</p>	f	\N	t	2025-01-07 23:00:00	\N	2026-05-08 09:01:51	\N	2026-05-08 09:01:50.704468	2026-05-08 09:01:50.704468	\N	\N
3544	\N	\N	\N	8	5	2	3567	1	2	\N	2	2	WH/OUT/02544	45000065148 / OT-6055	direct	draft	0	\N	<p>Factura: 250002 | Ppto: Ppto 006-2025 | Marca: Caterpillar | Tipo: 900F | NS: CAT00000VRTY02905 y CAT00000ERTY03199</p>	f	\N	t	2025-01-01 23:00:00	\N	2026-05-08 09:01:51	\N	2026-05-08 09:01:50.704468	2026-05-08 09:01:50.704468	\N	\N
3545	\N	\N	\N	8	5	2	2790	1	2	\N	2	2	WH/OUT/02545	ARGA25P003-1 / OT-6161	direct	draft	0	\N	<p>Factura: 250029 | Ppto: Ppto 472-2024 | Marca: Suministro cos Phi QPF</p>	f	\N	t	2025-01-09 23:00:00	\N	2026-05-08 09:01:51	\N	2026-05-08 09:01:50.704468	2026-05-08 09:01:50.704468	\N	\N
3546	\N	\N	\N	8	5	2	3035	1	2	\N	2	2	WH/OUT/02546	4000040818 / OT-6077	direct	draft	0	\N	<p>Factura: 250001 | Ppto: Ppto 393Rev1-2024 | Marca: Caterpillar | Tipo: SR-4 | NS: 6EA01223/5N8668</p>	f	\N	t	2025-01-01 23:00:00	\N	2026-05-08 09:01:51	\N	2026-05-08 09:01:50.704468	2026-05-08 09:01:50.704468	\N	\N
3547	\N	\N	\N	8	5	2	2871	1	2	\N	2	2	WH/OUT/02547	4513893128 / OT-4945	direct	draft	0	\N	<p>Factura: 250003 | Ppto: Ppto 446-2024 | Marca: Leroy Somer | Tipo: LSA49.1M75CS/4 | NS: 197340/1</p>	f	\N	t	2025-01-01 23:00:00	\N	2026-05-08 09:01:51	\N	2026-05-08 09:01:50.704468	2026-05-08 09:01:50.704468	\N	\N
3849	\N	\N	\N	8	5	2	2871	1	2	\N	2	2	WH/OUT/02849	\N	direct	draft	0	\N	<p>Factura: 260070</p>	f	\N	t	2026-04-08 22:00:00	\N	2026-05-08 09:01:52	\N	2026-05-08 09:01:50.704468	2026-05-08 09:01:50.704468	\N	\N
3548	\N	\N	\N	8	5	2	2990	1	2	\N	2	2	WH/OUT/02548	\N	direct	draft	0	\N	<p>Factura: 250004 | Ppto: Ppto 392-2024 | Pedido: Acept. Ppto. | Marca: Suministro calentador de agua y bomba de extr. Aceite</p>	f	\N	t	2025-01-01 23:00:00	\N	2026-05-08 09:01:51	\N	2026-05-08 09:01:50.704468	2026-05-08 09:01:50.704468	\N	\N
3549	\N	\N	\N	8	5	2	3035	1	2	\N	2	2	WH/OUT/02549	4500522972 / OT-6108	direct	draft	0	\N	<p>Factura: 250018 | Ppto: Ppto 340Rev1-2024 | Marca: Caterpillar | Tipo: 3516B HD | NS: YBW92040</p>	f	\N	t	2025-01-01 23:00:00	\N	2026-05-08 09:01:51	\N	2026-05-08 09:01:50.704468	2026-05-08 09:01:50.704468	\N	\N
3550	\N	\N	\N	8	5	2	3035	1	2	\N	2	2	WH/OUT/02550	4500523246 / OT-6143	direct	draft	0	\N	<p>Factura: 250023 | Ppto: Ppto 017-2025 | Marca: Suministro cables</p>	f	\N	t	2025-01-14 23:00:00	\N	2026-05-08 09:01:51	\N	2026-05-08 09:01:50.704468	2026-05-08 09:01:50.704468	\N	\N
3551	\N	\N	\N	8	5	2	3327	1	2	\N	2	2	WH/OUT/02551	OT-6005	direct	draft	0	\N	<p>Factura: 250009 | Ppto: Ppto 302-2024 | Pedido: Acept. Ppto. | Planta: El Corte Inglés (Huelva) | Marca: Lancor | Tipo: A5345047 | NS: 906/008</p>	f	\N	t	2025-01-01 23:00:00	\N	2026-05-08 09:01:51	\N	2026-05-08 09:01:50.704468	2026-05-08 09:01:50.704468	\N	\N
3552	\N	\N	\N	8	5	2	3365	1	2	\N	2	2	WH/OUT/02552	4100008840 / OT-6109	direct	draft	0	\N	<p>Factura: 250010 | Ppto: Ppto 449-2024 | Marca: Stamford | Tipo: LVSI804W2 | NS: 0856704/01</p>	f	\N	t	2025-01-01 23:00:00	\N	2026-05-08 09:01:51	\N	2026-05-08 09:01:50.704468	2026-05-08 09:01:50.704468	\N	\N
3553	\N	\N	\N	8	5	2	3365	1	2	\N	2	2	WH/OUT/02553	41000008990 / OT-6110	direct	draft	0	\N	<p>Factura: 250011 | Ppto: Ppto 448-2024 | Planta: Natra cacao | Marca: Stamford | Tipo: LVSI804W2 | NS: 0857464/01</p>	f	\N	t	2025-01-01 23:00:00	\N	2026-05-08 09:01:51	\N	2026-05-08 09:01:50.704468	2026-05-08 09:01:50.704468	\N	\N
3554	\N	\N	\N	8	5	2	3365	1	2	\N	2	2	WH/OUT/02554	4100008842 / OT-6111	direct	draft	0	\N	<p>Factura: 250012 | Ppto: Ppto 452-2024 | Planta: Natra Cacao - Quart de Poblet (Valencia) | Marca: Leroy Somer | Tipo: LSA54 S65-4P | NS: 600322-2</p>	f	\N	t	2025-01-01 23:00:00	\N	2026-05-08 09:01:51	\N	2026-05-08 09:01:50.704468	2026-05-08 09:01:50.704468	\N	\N
3555	\N	\N	\N	8	5	2	2871	1	2	\N	2	2	WH/OUT/02555	OT-6142	direct	draft	0	\N	<p>Factura: 250019 | Ppto: Ppto 419-2024 | Pedido: Acept. Ppto. | Marca: Curso formación</p>	f	\N	t	2025-01-08 23:00:00	\N	2026-05-08 09:01:51	\N	2026-05-08 09:01:50.704468	2026-05-08 09:01:50.704468	\N	\N
3556	\N	\N	\N	8	5	2	2871	1	2	\N	2	2	WH/OUT/02556	4513946347 / OT-6119	direct	draft	0	\N	<p>Factura: 250014 | Ppto: Ppto 457-2024 | Marca: Stamford | Tipo: BCI184G1 | NS: G08L11400</p>	f	\N	t	2025-01-01 23:00:00	\N	2026-05-08 09:01:51	\N	2026-05-08 09:01:50.704468	2026-05-08 09:01:50.704468	\N	\N
3557	\N	\N	\N	8	5	2	2919	1	2	\N	2	2	WH/OUT/02557	PCC25000160 / OT-6047	direct	draft	0	\N	<p>Factura: 250015 | Ppto: Ppto 334Rev1-2024 | Marca: Stamford | Tipo: HCI634 | NS: A04B174115</p>	f	\N	t	2025-01-01 23:00:00	\N	2026-05-08 09:01:51	\N	2026-05-08 09:01:50.704468	2026-05-08 09:01:50.704468	\N	\N
3558	\N	\N	\N	8	5	2	2840	1	2	\N	2	2	WH/OUT/02558	OT-6081	direct	draft	0	\N	<p>Factura: 250016 | Ppto: Ppto 309-2024 | Pedido: Acept. Ppto. | Marca: Caterpillar | Tipo: 550F</p>	f	\N	t	2025-01-01 23:00:00	\N	2026-05-08 09:01:51	\N	2026-05-08 09:01:50.704468	2026-05-08 09:01:50.704468	\N	\N
3559	\N	\N	\N	8	5	2	2812	1	2	\N	2	2	WH/OUT/02559	4105004839 / OT-5809	direct	draft	0	\N	<p>Factura: 250017 | Ppto: Ppto 228-2024 | NS: 550-6300-0012</p>	f	\N	t	2025-01-01 23:00:00	\N	2026-05-08 09:01:51	\N	2026-05-08 09:01:50.704468	2026-05-08 09:01:50.704468	\N	\N
3560	\N	\N	\N	8	5	2	3244	1	2	\N	2	2	WH/OUT/02560	OT-6122	direct	draft	0	\N	<p>Factura: 250020 | Ppto: Ppto 018-2025 | Pedido: Acept. Ppto. | Marca: Alconza</p>	f	\N	t	2025-01-01 23:00:00	\N	2026-05-08 09:01:51	\N	2026-05-08 09:01:50.704468	2026-05-08 09:01:50.704468	\N	\N
3561	\N	\N	\N	8	5	2	3590	1	2	\N	2	2	WH/OUT/02561	5111282466 / OT-6129	direct	draft	0	\N	<p>Factura: 250021 | Ppto: Ppto 019-2025 | Marca: M.G.M. Motori Elettrici | Tipo: BA 80B4 | NS: 17061125</p>	f	\N	t	2025-01-22 23:00:00	\N	2026-05-08 09:01:51	\N	2026-05-08 09:01:50.704468	2026-05-08 09:01:50.704468	\N	\N
3562	\N	\N	\N	8	5	2	3035	1	2	\N	2	2	WH/OUT/02562	4500523115 / OT-6152	direct	draft	0	\N	<p>Factura: 250031 | Ppto: Ppto 020-2024 | Marca: Alquiler equipo Megger DLRO10HD</p>	f	\N	t	2025-01-23 23:00:00	\N	2026-05-08 09:01:51	\N	2026-05-08 09:01:50.704468	2026-05-08 09:01:50.704468	\N	\N
3563	\N	\N	\N	8	5	2	3151	1	2	\N	2	2	WH/OUT/02563	022-2025 / OT-6154	direct	draft	0	\N	<p>Factura: 250024 | Ppto: Ppto 022-2025 | Marca: Suministro 1ud.Cosimat N+</p>	f	\N	t	2025-01-23 23:00:00	\N	2026-05-08 09:01:51	\N	2026-05-08 09:01:50.704468	2026-05-08 09:01:50.704468	\N	\N
3564	\N	\N	\N	8	5	2	2881	1	2	\N	2	2	WH/OUT/02564	OT-6138	direct	draft	0	\N	<p>Factura: No se factura | Ppto: Ppto 013-2025 | Marca: Power Generator | Tipo: EL80 | NS: 202304024</p>	f	\N	t	2025-01-27 23:00:00	\N	2026-05-08 09:01:51	\N	2026-05-08 09:01:50.704468	2026-05-08 09:01:50.704468	\N	\N
3565	\N	\N	\N	8	5	2	2969	1	2	\N	2	2	WH/OUT/02565	2024/1002294 / OT-6131	direct	draft	0	\N	<p>Factura: 250025 | Ppto: Ppto 423Rev1-2024 | Planta: Triangulo | Marca: Suministro y montaje Unidad Coseno Phi R726</p>	f	\N	t	2025-01-29 23:00:00	\N	2026-05-08 09:01:51	\N	2026-05-08 09:01:50.704468	2026-05-08 09:01:50.704468	\N	\N
3566	\N	\N	\N	8	5	2	3107	1	2	\N	2	2	WH/OUT/02566	4010567 / OT-6148	direct	draft	0	\N	<p>Factura: 250026 | Ppto: Ppto 005-2025 | Marca: Suministro Resistencia Caldeo LSA53VL9-4P</p>	f	\N	t	2025-01-29 23:00:00	\N	2026-05-08 09:01:51	\N	2026-05-08 09:01:50.704468	2026-05-08 09:01:50.704468	\N	\N
3567	\N	\N	\N	8	5	2	3107	1	2	\N	2	2	WH/OUT/02567	4010590 / OT-6148	direct	draft	0	\N	<p>Factura: 250027 | Ppto: Ppto 014-2025 | Marca: Suministro Sonda temperatura LSA53VL9-4P</p>	f	\N	t	2025-01-29 23:00:00	\N	2026-05-08 09:01:51	\N	2026-05-08 09:01:50.704468	2026-05-08 09:01:50.704468	\N	\N
3568	\N	\N	\N	8	5	2	3107	1	2	\N	2	2	WH/OUT/02568	4010604 / OT-6156	direct	draft	0	\N	<p>Factura: 250028 | Ppto: Ppto 023-2025 | Marca: Suministro kit rectificador (diodos+varistores)</p>	f	\N	t	2025-01-29 23:00:00	\N	2026-05-08 09:01:51	\N	2026-05-08 09:01:50.704468	2026-05-08 09:01:50.704468	\N	\N
3569	\N	\N	\N	8	5	2	2954	1	2	\N	2	2	WH/OUT/02569	4100009416 / OT-6167	direct	draft	0	\N	<p>Factura: 250032 | Ppto: Ppto 027-2025 y 028-2025 | Marca: Suministro 1ud.CosPhi R726 y AVR 449 y  2ud.MA330 y 2ud.PFC3</p>	f	\N	t	2025-02-11 23:00:00	\N	2026-05-08 09:01:51	\N	2026-05-08 09:01:50.704468	2026-05-08 09:01:50.704468	\N	\N
3570	\N	\N	\N	8	5	2	2917	1	2	\N	2	2	WH/OUT/02570	OT-6174	direct	draft	0	\N	<p>Factura: 250034 | Ppto: Ppto 041-2025 | Pedido: Acept. Ppto. | Marca: Asistencia Verificación GENERADOR UC22</p>	f	\N	t	2025-02-11 23:00:00	\N	2026-05-08 09:01:51	\N	2026-05-08 09:01:50.704468	2026-05-08 09:01:50.704468	\N	\N
3571	\N	\N	\N	8	5	2	2835	1	2	\N	2	2	WH/OUT/02571	67860 / OT-6164	direct	draft	0	\N	<p>Factura: 250030 | Ppto: Ppto 042-2025 | Marca: Alquiler Videoscopio OLYMPUS IPLEX MXR</p>	f	\N	t	2025-02-12 23:00:00	\N	2026-05-08 09:01:51	\N	2026-05-08 09:01:50.704468	2026-05-08 09:01:50.704468	\N	\N
3572	\N	\N	\N	8	5	2	2877	1	2	\N	2	2	WH/OUT/02572	OT-6157	direct	draft	0	\N	<p>Factura: 250033 | Ppto: Ppto 420Rev2-2024 | Pedido: Acept. Ppto. | Marca: Stamford | Tipo: PE734E2 | NS: A16H341822</p>	f	\N	t	2025-02-12 23:00:00	\N	2026-05-08 09:01:51	\N	2026-05-08 09:01:50.704468	2026-05-08 09:01:50.704468	\N	\N
3573	\N	\N	\N	8	5	2	3567	1	2	\N	2	2	WH/OUT/02573	4500065286 / OT-6175	direct	draft	0	\N	<p>Factura: 250058 | Ppto: Ppto 046-2025 | Marca: Reprogramación Tarjeta y planos electricos de reconexión</p>	f	\N	t	2025-02-16 23:00:00	\N	2026-05-08 09:01:51	\N	2026-05-08 09:01:50.704468	2026-05-08 09:01:50.704468	\N	\N
3574	\N	\N	\N	8	5	2	2946	1	2	\N	2	2	WH/OUT/02574	OT-6182	direct	draft	0	\N	<p>Factura: 250113 | Ppto: Ppto 049-2025 y 160-2025 | Pedido: Acept. Ppto. | Marca: Suministro 2 cajas Spray Antiflash</p>	f	\N	t	2025-02-20 23:00:00	\N	2026-05-08 09:01:51	\N	2026-05-08 09:01:50.704468	2026-05-08 09:01:50.704468	\N	\N
3575	\N	\N	\N	8	5	2	3037	1	2	\N	2	2	WH/OUT/02575	4105006388 / OT-6159	direct	draft	0	\N	<p>Factura: 250059 | Ppto: Ppto 068-2025 | Marca: Alternador | Tipo: Olympian | NS: LL5014H</p>	f	\N	t	2025-02-24 23:00:00	\N	2026-05-08 09:01:51	\N	2026-05-08 09:01:50.704468	2026-05-08 09:01:50.704468	\N	\N
3576	\N	\N	\N	8	5	2	3296	1	2	\N	2	2	WH/OUT/02576	PO2502614	direct	draft	0	\N	<p>Ppto: Ppto 034-2025 | Planta: My Lady (Puerto Amdsterdam) | Marca: Stamford | Tipo: HCM634J2</p>	f	\N	t	2025-02-25 23:00:00	\N	2026-05-08 09:01:51	\N	2026-05-08 09:01:50.704468	2026-05-08 09:01:50.704468	\N	\N
3577	\N	\N	\N	8	5	2	2871	1	2	\N	2	2	WH/OUT/02577	4514300136 / OT-6184	direct	draft	0	\N	<p>Factura: 250037 | Ppto: Ppto 047-2025 | Marca: Suministro resitencia de caldeo para HC5</p>	f	\N	t	2025-02-26 23:00:00	\N	2026-05-08 09:01:51	\N	2026-05-08 09:01:50.704468	2026-05-08 09:01:50.704468	\N	\N
3578	\N	\N	\N	8	5	2	2908	1	2	\N	2	2	WH/OUT/02578	25PC001300 / OT-6188	direct	draft	0	\N	<p>Factura: 250062 | Ppto: Ppto 056-2025 | Marca: Suministro 2 Uds. AS540</p>	f	\N	t	2025-03-02 23:00:00	\N	2026-05-08 09:01:51	\N	2026-05-08 09:01:50.704468	2026-05-08 09:01:50.704468	\N	\N
3729	\N	\N	\N	8	5	2	3198	1	2	\N	2	2	WH/OUT/02729	\N	direct	draft	0	\N	<p>Comentarios: Salida Baker DX - 15</p>	f	\N	t	2025-10-07 22:00:00	\N	2026-05-08 09:01:52	\N	2026-05-08 09:01:50.704468	2026-05-08 09:01:50.704468	\N	\N
3579	\N	\N	\N	8	5	2	2908	1	2	\N	2	2	WH/OUT/02579	25PC001309 / OT-6191	direct	draft	0	\N	<p>Factura: 250063 | Ppto: Ppto 057-2025 | Marca: Suministro AS540 y MX341</p>	f	\N	t	2025-03-03 23:00:00	\N	2026-05-08 09:01:51	\N	2026-05-08 09:01:50.704468	2026-05-08 09:01:50.704468	\N	\N
3580	\N	\N	\N	8	5	2	2908	1	2	\N	2	2	WH/OUT/02580	25PC001323 / OT-6192	direct	draft	0	\N	<p>Factura: 250064 | Ppto: Ppto 059-2025 | Marca: Suministro 2 Uds. AS540</p>	f	\N	t	2025-03-03 23:00:00	\N	2026-05-08 09:01:51	\N	2026-05-08 09:01:50.704468	2026-05-08 09:01:50.704468	\N	\N
3581	\N	\N	\N	8	5	2	3125	1	2	\N	2	2	WH/OUT/02581	PC-25-1017-2 / OT-6206	direct	draft	0	\N	<p>Factura: 250069 | Ppto: Ppto 029-2025 | Marca: Suministro grasa ASONIC GHY 72</p>	f	\N	t	2025-03-04 23:00:00	\N	2026-05-08 09:01:51	\N	2026-05-08 09:01:50.704468	2026-05-08 09:01:50.704468	\N	\N
3582	\N	\N	\N	8	5	2	2974	1	2	\N	2	2	WH/OUT/02582	\N	direct	draft	0	\N	<p>Factura: No se factura | Comentarios: Entrega de pletinas de cobre 5,00mm x 2,50mm peso total 86Kg. -Peso carretes. DIN 500 (38kg.) Carrete de plastico. DIN 700 (48 Kg.) Carrete madera</p>	f	\N	t	2025-03-06 23:00:00	\N	2026-05-08 09:01:51	\N	2026-05-08 09:01:50.704468	2026-05-08 09:01:50.704468	\N	\N
3583	\N	\N	\N	8	5	2	2908	1	2	\N	2	2	WH/OUT/02583	25PC001395 / OT-6196	direct	draft	0	\N	<p>Factura: 250061 | Ppto: Ppto 045Rev1-2025 | Marca: Suministro Kit RSK 1101 y tarjeta MX341</p>	f	\N	t	2025-03-09 23:00:00	\N	2026-05-08 09:01:51	\N	2026-05-08 09:01:50.704468	2026-05-08 09:01:50.704468	\N	\N
3584	\N	\N	\N	8	5	2	3146	1	2	\N	2	2	WH/OUT/02584	OT-6132-6133-6134	direct	draft	0	\N	<p>Factura: 250036 | Ppto: Ppto 076-2024 | Pedido: Acept. Ppto. | Marca: Stamford | Tipo: S4L12D.F41 | NS: X24D14661 X24E215624 X24C116623</p>	f	\N	t	2025-02-25 23:00:00	\N	2026-05-08 09:01:51	\N	2026-05-08 09:01:50.704468	2026-05-08 09:01:50.704468	\N	\N
3585	\N	\N	\N	8	5	2	3118	1	2	\N	2	2	WH/OUT/02585	4100049101 / OT-6135	direct	draft	0	\N	<p>Factura: 250057 | Ppto: Pptp 453-2024 | Planta: My Phoenix II | Marca: Leroy Somer | Tipo: LSA47.2S5C6/4 y LSA49.1M6C6S/4 | NS: 220897/1, 220897/2 y 220898/1</p>	f	\N	t	2025-03-11 23:00:00	\N	2026-05-08 09:01:51	\N	2026-05-08 09:01:50.704468	2026-05-08 09:01:50.704468	\N	\N
3586	\N	\N	\N	8	5	2	3304	1	2	\N	2	2	WH/OUT/02586	OT-6145	direct	draft	0	\N	<p>Factura: 250038 | Ppto: Sin Ppto | Pedido: Sin pedido | Marca: Suministro maletas</p>	f	\N	t	2025-02-25 23:00:00	\N	2026-05-08 09:01:51	\N	2026-05-08 09:01:50.704468	2026-05-08 09:01:50.704468	\N	\N
3587	\N	\N	\N	8	5	2	3304	1	2	\N	2	2	WH/OUT/02587	OT-6136	direct	draft	0	\N	<p>Factura: 250039 | Ppto: Ppto 418-2024 | Pedido: Sin pedido | Marca: Analisis de aceite</p>	f	\N	t	2025-02-25 23:00:00	\N	2026-05-08 09:01:51	\N	2026-05-08 09:01:50.704468	2026-05-08 09:01:50.704468	\N	\N
3588	\N	\N	\N	8	5	2	2946	1	2	\N	2	2	WH/OUT/02588	OT-6151	direct	draft	0	\N	<p>Factura: 250040 | Ppto: Ppto 069-2025 | Pedido: Telefonico | Marca: Stamford | Tipo: Varios  | NS: Varios</p>	f	\N	t	2025-02-25 23:00:00	\N	2026-05-08 09:01:51	\N	2026-05-08 09:01:50.704468	2026-05-08 09:01:50.704468	\N	\N
3589	\N	\N	\N	8	5	2	2946	1	2	\N	2	2	WH/OUT/02589	OT-6139-6140-6141	direct	draft	0	\N	<p>Factura: 250041 | Ppto: Ppto 070-2025 | Pedido: Telefonico | Marca: Varios alternadores Stamford</p>	f	\N	t	2025-02-25 23:00:00	\N	2026-05-08 09:01:51	\N	2026-05-08 09:01:50.704468	2026-05-08 09:01:50.704468	\N	\N
3590	\N	\N	\N	8	5	2	2954	1	2	\N	2	2	WH/OUT/02590	4100009417 / OT-6181	direct	draft	0	\N	<p>Factura: 250042 | Ppto: Ppto 026-2025 | Marca: Medidas de vibraciones</p>	f	\N	t	2025-02-25 23:00:00	\N	2026-05-08 09:01:51	\N	2026-05-08 09:01:50.704468	2026-05-08 09:01:50.704468	\N	\N
3591	\N	\N	\N	8	5	2	2919	1	2	\N	2	2	WH/OUT/02591	PCC25000569 / OT-6193	direct	draft	0	\N	<p>Factura: 250060 | Ppto: Ppto 060-2025 | Marca: Suministro 1 Ud. Kit diodos y varistor RSK-6001</p>	f	\N	t	2025-03-04 23:00:00	\N	2026-05-08 09:01:51	\N	2026-05-08 09:01:50.704468	2026-05-08 09:01:50.704468	\N	\N
3592	\N	\N	\N	8	5	2	2835	1	2	\N	2	2	WH/OUT/02592	66289 / OT-6178	direct	draft	0	\N	<p>Factura: 250044 | Ppto: Ppto 462Rev1-2024 | Marca: Leroy Somer | Tipo: LSA56</p>	f	\N	t	2025-02-17 23:00:00	\N	2026-05-08 09:01:51	\N	2026-05-08 09:01:50.704468	2026-05-08 09:01:50.704468	\N	\N
3593	\N	\N	\N	8	5	2	3035	1	2	\N	2	2	WH/OUT/02593	4500524624 / OT-6177	direct	draft	0	\N	<p>Factura: 250043 | Ppto: Ppto 012-2025 | Planta: Base Arganda | Marca: Análisis de vibraciones y auditoría en banco de pruebas</p>	f	\N	t	2025-02-06 23:00:00	\N	2026-05-08 09:01:51	\N	2026-05-08 09:01:50.704468	2026-05-08 09:01:50.704468	\N	\N
3594	\N	\N	\N	8	5	2	2921	1	2	\N	2	2	WH/OUT/02594	Pedido Ariba: 4700646586 / OT-6213	direct	draft	0	\N	<p>Factura: 250045 | Ppto: Ppto 008-2025 | Marca: Asistencia medidas vibraciones 2025</p>	f	\N	t	2025-02-25 23:00:00	\N	2026-05-08 09:01:51	\N	2026-05-08 09:01:50.704468	2026-05-08 09:01:50.704468	\N	\N
3595	\N	\N	\N	8	5	2	3324	1	2	\N	2	2	WH/OUT/02595	Joan Marimon / OT-6187	direct	draft	0	\N	<p>Factura: 250046 | Ppto: Ppto 072-2025 | Planta: Nufri 3 M5 | Marca: Leroy Somer | Tipo: LSA540L95/4P | NS: 601718</p>	f	\N	t	2025-02-25 23:00:00	\N	2026-05-08 09:01:51	\N	2026-05-08 09:01:50.704468	2026-05-08 09:01:50.704468	\N	\N
3596	\N	\N	\N	8	5	2	2959	1	2	\N	2	2	WH/OUT/02596	OT-6172	direct	draft	0	\N	<p>Factura: 250049 | Ppto: Ppto 352-2024 | Pedido: Acept. Ppto. | Marca: Stamford | Tipo: HVX1824H2 | NS: 850421</p>	f	\N	t	2025-02-12 23:00:00	\N	2026-05-08 09:01:51	\N	2026-05-08 09:01:50.704468	2026-05-08 09:01:50.704468	\N	\N
3597	\N	\N	\N	8	5	2	2871	1	2	\N	2	2	WH/OUT/02597	4514201921 / OT-6166	direct	draft	0	\N	<p>Factura: 250050 | Ppto: Ppto 031Rev1-2025 | Planta: Zaragoza | Marca: Stamford | Tipo: HCI734F1 | NS: A04D202435</p>	f	\N	t	2025-02-05 23:00:00	\N	2026-05-08 09:01:51	\N	2026-05-08 09:01:50.704468	2026-05-08 09:01:50.704468	\N	\N
3598	\N	\N	\N	8	5	2	2959	1	2	\N	2	2	WH/OUT/02598	OT-5989	direct	draft	0	\N	<p>Factura: 250051 | Ppto: Ppto 268-2024 | Pedido: Acept. Ppto. | Marca: Stamford | Tipo: HVSI804X2 | NS: 0854271/01</p>	f	\N	t	2025-02-23 23:00:00	\N	2026-05-08 09:01:51	\N	2026-05-08 09:01:50.704468	2026-05-08 09:01:50.704468	\N	\N
3599	\N	\N	\N	8	5	2	3324	1	2	\N	2	2	WH/OUT/02599	Joan Marimon / OT-6176	direct	draft	0	\N	<p>Factura: 250047 | Ppto: Ppto 0073-2025 | Planta: Nufri 3 M4 | Marca: Leroy Somer | Tipo: LSA54UL95/4P | NS: 601456/1</p>	f	\N	t	2025-02-25 23:00:00	\N	2026-05-08 09:01:51	\N	2026-05-08 09:01:50.704468	2026-05-08 09:01:50.704468	\N	\N
3600	\N	\N	\N	8	5	2	3324	1	2	\N	2	2	WH/OUT/02600	Joan Marimon / OT-6183	direct	draft	0	\N	<p>Factura: 250048 | Ppto: Ppto 074-2025 | Planta: Nufri 3 M6 | Marca: Leroy Somer | Tipo: LSA522XL80-4P | NS: 600181-1</p>	f	\N	t	2025-02-25 23:00:00	\N	2026-05-08 09:01:51	\N	2026-05-08 09:01:50.704468	2026-05-08 09:01:50.704468	\N	\N
3601	\N	\N	\N	8	5	2	3227	1	2	\N	2	2	WH/OUT/02601	8P-24004791 / OT-3434	direct	draft	0	\N	<p>Factura: 250066 | Ppto: Ppto 054-2025 | Marca: Sustitución motor Leroy Somer 675701WJ007</p>	f	\N	t	2025-03-17 23:00:00	\N	2026-05-08 09:01:51	\N	2026-05-08 09:01:50.704468	2026-05-08 09:01:50.704468	\N	\N
3602	\N	\N	\N	8	5	2	2908	1	2	\N	2	2	WH/OUT/02602	25PC001649 / OT-6204	direct	draft	0	\N	<p>Factura: 250065 | Ppto: Ppto 079-2025 | Marca: Suministro tarjeta MX341</p>	f	\N	t	2025-03-19 23:00:00	\N	2026-05-08 09:01:51	\N	2026-05-08 09:01:50.704468	2026-05-08 09:01:50.704468	\N	\N
3603	\N	\N	\N	8	5	2	3325	1	2	\N	2	2	WH/OUT/02603	Joan Marimon / OT-6155	direct	draft	0	\N	<p>Factura: 250052 | Ppto: Ppto 081-2025 | Planta: Nufri 2 M2 | Marca: AVK | Tipo: DIG150L/6 | NS: 8322970A202</p>	f	\N	t	2025-02-25 23:00:00	\N	2026-05-08 09:01:51	\N	2026-05-08 09:01:50.704468	2026-05-08 09:01:50.704468	\N	\N
3604	\N	\N	\N	8	5	2	3325	1	2	\N	2	2	WH/OUT/02604	Joan Marimon / OT-6155	direct	draft	0	\N	<p>Factura: 250053 | Ppto: Ppto 082-2025 | Planta: Nufri 2 M2 | Marca: AVK | Tipo: DIG150L/6 | NS: 8322970A202</p>	f	\N	t	2025-03-25 23:00:00	\N	2026-05-08 09:01:51	\N	2026-05-08 09:01:50.704468	2026-05-08 09:01:50.704468	\N	\N
3605	\N	\N	\N	8	5	2	3325	1	2	\N	2	2	WH/OUT/02605	Joan Marimon / OT-6155	direct	draft	0	\N	<p>Factura: 250054 | Ppto: Ppto 083-2025 | Planta: Nufri 2 M2 | Marca: AVK | Tipo: DIG150L/6 | NS: 8322970A202</p>	f	\N	t	2025-02-25 23:00:00	\N	2026-05-08 09:01:51	\N	2026-05-08 09:01:50.704468	2026-05-08 09:01:50.704468	\N	\N
3606	\N	\N	\N	8	5	2	3325	1	2	\N	2	2	WH/OUT/02606	Joan Marimon / OT-6155	direct	draft	0	\N	<p>Factura: 250055 | Ppto: Ppto 084-2025 | Planta: Nufri 2 M1 y M2</p>	f	\N	t	2025-02-25 23:00:00	\N	2026-05-08 09:01:51	\N	2026-05-08 09:01:50.704468	2026-05-08 09:01:50.704468	\N	\N
3607	\N	\N	\N	8	5	2	3325	1	2	\N	2	2	WH/OUT/02607	Joan Marimon / OT-6155	direct	draft	0	\N	<p>Factura: 250056 | Ppto: Ppto 085-2025 | Planta: Nufri 2 M2 | Marca: AVK | Tipo: DIG150L/6 | NS: 8322970A202</p>	f	\N	t	2025-02-25 23:00:00	\N	2026-05-08 09:01:51	\N	2026-05-08 09:01:50.704468	2026-05-08 09:01:50.704468	\N	\N
3608	\N	\N	\N	8	5	2	3118	1	2	\N	2	2	WH/OUT/02608	4100055111 / OT-6211	direct	draft	0	\N	<p>Factura: 250067 | Ppto: Ppto 470Rev1-2024 | Planta: My Dytan | Marca: Stamford | Tipo: HCM4 y HCM5 | NS: 0251864/1</p>	f	\N	t	2025-03-20 23:00:00	\N	2026-05-08 09:01:51	\N	2026-05-08 09:01:50.704468	2026-05-08 09:01:50.704468	\N	\N
3609	\N	\N	\N	8	5	2	3258	1	2	\N	2	2	WH/OUT/02609	7725027677 / OT-6254	direct	draft	0	\N	<p>Factura: 250068 | Ppto: Ppto 035-2025 | Marca: Stamford | Tipo: PE734E2 | NS: 0270808/001</p>	f	\N	t	2025-03-20 23:00:00	\N	2026-05-08 09:01:51	\N	2026-05-08 09:01:50.704468	2026-05-08 09:01:50.704468	\N	\N
3610	\N	\N	\N	8	5	2	3345	1	2	\N	2	2	WH/OUT/02610	OT-6207	direct	draft	0	\N	<p>Factura: 250073 | Ppto: Ppto 080-2025 | Pedido: Acept. Ppto. | Planta: Suministro 1 Ud. kit RSK-5001</p>	f	\N	t	2025-03-23 23:00:00	\N	2026-05-08 09:01:51	\N	2026-05-08 09:01:50.704468	2026-05-08 09:01:50.704468	\N	\N
3611	\N	\N	\N	8	5	2	3253	1	2	\N	2	2	WH/OUT/02611	1069 / OT-6208	direct	draft	0	\N	<p>Factura: 250072 | Ppto: Ppto 441-2024 | Planta: Suministro Rotor excitación, Estator excitación y RSK-2001</p>	f	\N	t	2025-03-23 23:00:00	\N	2026-05-08 09:01:51	\N	2026-05-08 09:01:50.704468	2026-05-08 09:01:50.704468	\N	\N
3612	\N	\N	\N	8	5	2	2871	1	2	\N	2	2	WH/OUT/02612	4514299276 / OT-6168	direct	draft	0	\N	<p>Factura: 250070 | Ppto: Ppto 044-2025 | Marca: Stamford | Tipo: HCI734E1 | NS: A04D202435</p>	f	\N	t	2025-03-23 23:00:00	\N	2026-05-08 09:01:51	\N	2026-05-08 09:01:50.704468	2026-05-08 09:01:50.704468	\N	\N
3613	\N	\N	\N	8	5	2	2969	1	2	\N	2	2	WH/OUT/02613	2024/1000495 / OT-6153	direct	draft	0	\N	<p>Factura: 250071 | Ppto: Ppto 443Rev1-2024 | Planta: Riu Sec | Marca: Leroy Somer | Tipo: LSA46.2VL12C6/41 | NS: 289628/1</p>	f	\N	t	2025-03-23 23:00:00	\N	2026-05-08 09:01:51	\N	2026-05-08 09:01:50.704468	2026-05-08 09:01:50.704468	\N	\N
3614	\N	\N	\N	8	5	2	3227	1	2	\N	2	2	WH/OUT/02614	SEROTH-21-A y CRY17-103 / OT-3604 y 3864	direct	draft	0	\N	<p>Factura: 250140 | Ppto: Ppto 173-2016 | Planta: Alternador y Motor | Marca: AVK y Leroy Somer | Tipo: DIG142 1/4 y LS180 MT | NS: 8430816A101 y 602088L0003</p>	f	\N	t	2025-03-26 23:00:00	\N	2026-05-08 09:01:51	\N	2026-05-08 09:01:50.704468	2026-05-08 09:01:50.704468	\N	\N
3615	\N	\N	\N	8	5	2	2871	1	2	\N	2	2	WH/OUT/02615	OT-6173	direct	draft	0	\N	<p>Factura: Facturado en albarán 8853 | Ppto: Ppto 089-2025 | Planta: GAM (Almería) | Marca: Stamford | Tipo: HCI634 | NS: HCI634</p>	f	\N	t	2025-03-23 23:00:00	\N	2026-05-08 09:01:51	\N	2026-05-08 09:01:50.704468	2026-05-08 09:01:50.704468	\N	\N
3616	\N	\N	\N	8	5	2	3035	1	2	\N	2	2	WH/OUT/02616	4000045220 / OT-6222	direct	draft	0	\N	<p>Factura: 250121 | Ppto: Ppto 106Rev1-2025 | Planta: Zaragoza | Marca: Caterpillar | Tipo: DE850EO | NS: CAT00CL18ELXK03787</p>	f	\N	t	2025-04-09 22:00:00	\N	2026-05-08 09:01:51	\N	2026-05-08 09:01:50.704468	2026-05-08 09:01:50.704468	\N	\N
3617	\N	\N	\N	8	5	2	2969	1	2	\N	2	2	WH/OUT/02617	2025/1000510 / OT-6202	direct	draft	0	\N	<p>Factura: 250074 | Ppto: Ppto 030-2025 | Planta: Suministro generador Leroy Somer LSA47.3</p>	f	\N	t	2025-03-27 23:00:00	\N	2026-05-08 09:01:51	\N	2026-05-08 09:01:50.704468	2026-05-08 09:01:50.704468	\N	\N
3618	\N	\N	\N	8	5	2	2858	1	2	\N	2	2	WH/OUT/02618	3201852023 / OT-6195	direct	draft	0	\N	<p>Factura: 250079 | Ppto: Ppto 036-2025 | Marca: Marelli | Tipo: MJB 355 MB4 B20 | NS: 1017779</p>	f	\N	t	2025-03-31 22:00:00	\N	2026-05-08 09:01:51	\N	2026-05-08 09:01:50.704468	2026-05-08 09:01:50.704468	\N	\N
3619	\N	\N	\N	8	5	2	2858	1	2	\N	2	2	WH/OUT/02619	3201885446 / OT-6195	direct	draft	0	\N	<p>Factura: 250080 | Ppto: Ppto 036Rev1-2025 | Marca: Marelli | Tipo: MJB 355 MB4 B20 | NS: 1017779</p>	f	\N	t	2025-03-31 22:00:00	\N	2026-05-08 09:01:51	\N	2026-05-08 09:01:50.704468	2026-05-08 09:01:50.704468	\N	\N
3620	\N	\N	\N	8	5	2	3035	1	2	\N	2	2	WH/OUT/02620	4500526698 / OT-6163	direct	draft	0	\N	<p>Factura: 250081 | Ppto: Ppto 090-2025 | Marca: Caterpillar | Tipo: DE715EO | NS: CAT00C18CLNB01932</p>	f	\N	t	2025-03-31 22:00:00	\N	2026-05-08 09:01:51	\N	2026-05-08 09:01:50.704468	2026-05-08 09:01:50.704468	\N	\N
3621	\N	\N	\N	8	5	2	2871	1	2	\N	2	2	WH/OUT/02621	4514545259 / OT-6173	direct	draft	0	\N	<p>Factura: 250077 | Ppto: Ppto 089-2025 | Planta: GAM (Almería) | Marca: Stamford | Tipo: HCI634</p>	f	\N	t	2025-04-03 22:00:00	\N	2026-05-08 09:01:51	\N	2026-05-08 09:01:50.704468	2026-05-08 09:01:50.704468	\N	\N
3622	\N	\N	\N	8	5	2	2908	1	2	\N	2	2	WH/OUT/02622	25PC001957 / OT-6216	direct	draft	0	\N	<p>Factura: 250078 | Ppto: Ppto 094-2025 | Planta: Suministro MX341</p>	f	\N	t	2025-04-03 22:00:00	\N	2026-05-08 09:01:51	\N	2026-05-08 09:01:50.704468	2026-05-08 09:01:50.704468	\N	\N
3623	\N	\N	\N	8	5	2	3062	1	2	\N	2	2	WH/OUT/02623	AG-3108 / OT-6171	direct	draft	0	\N	<p>Factura: 250093 | Ppto: Ppto 048-2025 | Marca: Stamford | Tipo: PI734A1 | NS: A17B071041</p>	f	\N	t	2025-04-07 22:00:00	\N	2026-05-08 09:01:51	\N	2026-05-08 09:01:50.704468	2026-05-08 09:01:50.704468	\N	\N
3624	\N	\N	\N	8	5	2	2866	1	2	\N	2	2	WH/OUT/02624	OT-6230	direct	draft	0	\N	<p>Factura: 250075 | Ppto: Ppto 095-2025 | Pedido: Acept. Ppto. | Planta: Mauritania | Marca: AVK | Tipo: DIG130</p>	f	\N	t	2025-04-08 22:00:00	\N	2026-05-08 09:01:51	\N	2026-05-08 09:01:50.704468	2026-05-08 09:01:50.704468	\N	\N
3625	\N	\N	\N	8	5	2	3324	1	2	\N	2	2	WH/OUT/02625	OT-6214	direct	draft	0	\N	<p>Factura: 250076 | Ppto: Ppto 066-2025 | Pedido: Acept. Ppto. | Marca: Leroy Somer | Tipo: LSA54</p>	f	\N	t	2025-04-08 22:00:00	\N	2026-05-08 09:01:51	\N	2026-05-08 09:01:50.704468	2026-05-08 09:01:50.704468	\N	\N
3626	\N	\N	\N	8	5	2	3232	1	2	\N	2	2	WH/OUT/02626	OT-6214	direct	draft	0	\N	<p>Factura: 250092 | Ppto: Ppto 066-2025 | Pedido: Acept. Ppto. | Planta: Nufri 3 | Marca: Leroy Somer | Tipo: LSA54</p>	f	\N	t	2025-04-08 22:00:00	\N	2026-05-08 09:01:51	\N	2026-05-08 09:01:50.704468	2026-05-08 09:01:50.704468	\N	\N
3627	\N	\N	\N	8	5	2	3035	1	2	\N	2	2	WH/OUT/02627	4000043360 / OT-6221	direct	draft	0	\N	<p>Factura: 250084 | Ppto: Ppto 092-2025 | Planta: Teruel | Marca: Caterpillar</p>	f	\N	t	2025-04-09 22:00:00	\N	2026-05-08 09:01:51	\N	2026-05-08 09:01:50.704468	2026-05-08 09:01:50.704468	\N	\N
3628	\N	\N	\N	8	5	2	3285	1	2	\N	2	2	WH/OUT/02628	35829/25 / OT-6227	direct	draft	0	\N	<p>Factura: 250083 | Ppto: Ppto 099-2025 | Marca: Suministro discos de acoplamiento 45-0765 para STAMFORD UCM274H1</p>	f	\N	t	2025-04-10 22:00:00	\N	2026-05-08 09:01:51	\N	2026-05-08 09:01:50.704468	2026-05-08 09:01:50.704468	\N	\N
3629	\N	\N	\N	8	5	2	2987	1	2	\N	2	2	WH/OUT/02629	PP_2025_56 / OT-6229	direct	draft	0	\N	<p>Factura: 250082 | Ppto: Ppto 101-2025 | Marca: Suministro alternador S4L1D4E1 Nº N25A020589</p>	f	\N	t	2025-04-14 22:00:00	\N	2026-05-08 09:01:51	\N	2026-05-08 09:01:50.704468	2026-05-08 09:01:50.704468	\N	\N
3630	\N	\N	\N	8	5	2	2871	1	2	\N	2	2	WH/OUT/02630	4514632599 / OT-6226	direct	draft	0	\N	<p>Factura: 250094 | Ppto: Ppto 088-2025 | Marca: Stamford | Tipo: HCI734F1 | NS: A04D202435</p>	f	\N	t	2025-04-14 22:00:00	\N	2026-05-08 09:01:51	\N	2026-05-08 09:01:50.704468	2026-05-08 09:01:50.704468	\N	\N
3631	\N	\N	\N	8	5	2	3002	1	2	\N	2	2	WH/OUT/02631	ECF 2025/224 / OT-6232	direct	draft	0	\N	<p>Factura: 250086 | Ppto: Ppto 105-2025 | Marca: Suministro MX341, PFC3 y RSK-5001</p>	f	\N	t	2025-04-21 22:00:00	\N	2026-05-08 09:01:51	\N	2026-05-08 09:01:50.704468	2026-05-08 09:01:50.704468	\N	\N
3632	\N	\N	\N	8	5	2	2959	1	2	\N	2	2	WH/OUT/02632	OT-6231	direct	draft	0	\N	<p>Factura: 250085 | Ppto: Ppto 107-2025 | Pedido: Acept. Ppto. | Marca: Suministro 1ud.Regulador Cosimat N+</p>	f	\N	t	2025-04-22 22:00:00	\N	2026-05-08 09:01:51	\N	2026-05-08 09:01:50.704468	2026-05-08 09:01:50.704468	\N	\N
3633	\N	\N	\N	8	5	2	2938	1	2	\N	2	2	WH/OUT/02633	11910 / OT-6233	direct	draft	0	\N	<p>Factura: 250087 | Ppto: Ppto 112-2025 | Marca: Suministro 3 ud. cartucho grasa ASONIC GHY 72</p>	f	\N	t	2025-04-24 22:00:00	\N	2026-05-08 09:01:51	\N	2026-05-08 09:01:50.704468	2026-05-08 09:01:50.704468	\N	\N
3634	\N	\N	\N	8	5	2	2908	1	2	\N	2	2	WH/OUT/02634	25PC002414 / OT-6237	direct	draft	0	\N	<p>Factura: 250097 | Ppto: Ppto 115-2025 | Marca: Suministro Tarjeta Regulación Voltaje AS540</p>	f	\N	t	2025-05-05 22:00:00	\N	2026-05-08 09:01:51	\N	2026-05-08 09:01:50.704468	2026-05-08 09:01:50.704468	\N	\N
3635	\N	\N	\N	8	5	2	3158	1	2	\N	2	2	WH/OUT/02635	P2510605 / OT-6234	direct	draft	0	\N	<p>Factura: 250088 | Ppto: Ppto 052Rev2-2025 | Planta: Equinix (Alcobendas) | Marca: Leroy Somer | Tipo: LSA54.2ZL16/4P | NS: 61450000003</p>	f	\N	t	2025-04-29 22:00:00	\N	2026-05-08 09:01:51	\N	2026-05-08 09:01:50.704468	2026-05-08 09:01:50.704468	\N	\N
3636	\N	\N	\N	8	5	2	3118	1	2	\N	2	2	WH/OUT/02636	4100057842 / OT-6241	direct	draft	0	\N	<p>Factura: 250096 | Ppto: Ppto 067-2025 | Planta: My Seven Seas | Marca: Stamford | Tipo: HCM434F1 | NS: C19D159205</p>	f	\N	t	2025-05-20 22:00:00	\N	2026-05-08 09:01:51	\N	2026-05-08 09:01:50.704468	2026-05-08 09:01:50.704468	\N	\N
3637	\N	\N	\N	8	5	2	2969	1	2	\N	2	2	WH/OUT/02637	2025/1000523 / OT-6240	direct	draft	0	\N	<p>Factura: 250104 | Ppto: Ppto 116-2025 | Planta: Ecoparc (Barcelona) M1 y M4 | Marca: Stamford | Tipo: HCI 734F2 | NS: M4</p>	f	\N	t	2025-05-20 22:00:00	\N	2026-05-08 09:01:51	\N	2026-05-08 09:01:50.704468	2026-05-08 09:01:50.704468	\N	\N
3638	\N	\N	\N	8	5	2	2931	1	2	\N	2	2	WH/OUT/02638	OT-6239	direct	draft	0	\N	<p>Factura: 250098 | Ppto: Ppto 121-2025 | Pedido: Acept. Ppto. | Planta: Civantrans Civantos Prieto | Marca: Caterpillar | Tipo: LC6134G | NS: L6B10863</p>	f	\N	t	2025-05-21 22:00:00	\N	2026-05-08 09:01:51	\N	2026-05-08 09:01:50.704468	2026-05-08 09:01:50.704468	\N	\N
3639	\N	\N	\N	8	5	2	2954	1	2	\N	2	2	WH/OUT/02639	4100008025 / OT-5959	direct	draft	0	\N	<p>Factura: 250089 | Ppto: Ppto 209-REV1/2024 | Planta: Natra Cacao - Quart de Poblet (Valencia) | Marca: Leroy Somer | Tipo: LSA54 S65-4P | NS: 600322-3</p>	f	\N	t	2025-04-24 22:00:00	\N	2026-05-08 09:01:51	\N	2026-05-08 09:01:50.704468	2026-05-08 09:01:50.704468	\N	\N
3640	\N	\N	\N	8	5	2	2954	1	2	\N	2	2	WH/OUT/02640	4100009873 / OT-6112	direct	draft	0	\N	<p>Factura: 250090 | Ppto: Ppto 450-Rev.2/2024 | Planta: Natra Cacao | Marca: Stamford | Tipo: LVSI804W2 | NS: 0856298/01</p>	f	\N	t	2025-04-23 22:00:00	\N	2026-05-08 09:01:51	\N	2026-05-08 09:01:50.704468	2026-05-08 09:01:50.704468	\N	\N
3641	\N	\N	\N	8	5	2	3107	1	2	\N	2	2	WH/OUT/02641	4010509 / OT-6075	direct	draft	0	\N	<p>Factura: 250091 | Ppto: Ppto 409-2024 | Planta: Saica M1 (En Tresa) | Marca: AVK | Tipo: DIG 142 | NS: 8329528A303</p>	f	\N	t	2025-04-27 22:00:00	\N	2026-05-08 09:01:51	\N	2026-05-08 09:01:50.704468	2026-05-08 09:01:50.704468	\N	\N
3642	\N	\N	\N	8	5	2	2871	1	2	\N	2	2	WH/OUT/02642	4514566660 / OT-6209	direct	draft	0	\N	<p>Factura: 250095 | Ppto: Ppto 096-2025 | Planta: HCI 734K1 1250-KVA | Tipo: HCI 734K1 1250-KVA | NS: A0147845-3</p>	f	\N	t	2025-04-24 22:00:00	\N	2026-05-08 09:01:51	\N	2026-05-08 09:01:50.704468	2026-05-08 09:01:50.704468	\N	\N
3643	\N	\N	\N	8	5	2	2916	1	2	\N	2	2	WH/OUT/02643	OT-6235	direct	draft	0	\N	<p>Factura: 250099 | Ppto: Ppto 119-2025 | Pedido: Acept. Ppto. | Planta: Amazon | Marca: Stamford | Tipo: UCI274H1 | NS: N24E181390</p>	f	\N	t	2025-05-22 22:00:00	\N	2026-05-08 09:01:51	\N	2026-05-08 09:01:50.704468	2026-05-08 09:01:50.704468	\N	\N
3644	\N	\N	\N	8	5	2	3170	1	2	\N	2	2	WH/OUT/02644	SC140425 / OT-6245	direct	draft	0	\N	<p>Factura: 250100 | Ppto: Ppto 097 y 123-2025 | Planta: Vertedero Málaga | Marca: Stamford | Tipo: PEG734E2 | NS: A13F255458</p>	f	\N	t	2025-05-22 22:00:00	\N	2026-05-08 09:01:51	\N	2026-05-08 09:01:50.704468	2026-05-08 09:01:50.704468	\N	\N
3645	\N	\N	\N	8	5	2	3311	1	2	\N	2	2	WH/OUT/02645	OT-6228	direct	draft	0	\N	<p>Factura: 250144 | Planta: Talleres y Repuestos | Marca: General Eléctrica Española | Tipo: 5GEB16A4 | NS: EE17120282 | Comentarios: Salida de tapa alternador</p>	f	\N	t	2025-05-25 22:00:00	\N	2026-05-08 09:01:51	\N	2026-05-08 09:01:50.704468	2026-05-08 09:01:50.704468	\N	\N
3646	\N	\N	\N	8	5	2	3253	1	2	\N	2	2	WH/OUT/02646	1378 / OT-6249	direct	draft	0	\N	<p>Factura: 250101 | Ppto: Ppto 124-2025 | Marca: Suministro 1ud. MX341</p>	f	\N	t	2025-05-26 22:00:00	\N	2026-05-08 09:01:51	\N	2026-05-08 09:01:50.704468	2026-05-08 09:01:50.704468	\N	\N
3647	\N	\N	\N	8	5	2	2804	1	2	\N	2	2	WH/OUT/02647	OT-6179	direct	draft	0	\N	<p>Factura: 250108 | Ppto: Ppto 050Rev1-2025 | Marca: Stamford | Tipo: UCI224E1 | NS: A14D155226</p>	f	\N	t	2025-05-28 22:00:00	\N	2026-05-08 09:01:51	\N	2026-05-08 09:01:50.704468	2026-05-08 09:01:50.704468	\N	\N
3648	\N	\N	\N	8	5	2	2908	1	2	\N	2	2	WH/OUT/02648	OT-6242	direct	draft	0	\N	<p>Factura: 250115 | Ppto: Ppto 141-2025 | Marca: Stamford | Tipo: UCI224F14 | NS: G23F268139</p>	f	\N	t	2025-05-28 22:00:00	\N	2026-05-08 09:01:51	\N	2026-05-08 09:01:50.704468	2026-05-08 09:01:50.704468	\N	\N
3649	\N	\N	\N	8	5	2	3253	1	2	\N	2	2	WH/OUT/02649	1386 / OT-6252	direct	draft	0	\N	<p>Factura: 250102 | Ppto: Ppto 129-2025 | Marca: Suministro Discos Acople SAE 11,5</p>	f	\N	t	2025-05-28 22:00:00	\N	2026-05-08 09:01:51	\N	2026-05-08 09:01:50.704468	2026-05-08 09:01:50.704468	\N	\N
3650	\N	\N	\N	8	5	2	2969	1	2	\N	2	2	WH/OUT/02650	2025/1000510 / OT-6202	direct	draft	0	\N	<p>Factura: 250103 | Ppto: Ppto 030Rev1-2025 | Planta: Triangulo | Marca: Suministro generador Leroy Somer LSA47.3</p>	f	\N	t	2025-05-29 22:00:00	\N	2026-05-08 09:01:51	\N	2026-05-08 09:01:50.704468	2026-05-08 09:01:50.704468	\N	\N
3651	\N	\N	\N	8	5	2	3028	1	2	\N	2	2	WH/OUT/02651	OT-6149	direct	draft	0	\N	<p>Factura: 260018 | Marca: Grundfos | Tipo: CHI12-30 A-W-G-BQQV | NS: D4F20095P10801</p>	f	\N	t	2025-06-01 22:00:00	\N	2026-05-08 09:01:51	\N	2026-05-08 09:01:50.704468	2026-05-08 09:01:50.704468	\N	\N
3652	\N	\N	\N	8	5	2	3158	1	2	\N	2	2	WH/OUT/02652	P2510944 / OT-6255	direct	draft	0	\N	<p>Factura: 250118 | Ppto: Ppto 130-2025 | Marca: Suministro grasa MOBIL POLYREX EM</p>	f	\N	t	2025-06-01 22:00:00	\N	2026-05-08 09:01:51	\N	2026-05-08 09:01:50.704468	2026-05-08 09:01:50.704468	\N	\N
3653	\N	\N	\N	8	5	2	3258	1	2	\N	2	2	WH/OUT/02653	7725027677 / OT-6254	direct	draft	0	\N	<p>Factura: 250123 | Ppto: Ppto 035-2025 | Planta: Vertedero Albacete | Marca: Stamford | Tipo: PE734E2 | NS: 0270808/001</p>	f	\N	t	2025-06-08 22:00:00	\N	2026-05-08 09:01:51	\N	2026-05-08 09:01:50.704468	2026-05-08 09:01:50.704468	\N	\N
3654	\N	\N	\N	8	5	2	3324	1	2	\N	2	2	WH/OUT/02654	OT-6217	direct	draft	0	\N	<p>Factura: 250105 | Ppto: Ppto 138-2025 | Pedido: Sin pedido | Planta: Nufri 3 | Marca: Leroy Somer | Tipo: LSA54</p>	f	\N	t	2025-05-29 22:00:00	\N	2026-05-08 09:01:51	\N	2026-05-08 09:01:50.704468	2026-05-08 09:01:50.704468	\N	\N
3655	\N	\N	\N	8	5	2	3035	1	2	\N	2	2	WH/OUT/02655	OT-6114	direct	draft	0	\N	<p>Factura: 250120 | Ppto: Ppto 139-2025 | Planta: Finanzauto Zaragoza | Marca: Caterpillar | Tipo: DE850EO | NS: CAT00C18LXK05136</p>	f	\N	t	2025-03-31 22:00:00	\N	2026-05-08 09:01:51	\N	2026-05-08 09:01:50.704468	2026-05-08 09:01:50.704468	\N	\N
3656	\N	\N	\N	8	5	2	2946	1	2	\N	2	2	WH/OUT/02656	OT-6219 y 6220	direct	draft	0	\N	<p>Factura: 250106 | Ppto: Ppto 140-2025 | Pedido: Sin pedido | Marca: Stamford | Tipo: S7L1D-C41 | NS: X25A023713 y X25A023712</p>	f	\N	t	2025-05-29 22:00:00	\N	2026-05-08 09:01:51	\N	2026-05-08 09:01:50.704468	2026-05-08 09:01:50.704468	\N	\N
3657	\N	\N	\N	8	5	2	3327	1	2	\N	2	2	WH/OUT/02657	OT-6248	direct	draft	0	\N	<p>Factura: 250107 | Ppto: Ppto 126-2025 | Planta: Museo Reina Sofía | Comentarios: Puesto Kit RSK-6001</p>	f	\N	t	2025-05-29 22:00:00	\N	2026-05-08 09:01:51	\N	2026-05-08 09:01:50.704468	2026-05-08 09:01:50.704468	\N	\N
3658	\N	\N	\N	8	5	2	2946	1	2	\N	2	2	WH/OUT/02658	OT-6244	direct	draft	0	\N	<p>Factura: 250109 | Ppto: Ppto 142-2025 | Pedido: Sin pedido | Marca: Stamford | Tipo: UCI274F1 | NS: X104190/100</p>	f	\N	t	2025-05-29 22:00:00	\N	2026-05-08 09:01:51	\N	2026-05-08 09:01:50.704468	2026-05-08 09:01:50.704468	\N	\N
3659	\N	\N	\N	8	5	2	3008	1	2	\N	2	2	WH/OUT/02659	OT-6224 y 6225	direct	draft	0	\N	<p>Factura: 260034 | Ppto: Ppto 113-2025 | Pedido: Sin pedido | Marca: Meccalte | Tipo: ECO 37-1S/4 y ECO 38 2S4 | NS:  997236 y 1920046</p>	f	\N	t	2025-06-10 22:00:00	\N	2026-05-08 09:01:51	\N	2026-05-08 09:01:50.704468	2026-05-08 09:01:50.704468	\N	\N
3660	\N	\N	\N	8	5	2	3028	1	2	\N	2	2	WH/OUT/02660	OT-6259	direct	draft	0	\N	<p>Factura: 260018 | Pedido: Sin pedido | Marca: ZIEHL-ABEGG | Tipo: FL050-VDIC.91 V55 | NS: 134011</p>	f	\N	t	2025-06-12 22:00:00	\N	2026-05-08 09:01:51	\N	2026-05-08 09:01:50.704468	2026-05-08 09:01:50.704468	\N	\N
3661	\N	\N	\N	8	5	2	2946	1	2	\N	2	2	WH/OUT/02661	OT-6189 y 6190	direct	draft	0	\N	<p>Factura: 250110 | Ppto: Ppto 150-2025 | Pedido: Sin pedido | Marca: Stamford | Tipo: UCI274C1 | NS: G25A010282 y G25A010139</p>	f	\N	t	2025-05-29 22:00:00	\N	2026-05-08 09:01:51	\N	2026-05-08 09:01:50.704468	2026-05-08 09:01:50.704468	\N	\N
3662	\N	\N	\N	8	5	2	2871	1	2	\N	2	2	WH/OUT/02662	4514703023 / OT-6197	direct	draft	0	\N	<p>Factura: 250119 | Ppto: Ppto 021-2025 | Marca: Stamford | Tipo: HCI634J1 | NS: A05H433369</p>	f	\N	t	2025-06-16 22:00:00	\N	2026-05-08 09:01:51	\N	2026-05-08 09:01:50.704468	2026-05-08 09:01:50.704468	\N	\N
3663	\N	\N	\N	8	5	2	2946	1	2	\N	2	2	WH/OUT/02663	OT-6203	direct	draft	0	\N	<p>Factura: 250111 | Ppto: Ppto 153-2025 | Pedido: Sin pedido | Marca: Stamford | Tipo: UCI274F1 | NS: N25A041824</p>	f	\N	t	2025-05-29 22:00:00	\N	2026-05-08 09:01:51	\N	2026-05-08 09:01:50.704468	2026-05-08 09:01:50.704468	\N	\N
3664	\N	\N	\N	8	5	2	2854	1	2	\N	2	2	WH/OUT/02664	OT-6200	direct	draft	0	\N	<p>Factura: 250112 | Ppto: Ppto 155-2025 | Pedido: Sin pedido | Marca: Pruebas en grupo de carga</p>	f	\N	t	2025-05-29 22:00:00	\N	2026-05-08 09:01:51	\N	2026-05-08 09:01:50.704468	2026-05-08 09:01:50.704468	\N	\N
3665	\N	\N	\N	8	5	2	2895	1	2	\N	2	2	WH/OUT/02665	OT-6006	direct	draft	0	\N	<p>Factura: 250114 | Ppto: Ppto 159-2025 | Planta: Dagartech | Marca: Stamford | Tipo: UCI274D1 | NS: N24E191720</p>	f	\N	t	2025-05-29 22:00:00	\N	2026-05-08 09:01:51	\N	2026-05-08 09:01:50.704468	2026-05-08 09:01:50.704468	\N	\N
3666	\N	\N	\N	8	5	2	3037	1	2	\N	2	2	WH/OUT/02666	4105006970 / OT-6263 y 6236	direct	draft	0	\N	<p>Factura: 250122 | Ppto: Ppto 144Rev1-2025 | Marca: Caterpillar | Tipo: LC6134 | NS: L6B10406</p>	f	\N	t	2025-06-22 22:00:00	\N	2026-05-08 09:01:51	\N	2026-05-08 09:01:50.704468	2026-05-08 09:01:50.704468	\N	\N
3667	\N	\N	\N	8	5	2	3118	1	2	\N	2	2	WH/OUT/02667	4100055111 / OT-6211	direct	draft	0	\N	<p>Factura: 250129 | Ppto: Ppto 470Rev1-2024 | Planta: My Dytan | Marca: Stamford | Tipo: HCM4 y HCM5 | NS: 0251864/1</p>	f	\N	t	2025-06-23 22:00:00	\N	2026-05-08 09:01:51	\N	2026-05-08 09:01:50.704468	2026-05-08 09:01:50.704468	\N	\N
3668	\N	\N	\N	8	5	2	3118	1	2	\N	2	2	WH/OUT/02668	4100058672 / OT-6251	direct	draft	0	\N	<p>Factura: 250130 | Ppto: Ppto 120-2025 | Planta: My Dytan | Marca: Stamford | Tipo: HCM534C2 | NS: 0251865/1</p>	f	\N	t	2025-06-23 22:00:00	\N	2026-05-08 09:01:51	\N	2026-05-08 09:01:50.704468	2026-05-08 09:01:50.704468	\N	\N
3669	\N	\N	\N	8	5	2	2895	1	2	\N	2	2	WH/OUT/02669	OT-6045 y 6076	direct	draft	0	\N	<p>Factura: 250128 | Ppto: Ppto 161-2025 | Planta: Agrico Bis (Bailén) y Monzón | Marca: Stamford | Tipo: S0L2-P1 | NS: G23D138728</p>	f	\N	t	2025-05-29 22:00:00	\N	2026-05-08 09:01:51	\N	2026-05-08 09:01:50.704468	2026-05-08 09:01:50.704468	\N	\N
3670	\N	\N	\N	8	5	2	3227	1	2	\N	2	2	WH/OUT/02670	OT-3603	direct	draft	0	\N	<p>Factura: 250116 | Ppto: Ppto 053-2025 | Planta: Pedido antiguo de Air Liquide: 161-I | Marca: Leroy Somer | Tipo: LS180MT-T | NS: 091557-JM005</p>	f	\N	t	2025-05-29 22:00:00	\N	2026-05-08 09:01:51	\N	2026-05-08 09:01:50.704468	2026-05-08 09:01:50.704468	\N	\N
3671	\N	\N	\N	8	5	2	2946	1	2	\N	2	2	WH/OUT/02671	OT-6120	direct	draft	0	\N	<p>Factura: 250117 | Ppto: Ppto 467-2024 | Marca: Upfit varios generadores Stamford</p>	f	\N	t	2025-06-25 22:00:00	\N	2026-05-08 09:01:51	\N	2026-05-08 09:01:50.704468	2026-05-08 09:01:50.704468	\N	\N
3672	\N	\N	\N	8	5	2	3327	1	2	\N	2	2	WH/OUT/02672	OT-6194	direct	draft	0	\N	<p>Factura: 250124 | Ppto: Ppto 087-2025 | Planta: El Corte Inglés (Gijón) | Marca: Lancor | Tipo: AS3355-454 | NS: 886469</p>	f	\N	t	2025-06-08 22:00:00	\N	2026-05-08 09:01:51	\N	2026-05-08 09:01:50.704468	2026-05-08 09:01:50.704468	\N	\N
3673	\N	\N	\N	8	5	2	3324	1	2	\N	2	2	WH/OUT/02673	OT-6253	direct	draft	0	\N	<p>Factura: 250125 | Ppto: Ppto 163-2025 | Planta: Nufri 3 M3 y M4 | Marca: Leroy Somer | Tipo: LSA54UL95-4P | NS: 168163-2</p>	f	\N	t	2025-06-08 22:00:00	\N	2026-05-08 09:01:51	\N	2026-05-08 09:01:50.704468	2026-05-08 09:01:50.704468	\N	\N
3674	\N	\N	\N	8	5	2	3324	1	2	\N	2	2	WH/OUT/02674	OT-6258	direct	draft	0	\N	<p>Factura: 250126 | Ppto: Ppto 164-2025 | Planta: Nufri 3 M5 | Marca: Leroy Somer | Tipo: LSA54VL9-4P | NS: 601455-1</p>	f	\N	t	2025-06-11 22:00:00	\N	2026-05-08 09:01:51	\N	2026-05-08 09:01:50.704468	2026-05-08 09:01:50.704468	\N	\N
3676	\N	\N	\N	8	5	2	2946	1	2	\N	2	2	WH/OUT/02676	OT-6266	direct	draft	0	\N	<p>Factura: 250135 | Ppto: Ppto 166-2025 | Pedido: Sin pedido | Marca: Suministro 1 caja Antiflash</p>	f	\N	t	2025-06-30 22:00:00	\N	2026-05-08 09:01:51	\N	2026-05-08 09:01:50.704468	2026-05-08 09:01:50.704468	\N	\N
3677	\N	\N	\N	8	5	2	2908	1	2	\N	2	2	WH/OUT/02677	25PC003497 / OT-6267	direct	draft	0	\N	<p>Factura: 250131 | Ppto: Ppto 165-2025 | Marca: Suministro 3 Tarjetas MX341</p>	f	\N	t	2025-06-30 22:00:00	\N	2026-05-08 09:01:51	\N	2026-05-08 09:01:50.704468	2026-05-08 09:01:50.704468	\N	\N
3678	\N	\N	\N	8	5	2	2950	1	2	\N	2	2	WH/OUT/02678	DMA-9022/2025E-P0001-1 / OT-6272	direct	draft	0	\N	<p>Factura: 250134 | Ppto: Ppto 104-2025 | Marca: Suministro repuestos para generador DSG 99 M1 6W</p>	f	\N	t	2025-07-02 22:00:00	\N	2026-05-08 09:01:51	\N	2026-05-08 09:01:50.704468	2026-05-08 09:01:50.704468	\N	\N
3679	\N	\N	\N	8	5	2	2978	1	2	\N	2	2	WH/OUT/02679	4500353450 / OT-6277	direct	draft	0	\N	<p>Factura: 250132 | Ppto: Ppto 152-2025 | Marca: Suministro Regulador Cosimat N+ (Las Azores)</p>	f	\N	t	2025-07-03 22:00:00	\N	2026-05-08 09:01:51	\N	2026-05-08 09:01:50.704468	2026-05-08 09:01:50.704468	\N	\N
3680	\N	\N	\N	8	5	2	3198	1	2	\N	2	2	WH/OUT/02680	\N	direct	draft	0	\N	<p>Comentarios: Salida Equipo de medida de rigidez dieléctrica</p>	f	\N	t	2025-07-09 22:00:00	\N	2026-05-08 09:01:51	\N	2026-05-08 09:01:50.704468	2026-05-08 09:01:50.704468	\N	\N
3681	\N	\N	\N	8	5	2	2946	1	2	\N	2	2	WH/OUT/02681	OT-6266	direct	draft	0	\N	<p>Factura: 250135 | Ppto: Ppto 166-2025 | Pedido: Sin pedido | Marca: Suministro botes antiflas 500 ml (4 cajas)</p>	f	\N	t	2025-07-13 22:00:00	\N	2026-05-08 09:01:51	\N	2026-05-08 09:01:50.704468	2026-05-08 09:01:50.704468	\N	\N
3682	\N	\N	\N	8	5	2	2996	1	2	\N	2	2	WH/OUT/02682	OT-6265	direct	draft	0	\N	<p>Factura: No se factura | Ppto: Sin Ppto | Pedido: Sin pedido | Marca: Nord | Tipo: 1AV2162B | NS: 60034 | Comentarios: Salida de Motor, no quiere la reparación.</p>	f	\N	t	2025-07-15 22:00:00	\N	2026-05-08 09:01:51	\N	2026-05-08 09:01:50.704468	2026-05-08 09:01:50.704468	\N	\N
3683	\N	\N	\N	8	5	2	3107	1	2	\N	2	2	WH/OUT/02683	4010965 / OT-6273	direct	draft	0	\N	<p>Factura: 250133 | Ppto: Ppto 176-2025 | Planta: Embutidos Palacios | Marca: Suministro 1ud sonda PT-100</p>	f	\N	t	2025-07-09 22:00:00	\N	2026-05-08 09:01:51	\N	2026-05-08 09:01:50.704468	2026-05-08 09:01:50.704468	\N	\N
3684	\N	\N	\N	8	5	2	2796	1	2	\N	2	2	WH/OUT/02684	A100389923 / OT-6280	direct	draft	0	\N	<p>Factura: 250136 | Ppto: Ppto 177-2025 | Marca: Suministro Generador S5L1S-C41</p>	f	\N	t	2025-07-20 22:00:00	\N	2026-05-08 09:01:51	\N	2026-05-08 09:01:50.704468	2026-05-08 09:01:50.704468	\N	\N
3685	\N	\N	\N	8	5	2	2959	1	2	\N	2	2	WH/OUT/02685	OT-6186	direct	draft	0	\N	<p>Factura: 250148 | Ppto: Ppto 134-2025 | Pedido: Aceptac.Ppto. | Planta: Tracjusa | Marca: Stamford | Tipo: HVXI824H2 | NS: 204924</p>	f	\N	t	2025-07-17 22:00:00	\N	2026-05-08 09:01:51	\N	2026-05-08 09:01:50.704468	2026-05-08 09:01:50.704468	\N	\N
3686	\N	\N	\N	8	5	2	3186	1	2	\N	2	2	WH/OUT/02686	OT-4567	direct	draft	0	\N	<p>Factura: 250137 | Marca: Mecc Alte | Tipo: ECP34 2-S4 | NS: 1780554 | Comentarios: Vendido a Armengol el 21/07/25</p>	f	\N	t	2025-07-20 22:00:00	\N	2026-05-08 09:01:51	\N	2026-05-08 09:01:50.704468	2026-05-08 09:01:50.704468	\N	\N
3687	\N	\N	\N	8	5	2	2969	1	2	\N	2	2	WH/OUT/02687	2025/1000550 / OT-6261	direct	draft	0	\N	<p>Factura: 250149 | Ppto: Ppto 169-2025 | Planta: Ecoparc (Barcelona) | Marca: Stamford | Tipo: HCI734F2-CG | NS: 0134077/02</p>	f	\N	t	2025-07-21 22:00:00	\N	2026-05-08 09:01:51	\N	2026-05-08 09:01:50.704468	2026-05-08 09:01:50.704468	\N	\N
3688	\N	\N	\N	8	5	2	3379	1	2	\N	2	2	WH/OUT/02688	006-2025 / OT-6274	direct	draft	0	\N	<p>Factura: 250138 | Ppto: Ppto 182-2025 | Planta: Elmya (Sevilla) | Marca: Medidas en instalación de analizadores de redes</p>	f	\N	t	2025-07-22 22:00:00	\N	2026-05-08 09:01:51	\N	2026-05-08 09:01:50.704468	2026-05-08 09:01:50.704468	\N	\N
3689	\N	\N	\N	8	5	2	2908	1	2	\N	2	2	WH/OUT/02689	25PC003934 / OT-6283	direct	draft	0	\N	<p>Factura: 250142 | Ppto: Ppto 187-2025 | Marca: Suministro AVR AS540</p>	f	\N	t	2025-07-28 22:00:00	\N	2026-05-08 09:01:51	\N	2026-05-08 09:01:50.704468	2026-05-08 09:01:50.704468	\N	\N
3690	\N	\N	\N	8	5	2	2858	1	2	\N	2	2	WH/OUT/02690	3201827907 / OT-6271	direct	draft	0	\N	<p>Factura: 250145 | Ppto: Ppto 003-2025 | Planta: Edar Viveros | Marca: Marelli Motori | Tipo: MJB400LC4B24 | NS: 15926</p>	f	\N	t	2025-07-27 22:00:00	\N	2026-05-08 09:01:51	\N	2026-05-08 09:01:50.704468	2026-05-08 09:01:50.704468	\N	\N
3691	\N	\N	\N	8	5	2	2858	1	2	\N	2	2	WH/OUT/02691	3201959097 / OT-6271	direct	draft	0	\N	<p>Factura: 250146 | Ppto: Ppto 003Rev1-2025 | Planta: Edar Viveros | Marca: Marelli Motori | Tipo: MJB400LC4B24 | NS: 15926</p>	f	\N	t	2025-07-27 22:00:00	\N	2026-05-08 09:01:51	\N	2026-05-08 09:01:50.704468	2026-05-08 09:01:50.704468	\N	\N
3692	\N	\N	\N	8	5	2	3223	1	2	\N	2	2	WH/OUT/02692	079-REV25 / OT-6276	direct	draft	0	\N	<p>Factura: 250143 | Ppto: Ppto 180-2025 | Planta: Carrefour Córdoba | Marca: Leroy Somer</p>	f	\N	t	2025-07-23 22:00:00	\N	2026-05-08 09:01:51	\N	2026-05-08 09:01:50.704468	2026-05-08 09:01:50.704468	\N	\N
3693	\N	\N	\N	8	5	2	3198	1	2	\N	2	2	WH/OUT/02693	250730-1 MLR / OT-6286	direct	draft	0	\N	<p>Factura: 250141 | Ppto: Ppto 193-2025 | Marca: Suministro Pletina </p>	f	\N	t	2025-07-29 22:00:00	\N	2026-05-08 09:01:51	\N	2026-05-08 09:01:50.704468	2026-05-08 09:01:50.704468	\N	\N
3694	\N	\N	\N	8	5	2	3062	1	2	\N	2	2	WH/OUT/02694	AG-3129 / OT-6287	direct	draft	0	\N	<p>Factura: 250152 | Ppto: Ppto 194-2025 | Marca: Suministro 3 Tarjetas MX341 y 3 Kit Rectificación RSK-6001</p>	f	\N	t	2025-07-31 22:00:00	\N	2026-05-08 09:01:51	\N	2026-05-08 09:01:50.704468	2026-05-08 09:01:50.704468	\N	\N
3695	\N	\N	\N	8	5	2	2835	1	2	\N	2	2	WH/OUT/02695	66289 / OT-6178	direct	draft	0	\N	<p>Factura: 250154 | Ppto: Ppto 462Rev1-2024 | Marca: Vibraciones 5 alternadaores 2ª medida</p>	f	\N	t	2025-08-05 22:00:00	\N	2026-05-08 09:01:51	\N	2026-05-08 09:01:50.704468	2026-05-08 09:01:50.704468	\N	\N
3696	\N	\N	\N	8	5	2	3118	1	2	\N	2	2	WH/OUT/02696	4100061213 / OT-6289	direct	draft	0	\N	<p>Factura: 250153 | Ppto: Ppto. 189-2025 | Planta: My Seven Seas | Marca: Suministro de dos sondas de temperatura</p>	f	\N	t	2025-08-04 22:00:00	\N	2026-05-08 09:01:51	\N	2026-05-08 09:01:50.704468	2026-05-08 09:01:50.704468	\N	\N
3697	\N	\N	\N	8	5	2	2880	1	2	\N	2	2	WH/OUT/02697	OT-6293	direct	draft	0	\N	<p>Factura: 250155 | Ppto: Ppto. 200Rev1-2025 | Pedido: Aceptac.Ppto. | Planta: Getafe | Marca: Olympian | Tipo: GEP18-4 | NS: OLY00000JMMG00926</p>	f	\N	t	2025-08-10 22:00:00	\N	2026-05-08 09:01:51	\N	2026-05-08 09:01:50.704468	2026-05-08 09:01:50.704468	\N	\N
3698	\N	\N	\N	8	5	2	3325	1	2	\N	2	2	WH/OUT/02698	OT-6269	direct	draft	0	\N	<p>Factura: 250139 | Ppto: Ppto. 205-2025 | Pedido: Sin pedido | Planta: Deutz 3 Nufri II | Marca: AVK | Tipo: DIG156</p>	f	\N	t	2025-07-24 22:00:00	\N	2026-05-08 09:01:51	\N	2026-05-08 09:01:50.704468	2026-05-08 09:01:50.704468	\N	\N
3699	\N	\N	\N	8	5	2	3035	1	2	\N	2	2	WH/OUT/02699	4500533309 / OT-6290	direct	draft	0	\N	<p>Factura: 250156 | Ppto: Ppto. 401Rev1-2024 | Planta: Base Arganda y NASA (Robledo Chavela) | Marca: Caterpillar | Tipo: 3512 | NS: G2Y02011</p>	f	\N	t	2025-08-13 22:00:00	\N	2026-05-08 09:01:51	\N	2026-05-08 09:01:50.704468	2026-05-08 09:01:50.704468	\N	\N
3700	\N	\N	\N	8	5	2	3035	1	2	\N	2	2	WH/OUT/02700	4000046099 / OT-6285	direct	draft	0	\N	<p>Factura: 250151 | Ppto: Ppto. 192-2025 | Planta: NASA (Robledo de Chavela) | Marca: EM-SYNCHRONUS GEN | Tipo: C-8RKT | NS: 870198111</p>	f	\N	t	2025-07-29 22:00:00	\N	2026-05-08 09:01:51	\N	2026-05-08 09:01:50.704468	2026-05-08 09:01:50.704468	\N	\N
3701	\N	\N	\N	8	5	2	2871	1	2	\N	2	2	WH/OUT/02701	4515002966 / OT-6256	direct	draft	0	\N	<p>Factura: 250147 | Ppto: Ppto. 157-2025 | Marca: Caterpillar | Tipo: SR4B | NS: 9LW01678</p>	f	\N	t	2025-07-07 22:00:00	\N	2026-05-08 09:01:51	\N	2026-05-08 09:01:50.704468	2026-05-08 09:01:50.704468	\N	\N
3702	\N	\N	\N	8	5	2	2908	1	2	\N	2	2	WH/OUT/02702	25PC004052 / OT-6295	direct	draft	0	\N	<p>Factura: 250157 | Ppto: Ppto. 209-2025 | Marca: Suministro 1ud.AS540</p>	f	\N	t	2025-08-19 22:00:00	\N	2026-05-08 09:01:51	\N	2026-05-08 09:01:50.704468	2026-05-08 09:01:50.704468	\N	\N
3703	\N	\N	\N	8	5	2	2812	1	2	\N	2	2	WH/OUT/02703	4105007414 / OT-6024	direct	draft	0	\N	<p>Factura: 250150 | Ppto: Ppto. 244-2024 | Marca: Contenedor transformadores | NS: 55063000014</p>	f	\N	t	2025-07-24 22:00:00	\N	2026-05-08 09:01:51	\N	2026-05-08 09:01:50.704468	2026-05-08 09:01:50.704468	\N	\N
3704	\N	\N	\N	8	5	2	2812	1	2	\N	2	2	WH/OUT/02704	4105007453 / OT-5809	direct	draft	0	\N	<p>Factura: 250158 | Ppto: Ppto. 149-2025 | Planta: Arganda | Marca: Alayan Rental | NS: 550-6300-0012</p>	f	\N	t	2025-08-26 22:00:00	\N	2026-05-08 09:01:51	\N	2026-05-08 09:01:50.704468	2026-05-08 09:01:50.704468	\N	\N
3705	\N	\N	\N	8	5	2	3319	1	2	\N	2	2	WH/OUT/02705	1508 / OT-6297	direct	draft	0	\N	<p>Factura: 250159 | Ppto: Ppto. 201Rev1-2025 | Marca: Suministro 2ud.RSK-2001, 2ud.Rotor excitac.y 2ud.Estator Excitac.</p>	f	\N	t	2025-08-27 22:00:00	\N	2026-05-08 09:01:51	\N	2026-05-08 09:01:50.704468	2026-05-08 09:01:50.704468	\N	\N
3706	\N	\N	\N	8	5	2	3035	1	2	\N	2	2	WH/OUT/02706	4000046426 / OT-6281	direct	draft	0	\N	<p>Factura: 250160 | Ppto: Ppto. 212-2025 | Planta: Cerámica Zaratan (Valladolid) | Marca: Caterpillar | Tipo: G3512E | NS: NWC00122</p>	f	\N	t	2025-08-31 22:00:00	\N	2026-05-08 09:01:51	\N	2026-05-08 09:01:50.704468	2026-05-08 09:01:50.704468	\N	\N
3707	\N	\N	\N	8	5	2	3035	1	2	\N	2	2	WH/OUT/02707	4000046427 / OT-6284	direct	draft	0	\N	<p>Factura: 250161 | Ppto: Ppto. 213-2025 | Planta: Cerámica Zaratan (Valladolid) | Marca: Caterpillar | Tipo: G3512E | NS: NWC00122</p>	f	\N	t	2025-08-31 22:00:00	\N	2026-05-08 09:01:51	\N	2026-05-08 09:01:50.704468	2026-05-08 09:01:50.704468	\N	\N
3708	\N	\N	\N	8	5	2	3294	1	2	\N	2	2	WH/OUT/02708	4500068104 / OT-6296	direct	draft	0	\N	<p>Factura: 250162 | Ppto: Ppto. 143-2025 | Planta: Arasur (Ribabellosa - Alava) | Marca: Leroy Somer | Tipo: LSA54.2ZL14/4P | NS: M1-614020/3 M2-614020/1 M3-614020/2 M4-614816/1 M5-614816/2 M6-619015/1</p>	f	\N	t	2025-08-28 22:00:00	\N	2026-05-08 09:01:51	\N	2026-05-08 09:01:50.704468	2026-05-08 09:01:50.704468	\N	\N
3709	\N	\N	\N	8	5	2	2812	1	2	\N	2	2	WH/OUT/02709	4105007511 / OT-6275	direct	draft	0	\N	<p>Factura: 250163 | Ppto: Ppto. 224-2025 | Marca: Caterpillar | Tipo: SR4B-GD | NS: G5C00711</p>	f	\N	t	2025-08-28 22:00:00	\N	2026-05-08 09:01:51	\N	2026-05-08 09:01:50.704468	2026-05-08 09:01:50.704468	\N	\N
3710	\N	\N	\N	8	5	2	2796	1	2	\N	2	2	WH/OUT/02710	A100406405 / OT-6299	direct	draft	0	\N	<p>Factura: 250164 | Ppto: Ppto 215Rev1-2025 | Marca: Suministro repuestos STAMFORD S5L1S-C41</p>	f	\N	t	2025-09-08 22:00:00	\N	2026-05-08 09:01:51	\N	2026-05-08 09:01:50.704468	2026-05-08 09:01:50.704468	\N	\N
3711	\N	\N	\N	8	5	2	2906	1	2	\N	2	2	WH/OUT/02711	808221 / OT-6316	direct	draft	0	\N	<p>Factura: 250180 | Ppto: Ppto. 086Rev1-2025 | Planta: Suministros e instalación | Marca: Suministros e instalación</p>	f	\N	t	2025-09-08 22:00:00	\N	2026-05-08 09:01:51	\N	2026-05-08 09:01:50.704468	2026-05-08 09:01:50.704468	\N	\N
3712	\N	\N	\N	8	5	2	2871	1	2	\N	2	2	WH/OUT/02712	4515446253 / OT-6279	direct	draft	0	\N	<p>Factura: 250165 | Ppto: Ppto 228-2025 | Planta: Atlas Copco - Rentaire (Las Rozas) | Marca: Leroy Somer | Tipo: TAL044M M6/4 | NS: 40346700011</p>	f	\N	t	2025-09-14 22:00:00	\N	2026-05-08 09:01:52	\N	2026-05-08 09:01:50.704468	2026-05-08 09:01:50.704468	\N	\N
3713	\N	\N	\N	8	5	2	3107	1	2	\N	2	2	WH/OUT/02713	4010974 / OT-6300	direct	draft	0	\N	<p>Factura: 250179 | Ppto: Ppto 179-2025 | Planta: Vertedero de Málaga | Marca: STAMFORD | Tipo: PE734E2 | NS: X22A034705</p>	f	\N	t	2025-09-14 22:00:00	\N	2026-05-08 09:01:52	\N	2026-05-08 09:01:50.704468	2026-05-08 09:01:50.704468	\N	\N
3714	\N	\N	\N	8	5	2	2871	1	2	\N	2	2	WH/OUT/02714	4515456474 / OT-6308	direct	draft	0	\N	<p>Factura: 250166 | Ppto: Ppto 208-2025 | Marca: Suministro 1ud.AS440</p>	f	\N	t	2025-09-15 22:00:00	\N	2026-05-08 09:01:52	\N	2026-05-08 09:01:50.704468	2026-05-08 09:01:50.704468	\N	\N
3715	\N	\N	\N	8	5	2	2871	1	2	\N	2	2	WH/OUT/02715	4515460283 / OT-6309	direct	draft	0	\N	<p>Factura: 250167 | Ppto: Ppto 220-2025 | Marca: Suministro 1ud.MX341</p>	f	\N	t	2025-09-16 22:00:00	\N	2026-05-08 09:01:52	\N	2026-05-08 09:01:50.704468	2026-05-08 09:01:50.704468	\N	\N
3716	\N	\N	\N	8	5	2	2856	1	2	\N	2	2	WH/OUT/02716	OT-6150	direct	draft	0	\N	<p>Factura: 250178 | Ppto: Ppto 109-2025 | Pedido: Sin pedido | Marca: Kaiser | Tipo: TWG1111674C | NS: 19092901A | Comentarios: Se llevan también alternador usado BCI184E1</p>	f	\N	t	2025-09-21 22:00:00	\N	2026-05-08 09:01:52	\N	2026-05-08 09:01:50.704468	2026-05-08 09:01:50.704468	\N	\N
3717	\N	\N	\N	8	5	2	3043	1	2	\N	2	2	WH/OUT/02717	OT-6314	direct	draft	0	\N	<p>Factura: 250169 | Ppto: Ppto 241-2025 | Pedido: Sin pedido | Planta: Camión cisterna Air Liquide 3806-KSW | Marca: CRYOMEC | Tipo: DSIG 40/50 MK1 | NS: BE3055/1</p>	f	\N	t	2025-09-21 22:00:00	\N	2026-05-08 09:01:52	\N	2026-05-08 09:01:50.704468	2026-05-08 09:01:50.704468	\N	\N
3718	\N	\N	\N	8	5	2	2895	1	2	\N	2	2	WH/OUT/02718	IND8252689 / OT-6205	direct	draft	0	\N	<p>Factura: 250168 | Ppto: Ppto 171-2025 | Planta: Dagartech (Zaragoza) | Marca: STAMFORD | Tipo: S6L1D-G41 | NS: X24E216718</p>	f	\N	t	2025-09-23 22:00:00	\N	2026-05-08 09:01:52	\N	2026-05-08 09:01:50.704468	2026-05-08 09:01:50.704468	\N	\N
3719	\N	\N	\N	8	5	2	2812	1	2	\N	2	2	WH/OUT/02719	4105007414 / OT-6024	direct	draft	0	\N	<p>Factura: 250170 | Ppto: Ppto 244-2024 | NS: 550-6300-0011 | Comentarios: Contenedor transformadores</p>	f	\N	t	2025-09-28 22:00:00	\N	2026-05-08 09:01:52	\N	2026-05-08 09:01:50.704468	2026-05-08 09:01:50.704468	\N	\N
3720	\N	\N	\N	8	5	2	3294	1	2	\N	2	2	WH/OUT/02720	4500068111 / OT-6311	direct	draft	0	\N	<p>Factura: 250176 | Ppto: Ppto 146-2025 | Planta: Serveo (Barcelona) | Marca: Leroy Somer | Comentarios: 8 Alternadores</p>	f	\N	t	2025-09-29 22:00:00	\N	2026-05-08 09:01:52	\N	2026-05-08 09:01:50.704468	2026-05-08 09:01:50.704468	\N	\N
3721	\N	\N	\N	8	5	2	2969	1	2	\N	2	2	WH/OUT/02721	2025/1000556 / OT-6312	direct	draft	0	\N	<p>Factura: 250175 | Ppto: Ppto 232Rev1-2025 | Planta: Edar Terrasa (Barcelona) | Marca: Marelli Generators | Tipo: MJB400SR4B24 | NS: MS24850</p>	f	\N	t	2025-09-29 22:00:00	\N	2026-05-08 09:01:52	\N	2026-05-08 09:01:50.704468	2026-05-08 09:01:50.704468	\N	\N
3722	\N	\N	\N	8	5	2	2844	1	2	\N	2	2	WH/OUT/02722	25451 / OT-6301	direct	draft	0	\N	<p>Factura: 250174 | Ppto: Ppto 247-2025 | Marca: STAMFORD | Tipo: SAL1D-41 | NS: N21E209469</p>	f	\N	t	2025-09-29 22:00:00	\N	2026-05-08 09:01:52	\N	2026-05-08 09:01:50.704468	2026-05-08 09:01:50.704468	\N	\N
3723	\N	\N	\N	8	5	2	3107	1	2	\N	2	2	WH/OUT/02723	4011132 / OT-6318	direct	draft	0	\N	<p>Factura: 250172 | Ppto: Ppto 210Rev2-2025 | Planta: Edar Arazuri (Navarra) | Marca: STAMFORD | Tipo: HVSI804R2 | NS: P12A857790</p>	f	\N	t	2025-09-30 22:00:00	\N	2026-05-08 09:01:52	\N	2026-05-08 09:01:50.704468	2026-05-08 09:01:50.704468	\N	\N
3724	\N	\N	\N	8	5	2	2933	1	2	\N	2	2	WH/OUT/02724	4100012007 / OT-6307	direct	draft	0	\N	<p>Factura: 250173 | Ppto: Ppto 227-2025 | Planta: Bieffe - Baxter (Sabiñanigo) | Marca: AVK | Tipo: DIG142/E4 | NS: 8430144A203</p>	f	\N	t	2025-09-30 22:00:00	\N	2026-05-08 09:01:52	\N	2026-05-08 09:01:50.704468	2026-05-08 09:01:50.704468	\N	\N
3725	\N	\N	\N	8	5	2	3035	1	2	\N	2	2	WH/OUT/02725	4500535298 / OT-6282	direct	draft	0	\N	<p>Factura: 250177 | Ppto: Ppto 222-2025 | Planta: Arganda | Comentarios: Banco de pruebas</p>	f	\N	t	2025-09-30 22:00:00	\N	2026-05-08 09:01:52	\N	2026-05-08 09:01:50.704468	2026-05-08 09:01:50.704468	\N	\N
3726	\N	\N	\N	8	5	2	2919	1	2	\N	2	2	WH/OUT/02726	PCC25002102 / OT-6320	direct	draft	0	\N	<p>Factura: 250171 | Ppto: Ppto 243-2025 | Marca: Suministro 1ud.RSK-2001</p>	f	\N	t	2025-09-30 22:00:00	\N	2026-05-08 09:01:52	\N	2026-05-08 09:01:50.704468	2026-05-08 09:01:50.704468	\N	\N
3727	\N	\N	\N	8	5	2	2908	1	2	\N	2	2	WH/OUT/02727	25PC004855 / OT-6323	direct	draft	0	\N	<p>Factura: 250182 | Ppto: Ppto 256-2025 | Marca: Suministro 3ud.MX341</p>	f	\N	t	2025-10-07 22:00:00	\N	2026-05-08 09:01:52	\N	2026-05-08 09:01:50.704468	2026-05-08 09:01:50.704468	\N	\N
3728	\N	\N	\N	8	5	2	3079	1	2	\N	2	2	WH/OUT/02728	\N	direct	draft	0	\N	<p>Factura: 250181 | Ppto: Ppto 258-2025 | Pedido: Aceptac.Ppto. | Marca: Suministro alternador LSA44.2S7C 6/4</p>	f	\N	t	2025-10-07 22:00:00	\N	2026-05-08 09:01:52	\N	2026-05-08 09:01:50.704468	2026-05-08 09:01:50.704468	\N	\N
3730	\N	\N	\N	8	5	2	3194	1	2	\N	2	2	WH/OUT/02730	25.0946-T / OT-6326	direct	draft	0	\N	<p>Factura: 250184 | Ppto: Ppto 251-2025 | Marca: Suministro RSK-2001</p>	f	\N	t	2025-10-09 22:00:00	\N	2026-05-08 09:01:52	\N	2026-05-08 09:01:50.704468	2026-05-08 09:01:50.704468	\N	\N
3731	\N	\N	\N	8	5	2	3118	1	2	\N	2	2	WH/OUT/02731	4100062259	direct	draft	0	\N	<p>Factura: 250183 | Ppto: Ppto 199-2025</p>	f	\N	t	2025-10-09 22:00:00	\N	2026-05-08 09:01:52	\N	2026-05-08 09:01:50.704468	2026-05-08 09:01:50.704468	\N	\N
3732	\N	\N	\N	8	5	2	3259	1	2	\N	2	2	WH/OUT/02732	7725081197 / OT-6319	direct	draft	0	\N	<p>Factura: 250193 | Ppto: Ppto 175-2025 | Planta: Vertedero Murcia | Marca: STAMFORD | Tipo: HC734F</p>	f	\N	t	2025-10-13 22:00:00	\N	2026-05-08 09:01:52	\N	2026-05-08 09:01:50.704468	2026-05-08 09:01:50.704468	\N	\N
3733	\N	\N	\N	8	5	2	3035	1	2	\N	2	2	WH/OUT/02733	4500534384 / OT-6321	direct	draft	0	\N	<p>Factura: 250192 | Ppto: Ppto 184-2025 | Marca: Caterpillar | Tipo: SR500 | NS: DE660GC</p>	f	\N	t	2025-10-14 22:00:00	\N	2026-05-08 09:01:52	\N	2026-05-08 09:01:50.704468	2026-05-08 09:01:50.704468	\N	\N
3734	\N	\N	\N	8	5	2	2817	1	2	\N	2	2	WH/OUT/02734	106926_444 / OT-6298	direct	draft	0	\N	<p>Factura: 250190 | Ppto: Ppto 244-2025 | Marca: Caterpillar | Tipo: LL6114G | NS: 36488300001</p>	f	\N	t	2025-10-14 22:00:00	\N	2026-05-08 09:01:52	\N	2026-05-08 09:01:50.704468	2026-05-08 09:01:50.704468	\N	\N
3735	\N	\N	\N	8	5	2	2946	1	2	\N	2	2	WH/OUT/02735	OT-6288	direct	draft	0	\N	<p>Factura: 250185 | Ppto: Ppto 223-2025 | Pedido: Sin pedido | Planta: Monzón | Marca: STAMFORD | Tipo: S0L2-P1 | NS: G24G270827</p>	f	\N	t	2025-10-15 22:00:00	\N	2026-05-08 09:01:52	\N	2026-05-08 09:01:50.704468	2026-05-08 09:01:50.704468	\N	\N
3736	\N	\N	\N	8	5	2	3107	1	2	\N	2	2	WH/OUT/02736	4011200 / OT-6328	direct	draft	0	\N	<p>Factura: 250189 | Ppto: Ppto 263-2025 | Planta: Ecoparc 2 (Barcelona) | Marca: STAMFORD | Tipo: HCI734G2-CG | NS: 0158377/02      A03B016417</p>	f	\N	t	2025-10-15 22:00:00	\N	2026-05-08 09:01:52	\N	2026-05-08 09:01:50.704468	2026-05-08 09:01:50.704468	\N	\N
3737	\N	\N	\N	8	5	2	2954	1	2	\N	2	2	WH/OUT/02737	4100012164 / OT-6313	direct	draft	0	\N	<p>Factura: 250194 | Ppto: Ppto 231-2025 | Planta: Bieffe - Baxter (Sabniñanigo) | Marca: AVK | Tipo: DIG142/E4 | NS: 8430144A203</p>	f	\N	t	2025-10-16 22:00:00	\N	2026-05-08 09:01:52	\N	2026-05-08 09:01:50.704468	2026-05-08 09:01:50.704468	\N	\N
3738	\N	\N	\N	8	5	2	3294	1	2	\N	2	2	WH/OUT/02738	4500071947 / OT-6329	direct	draft	0	\N	<p>Factura: 250191 | Ppto: Ppto 230-2025 | Planta: Merlin Edge Getafe | Marca: Leroy Somer | Tipo: LSA54.2ZL14/4P</p>	f	\N	t	2025-10-16 22:00:00	\N	2026-05-08 09:01:52	\N	2026-05-08 09:01:50.704468	2026-05-08 09:01:50.704468	\N	\N
3739	\N	\N	\N	8	5	2	2919	1	2	\N	2	2	WH/OUT/02739	PCC25002309 / OT-6327	direct	draft	0	\N	<p>Factura: 250186 | Ppto: Ppto 249Rev1-2025 | Marca: Suministro alternador Leroy Somer LSA40 VS2</p>	f	\N	t	2025-10-16 22:00:00	\N	2026-05-08 09:01:52	\N	2026-05-08 09:01:50.704468	2026-05-08 09:01:50.704468	\N	\N
3740	\N	\N	\N	8	5	2	3203	1	2	\N	2	2	WH/OUT/02740	1023-25	direct	draft	0	\N	<p>Factura: 250187 | Ppto: Ppto 236-2025 | Marca: Suministro AS440, MX341 y RSK-5001</p>	f	\N	t	2025-10-23 22:00:00	\N	2026-05-08 09:01:52	\N	2026-05-08 09:01:50.704468	2026-05-08 09:01:50.704468	\N	\N
3741	\N	\N	\N	8	5	2	3244	1	2	\N	2	2	WH/OUT/02741	OT-5565	direct	draft	0	\N	<p>Factura: No se factura</p>	f	\N	t	2025-10-23 22:00:00	\N	2026-05-08 09:01:52	\N	2026-05-08 09:01:50.704468	2026-05-08 09:01:50.704468	\N	\N
3742	\N	\N	\N	8	5	2	3035	1	2	\N	2	2	WH/OUT/02742	4000047627 / OT-6334	direct	draft	0	\N	<p>Factura: 250195 | Ppto: Ppto 217-2025 | Marca: Suministro Varistor de protección LSA 50.1</p>	f	\N	t	2025-10-26 23:00:00	\N	2026-05-08 09:01:52	\N	2026-05-08 09:01:50.704468	2026-05-08 09:01:50.704468	\N	\N
3822	\N	\N	\N	8	5	2	2835	1	2	\N	2	2	WH/OUT/02822	74103 / OT-6398	direct	draft	0	\N	<p>Factura: 260051 | Ppto: Ppto 235-2025 | Marca: Leroy Somer | Tipo: LSA56BXL60-4P</p>	f	\N	t	2026-02-12 23:00:00	\N	2026-05-08 09:01:52	\N	2026-05-08 09:01:50.704468	2026-05-08 09:01:50.704468	\N	\N
3757	\N	\N	\N	8	5	2	2808	1	2	\N	2	2	WH/OUT/02757	OT-6352	direct	draft	0	\N	<p>Factura: 250208 | Ppto: Ppto 290Rev1-2025 | Pedido: Aceptac.Ppto. | Marca: Suministro Regulador STAMFORD DM110</p>	f	\N	t	2025-11-18 23:00:00	\N	2026-05-08 09:01:52	\N	2026-05-08 09:01:50.704468	2026-05-08 09:01:50.704468	\N	\N
3743	\N	\N	\N	8	5	2	3011	1	2	\N	2	2	WH/OUT/02743	\N	direct	draft	0	\N	<p>Comentarios: Salida material: Tanquetas y Gatos de uña</p>	f	\N	t	2025-10-26 23:00:00	\N	2026-05-08 09:01:52	\N	2026-05-08 09:01:50.704468	2026-05-08 09:01:50.704468	\N	\N
3744	\N	\N	\N	8	5	2	2870	1	2	\N	2	2	WH/OUT/02744	P17894 / OT-6337	direct	draft	0	\N	<p>Factura: 250188 | Ppto: Ppto 264Rev1-2025 | Marca: STAMFORD | Tipo: HCM434F1 | NS: C19J1425211 | Comentarios: (Primer 50%)</p>	f	\N	t	2025-10-30 23:00:00	\N	2026-05-08 09:01:52	\N	2026-05-08 09:01:50.704468	2026-05-08 09:01:50.704468	\N	\N
3745	\N	\N	\N	8	5	2	3035	1	2	\N	2	2	WH/OUT/02745	OT-6268	direct	draft	0	\N	<p>Factura: 250198 | Ppto: Ppto 178-2025 | Marca: Caterpillar | Tipo: 900F | NS: CAT00000C8V00750 (ilegible)</p>	f	\N	t	2025-11-02 23:00:00	\N	2026-05-08 09:01:52	\N	2026-05-08 09:01:50.704468	2026-05-08 09:01:50.704468	\N	\N
3746	\N	\N	\N	8	5	2	3190	1	2	\N	2	2	WH/OUT/02746	OT-6339	direct	draft	0	\N	<p>Factura: 250197 | Ppto: Ppto 271-2025 | Pedido: Aceptac.Ppto. | Marca: Suministro repuestos STAMFORD UCI274D1</p>	f	\N	t	2025-11-02 23:00:00	\N	2026-05-08 09:01:52	\N	2026-05-08 09:01:50.704468	2026-05-08 09:01:50.704468	\N	\N
3747	\N	\N	\N	8	5	2	3033	1	2	\N	2	2	WH/OUT/02747	C5081-2025C508102468 / OT-6331	direct	draft	0	\N	<p>Factura: 250196 | Ppto: Ppto 270-2025 | Marca: Vogele | Tipo: SDF3055-4 12 | NS: 10024419</p>	f	\N	t	2025-10-29 23:00:00	\N	2026-05-08 09:01:52	\N	2026-05-08 09:01:50.704468	2026-05-08 09:01:50.704468	\N	\N
3748	\N	\N	\N	8	5	2	3294	1	2	\N	2	2	WH/OUT/02748	4500073830 / OT-6329	direct	draft	0	\N	<p>Factura: 250202 | Ppto: Ppto 268-2025 | Planta: Merlin Edge Getafe</p>	f	\N	t	2025-11-06 23:00:00	\N	2026-05-08 09:01:52	\N	2026-05-08 09:01:50.704468	2026-05-08 09:01:50.704468	\N	\N
3749	\N	\N	\N	8	5	2	3107	1	2	\N	2	2	WH/OUT/02749	4011068 / OT-6303, 6304 y 6305	direct	draft	0	\N	<p>Factura: 250200 | Ppto: Ppto 147-2025 | Planta: Edar Loyola | Marca: STAMFORD | Tipo: PE734F2 | NS: A05C379254, A05C379255 y A05D383815</p>	f	\N	t	2025-11-10 23:00:00	\N	2026-05-08 09:01:52	\N	2026-05-08 09:01:50.704468	2026-05-08 09:01:50.704468	\N	\N
3750	\N	\N	\N	8	5	2	3107	1	2	\N	2	2	WH/OUT/02750	4011221 / OT-6303, 6304 y 6305	direct	draft	0	\N	<p>Factura: 250201 | Ppto: Ppto 248-2025 | Planta: Edar Loyola (Extras) | Marca: STAMFORD | Tipo: PE734F2 | NS: A05C379254, A05C379255 y A05D383815</p>	f	\N	t	2025-11-10 23:00:00	\N	2026-05-08 09:01:52	\N	2026-05-08 09:01:50.704468	2026-05-08 09:01:50.704468	\N	\N
3751	\N	\N	\N	8	5	2	3167	1	2	\N	2	2	WH/OUT/02751	Proceso 12501051 / OT-6338	direct	draft	0	\N	<p>Factura: 250217 | Ppto: Ppto 282-2025 | Planta: Guadalajara | Marca: Mozelt | Tipo: DPE-0715/DGT-060 | NS: 17-017299</p>	f	\N	t	2025-11-12 23:00:00	\N	2026-05-08 09:01:52	\N	2026-05-08 09:01:50.704468	2026-05-08 09:01:50.704468	\N	\N
3752	\N	\N	\N	8	5	2	3327	1	2	\N	2	2	WH/OUT/02752	OT-6346	direct	draft	0	\N	<p>Factura: 250205 | Ppto: Ppto 100-2025 | Pedido: Aceptac.Ppto. | Marca: Suministro repuestos para Leroy Somer LSA43.2</p>	f	\N	t	2025-11-12 23:00:00	\N	2026-05-08 09:01:52	\N	2026-05-08 09:01:50.704468	2026-05-08 09:01:50.704468	\N	\N
3753	\N	\N	\N	8	5	2	3358	1	2	\N	2	2	WH/OUT/02753	OT-6348	direct	draft	0	\N	<p>Factura: 250209 | Ppto: Ppto 286-2025 | Pedido: Aceptac.Ppto. | Marca: Suministro kit rectificador (diodos+varistor) para AVK DSG43L-4</p>	f	\N	t	2025-11-13 23:00:00	\N	2026-05-08 09:01:52	\N	2026-05-08 09:01:50.704468	2026-05-08 09:01:50.704468	\N	\N
3754	\N	\N	\N	8	5	2	3223	1	2	\N	2	2	WH/OUT/02754	045-NC25 SILLAC / OT-6302	direct	draft	0	\N	<p>Factura: 250199 | Ppto: Ppto 283-2025 | Planta: Aggreko (Humanes) | Marca: Leroy Somer | Tipo: LSA46.3M8C6/4 | NS: 45976600006</p>	f	\N	t	2025-11-02 23:00:00	\N	2026-05-08 09:01:52	\N	2026-05-08 09:01:50.704468	2026-05-08 09:01:50.704468	\N	\N
3755	\N	\N	\N	8	5	2	3118	1	2	\N	2	2	WH/OUT/02755	4100064405 / OT-6322	direct	draft	0	\N	<p>Factura: 250207 | Ppto: Ppto 242-2025 | Planta: My Viva | Marca: STAMFORD | Tipo: HCM634J2 | NS: A17L497193</p>	f	\N	t	2025-11-18 23:00:00	\N	2026-05-08 09:01:52	\N	2026-05-08 09:01:50.704468	2026-05-08 09:01:50.704468	\N	\N
3756	\N	\N	\N	8	5	2	3078	1	2	\N	2	2	WH/OUT/02756	\N	direct	draft	0	\N	<p>Factura: 250203 | Ppto: Ppto 260-2025</p>	f	\N	t	2025-11-18 23:00:00	\N	2026-05-08 09:01:52	\N	2026-05-08 09:01:50.704468	2026-05-08 09:01:50.704468	\N	\N
3758	\N	\N	\N	8	5	2	2941	1	2	\N	2	2	WH/OUT/02758	2857/25 / OT-6347	direct	draft	0	\N	<p>Factura: 250204 | Planta: Edificio Torre Madnum (Madrid) | Marca: STAMFORD | Tipo: UCI274H1 | NS: N23A031516</p>	f	\N	t	2025-11-10 23:00:00	\N	2026-05-08 09:01:52	\N	2026-05-08 09:01:50.704468	2026-05-08 09:01:50.704468	\N	\N
3759	\N	\N	\N	8	5	2	3278	1	2	\N	2	2	WH/OUT/02759	\N	direct	draft	0	\N	<p>Factura: 250206 | Marca: Venta de chatarra</p>	f	\N	t	2025-11-18 23:00:00	\N	2026-05-08 09:01:52	\N	2026-05-08 09:01:50.704468	2026-05-08 09:01:50.704468	\N	\N
3760	\N	\N	\N	8	5	2	3011	1	2	\N	2	2	WH/OUT/02760	OT-6333	direct	draft	0	\N	<p>Factura: 250210 | Ppto: Ppto 294-2025 | Pedido: Sin pedido | Marca: THIGE-TITAN ELECTRIC | Tipo: GB160 517 BF | NS: 920215</p>	f	\N	t	2025-11-18 23:00:00	\N	2026-05-08 09:01:52	\N	2026-05-08 09:01:50.704468	2026-05-08 09:01:50.704468	\N	\N
3761	\N	\N	\N	8	5	2	3118	1	2	\N	2	2	WH/OUT/02761	4100062259 / OT-6332	direct	draft	0	\N	<p>Factura: 250212 | Ppto: Ppto 199-2025 | Planta: My Seven Seas | Marca: STAMFORD | Tipo: HCM634 | NS: HCM634K2 -C18I381962    HCM634J2 - C18I381963    HCM634K2 - C18I38196    HCM634J2 - C18I381964</p>	f	\N	t	2025-11-18 23:00:00	\N	2026-05-08 09:01:52	\N	2026-05-08 09:01:50.704468	2026-05-08 09:01:50.704468	\N	\N
3762	\N	\N	\N	8	5	2	2946	1	2	\N	2	2	WH/OUT/02762	OT-6306	direct	draft	0	\N	<p>Factura: 250211 | Ppto: Ppto 239-2025 | Pedido: Aceptac.Ppto. | Planta: Dagartech | Marca: STAMFORD | Tipo: HCI534D1 | NS: X25A024624</p>	f	\N	t	2025-11-18 23:00:00	\N	2026-05-08 09:01:52	\N	2026-05-08 09:01:50.704468	2026-05-08 09:01:50.704468	\N	\N
3763	\N	\N	\N	8	5	2	2959	1	2	\N	2	2	WH/OUT/02763	OT-6349	direct	draft	0	\N	<p>Factura: 250213 | Ppto: Ppto 261Rev1-2025 | Pedido: Aceptac.Ppto. | Planta: Tracjusa | Marca: STAMFORD | Tipo: HVXI824H2 | NS: 0850568/01 y 0850569/01</p>	f	\N	t	2025-11-20 23:00:00	\N	2026-05-08 09:01:52	\N	2026-05-08 09:01:50.704468	2026-05-08 09:01:50.704468	\N	\N
3764	\N	\N	\N	8	5	2	3076	1	2	\N	2	2	WH/OUT/02764	OT-6355	direct	draft	0	\N	<p>Factura: 250214 | Ppto: Ppto 288Rev1-2025 | Pedido: Aceptac.Ppto. | Planta: Icasa | Marca: Suministro transformador marcha en paralelo HC6/7 </p>	f	\N	t	2025-11-24 23:00:00	\N	2026-05-08 09:01:52	\N	2026-05-08 09:01:50.704468	2026-05-08 09:01:50.704468	\N	\N
3765	\N	\N	\N	8	5	2	3203	1	2	\N	2	2	WH/OUT/02765	OT-6357	direct	draft	0	\N	<p>Factura: 250216 | Marca: Suministro RSK-5001</p>	f	\N	t	2025-11-25 23:00:00	\N	2026-05-08 09:01:52	\N	2026-05-08 09:01:50.704468	2026-05-08 09:01:50.704468	\N	\N
3766	\N	\N	\N	8	5	2	2934	1	2	\N	2	2	WH/OUT/02766	OT-3783	direct	draft	0	\N	<p>Factura: 250215 | Ppto: Ppto 252-2025 | Pedido: Sin pedido (donación) | Marca: STAMFORD | Tipo: UCI274F1 | NS: A15A055015</p>	f	\N	t	2025-11-25 23:00:00	\N	2026-05-08 09:01:52	\N	2026-05-08 09:01:50.704468	2026-05-08 09:01:50.704468	\N	\N
3767	\N	\N	\N	8	5	2	2895	1	2	\N	2	2	WH/OUT/02767	IND8316694 / OT-6291	direct	draft	0	\N	<p>Factura: 260008 | Ppto: Ppto 303-2025 | Planta: Dagartech | Marca: STAMFORD | Tipo: S1L2-K1 | NS: G24A010341</p>	f	\N	t	2025-11-27 23:00:00	\N	2026-05-08 09:01:52	\N	2026-05-08 09:01:50.704468	2026-05-08 09:01:50.704468	\N	\N
3768	\N	\N	\N	8	5	2	3107	1	2	\N	2	2	WH/OUT/02768	4011297 / OT-6335	direct	draft	0	\N	<p>Factura: 260001 | Ppto: Ppto 284-2025 | Planta: Ecoparc 2 (Barcelona) | Marca: STAMFORD | Tipo: HCI734G2-CG | NS: 0158377/02</p>	f	\N	t	2025-12-01 23:00:00	\N	2026-05-08 09:01:52	\N	2026-05-08 09:01:50.704468	2026-05-08 09:01:50.704468	\N	\N
3769	\N	\N	\N	8	5	2	3107	1	2	\N	2	2	WH/OUT/02769	4011349 / OT-6358	direct	draft	0	\N	<p>Factura: 260002 | Ppto: Ppto 298-2025 | Marca: Suministro bancada serie 3</p>	f	\N	t	2025-12-01 23:00:00	\N	2026-05-08 09:01:52	\N	2026-05-08 09:01:50.704468	2026-05-08 09:01:50.704468	\N	\N
3770	\N	\N	\N	8	5	2	2959	1	2	\N	2	2	WH/OUT/02770	OT-6361	direct	draft	0	\N	<p>Factura: 260009 | Ppto: Ppto 307-2025 | Pedido: Aceptac.Ppto. | Marca: Suministro imán permanente para HVXI824H2</p>	f	\N	t	2025-12-04 23:00:00	\N	2026-05-08 09:01:52	\N	2026-05-08 09:01:50.704468	2026-05-08 09:01:50.704468	\N	\N
3771	\N	\N	\N	8	5	2	2987	1	2	\N	2	2	WH/OUT/02771	OT-6364	direct	draft	0	\N	<p>Factura: 250220 | Ppto: Ppto 309-2025 | Pedido: Aceptac.Ppto. | Marca: Suministro alternador STAMFORD S4L1D</p>	f	\N	t	2025-12-10 23:00:00	\N	2026-05-08 09:01:52	\N	2026-05-08 09:01:50.704468	2026-05-08 09:01:50.704468	\N	\N
3772	\N	\N	\N	8	5	2	2844	1	2	\N	2	2	WH/OUT/02772	OT-6362	direct	draft	0	\N	<p>Factura: 260006 | Ppto: Sin presupuesto | Pedido: Sin pedido | Marca: MECALTE | Tipo: ECN 34-LA/4 | NS: 686753</p>	f	\N	t	2025-12-15 23:00:00	\N	2026-05-08 09:01:52	\N	2026-05-08 09:01:50.704468	2026-05-08 09:01:50.704468	\N	\N
3773	\N	\N	\N	8	5	2	2908	1	2	\N	2	2	WH/OUT/02773	25PC006205 / OT-6368	direct	draft	0	\N	<p>Factura: 250218 | Ppto: Ppto 312-2025 | Marca: Suministro 2 Tarjetas Regulación Voltaje MX341</p>	f	\N	t	2025-12-16 23:00:00	\N	2026-05-08 09:01:52	\N	2026-05-08 09:01:50.704468	2026-05-08 09:01:50.704468	\N	\N
3774	\N	\N	\N	8	5	2	3035	1	2	\N	2	2	WH/OUT/02774	OT-6343	direct	draft	0	\N	<p>Factura: 260012 | Ppto: Ppto 295-2025 | Marca: Caterpillar | Tipo: G3512E | NS: CATG3512VNGS00138</p>	f	\N	t	2025-12-17 23:00:00	\N	2026-05-08 09:01:52	\N	2026-05-08 09:01:50.704468	2026-05-08 09:01:50.704468	\N	\N
3775	\N	\N	\N	8	5	2	3277	1	2	\N	2	2	WH/OUT/02775	\N	direct	draft	0	\N	<p>Factura: 250219 | Marca: Venta de chatarra</p>	f	\N	t	2025-12-17 23:00:00	\N	2026-05-08 09:01:52	\N	2026-05-08 09:01:50.704468	2026-05-08 09:01:50.704468	\N	\N
3776	\N	\N	\N	8	5	2	3035	1	2	\N	2	2	WH/OUT/02776	4500538956 / OT-6370	direct	draft	0	\N	<p>Factura: 260013 | Ppto: Ppto 093-2025 | Marca: Curso de armónicos</p>	f	\N	t	2025-12-17 23:00:00	\N	2026-05-08 09:01:52	\N	2026-05-08 09:01:50.704468	2026-05-08 09:01:50.704468	\N	\N
3777	\N	\N	\N	8	5	2	2987	1	2	\N	2	2	WH/OUT/02777	OT-6364	direct	draft	0	\N	<p>Factura: 260014 | Ppto: Ppto 309-2025 | Pedido: Aceptac.Ppto. | Marca: Suministro alternador STAMFORD S4L1D NºN25I382590 | Comentarios: 9003 (primer 50%) y 9009</p>	f	\N	t	2025-12-22 23:00:00	\N	2026-05-08 09:01:52	\N	2026-05-08 09:01:50.704468	2026-05-08 09:01:50.704468	\N	\N
3778	\N	\N	\N	8	5	2	2862	1	2	\N	2	2	WH/OUT/02778	\N	direct	draft	0	\N	\N	f	\N	t	2025-12-30 23:00:00	\N	2026-05-08 09:01:52	\N	2026-05-08 09:01:50.704468	2026-05-08 09:01:50.704468	\N	\N
3779	\N	\N	\N	8	5	2	3028	1	2	\N	2	2	WH/OUT/02779	OT-6247	direct	draft	0	\N	<p>Factura: 260018 | Ppto: Sin presupuesto | Pedido: Sin pedido | Marca: Laser | Tipo: TRUMF</p>	f	\N	t	2025-05-25 22:00:00	\N	2026-05-08 09:01:52	\N	2026-05-08 09:01:50.704468	2026-05-08 09:01:50.704468	\N	\N
3780	\N	\N	\N	8	5	2	3591	1	2	\N	2	2	WH/OUT/02780	OT-6185	direct	draft	0	\N	<p>Ppto: Ppto 065-2025 | Pedido: Sin pedido | Marca: Leroy Somer | Tipo: LSA44.2VS45J6/4 | NS: 258039/7 | Comentarios: Salida sin reparación</p>	f	\N	t	2025-04-29 22:00:00	\N	2026-05-08 09:01:52	\N	2026-05-08 09:01:50.704468	2026-05-08 09:01:50.704468	\N	\N
3781	\N	\N	\N	8	5	2	3107	1	2	\N	2	2	WH/OUT/02781	4011408 / OT-6324 y 6325	direct	draft	0	\N	<p>Factura: 260021 | Ppto: Ppto 006-2026 | Marca: Bosch | Tipo: 0 001 601 028 | NS: 223 y 708</p>	f	\N	t	2026-01-01 23:00:00	\N	2026-05-08 09:01:52	\N	2026-05-08 09:01:50.704468	2026-05-08 09:01:50.704468	\N	\N
3782	\N	\N	\N	8	5	2	3107	1	2	\N	2	2	WH/OUT/02782	4011030 / OT-6260	direct	draft	0	\N	<p>Factura: 260003 | Ppto: Ppto 174Rev1-2025 | Marca: AVK | Tipo: DIG142C/4 | NS: 8329528A203</p>	f	\N	t	2026-01-01 23:00:00	\N	2026-05-08 09:01:52	\N	2026-05-08 09:01:50.704468	2026-05-08 09:01:50.704468	\N	\N
3783	\N	\N	\N	8	5	2	3107	1	2	\N	2	2	WH/OUT/02783	4011082 / OT-6260	direct	draft	0	\N	<p>Factura: 260004 | Ppto: Ppto 174-2025 | Marca: AVK | Tipo: DIG142C/4 | NS: 8329528A203</p>	f	\N	t	2026-01-01 23:00:00	\N	2026-05-08 09:01:52	\N	2026-05-08 09:01:50.704468	2026-05-08 09:01:50.704468	\N	\N
3784	\N	\N	\N	8	5	2	2817	1	2	\N	2	2	WH/OUT/02784	OCAS01-00000000035 / OT-6373	direct	draft	0	\N	<p>Factura: 260005 | Ppto: Ppto 001-2026 | Marca: Suministro AS540</p>	f	\N	t	2026-01-07 23:00:00	\N	2026-05-08 09:01:52	\N	2026-05-08 09:01:50.704468	2026-05-08 09:01:50.704468	\N	\N
3785	\N	\N	\N	8	5	2	3324	1	2	\N	2	2	WH/OUT/02785	OT-6198	direct	draft	0	\N	<p>Factura: 260007 | Ppto: Ppto 010-2026 | Planta: Nufri 3 M3 | Marca: Leroy Somer | Tipo: LSA54UL95-4P | NS: 168163-4</p>	f	\N	t	2026-01-07 23:00:00	\N	2026-05-08 09:01:52	\N	2026-05-08 09:01:50.704468	2026-05-08 09:01:50.704468	\N	\N
3786	\N	\N	\N	8	5	2	2817	1	2	\N	2	2	WH/OUT/02786	OT-6369	direct	draft	0	\N	<p>Factura: No se factura | Marca: Caterpillar | Tipo: LC6134G | NS: L6B10406</p>	f	\N	t	2026-01-13 23:00:00	\N	2026-05-08 09:01:52	\N	2026-05-08 09:01:50.704468	2026-05-08 09:01:50.704468	\N	\N
3787	\N	\N	\N	8	5	2	2818	1	2	\N	2	2	WH/OUT/02787	\N	direct	draft	0	\N	\N	f	\N	t	2026-01-07 23:00:00	\N	2026-05-08 09:01:52	\N	2026-05-08 09:01:50.704468	2026-05-08 09:01:50.704468	\N	\N
3788	\N	\N	\N	8	5	2	2959	1	2	\N	2	2	WH/OUT/02788	OT-6367	direct	draft	0	\N	<p>Factura: 260010 | Ppto: Ppto 320-2025 | Pedido: Sin pedido | Planta: Grupo 6 | Marca: STAMFORD | Tipo: HVXI824H2 | NS: 0850569/01/00204924</p>	f	\N	t	2026-01-07 23:00:00	\N	2026-05-08 09:01:52	\N	2026-05-08 09:01:50.704468	2026-05-08 09:01:50.704468	\N	\N
3789	\N	\N	\N	8	5	2	2817	1	2	\N	2	2	WH/OUT/02789	OCAS01-00000000075 / OT-6342	direct	draft	0	\N	<p>Factura: 260011 | Ppto: Ppto 011-2026 | Marca: STAMFORD | Tipo: UCDI274K1 | NS: A16E219147</p>	f	\N	t	2026-01-07 23:00:00	\N	2026-05-08 09:01:52	\N	2026-05-08 09:01:50.704468	2026-05-08 09:01:50.704468	\N	\N
3821	\N	\N	\N	8	5	2	2908	1	2	\N	2	2	WH/OUT/02821	26PC000850 / OT-6399	direct	draft	0	\N	<p>Factura: 260044 | Ppto: Ppto 054-2026 | Marca: Suministro AS540</p>	f	\N	t	2026-02-12 23:00:00	\N	2026-05-08 09:01:52	\N	2026-05-08 09:01:50.704468	2026-05-08 09:01:50.704468	\N	\N
3790	\N	\N	\N	8	5	2	2933	1	2	\N	2	2	WH/OUT/02790	4100012164 / OT-6354	direct	draft	0	\N	<p>Factura: 260031 | Ppto: Ppto 306-2025 | Planta: Bieffe - Baxter (Sabiñanigo) | Marca: AVK | Tipo: DIG142C/4 | NS: 8430144A203</p>	f	\N	t	2026-01-07 23:00:00	\N	2026-05-08 09:01:52	\N	2026-05-08 09:01:50.704468	2026-05-08 09:01:50.704468	\N	\N
3791	\N	\N	\N	8	5	2	2946	1	2	\N	2	2	WH/OUT/02791	OT-6375	direct	draft	0	\N	<p>Factura: 260017 | Ppto: Ppto. 013-2026 | Pedido: Aceptac.Ppto. | Marca: Suministro Antiflash</p>	f	\N	t	2026-01-14 23:00:00	\N	2026-05-08 09:01:52	\N	2026-05-08 09:01:50.704468	2026-05-08 09:01:50.704468	\N	\N
3792	\N	\N	\N	8	5	2	3324	1	2	\N	2	2	WH/OUT/02792	OT-6223	direct	draft	0	\N	<p>Factura: 260015 | Ppto: Ppto 014-2026 | Pedido: Sin pedido | Planta: M5 | Marca: Leroy Somer | Tipo: LSA54OL95/4P | NS: 601718/1</p>	f	\N	t	2026-01-07 23:00:00	\N	2026-05-08 09:01:52	\N	2026-05-08 09:01:50.704468	2026-05-08 09:01:50.704468	\N	\N
3793	\N	\N	\N	8	5	2	2895	1	2	\N	2	2	WH/OUT/02793	IND8358308 / OT-6317	direct	draft	0	\N	<p>Factura: 260016 | Ppto: Ppto 313-2025 | Planta: Monzón | Marca: STAMFORD | Tipo: UCI224G1 | NS: G25C125379</p>	f	\N	t	2026-01-07 23:00:00	\N	2026-05-08 09:01:52	\N	2026-05-08 09:01:50.704468	2026-05-08 09:01:50.704468	\N	\N
3794	\N	\N	\N	8	5	2	3043	1	2	\N	2	2	WH/OUT/02794	OT-6210	direct	draft	0	\N	<p>Factura: 260019 | Ppto: Ppto 015-2026  | Pedido: Sin pedido | Planta: Fco.Sanchez - 629137546 | Marca: KWG | Tipo: 41286 | NS: KWG350/4-Z40-033</p>	f	\N	t	2026-01-07 23:00:00	\N	2026-05-08 09:01:52	\N	2026-05-08 09:01:50.704468	2026-05-08 09:01:50.704468	\N	\N
3795	\N	\N	\N	8	5	2	3326	1	2	\N	2	2	WH/OUT/02795	OT-6199	direct	draft	0	\N	<p>Factura: 260020 | Ppto: Ppto 016-2026 | Pedido: Sin pedido | Planta: Nufri 2 M2 (Grumadisa) | Marca: AVK | Tipo: DIG150L/6 | NS: 8322970A202</p>	f	\N	t	2026-01-07 23:00:00	\N	2026-05-08 09:01:52	\N	2026-05-08 09:01:50.704468	2026-05-08 09:01:50.704468	\N	\N
3796	\N	\N	\N	8	5	2	2914	1	2	\N	2	2	WH/OUT/02796	OT-6341	direct	draft	0	\N	<p>Factura: 260023 | Ppto: Ppto. 017-2026 | Pedido: Sin pedido | Planta: Pinto | Marca: Elettrom Durante | Tipo: 71B6 C.M.C.</p>	f	\N	t	2026-01-15 23:00:00	\N	2026-05-08 09:01:52	\N	2026-05-08 09:01:50.704468	2026-05-08 09:01:50.704468	\N	\N
3797	\N	\N	\N	8	5	2	3107	1	2	\N	2	2	WH/OUT/02797	4011409 / OT-6260	direct	draft	0	\N	<p>Factura: 260022 | Ppto: Ppto 007-2026 | Marca: AVK | Tipo: DIG142C/4 | NS: 8329528A203</p>	f	\N	t	2026-01-07 23:00:00	\N	2026-05-08 09:01:52	\N	2026-05-08 09:01:50.704468	2026-05-08 09:01:50.704468	\N	\N
3798	\N	\N	\N	8	5	2	2871	1	2	\N	2	2	WH/OUT/02798	4516135962 / OT-6310	direct	draft	0	\N	<p>Factura: 260024 | Ppto: Ppto 245Rev1-2025 | Marca: STAMFORD | Tipo: HCI634G1 | NS: 0192562/001</p>	f	\N	t	2026-01-15 23:00:00	\N	2026-05-08 09:01:52	\N	2026-05-08 09:01:50.704468	2026-05-08 09:01:50.704468	\N	\N
3799	\N	\N	\N	8	5	2	2871	1	2	\N	2	2	WH/OUT/02799	4516135924 / OT-6356	direct	draft	0	\N	<p>Factura: 260025 | Ppto: Ppto 314-2025 | Marca: STAMFORD | Tipo: HCI634K1 | NS: A06F587443</p>	f	\N	t	2026-01-15 23:00:00	\N	2026-05-08 09:01:52	\N	2026-05-08 09:01:50.704468	2026-05-08 09:01:50.704468	\N	\N
3800	\N	\N	\N	8	5	2	2946	1	2	\N	2	2	WH/OUT/02800	OT-6315	direct	draft	0	\N	<p>Factura: 260026 | Ppto: Ppto 022-2026 | Pedido: Sin pedido | Planta: Dagartech | Marca: STAMFORD | Tipo: HCI534D1 | NS: X25B094639</p>	f	\N	t	2026-01-07 23:00:00	\N	2026-05-08 09:01:52	\N	2026-05-08 09:01:50.704468	2026-05-08 09:01:50.704468	\N	\N
3801	\N	\N	\N	8	5	2	2946	1	2	\N	2	2	WH/OUT/02801	OT-6124, 6126 y 6127	direct	draft	0	\N	<p>Factura: 260027 | Ppto: Ppto 469Rev1-2024 | Pedido: Sin pedido | Marca: STAMFORD | Tipo: UCI224F1, UCI224D1 y UCI224C1 | NS: G22J393056, G23A045425 y G23C103724</p>	f	\N	t	2026-01-07 23:00:00	\N	2026-05-08 09:01:52	\N	2026-05-08 09:01:50.704468	2026-05-08 09:01:50.704468	\N	\N
3802	\N	\N	\N	8	5	2	2946	1	2	\N	2	2	WH/OUT/02802	OT-6125	direct	draft	0	\N	<p>Factura: 260028 | Ppto: Ppto 468Rev1-2024 | Pedido: Sin pedido | Marca: STAMFORD | Tipo: UCI274H1 | NS: N2C137781</p>	f	\N	t	2026-01-07 23:00:00	\N	2026-05-08 09:01:52	\N	2026-05-08 09:01:50.704468	2026-05-08 09:01:50.704468	\N	\N
3803	\N	\N	\N	8	5	2	2927	1	2	\N	2	2	WH/OUT/02803	OT-6085	direct	draft	0	\N	<p>Factura: 260029 | Ppto: Ppto 023-2026 | Pedido: Sin pedido | Marca: Trumpf | Tipo: TRUFLOW 6000 | NS: D0004 B0207</p>	f	\N	t	2026-01-07 23:00:00	\N	2026-05-08 09:01:52	\N	2026-05-08 09:01:50.704468	2026-05-08 09:01:50.704468	\N	\N
3804	\N	\N	\N	8	5	2	3035	1	2	\N	2	2	WH/OUT/02804	4500540934 / OT-6379	direct	draft	0	\N	<p>Factura: 260035 | Ppto: Ppto 021-2026 | Planta: Arganda | Marca: Caterpillar | Tipo: 3516E/SR500 | NS: ZZC00656</p>	f	\N	t	2026-01-18 23:00:00	\N	2026-05-08 09:01:52	\N	2026-05-08 09:01:50.704468	2026-05-08 09:01:50.704468	\N	\N
3805	\N	\N	\N	8	5	2	3035	1	2	\N	2	2	WH/OUT/02805	4000046260 / OT-6292	direct	draft	0	\N	<p>Factura: 260030 | Ppto: Ppto 218-2025 | Planta: Zaragoza | Marca: Caterpillar | Tipo: 900F | NS: CAT0000HRTY00186</p>	f	\N	t	2026-01-19 23:00:00	\N	2026-05-08 09:01:52	\N	2026-05-08 09:01:50.704468	2026-05-08 09:01:50.704468	\N	\N
3806	\N	\N	\N	8	5	2	3035	1	2	\N	2	2	WH/OUT/02806	4000049212 / OT-6359	direct	draft	0	\N	<p>Factura: 260032 | Ppto: Ppto 304-2025 | Planta: Nabiax | Marca: Caterpillar | Tipo: 3512B | NS: JM300185 y JM300193</p>	f	\N	t	2026-01-19 23:00:00	\N	2026-05-08 09:01:52	\N	2026-05-08 09:01:50.704468	2026-05-08 09:01:50.704468	\N	\N
3807	\N	\N	\N	8	5	2	3035	1	2	\N	2	2	WH/OUT/02807	4000049215 / OT-6363	direct	draft	0	\N	<p>Factura: 260033 | Ppto: Ppto 318bis-2025 | Planta: Nabiax | Marca: Caterpillar | Tipo: 3512B | NS: JM300185 y JM300184</p>	f	\N	t	2026-01-19 23:00:00	\N	2026-05-08 09:01:52	\N	2026-05-08 09:01:50.704468	2026-05-08 09:01:50.704468	\N	\N
3808	\N	\N	\N	8	5	2	3001	1	2	\N	2	2	WH/OUT/02808	\N	direct	draft	0	\N	<p>Factura: 260034 | Marca: Suministro placa de bornes para generador STAMFORD UC 22</p>	f	\N	t	2026-01-20 23:00:00	\N	2026-05-08 09:01:52	\N	2026-05-08 09:01:50.704468	2026-05-08 09:01:50.704468	\N	\N
3809	\N	\N	\N	8	5	2	2817	1	2	\N	2	2	WH/OUT/02809	4105003258 / OT-5757	direct	draft	0	\N	<p>Ppto: Ppto 271Rev1-2023 | Planta: Arganda | Marca: Entrega de los 7 Relés de protección restantes | Comentarios: 7 Reles de protección</p>	f	\N	t	2026-01-21 23:00:00	\N	2026-05-08 09:01:52	\N	2026-05-08 09:01:50.704468	2026-05-08 09:01:50.704468	\N	\N
3810	\N	\N	\N	8	5	2	2895	1	2	\N	2	2	WH/OUT/02810	IND8365756 / OT-6015	direct	draft	0	\N	<p>Factura: 260036 | Ppto: Ppto 315-2024 | Planta: Gravera Mariano Bravo e Hijos (Paracuellos) | Marca: Stamford | Tipo: HCI544E1 | NS: N23F244999</p>	f	\N	t	2026-01-21 23:00:00	\N	2026-05-08 09:01:52	\N	2026-05-08 09:01:50.704468	2026-05-08 09:01:50.704468	\N	\N
3811	\N	\N	\N	8	5	2	2946	1	2	\N	2	2	WH/OUT/02811	OT-6375	direct	draft	0	\N	<p>Factura: 260037 | Ppto: Ppto. 013Rev1-2026 | Pedido: Aceptac.Ppto. | Marca: Suministro Antiflash</p>	f	\N	t	2026-01-25 23:00:00	\N	2026-05-08 09:01:52	\N	2026-05-08 09:01:50.704468	2026-05-08 09:01:50.704468	\N	\N
3812	\N	\N	\N	8	5	2	2908	1	2	\N	2	2	WH/OUT/02812	26PC000451 / OT-6386	direct	draft	0	\N	<p>Factura: 260038 | Ppto: Ppto 034-2026 | Marca: Suministro 3ud.MX341</p>	f	\N	t	2026-01-25 23:00:00	\N	2026-05-08 09:01:52	\N	2026-05-08 09:01:50.704468	2026-05-08 09:01:50.704468	\N	\N
3813	\N	\N	\N	8	5	2	2895	1	2	\N	2	2	WH/OUT/02813	IND8370203 / OT-6257	direct	draft	0	\N	<p>Factura: 260039 | Ppto: Ppto 026-2026 | Planta: Dagartech (Zaragoza) | Marca: STAMFORD | Tipo: S4L1D-G41 | NS: N25B084238</p>	f	\N	t	2026-01-26 23:00:00	\N	2026-05-08 09:01:52	\N	2026-05-08 09:01:50.704468	2026-05-08 09:01:50.704468	\N	\N
3814	\N	\N	\N	8	5	2	2908	1	2	\N	2	2	WH/OUT/02814	25PC000516 / OT-6388	direct	draft	0	\N	<p>Factura: 260040 | Ppto: Ppto 043-2026 | Marca: Suministro 2ud.MX341</p>	f	\N	t	2026-01-28 23:00:00	\N	2026-05-08 09:01:52	\N	2026-05-08 09:01:50.704468	2026-05-08 09:01:50.704468	\N	\N
3815	\N	\N	\N	8	5	2	3136	1	2	\N	2	2	WH/OUT/02815	OT-6366	direct	draft	0	\N	<p>Factura: 260046 | Ppto: Ppto 031Rev1-2026 | Pedido: Aceptac.Ppto. | Marca: STAMFORD | Tipo: UCI274E1 | NS: X22C123448</p>	f	\N	t	2026-02-03 23:00:00	\N	2026-05-08 09:01:52	\N	2026-05-08 09:01:50.704468	2026-05-08 09:01:50.704468	\N	\N
3816	\N	\N	\N	8	5	2	2841	1	2	\N	2	2	WH/OUT/02816	OT-6056	direct	draft	0	\N	<p>Factura: 260041 | Ppto: Ppto 036-2026 | Pedido: Telefónico | Planta: Aranjuez | Marca: Caterpillar | Tipo: 550F</p>	f	\N	t	2026-02-03 23:00:00	\N	2026-05-08 09:01:52	\N	2026-05-08 09:01:50.704468	2026-05-08 09:01:50.704468	\N	\N
3817	\N	\N	\N	8	5	2	2946	1	2	\N	2	2	WH/OUT/02817	OT-6385	direct	draft	0	\N	<p>Factura: 260066 | Ppto: Ppto 047-2026 | Marca: STAMFORD | Tipo: UCI274F1 | NS: X25K483472</p>	f	\N	t	2026-02-05 23:00:00	\N	2026-05-08 09:01:52	\N	2026-05-08 09:01:50.704468	2026-05-08 09:01:50.704468	\N	\N
3818	\N	\N	\N	8	5	2	3035	1	2	\N	2	2	WH/OUT/02818	4000049651 / OT-6381	direct	draft	0	\N	<p>Factura: 260064 | Ppto: Ppto 048-2026 | Planta: Nabiax | Marca: Caterpillar | Tipo: 3512B | NS:  JM300184</p>	f	\N	t	2026-02-08 23:00:00	\N	2026-05-08 09:01:52	\N	2026-05-08 09:01:50.704468	2026-05-08 09:01:50.704468	\N	\N
3819	\N	\N	\N	8	5	2	3035	1	2	\N	2	2	WH/OUT/02819	4000049648 / OT-6382	direct	draft	0	\N	<p>Factura: 260065 | Ppto: Ppto 049-2026 | Planta: Nabiax | Marca: Caterpillar | Tipo: 3512B | NS: JM300185</p>	f	\N	t	2026-02-08 23:00:00	\N	2026-05-08 09:01:52	\N	2026-05-08 09:01:50.704468	2026-05-08 09:01:50.704468	\N	\N
3820	\N	\N	\N	8	5	2	3076	1	2	\N	2	2	WH/OUT/02820	OT-6395	direct	draft	0	\N	<p>Factura: 260042 | Ppto: Ppto 050-2026 | Pedido: Aceptac.Ppto. | Marca: Suministro RSK-6001</p>	f	\N	t	2026-02-08 23:00:00	\N	2026-05-08 09:01:52	\N	2026-05-08 09:01:50.704468	2026-05-08 09:01:50.704468	\N	\N
3823	\N	\N	\N	8	5	2	2805	1	2	\N	2	2	WH/OUT/02823	OT-6366	direct	draft	0	\N	<p>Factura: 260046 | Ppto: Ppto 031Rev1-2026 | Pedido: Aceptac.Ppto. | Marca: STAMFORD | Tipo: UCI274E1 | NS: X22C123448</p>	f	\N	t	2026-02-12 23:00:00	\N	2026-05-08 09:01:52	\N	2026-05-08 09:01:50.704468	2026-05-08 09:01:50.704468	\N	\N
3824	\N	\N	\N	8	5	2	2890	1	2	\N	2	2	WH/OUT/02824	OT-6393	direct	draft	0	\N	<p>Factura: 260045 | Ppto: Ppto 057-2026 | Pedido: Aceptac.Ppto. | Marca: STAMFORD | Tipo: 6244B3 | NS: 704046</p>	f	\N	t	2026-02-15 23:00:00	\N	2026-05-08 09:01:52	\N	2026-05-08 09:01:50.704468	2026-05-08 09:01:50.704468	\N	\N
3825	\N	\N	\N	8	5	2	3082	1	2	\N	2	2	WH/OUT/02825	PC26-00553 / OT-6402	direct	draft	0	\N	<p>Factura: 260047 | Ppto: Ppto 028Rev1-2026 | Marca: Suministro 5ud.PFC3</p>	f	\N	t	2026-02-17 23:00:00	\N	2026-05-08 09:01:52	\N	2026-05-08 09:01:50.704468	2026-05-08 09:01:50.704468	\N	\N
3826	\N	\N	\N	8	5	2	2871	1	2	\N	2	2	WH/OUT/02826	4516295849 / OT-5810	direct	draft	0	\N	<p>Factura: 260052 | Ppto: Ppto 391Rev1-2023 | Marca: STAMFORD | Tipo: HCI634K1 | NS: A05A347474</p>	f	\N	t	2026-02-18 23:00:00	\N	2026-05-08 09:01:52	\N	2026-05-08 09:01:50.704468	2026-05-08 09:01:50.704468	\N	\N
3827	\N	\N	\N	8	5	2	2871	1	2	\N	2	2	WH/OUT/02827	4516254783 / OT-6391	direct	draft	0	\N	<p>Factura: 260053 | Ppto: Ppto 046-2026 | Marca: Leroy Somer | Tipo: LSA47.2M7J6/4 | NS: 263558/1</p>	f	\N	t	2026-02-18 23:00:00	\N	2026-05-08 09:01:52	\N	2026-05-08 09:01:50.704468	2026-05-08 09:01:50.704468	\N	\N
3828	\N	\N	\N	8	5	2	2871	1	2	\N	2	2	WH/OUT/02828	4516295676 / OT-6396	direct	draft	0	\N	<p>Factura: 260054 | Ppto: Ppto 052-2026 | Marca: STAMFORD | Tipo: S6L1D-F41 | NS: X25I371738</p>	f	\N	t	2026-02-18 23:00:00	\N	2026-05-08 09:01:52	\N	2026-05-08 09:01:50.704468	2026-05-08 09:01:50.704468	\N	\N
3829	\N	\N	\N	8	5	2	3590	1	2	\N	2	2	WH/OUT/02829	5111531260 / OT-6394	direct	draft	0	\N	<p>Factura: 260067 | Ppto: Ppto 053-2026 | Marca: ATB | NS: A132S/8A-21</p>	f	\N	t	2026-02-23 23:00:00	\N	2026-05-08 09:01:52	\N	2026-05-08 09:01:50.704468	2026-05-08 09:01:50.704468	\N	\N
3830	\N	\N	\N	8	5	2	2908	1	2	\N	2	2	WH/OUT/02830	26PC001161 / OT-6408	direct	draft	0	\N	<p>Factura: 260048 | Ppto: Ppto 061-2026 | Marca: Suministro MX341</p>	f	\N	t	2026-02-23 23:00:00	\N	2026-05-08 09:01:52	\N	2026-05-08 09:01:50.704468	2026-05-08 09:01:50.704468	\N	\N
3831	\N	\N	\N	8	5	2	3158	1	2	\N	2	2	WH/OUT/02831	P2610320 / OT-6410	direct	draft	0	\N	<p>Factura: 260049 | Ppto: Ppto 062-2026 | Marca: Calibración equipo Chauvin Arnoux</p>	f	\N	t	2026-02-25 23:00:00	\N	2026-05-08 09:01:52	\N	2026-05-08 09:01:50.704468	2026-05-08 09:01:50.704468	\N	\N
3832	\N	\N	\N	8	5	2	3107	1	2	\N	2	2	WH/OUT/02832	4010973 / OT-6406	direct	draft	0	\N	<p>Factura: 260055 | Ppto: Ppto 179-2025 | Marca: STAMFORD | Tipo: PE734E2 | NS: A13F255158</p>	f	\N	t	2026-02-25 23:00:00	\N	2026-05-08 09:01:52	\N	2026-05-08 09:01:50.704468	2026-05-08 09:01:50.704468	\N	\N
3833	\N	\N	\N	8	5	2	2906	1	2	\N	2	2	WH/OUT/02833	892025 / OT-6411	direct	draft	0	\N	<p>Factura: 260062 | Ppto: Ppto 070-2026 | Marca: Leroy Somer | Tipo: LSA52.2XL70-4P | NS: 169239-1</p>	f	\N	t	2026-03-04 23:00:00	\N	2026-05-08 09:01:52	\N	2026-05-08 09:01:50.704468	2026-05-08 09:01:50.704468	\N	\N
3834	\N	\N	\N	8	5	2	3276	1	2	\N	2	2	WH/OUT/02834	OT-6405	direct	draft	0	\N	<p>Factura: 260068 | Ppto: Ppto 059-2026 | Pedido: Aceptac.Ppto. | Marca: Caterpillar | Tipo: 250F | NS: P8NS04858</p>	f	\N	t	2026-03-04 23:00:00	\N	2026-05-08 09:01:52	\N	2026-05-08 09:01:50.704468	2026-05-08 09:01:50.704468	\N	\N
3835	\N	\N	\N	8	5	2	2946	1	2	\N	2	2	WH/OUT/02835	OT-6401	direct	draft	0	\N	<p>Marca: STAMFORD | Tipo: HCI534D1 | NS: N25I361588</p>	f	\N	t	2026-03-05 23:00:00	\N	2026-05-08 09:01:52	\N	2026-05-08 09:01:50.704468	2026-05-08 09:01:50.704468	\N	\N
3836	\N	\N	\N	8	5	2	3125	1	2	\N	2	2	WH/OUT/02836	PC26-1929	direct	draft	0	\N	<p>Ppto: Ppto 071-2026 | Marca: Suministro grasa ASONIC GHY 72</p>	f	\N	t	2026-03-08 23:00:00	\N	2026-05-08 09:01:52	\N	2026-05-08 09:01:50.704468	2026-05-08 09:01:50.704468	\N	\N
3837	\N	\N	\N	8	5	2	2842	1	2	\N	2	2	WH/OUT/02837	142387	direct	draft	0	\N	<p>Factura: 260050 | Ppto: Ppto 173Rev1-2025</p>	f	\N	t	2026-03-09 23:00:00	\N	2026-05-08 09:01:52	\N	2026-05-08 09:01:50.704468	2026-05-08 09:01:50.704468	\N	\N
3838	\N	\N	\N	8	5	2	2946	1	2	\N	2	2	WH/OUT/02838	3409055 / OT-6400	direct	draft	0	\N	<p>Factura: 260069 | Ppto: Ppto 066-2026 | Marca: STAMFORD | Tipo: S4L1D-G41 | NS: X23B062636</p>	f	\N	t	2026-03-16 23:00:00	\N	2026-05-08 09:01:52	\N	2026-05-08 09:01:50.704468	2026-05-08 09:01:50.704468	\N	\N
3839	\N	\N	\N	8	5	2	3170	1	2	\N	2	2	WH/OUT/02839	SC170326/3 / OT-6412	direct	draft	0	\N	<p>Factura: 260061 | Ppto: Ppto 076-2026</p>	f	\N	t	2026-03-16 23:00:00	\N	2026-05-08 09:01:52	\N	2026-05-08 09:01:50.704468	2026-05-08 09:01:50.704468	\N	\N
3840	\N	\N	\N	8	5	2	3027	1	2	\N	2	2	WH/OUT/02840	OT-6409	direct	draft	0	\N	<p>Ppto: Ppto 042-2026 | Pedido: Aceptac.Ppto.</p>	f	\N	t	2026-03-23 23:00:00	\N	2026-05-08 09:01:52	\N	2026-05-08 09:01:50.704468	2026-05-08 09:01:50.704468	\N	\N
3841	\N	\N	\N	8	5	2	3158	1	2	\N	2	2	WH/OUT/02841	P2610191 / OT-6387	direct	draft	0	\N	<p>Factura: 260063 | Ppto: Ppto 037-2026 | Marca: Leroy Somer | Tipo: LSA55.3UL14/4P | NS: 61592500001</p>	f	\N	t	2026-03-23 23:00:00	\N	2026-05-08 09:01:52	\N	2026-05-08 09:01:50.704468	2026-05-08 09:01:50.704468	\N	\N
3842	\N	\N	\N	8	5	2	3107	1	2	\N	2	2	WH/OUT/02842	4010975 / OT-6374	direct	draft	0	\N	<p>Factura: 260056 | Ppto: Ppto 305Rev1-2025 | Marca: STAMFORD | Tipo: PE734E2 | NS: C19E190179</p>	f	\N	t	2026-03-23 23:00:00	\N	2026-05-08 09:01:52	\N	2026-05-08 09:01:50.704468	2026-05-08 09:01:50.704468	\N	\N
3843	\N	\N	\N	8	5	2	3170	1	2	\N	2	2	WH/OUT/02843	SC250226/3 / OT-6374	direct	draft	0	\N	<p>Factura: 260060 | Ppto: Ppto 063-2026 | Marca: Suministro Resistencia Caldeo PE734E2</p>	f	\N	t	2026-03-23 23:00:00	\N	2026-05-08 09:01:52	\N	2026-05-08 09:01:50.704468	2026-05-08 09:01:50.704468	\N	\N
3844	\N	\N	\N	8	5	2	3170	1	2	\N	2	2	WH/OUT/02844	SC200126/1 / OT-6374	direct	draft	0	\N	<p>Factura: 260059 | Ppto: Ppto 025-2026 | Marca: STAMFORD | Tipo: PE734E2 | NS: C19E190179</p>	f	\N	t	2026-03-23 23:00:00	\N	2026-05-08 09:01:52	\N	2026-05-08 09:01:50.704468	2026-05-08 09:01:50.704468	\N	\N
3845	\N	\N	\N	8	5	2	3170	1	2	\N	2	2	WH/OUT/02845	SC031225/3	direct	draft	0	\N	<p>Factura: 260058 | Ppto: Ppto 185-2025</p>	f	\N	t	2026-03-23 23:00:00	\N	2026-05-08 09:01:52	\N	2026-05-08 09:01:50.704468	2026-05-08 09:01:50.704468	\N	\N
3846	\N	\N	\N	8	5	2	2817	1	2	\N	2	2	WH/OUT/02846	108051 / OT-6415	direct	draft	0	\N	<p>Ppto: Ppto 089-2026 | Marca: Caterpillar | Tipo: SR5 | NS: G1E01761</p>	f	\N	t	2026-03-23 23:00:00	\N	2026-05-08 09:01:52	\N	2026-05-08 09:01:50.704468	2026-05-08 09:01:50.704468	\N	\N
3847	\N	\N	\N	8	5	2	3022	1	2	\N	2	2	WH/OUT/02847	17167-9411 / OT-6427	direct	draft	0	\N	<p>Factura: 260057 | Ppto: Ppto 072-2026 | Marca: Suministro Current Transformer PN 76011572</p>	f	\N	t	2026-03-26 23:00:00	\N	2026-05-08 09:01:52	\N	2026-05-08 09:01:50.704468	2026-05-08 09:01:50.704468	\N	\N
3848	\N	\N	\N	8	5	2	2871	1	2	\N	2	2	WH/OUT/02848	4516526671 / OT-6416	direct	draft	0	\N	<p>Factura: 260071 | Ppto: Ppto 091-2026 | Marca: Atlas Copco | Tipo: ACA315F/546 | NS: F31F2507826</p>	f	\N	t	2026-04-05 22:00:00	\N	2026-05-08 09:01:52	\N	2026-05-08 09:01:50.704468	2026-05-08 09:01:50.704468	\N	\N
3850	\N	\N	\N	8	5	2	3158	1	2	\N	2	2	WH/OUT/02850	\N	direct	draft	0	\N	<p>Factura: 260072</p>	f	\N	t	2026-04-14 22:00:00	\N	2026-05-08 09:01:52	\N	2026-05-08 09:01:50.704468	2026-05-08 09:01:50.704468	\N	\N
3851	\N	\N	\N	8	5	2	2817	1	2	\N	2	2	WH/OUT/02851	OT-6421	direct	draft	0	\N	\N	f	\N	t	2026-04-15 22:00:00	\N	2026-05-08 09:01:52	\N	2026-05-08 09:01:50.704468	2026-05-08 09:01:50.704468	\N	\N
3852	\N	\N	\N	8	5	2	2921	1	2	\N	2	2	WH/OUT/02852	OT-6403	direct	draft	0	\N	<p>Factura: 260073</p>	f	\N	t	2026-04-19 22:00:00	\N	2026-05-08 09:01:52	\N	2026-05-08 09:01:50.704468	2026-05-08 09:01:50.704468	\N	\N
3853	\N	\N	\N	8	5	2	2908	1	2	\N	2	2	WH/OUT/02853	OT-6437	direct	draft	0	\N	\N	f	\N	t	2026-04-19 22:00:00	\N	2026-05-08 09:01:52	\N	2026-05-08 09:01:50.704468	2026-05-08 09:01:50.704468	\N	\N
\.


--
-- Data for Name: stock_picking_backorder_rel; Type: TABLE DATA; Schema: public; Owner: odoo
--

COPY public.stock_picking_backorder_rel (stock_backorder_confirmation_id, stock_picking_id) FROM stdin;
\.


--
-- Data for Name: stock_picking_sms_rel; Type: TABLE DATA; Schema: public; Owner: odoo
--

COPY public.stock_picking_sms_rel (confirm_stock_sms_id, stock_picking_id) FROM stdin;
\.


--
-- Data for Name: stock_picking_type; Type: TABLE DATA; Schema: public; Owner: odoo
--

COPY public.stock_picking_type (id, color, sequence, sequence_id, default_location_src_id, default_location_dest_id, return_picking_type_id, warehouse_id, reservation_days_before, reservation_days_before_priority, company_id, create_uid, write_uid, sequence_code, code, reservation_method, product_label_format, lot_label_format, package_label_to_print, barcode, create_backorder, move_type, name, picking_properties_definition, show_entire_packs, active, use_create_lots, use_existing_lots, print_label, show_operations, auto_show_reception_report, auto_print_delivery_slip, auto_print_return_slip, auto_print_product_labels, auto_print_lot_labels, auto_print_reception_report, auto_print_reception_report_labels, auto_print_packages, auto_print_package_label, create_date, write_date, analytic_costs, default_product_location_src_id, default_product_location_dest_id, default_remove_location_dest_id, default_recycle_location_dest_id, repair_properties_definition, is_repairable) FROM stdin;
1	0	1	5	4	8	2	1	\N	\N	1	1	1	IN	incoming	at_confirm	2x7xprice	4x12_lots	pdf	WHIN	ask	direct	{"en_US": "Recepciones", "es_ES": "Recepciones"}	\N	\N	t	t	f	f	f	\N	\N	\N	\N	\N	\N	\N	\N	\N	2026-04-08 08:46:08.412603	2026-04-14 08:54:08.878044	\N	\N	\N	\N	\N	\N	\N
2	0	7	6	8	5	1	1	\N	\N	1	1	1	OUT	outgoing	at_confirm	2x7xprice	4x12_lots	pdf	WHOUT	ask	direct	{"en_US": "Órdenes de entrega", "es_ES": "Órdenes de entrega"}	\N	\N	t	f	t	t	f	\N	\N	\N	\N	\N	\N	\N	\N	\N	2026-04-08 08:46:08.412603	2026-04-14 08:54:08.878044	\N	\N	\N	\N	\N	\N	\N
3	0	5	7	8	12	\N	1	\N	\N	1	1	1	PICK	internal	at_confirm	2x7xprice	4x12_lots	pdf	WHPICK	ask	direct	{"en_US": "Elegir"}	\N	\N	f	f	t	f	f	\N	\N	\N	\N	\N	\N	\N	\N	\N	2026-04-08 08:46:08.412603	2026-04-14 08:54:08.878044	\N	\N	\N	\N	\N	\N	f
4	0	6	8	12	8	\N	1	\N	\N	1	1	1	PACK	internal	at_confirm	2x7xprice	4x12_lots	pdf	WHPACK	ask	direct	{"en_US": "Empaquetar"}	\N	\N	f	f	t	f	f	\N	\N	\N	\N	\N	\N	\N	\N	\N	2026-04-08 08:46:08.412603	2026-04-14 08:54:08.878044	\N	\N	\N	\N	\N	\N	f
5	0	2	9	9	10	\N	1	\N	\N	1	1	1	QC	internal	at_confirm	2x7xprice	4x12_lots	pdf	WHQC	ask	direct	{"en_US": "Control de calidad"}	\N	\N	f	f	t	f	f	\N	\N	\N	\N	\N	\N	\N	\N	\N	2026-04-08 08:46:08.412603	2026-04-14 08:54:08.878044	\N	\N	\N	\N	\N	\N	f
6	0	3	10	10	8	\N	1	\N	\N	1	1	1	STOR	internal	at_confirm	2x7xprice	4x12_lots	pdf	WHSTOR	ask	direct	{"en_US": "Almacenamiento"}	\N	\N	f	f	t	f	f	\N	\N	\N	\N	\N	\N	\N	\N	\N	2026-04-08 08:46:08.412603	2026-04-14 08:54:08.878044	\N	\N	\N	\N	\N	\N	f
7	0	4	11	8	8	\N	1	\N	\N	1	1	1	INT	internal	at_confirm	2x7xprice	4x12_lots	pdf	WHINT	ask	direct	{"en_US": "Traslados internos", "es_ES": "Traslados internos"}	\N	\N	f	f	t	f	f	\N	\N	\N	\N	\N	\N	\N	\N	\N	2026-04-08 08:46:08.412603	2026-04-14 08:54:08.878044	\N	\N	\N	\N	\N	\N	f
8	0	8	12	9	11	\N	1	\N	\N	1	1	1	XD	internal	at_confirm	2x7xprice	4x12_lots	pdf	WHXD	ask	direct	{"en_US": "Sin almacenaje intermedio (cross dock)"}	\N	\N	f	f	t	f	f	\N	\N	\N	\N	\N	\N	\N	\N	\N	2026-04-08 08:46:08.412603	2026-04-14 08:54:08.878044	\N	\N	\N	\N	\N	\N	f
10	0	11	21	8	17	\N	1	\N	\N	1	1	1	PC	internal	at_confirm	2x7xprice	4x12_lots	pdf	WHPC	ask	direct	{"en_US": "Elegir componentes"}	\N	\N	f	t	t	f	f	\N	\N	\N	\N	\N	\N	\N	\N	\N	2026-04-08 09:11:55.219689	2026-04-14 08:54:08.878044	\N	\N	\N	\N	\N	\N	f
11	0	13	22	18	8	\N	1	\N	\N	1	1	1	SFP	internal	at_confirm	2x7xprice	4x12_lots	pdf	WHSFP	ask	direct	{"en_US": "Almacenar producto terminado"}	\N	\N	f	t	t	f	f	\N	\N	\N	\N	\N	\N	\N	\N	\N	2026-04-08 09:11:55.219689	2026-04-14 08:54:08.878044	\N	\N	\N	\N	\N	\N	f
9	\N	\N	19	8	15	\N	1	\N	\N	1	1	1	RO	repair_operation	at_confirm	2x7xprice	4x12_lots	pdf	WHRO	ask	direct	{"en_US": "Repairs", "es_ES": "Reparaciones"}	\N	\N	t	t	t	\N	f	\N	\N	\N	\N	\N	\N	\N	\N	\N	2026-04-08 09:05:50.079825	2026-04-14 08:54:08.878044	\N	8	8	16	8	\N	f
12	0	12	23	4	8	\N	1	\N	\N	1	1	1	MO	incoming	at_confirm	2x7xprice	4x12_lots	pdf	WHMANUF	ask	direct	{"en_US": "Fabricación"}	\N	\N	f	t	t	f	f	\N	\N	\N	\N	\N	\N	\N	\N	\N	2026-04-08 09:11:55.219689	2026-05-08 08:01:01.594811	\N	\N	\N	\N	\N	\N	f
\.


--
-- Data for Name: stock_putaway_rule; Type: TABLE DATA; Schema: public; Owner: odoo
--

COPY public.stock_putaway_rule (id, product_id, category_id, location_in_id, location_out_id, sequence, company_id, storage_category_id, create_uid, write_uid, sublocation, active, create_date, write_date) FROM stdin;
\.


--
-- Data for Name: stock_quant; Type: TABLE DATA; Schema: public; Owner: odoo
--

COPY public.stock_quant (id, product_id, company_id, location_id, storage_category_id, lot_id, package_id, owner_id, user_id, create_uid, write_uid, inventory_date, quantity, reserved_quantity, inventory_quantity, inventory_diff_quantity, inventory_quantity_set, in_date, create_date, write_date, accounting_date) FROM stdin;
\.


--
-- Data for Name: stock_quant_package; Type: TABLE DATA; Schema: public; Owner: odoo
--

COPY public.stock_quant_package (id, package_type_id, location_id, company_id, create_uid, write_uid, name, package_use, pack_date, create_date, write_date, shipping_weight) FROM stdin;
\.


--
-- Data for Name: stock_quant_relocate; Type: TABLE DATA; Schema: public; Owner: odoo
--

COPY public.stock_quant_relocate (id, dest_location_id, dest_package_id, create_uid, write_uid, message, create_date, write_date) FROM stdin;
\.


--
-- Data for Name: stock_quant_stock_quant_relocate_rel; Type: TABLE DATA; Schema: public; Owner: odoo
--

COPY public.stock_quant_stock_quant_relocate_rel (stock_quant_relocate_id, stock_quant_id) FROM stdin;
\.


--
-- Data for Name: stock_quant_stock_request_count_rel; Type: TABLE DATA; Schema: public; Owner: odoo
--

COPY public.stock_quant_stock_request_count_rel (stock_request_count_id, stock_quant_id) FROM stdin;
\.


--
-- Data for Name: stock_quant_stock_track_confirmation_rel; Type: TABLE DATA; Schema: public; Owner: odoo
--

COPY public.stock_quant_stock_track_confirmation_rel (stock_track_confirmation_id, stock_quant_id) FROM stdin;
\.


--
-- Data for Name: stock_quantity_history; Type: TABLE DATA; Schema: public; Owner: odoo
--

COPY public.stock_quantity_history (id, create_uid, write_uid, inventory_datetime, create_date, write_date) FROM stdin;
\.


--
-- Data for Name: stock_replenishment_info; Type: TABLE DATA; Schema: public; Owner: odoo
--

COPY public.stock_replenishment_info (id, orderpoint_id, create_uid, write_uid, create_date, write_date) FROM stdin;
\.


--
-- Data for Name: stock_replenishment_option; Type: TABLE DATA; Schema: public; Owner: odoo
--

COPY public.stock_replenishment_option (id, route_id, product_id, replenishment_info_id, create_uid, write_uid, create_date, write_date) FROM stdin;
\.


--
-- Data for Name: stock_request_count; Type: TABLE DATA; Schema: public; Owner: odoo
--

COPY public.stock_request_count (id, user_id, create_uid, write_uid, set_count, inventory_date, create_date, write_date, accounting_date) FROM stdin;
\.


--
-- Data for Name: stock_return_picking; Type: TABLE DATA; Schema: public; Owner: odoo
--

COPY public.stock_return_picking (id, picking_id, create_uid, write_uid, create_date, write_date) FROM stdin;
\.


--
-- Data for Name: stock_return_picking_line; Type: TABLE DATA; Schema: public; Owner: odoo
--

COPY public.stock_return_picking_line (id, product_id, wizard_id, move_id, create_uid, write_uid, quantity, create_date, write_date, to_refund) FROM stdin;
\.


--
-- Data for Name: stock_route; Type: TABLE DATA; Schema: public; Owner: odoo
--

COPY public.stock_route (id, sequence, supplied_wh_id, supplier_wh_id, company_id, create_uid, write_uid, name, active, product_selectable, product_categ_selectable, warehouse_selectable, packaging_selectable, create_date, write_date, sale_selectable) FROM stdin;
1	5	\N	\N	\N	1	1	{"en_US": "Replenish on Order (MTO)", "es_ES": "Reposición bajo pedido (fabricación sobre pedido)"}	f	t	\N	\N	\N	2026-04-08 08:46:08.412603	2026-04-08 08:46:17.232705	t
2	9	\N	\N	1	1	1	{"en_US": "RELSUM HEREDEROS SL.: Receive in 1 step (stock)"}	t	f	t	t	\N	2026-04-08 08:46:08.412603	2026-04-14 08:54:08.878044	\N
3	10	\N	\N	1	1	1	{"en_US": "RELSUM HEREDEROS SL.: Deliver in 1 step (ship)"}	t	f	t	t	\N	2026-04-08 08:46:08.412603	2026-04-14 08:54:08.878044	\N
4	20	\N	\N	1	1	1	{"en_US": "RELSUM HEREDEROS SL.: Cross-Dock"}	f	f	f	\N	\N	2026-04-08 08:46:08.412603	2026-04-14 08:54:08.878044	t
7	5	\N	\N	\N	1	1	{"en_US": "Buy", "es_ES": "Comprar"}	t	t	\N	\N	\N	2026-04-14 08:54:08.878044	2026-04-14 08:54:08.878044	\N
\.


--
-- Data for Name: stock_route_categ; Type: TABLE DATA; Schema: public; Owner: odoo
--

COPY public.stock_route_categ (route_id, categ_id) FROM stdin;
\.


--
-- Data for Name: stock_route_move; Type: TABLE DATA; Schema: public; Owner: odoo
--

COPY public.stock_route_move (move_id, route_id) FROM stdin;
\.


--
-- Data for Name: stock_route_packaging; Type: TABLE DATA; Schema: public; Owner: odoo
--

COPY public.stock_route_packaging (route_id, packaging_id) FROM stdin;
\.


--
-- Data for Name: stock_route_product; Type: TABLE DATA; Schema: public; Owner: odoo
--

COPY public.stock_route_product (route_id, product_id) FROM stdin;
7	5
7	8
7	9
7	10
7	11
7	12
7	13
7	14
7	15
7	16
7	17
7	18
7	19
\.


--
-- Data for Name: stock_route_stock_rules_report_rel; Type: TABLE DATA; Schema: public; Owner: odoo
--

COPY public.stock_route_stock_rules_report_rel (stock_rules_report_id, stock_route_id) FROM stdin;
\.


--
-- Data for Name: stock_route_warehouse; Type: TABLE DATA; Schema: public; Owner: odoo
--

COPY public.stock_route_warehouse (route_id, warehouse_id) FROM stdin;
2	1
3	1
\.


--
-- Data for Name: stock_rule; Type: TABLE DATA; Schema: public; Owner: odoo
--

COPY public.stock_rule (id, group_id, sequence, company_id, location_dest_id, location_src_id, route_id, route_sequence, picking_type_id, delay, partner_address_id, warehouse_id, propagate_warehouse_id, create_uid, write_uid, group_propagation_option, action, procure_method, auto, push_domain, name, active, location_dest_from_rule, propagate_cancel, propagate_carrier, create_date, write_date) FROM stdin;
5	\N	20	1	5	8	1	5	2	0	\N	1	\N	1	1	propagate	pull	make_to_order	manual	\N	{"en_US": "WH: Stock → Customers (MTO)"}	t	f	f	t	2026-04-08 08:46:08.412603	2026-04-14 08:54:08.878044
1	\N	20	1	8	4	2	9	1	0	\N	1	\N	1	1	propagate	pull	make_to_stock	manual	\N	{"en_US": "WH: Vendors → Stock"}	f	f	f	f	2026-04-08 08:46:08.412603	2026-04-14 08:54:08.878044
2	\N	20	1	5	8	3	10	2	0	\N	1	\N	1	1	propagate	pull	make_to_stock	manual	\N	{"en_US": "WH: Stock → Customers"}	t	f	f	t	2026-04-08 08:46:08.412603	2026-04-14 08:54:08.878044
3	\N	20	1	5	4	4	20	1	0	\N	1	\N	1	1	propagate	pull	make_to_stock	manual	\N	{"en_US": "WH: Vendors → Customers"}	f	f	f	f	2026-04-08 08:46:08.412603	2026-04-14 08:54:08.878044
9	\N	20	1	17	8	1	5	10	0	\N	1	\N	1	1	propagate	pull	make_to_order	manual	\N	{"en_US": "WH: Stock → Preproducción (MTO)"}	f	f	f	f	2026-04-08 09:11:55.219689	2026-04-14 08:54:08.878044
4	\N	20	1	11	9	4	20	8	0	\N	1	\N	1	1	propagate	push	make_to_order	manual	\N	{"en_US": "WH: Entrada → Salida"}	t	f	f	f	2026-04-08 08:46:08.412603	2026-04-14 08:54:08.878044
10	\N	20	1	5	\N	4	20	1	0	\N	1	\N	1	1	propagate	buy	make_to_stock	manual	\N	{"en_US": "WH: False → Customers"}	t	f	f	f	2026-04-14 08:54:08.878044	2026-04-14 08:54:08.878044
11	\N	20	1	8	\N	7	5	1	0	\N	1	\N	1	1	none	buy	make_to_stock	manual	\N	{"en_US": "WH: Stock (Buy)"}	t	f	f	f	2026-04-14 08:54:08.878044	2026-04-14 08:54:08.878044
8	\N	20	1	15	8	1	5	12	0	\N	1	\N	1	1	propagate	pull	make_to_order	manual	\N	{"en_US": "WH: Stock → Production (MTO)"}	t	f	f	f	2026-04-08 09:11:55.219689	2026-04-14 08:54:08.878044
6	\N	20	1	15	8	1	5	9	0	\N	1	\N	1	1	propagate	pull	make_to_order	manual	\N	{"en_US": "WH: Stock → Production (MTO)"}	t	f	f	f	2026-04-08 09:05:50.079825	2026-04-14 08:54:08.878044
\.


--
-- Data for Name: stock_rules_report; Type: TABLE DATA; Schema: public; Owner: odoo
--

COPY public.stock_rules_report (id, product_id, product_tmpl_id, create_uid, write_uid, product_has_variants, create_date, write_date) FROM stdin;
\.


--
-- Data for Name: stock_rules_report_stock_warehouse_rel; Type: TABLE DATA; Schema: public; Owner: odoo
--

COPY public.stock_rules_report_stock_warehouse_rel (stock_rules_report_id, stock_warehouse_id) FROM stdin;
\.


--
-- Data for Name: stock_scrap; Type: TABLE DATA; Schema: public; Owner: odoo
--

COPY public.stock_scrap (id, company_id, product_id, product_uom_id, lot_id, package_id, owner_id, picking_id, location_id, scrap_location_id, create_uid, write_uid, name, origin, state, scrap_qty, should_replenish, date_done, create_date, write_date) FROM stdin;
\.


--
-- Data for Name: stock_scrap_reason_tag; Type: TABLE DATA; Schema: public; Owner: odoo
--

COPY public.stock_scrap_reason_tag (id, sequence, create_uid, write_uid, color, name, create_date, write_date) FROM stdin;
\.


--
-- Data for Name: stock_scrap_stock_scrap_reason_tag_rel; Type: TABLE DATA; Schema: public; Owner: odoo
--

COPY public.stock_scrap_stock_scrap_reason_tag_rel (stock_scrap_id, stock_scrap_reason_tag_id) FROM stdin;
\.


--
-- Data for Name: stock_storage_category; Type: TABLE DATA; Schema: public; Owner: odoo
--

COPY public.stock_storage_category (id, company_id, create_uid, write_uid, name, allow_new_product, max_weight, create_date, write_date) FROM stdin;
\.


--
-- Data for Name: stock_storage_category_capacity; Type: TABLE DATA; Schema: public; Owner: odoo
--

COPY public.stock_storage_category_capacity (id, storage_category_id, product_id, package_type_id, create_uid, write_uid, create_date, write_date, quantity) FROM stdin;
\.


--
-- Data for Name: stock_traceability_report; Type: TABLE DATA; Schema: public; Owner: odoo
--

COPY public.stock_traceability_report (id, create_uid, write_uid, create_date, write_date) FROM stdin;
\.


--
-- Data for Name: stock_track_confirmation; Type: TABLE DATA; Schema: public; Owner: odoo
--

COPY public.stock_track_confirmation (id, create_uid, write_uid, create_date, write_date) FROM stdin;
\.


--
-- Data for Name: stock_track_line; Type: TABLE DATA; Schema: public; Owner: odoo
--

COPY public.stock_track_line (id, product_id, wizard_id, create_uid, write_uid, create_date, write_date) FROM stdin;
\.


--
-- Data for Name: stock_valuation_layer; Type: TABLE DATA; Schema: public; Owner: odoo
--

COPY public.stock_valuation_layer (id, company_id, product_id, categ_id, stock_valuation_layer_id, stock_move_id, account_move_id, account_move_line_id, lot_id, create_uid, write_uid, description, quantity, unit_cost, value, remaining_qty, remaining_value, create_date, write_date, price_diff_value) FROM stdin;
\.


--
-- Data for Name: stock_valuation_layer_revaluation; Type: TABLE DATA; Schema: public; Owner: odoo
--

COPY public.stock_valuation_layer_revaluation (id, company_id, product_id, lot_id, account_journal_id, account_id, create_uid, write_uid, reason, date, added_value, create_date, write_date) FROM stdin;
\.


--
-- Data for Name: stock_valuation_layer_stock_valuation_layer_revaluation_rel; Type: TABLE DATA; Schema: public; Owner: odoo
--

COPY public.stock_valuation_layer_stock_valuation_layer_revaluation_rel (stock_valuation_layer_revaluation_id, stock_valuation_layer_id) FROM stdin;
\.


--
-- Data for Name: stock_warehouse; Type: TABLE DATA; Schema: public; Owner: odoo
--

COPY public.stock_warehouse (id, company_id, partner_id, view_location_id, lot_stock_id, wh_input_stock_loc_id, wh_qc_stock_loc_id, wh_output_stock_loc_id, wh_pack_stock_loc_id, mto_pull_id, pick_type_id, pack_type_id, out_type_id, in_type_id, int_type_id, qc_type_id, store_type_id, xdock_type_id, crossdock_route_id, reception_route_id, delivery_route_id, sequence, create_uid, write_uid, name, code, reception_steps, delivery_steps, active, create_date, write_date, repair_type_id, repair_mto_pull_id, buy_pull_id, buy_to_resupply) FROM stdin;
1	1	1	7	8	9	10	11	12	5	3	4	2	1	7	5	6	8	4	2	3	10	1	1	RELSUM HEREDEROS SL.	WH	one_step	ship_only	t	2026-04-08 08:46:08.412603	2026-05-08 08:01:01.594811	9	6	11	t
\.


--
-- Data for Name: stock_warehouse_orderpoint; Type: TABLE DATA; Schema: public; Owner: odoo
--

COPY public.stock_warehouse_orderpoint (id, warehouse_id, location_id, product_id, product_category_id, group_id, company_id, route_id, create_uid, write_uid, name, trigger, snoozed_until, product_min_qty, product_max_qty, qty_multiple, qty_to_order_manual, active, create_date, write_date, supplier_id, vendor_id, product_supplier_id, purchase_visibility_days) FROM stdin;
\.


--
-- Data for Name: stock_warn_insufficient_qty_repair; Type: TABLE DATA; Schema: public; Owner: odoo
--

COPY public.stock_warn_insufficient_qty_repair (id, product_id, location_id, repair_id, create_uid, write_uid, product_uom_name, create_date, write_date, quantity) FROM stdin;
\.


--
-- Data for Name: stock_warn_insufficient_qty_scrap; Type: TABLE DATA; Schema: public; Owner: odoo
--

COPY public.stock_warn_insufficient_qty_scrap (id, product_id, location_id, scrap_id, create_uid, write_uid, product_uom_name, create_date, write_date, quantity) FROM stdin;
\.


--
-- Data for Name: stock_wh_resupply_table; Type: TABLE DATA; Schema: public; Owner: odoo
--

COPY public.stock_wh_resupply_table (supplied_wh_id, supplier_wh_id) FROM stdin;
\.


--
-- Data for Name: task_dependencies_rel; Type: TABLE DATA; Schema: public; Owner: odoo
--

COPY public.task_dependencies_rel (task_id, depends_on_id) FROM stdin;
\.


--
-- Data for Name: team_favorite_user_rel; Type: TABLE DATA; Schema: public; Owner: odoo
--

COPY public.team_favorite_user_rel (team_id, user_id) FROM stdin;
1	1
2	1
3	1
\.


--
-- Data for Name: template_attribute_value_stock_move_rel; Type: TABLE DATA; Schema: public; Owner: odoo
--

COPY public.template_attribute_value_stock_move_rel (move_id, template_attribute_value_id) FROM stdin;
\.


--
-- Data for Name: theme_ir_asset; Type: TABLE DATA; Schema: public; Owner: odoo
--

COPY public.theme_ir_asset (id, sequence, create_uid, write_uid, key, name, bundle, directive, path, target, active, create_date, write_date) FROM stdin;
\.


--
-- Data for Name: theme_ir_attachment; Type: TABLE DATA; Schema: public; Owner: odoo
--

COPY public.theme_ir_attachment (id, create_uid, write_uid, name, key, url, create_date, write_date) FROM stdin;
\.


--
-- Data for Name: theme_ir_ui_view; Type: TABLE DATA; Schema: public; Owner: odoo
--

COPY public.theme_ir_ui_view (id, priority, create_uid, write_uid, name, key, type, mode, arch_fs, inherit_id, arch, active, customize_show, create_date, write_date) FROM stdin;
\.


--
-- Data for Name: theme_website_menu; Type: TABLE DATA; Schema: public; Owner: odoo
--

COPY public.theme_website_menu (id, page_id, sequence, parent_id, create_uid, write_uid, url, mega_menu_classes, name, mega_menu_content, new_window, use_main_menu_as_parent, create_date, write_date) FROM stdin;
\.


--
-- Data for Name: theme_website_page; Type: TABLE DATA; Schema: public; Owner: odoo
--

COPY public.theme_website_page (id, view_id, create_uid, write_uid, url, header_color, website_indexed, is_published, is_new_page_template, header_overlay, header_visible, footer_visible, create_date, write_date) FROM stdin;
\.


--
-- Data for Name: uom_category; Type: TABLE DATA; Schema: public; Owner: odoo
--

COPY public.uom_category (id, create_uid, write_uid, name, create_date, write_date) FROM stdin;
1	1	1	{"en_US": "Unit", "es_ES": "Unidad"}	2026-04-08 08:34:23.145155	2026-04-08 08:34:23.145155
2	1	1	{"en_US": "Weight", "es_ES": "Peso"}	2026-04-08 08:34:23.145155	2026-04-08 08:34:23.145155
3	1	1	{"en_US": "Working Time", "es_ES": "Horario de trabajo"}	2026-04-08 08:34:23.145155	2026-04-08 08:34:23.145155
4	1	1	{"en_US": "Length / Distance", "es_ES": "Longitud / Distancia"}	2026-04-08 08:34:23.145155	2026-04-08 08:34:23.145155
5	1	1	{"en_US": "Surface", "es_ES": "Superficie"}	2026-04-08 08:34:23.145155	2026-04-08 08:34:23.145155
6	1	1	{"en_US": "Volume", "es_ES": "Volumen"}	2026-04-08 08:34:23.145155	2026-04-08 08:34:23.145155
7	1	1	{"en_US": "Energy", "es_ES": "Energía"}	2026-04-08 08:34:23.145155	2026-04-08 08:34:23.145155
\.


--
-- Data for Name: uom_uom; Type: TABLE DATA; Schema: public; Owner: odoo
--

COPY public.uom_uom (id, category_id, create_uid, write_uid, uom_type, name, factor, rounding, active, create_date, write_date, l10n_es_edi_facturae_uom_code) FROM stdin;
3	3	1	1	reference	{"en_US": "Days", "es_ES": "Días"}	1.0	0.01	t	2026-04-08 08:34:23.145155	2026-04-08 08:34:23.145155	05
28	7	1	1	reference	{"en_US": "KWH", "es_ES": "kWh"}	1.0	0.01	t	2026-04-08 08:34:23.145155	2026-04-08 08:34:23.145155	05
5	3	1	1	smaller	{"en_US": "Minutes", "es_ES": "Minutos"}	480.0	0.01	t	2026-04-08 08:34:23.145155	2026-04-08 08:34:23.145155	05
23	6	1	1	smaller	{"en_US": "fl oz (US)", "es_ES": "fl oz (EE. UU.)"}	33.814	0.01	t	2026-04-08 08:34:23.145155	2026-04-08 08:34:23.145155	05
19	4	1	1	smaller	{"en_US": "ft", "es_ES": "ft"}	3.28084	0.01	t	2026-04-08 08:34:23.145155	2026-04-08 08:34:23.145155	05
22	5	1	1	smaller	{"en_US": "ft²", "es_ES": "ft²"}	10.76391	0.01	t	2026-04-08 08:34:23.145155	2026-04-08 08:34:23.145155	05
27	6	1	1	bigger	{"en_US": "ft³", "es_ES": "ft³"}	0.035314724827664144	0.01	t	2026-04-08 08:34:23.145155	2026-04-08 08:34:23.145155	05
25	6	1	1	bigger	{"en_US": "gal (US)", "es_ES": "gal (EE. UU.)"}	0.26417217685798894	0.01	t	2026-04-08 08:34:23.145155	2026-04-08 08:34:23.145155	05
18	4	1	1	smaller	{"en_US": "in", "es_ES": "in"}	39.3701	0.01	t	2026-04-08 08:34:23.145155	2026-04-08 08:34:23.145155	05
6	4	1	1	reference	{"en_US": "m"}	1.0	0.01	t	2026-04-08 08:34:23.145155	2026-04-08 08:35:04.148936	25
11	6	1	1	reference	{"en_US": "L"}	1.0	0.01	t	2026-04-08 08:34:23.145155	2026-04-08 08:35:04.148936	04
14	2	1	1	smaller	{"en_US": "g"}	1000.0	0.01	t	2026-04-08 08:34:23.145155	2026-04-08 08:35:04.148936	21
15	2	1	1	bigger	{"en_US": "t"}	0.001	0.01	t	2026-04-08 08:34:23.145155	2026-04-08 08:35:04.148936	05
2	1	1	1	bigger	{"en_US": "Dozens", "es_ES": "Docenas"}	0.08333333333333333	0.01	t	2026-04-08 08:34:23.145155	2026-04-08 08:35:04.148936	18
4	3	1	1	smaller	{"en_US": "Hours", "es_ES": "Horas"}	8.0	0.01	t	2026-04-08 08:34:23.145155	2026-04-08 08:35:04.148936	02
1	1	1	1	reference	{"en_US": "Units", "es_ES": "Unidades"}	1.0	0.01	t	2026-04-08 08:34:23.145155	2026-04-08 08:35:04.148936	01
9	4	1	1	smaller	{"en_US": "cm", "es_ES": "cm"}	100.0	0.01	t	2026-04-08 08:34:23.145155	2026-04-08 08:35:04.148936	16
26	6	1	1	smaller	{"en_US": "in³", "es_ES": "in³"}	61.0237	0.01	t	2026-04-08 08:34:23.145155	2026-04-08 08:34:23.145155	05
16	2	1	1	smaller	{"en_US": "lb", "es_ES": "lb"}	2.20462	0.01	t	2026-04-08 08:34:23.145155	2026-04-08 08:34:23.145155	05
21	4	1	1	bigger	{"en_US": "mi", "es_ES": "mi"}	0.0006213727366498068	0.01	t	2026-04-08 08:34:23.145155	2026-04-08 08:34:23.145155	05
17	2	1	1	smaller	{"en_US": "oz", "es_ES": "oz"}	35.274	0.01	t	2026-04-08 08:34:23.145155	2026-04-08 08:34:23.145155	05
24	6	1	1	smaller	{"en_US": "qt (US)", "es_ES": "qt (EE. UU.)"}	1.05669	0.01	t	2026-04-08 08:34:23.145155	2026-04-08 08:34:23.145155	05
20	4	1	1	smaller	{"en_US": "yd", "es_ES": "yd"}	1.09361	0.01	t	2026-04-08 08:34:23.145155	2026-04-08 08:34:23.145155	05
13	2	1	1	reference	{"en_US": "kg", "es_ES": "kg"}	1.0	0.01	t	2026-04-08 08:34:23.145155	2026-04-08 08:35:04.148936	03
8	4	1	1	bigger	{"en_US": "km", "es_ES": "km"}	0.001	0.01	t	2026-04-08 08:34:23.145155	2026-04-08 08:35:04.148936	22
7	4	1	1	smaller	{"en_US": "mm", "es_ES": "mm"}	1000.0	0.01	t	2026-04-08 08:34:23.145155	2026-04-08 08:35:04.148936	26
10	5	1	1	reference	{"en_US": "m²", "es_ES": "m²"}	1.0	0.01	t	2026-04-08 08:34:23.145155	2026-04-08 08:35:04.148936	05
12	6	1	1	bigger	{"en_US": "m³", "es_ES": "m³"}	0.001	0.01	t	2026-04-08 08:34:23.145155	2026-04-08 08:35:04.148936	33
\.


--
-- Data for Name: update_product_attribute_value; Type: TABLE DATA; Schema: public; Owner: odoo
--

COPY public.update_product_attribute_value (id, attribute_value_id, create_uid, write_uid, mode, create_date, write_date) FROM stdin;
\.


--
-- Data for Name: utm_campaign; Type: TABLE DATA; Schema: public; Owner: odoo
--

COPY public.utm_campaign (id, user_id, stage_id, color, create_uid, write_uid, name, title, active, is_auto_campaign, create_date, write_date, company_id) FROM stdin;
\.


--
-- Data for Name: utm_medium; Type: TABLE DATA; Schema: public; Owner: odoo
--

COPY public.utm_medium (id, create_uid, write_uid, name, active, create_date, write_date) FROM stdin;
1	1	1	Website	t	2026-04-08 08:34:26.323112	2026-04-08 08:34:26.323112
2	1	1	Phone	t	2026-04-08 08:34:26.323112	2026-04-08 08:34:26.323112
3	1	1	Direct	t	2026-04-08 08:34:26.323112	2026-04-08 08:34:26.323112
4	1	1	Email	t	2026-04-08 08:34:26.323112	2026-04-08 08:34:26.323112
5	1	1	Banner	t	2026-04-08 08:34:26.323112	2026-04-08 08:34:26.323112
6	1	1	X	t	2026-04-08 08:34:26.323112	2026-04-08 08:34:26.323112
7	1	1	Facebook	t	2026-04-08 08:34:26.323112	2026-04-08 08:34:26.323112
8	1	1	LinkedIn	t	2026-04-08 08:34:26.323112	2026-04-08 08:34:26.323112
9	1	1	Television	t	2026-04-08 08:34:26.323112	2026-04-08 08:34:26.323112
10	1	1	Google Adwords	t	2026-04-08 08:34:26.323112	2026-04-08 08:34:26.323112
\.


--
-- Data for Name: utm_source; Type: TABLE DATA; Schema: public; Owner: odoo
--

COPY public.utm_source (id, create_uid, write_uid, name, create_date, write_date) FROM stdin;
1	1	1	Search engine	2026-04-08 08:34:26.323112	2026-04-08 08:34:26.323112
2	1	1	Lead Recall	2026-04-08 08:34:26.323112	2026-04-08 08:34:26.323112
3	1	1	Newsletter	2026-04-08 08:34:26.323112	2026-04-08 08:34:26.323112
4	1	1	Facebook	2026-04-08 08:34:26.323112	2026-04-08 08:34:26.323112
5	1	1	X	2026-04-08 08:34:26.323112	2026-04-08 08:34:26.323112
6	1	1	LinkedIn	2026-04-08 08:34:26.323112	2026-04-08 08:34:26.323112
7	1	1	Monster	2026-04-08 08:34:26.323112	2026-04-08 08:34:26.323112
8	1	1	Glassdoor	2026-04-08 08:34:26.323112	2026-04-08 08:34:26.323112
9	1	1	Craigslist	2026-04-08 08:34:26.323112	2026-04-08 08:34:26.323112
\.


--
-- Data for Name: utm_stage; Type: TABLE DATA; Schema: public; Owner: odoo
--

COPY public.utm_stage (id, sequence, create_uid, write_uid, name, create_date, write_date) FROM stdin;
1	10	1	1	{"en_US": "New", "es_ES": "Nuevo"}	2026-04-08 08:34:26.323112	2026-04-08 08:34:26.323112
\.


--
-- Data for Name: utm_tag; Type: TABLE DATA; Schema: public; Owner: odoo
--

COPY public.utm_tag (id, color, create_uid, write_uid, name, create_date, write_date) FROM stdin;
1	1	1	1	{"en_US": "Marketing", "es_ES": "Marketing"}	2026-04-08 08:34:26.323112	2026-04-08 08:34:26.323112
\.


--
-- Data for Name: utm_tag_rel; Type: TABLE DATA; Schema: public; Owner: odoo
--

COPY public.utm_tag_rel (tag_id, campaign_id) FROM stdin;
\.


--
-- Data for Name: validate_account_move; Type: TABLE DATA; Schema: public; Owner: odoo
--

COPY public.validate_account_move (id, create_uid, write_uid, force_post, ignore_abnormal_date, ignore_abnormal_amount, create_date, write_date) FROM stdin;
\.


--
-- Data for Name: web_editor_converter_test; Type: TABLE DATA; Schema: public; Owner: odoo
--

COPY public.web_editor_converter_test (id, "integer", many2one, create_uid, write_uid, "char", selection_str, date, html, text, "numeric", datetime, create_date, write_date, "float", "binary") FROM stdin;
\.


--
-- Data for Name: web_editor_converter_test_sub; Type: TABLE DATA; Schema: public; Owner: odoo
--

COPY public.web_editor_converter_test_sub (id, create_uid, write_uid, name, create_date, write_date) FROM stdin;
\.


--
-- Data for Name: web_tour_tour; Type: TABLE DATA; Schema: public; Owner: odoo
--

COPY public.web_tour_tour (id, sequence, create_uid, write_uid, name, url, rainbow_man_message, custom, create_date, write_date) FROM stdin;
1	2000	1	1	discuss_channel_tour	/odoo	{"en_US": "<span><b>Good job!</b> You went through all steps of this tour.</span>", "es_ES": "<span><b>¡Buen trabajo!</b> Pasó por todos los pasos de este recorrido.</span>"}	\N	2026-04-08 08:34:27.650619	2026-04-08 08:34:27.650619
2	60	1	1	account_tour	/odoo	{"en_US": "<span><b>Good job!</b> You went through all steps of this tour.</span>", "es_ES": "<span><b>¡Buen trabajo!</b> Pasó por todos los pasos de este recorrido.</span>"}	\N	2026-04-08 08:34:46.340378	2026-04-08 08:34:46.340378
3	20	1	1	sale_tour	/odoo	{"en_US": "<span><b>Congratulations</b>, your first quotation is sent!<br>Check your email to validate the quote.\\n        </span>", "es_ES": "<span><b>Felicidades</b>, envió su primer presupuesto.<br>Revise su correo electrónico para validarlo.\\n        </span>"}	\N	2026-04-08 08:35:00.749484	2026-04-08 08:35:00.749484
6	110	1	1	project_tour	/odoo	{"en_US": "<p>Congratulations, you are now a master of project management.</p>", "es_ES": "<p>Enhorabuena, ahora es usted un maestro de la gestión de proyectos.</p>"}	\N	2026-04-08 08:35:22.624638	2026-04-08 08:35:22.624638
7	10	1	1	crm_tour	/odoo	{"en_US": "<p>Congrats, best of luck catching such big fish! :)</p>", "es_ES": "<p>¡Felicidades! Este tipo de oportunidades no se ven diario, mucha suerte. :)</p>"}	\N	2026-04-08 08:38:57.179101	2026-04-08 08:38:57.179101
8	40	1	1	purchase_tour	/odoo	{"en_US": "<span><b>Good job!</b> You went through all steps of this tour.</span>", "es_ES": "<span><b>¡Buen trabajo!</b> Pasó por todos los pasos de este recorrido.</span>"}	\N	2026-04-14 08:54:03.289914	2026-04-14 08:54:03.289914
\.


--
-- Data for Name: web_tour_tour_step; Type: TABLE DATA; Schema: public; Owner: odoo
--

COPY public.web_tour_tour_step (id, tour_id, sequence, create_uid, write_uid, trigger, content, run, create_date, write_date) FROM stdin;
\.


--
-- Data for Name: website; Type: TABLE DATA; Schema: public; Owner: odoo
--

COPY public.website (id, sequence, company_id, default_lang_id, user_id, theme_id, create_uid, write_uid, name, domain, social_twitter, social_facebook, social_github, social_linkedin, social_youtube, social_instagram, social_tiktok, google_analytics_key, google_search_console, google_maps_api_key, plausible_shared_key, plausible_site, cdn_url, homepage_url, auth_signup_uninvited, custom_blocked_third_party_domains, cdn_filters, custom_code_head, custom_code_footer, robots_txt, auto_redirect_lang, cookies_bar, configurator_done, block_third_party_domains, has_social_default_image, cdn_activated, specific_user_account, create_date, write_date, crm_default_team_id, crm_default_user_id) FROM stdin;
1	10	1	83	4	\N	1	2	My Website	\N	\N	\N	\N	\N	\N	\N	\N	\N	\N	\N	\N	\N	\N	\N	b2b	\N	^/[^/]+/static/\n^/web/(css|js)/\n^/web/image\n^/web/content\n^/web/assets\n^/website/image/	\N	\N	\N	t	\N	\N	t	f	\N	\N	2026-05-07 08:37:45.432206	2026-05-08 08:35:16.807536	1	\N
\.


--
-- Data for Name: website_configurator_feature; Type: TABLE DATA; Schema: public; Owner: odoo
--

COPY public.website_configurator_feature (id, sequence, page_view_id, module_id, menu_sequence, create_uid, write_uid, icon, iap_page_code, website_config_preselection, feature_url, name, description, menu_company, create_date, write_date) FROM stdin;
1	1	2310	\N	50	1	1	fa-building	about_us	\N	/about-us	{"en_US": "About Us", "es_ES": "Sobre nosotros"}	{"en_US": "Info and stats about your company", "es_ES": "Información y estadísticas sobre su empresa"}	t	2026-05-07 08:37:45.432206	2026-05-07 08:37:45.432206
2	3	2311	\N	30	1	1	fa-handshake-o	our_services	\N	/our-services	{"en_US": "Services", "es_ES": "Servicios"}	{"en_US": "Description of your services offer", "es_ES": "Descripción de su oferta de servicios"}	\N	2026-05-07 08:37:45.432206	2026-05-07 08:37:45.432206
3	4	2312	\N	35	1	1	fa-random	pricing	\N	/pricing	{"en_US": "Pricing", "es_ES": "Precio"}	{"en_US": "Designed to drive conversion", "es_ES": "Diseñado para impulsar la conversión"}	\N	2026-05-07 08:37:45.432206	2026-05-07 08:37:45.432206
4	5	2313	\N	\N	1	1	fa-gavel	privacy_policy	\N	/privacy	{"en_US": "Privacy Policy", "es_ES": "Política de privacidad"}	{"en_US": "Explain how you protect privacy", "es_ES": "Explique cómo protege la privacidad"}	\N	2026-05-07 08:37:45.432206	2026-05-07 08:37:45.432206
5	6	\N	623	40	1	1	fa-rss	\N	blog	/blog	{"en_US": "News", "es_ES": "Noticias"}	{"en_US": "Blogging and posting relevant content", "es_ES": "Blogueo y publicación de contenido relevante"}	t	2026-05-07 08:37:45.432206	2026-05-07 08:37:45.432206
6	7	\N	623	45	1	1	fa-star	\N	\N	/blog	{"en_US": "Success Stories", "es_ES": "Historias de éxito"}	{"en_US": "Share your best case studies", "es_ES": "Comparta sus mejores estudios de casos"}	t	2026-05-07 08:37:45.432206	2026-05-07 08:37:45.432206
7	8	\N	648	\N	1	1	fa-address-card	\N	\N	\N	{"en_US": "Career", "es_ES": "Carrera profesional"}	{"en_US": "Publish job offers and let people apply", "es_ES": "Publicar ofertas de empleo y dejar que la gente solicite"}	\N	2026-05-07 08:37:45.432206	2026-05-07 08:37:45.432206
8	9	\N	662	15	1	1	fa-shopping-cart	\N	online_store	/shop	{"en_US": "Shop", "es_ES": "Tienda"}	{"en_US": "Sell more with an eCommerce", "es_ES": "Venda más con la aplicación Comercio electrónico"}	\N	2026-05-07 08:37:45.432206	2026-05-07 08:37:45.432206
9	10	\N	631	20	1	1	fa-ticket	\N	event	/event	{"en_US": "Events", "es_ES": "Eventos"}	{"en_US": "Publish on-site and online events", "es_ES": "Publicar eventos en el sitio y en línea"}	\N	2026-05-07 08:37:45.432206	2026-05-07 08:37:45.432206
10	11	\N	646	\N	1	1	fa-users	\N	\N	/forum	{"en_US": "Forum", "es_ES": "Foro"}	{"en_US": "Give visitors the information they need", "es_ES": "Proporcione a los visitantes la información que necesitan"}	\N	2026-05-07 08:37:45.432206	2026-05-07 08:37:45.432206
11	12	\N	651	\N	1	1	fa-comments	\N	\N	\N	{"en_US": "Live Chat", "es_ES": "Chat en directo"}	{"en_US": "Chat with visitors to improve traction", "es_ES": "Charlar con los visitantes para mejorar la tracción"}	\N	2026-05-07 08:37:45.432206	2026-05-07 08:37:45.432206
12	13	\N	676	25	1	1	fa-graduation-cap	\N	elearning	/slides	{"en_US": "eLearning", "es_ES": "eLearning"}	{"en_US": "Share knowledge publicly or for a fee", "es_ES": "Comparta sus conocimientos públicamente o a establezca una tarifa"}	\N	2026-05-07 08:37:45.432206	2026-05-07 08:37:45.432206
13	15	\N	647	\N	1	1	fa-map-marker	\N	\N	\N	{"en_US": "Stores Locator", "es_ES": "Localizador de tiendas"}	{"en_US": "A map and a listing of your stores", "es_ES": "Un mapa y una lista de sus tiendas"}	\N	2026-05-07 08:37:45.432206	2026-05-07 08:37:45.432206
\.


--
-- Data for Name: website_controller_page; Type: TABLE DATA; Schema: public; Owner: odoo
--

COPY public.website_controller_page (id, website_id, view_id, record_view_id, create_uid, write_uid, name, name_slugified, record_domain, default_layout, is_published, create_date, write_date) FROM stdin;
\.


--
-- Data for Name: website_custom_blocked_third_party_domains; Type: TABLE DATA; Schema: public; Owner: odoo
--

COPY public.website_custom_blocked_third_party_domains (id, create_uid, write_uid, content, create_date, write_date) FROM stdin;
\.


--
-- Data for Name: website_lang_rel; Type: TABLE DATA; Schema: public; Owner: odoo
--

COPY public.website_lang_rel (website_id, lang_id) FROM stdin;
1	1
1	83
\.


--
-- Data for Name: website_menu; Type: TABLE DATA; Schema: public; Owner: odoo
--

COPY public.website_menu (id, page_id, controller_page_id, sequence, website_id, parent_id, create_uid, write_uid, theme_template_id, url, parent_path, mega_menu_classes, name, mega_menu_content, new_window, create_date, write_date) FROM stdin;
4	\N	\N	0	1	\N	1	1	\N	/default-main-menu	4/	\N	{"en_US": "Menú principal para el sitio web 1"}	\N	f	2026-05-07 08:37:45.432206	2026-05-07 08:37:45.432206
1	\N	\N	0	\N	\N	1	1	\N	/default-main-menu	1/	\N	{"en_US": "Default Main Menu", "es_ES": "Menú principal por defecto "}	\N	\N	2026-05-07 08:37:45.432206	2026-05-07 08:37:45.432206
2	2	\N	10	\N	1	1	1	\N	/	1/2/	\N	{"en_US": "Home", "es_ES": "Inicio"}	\N	\N	2026-05-07 08:37:45.432206	2026-05-07 08:37:45.432206
3	3	\N	60	\N	1	1	1	\N	/contactus	1/3/	\N	{"en_US": "Contact us", "es_ES": "Contáctenos"}	\N	\N	2026-05-07 08:37:45.432206	2026-05-07 08:37:45.432206
6	3	\N	60	1	4	1	1	\N	/contactus	4/6/	\N	{"en_US": "Contact us", "es_ES": "Contáctenos"}	\N	f	2026-05-07 08:37:45.432206	2026-05-07 08:37:45.432206
5	4	\N	10	1	4	1	1	\N	/	4/5/	\N	{"en_US": "Home", "es_ES": "Inicio"}	\N	f	2026-05-07 08:37:45.432206	2026-05-07 08:37:45.432206
\.


--
-- Data for Name: website_page; Type: TABLE DATA; Schema: public; Owner: odoo
--

COPY public.website_page (id, website_id, view_id, create_uid, write_uid, theme_template_id, url, header_color, header_text_color, is_published, website_indexed, is_new_page_template, header_overlay, header_visible, footer_visible, date_publish, create_date, write_date) FROM stdin;
1	\N	2308	1	1	\N	/contactus-thank-you	\N	\N	t	f	\N	\N	t	t	\N	2026-05-07 08:37:45.432206	2026-05-07 08:37:45.432206
2	\N	2306	1	1	\N	/	\N	\N	t	t	\N	\N	t	t	\N	2026-05-07 08:37:45.432206	2026-05-07 08:37:45.432206
3	\N	2307	1	1	\N	/contactus	\N	\N	t	t	\N	\N	t	t	\N	2026-05-07 08:37:45.432206	2026-05-07 08:37:45.432206
5	\N	3093	1	1	\N	/your-task-has-been-submitted	\N	\N	t	f	\N	\N	t	t	\N	2026-05-07 08:37:59.736011	2026-05-07 08:37:59.736011
4	1	2314	1	19	\N	/	\N	\N	t	t	f	f	t	t	\N	2026-05-07 08:37:45.432206	2026-05-08 07:52:12.183365
\.


--
-- Data for Name: website_page_properties; Type: TABLE DATA; Schema: public; Owner: odoo
--

COPY public.website_page_properties (id, target_model_id, website_id, create_uid, write_uid, old_url, create_date, write_date) FROM stdin;
\.


--
-- Data for Name: website_page_properties_base; Type: TABLE DATA; Schema: public; Owner: odoo
--

COPY public.website_page_properties_base (id, website_id, create_uid, write_uid, target_model_id, url, create_date, write_date) FROM stdin;
\.


--
-- Data for Name: website_rewrite; Type: TABLE DATA; Schema: public; Owner: odoo
--

COPY public.website_rewrite (id, website_id, route_id, sequence, create_uid, write_uid, name, url_from, url_to, redirect_type, active, create_date, write_date) FROM stdin;
\.


--
-- Data for Name: website_robots; Type: TABLE DATA; Schema: public; Owner: odoo
--

COPY public.website_robots (id, create_uid, write_uid, content, create_date, write_date) FROM stdin;
\.


--
-- Data for Name: website_route; Type: TABLE DATA; Schema: public; Owner: odoo
--

COPY public.website_route (id, create_uid, write_uid, path, create_date, write_date) FROM stdin;
\.


--
-- Data for Name: website_snippet_filter; Type: TABLE DATA; Schema: public; Owner: odoo
--

COPY public.website_snippet_filter (id, website_id, action_server_id, filter_id, "limit", create_uid, write_uid, field_names, name, is_published, create_date, write_date) FROM stdin;
\.


--
-- Data for Name: website_track; Type: TABLE DATA; Schema: public; Owner: odoo
--

COPY public.website_track (id, visitor_id, page_id, url, visit_datetime) FROM stdin;
1	1	4	http://172.19.70.29:8069/	2026-05-07 08:38:35.922852
2	1	4	http://172.19.70.29:8069/	2026-05-07 08:38:49.390934
3	3	4	http://172.19.70.29:8069/	2026-05-07 08:38:51.129458
4	1	4	http://172.19.70.29:8069/	2026-05-07 08:38:51.7369
5	3	4	http://172.19.70.29:8069/	2026-05-07 08:48:31.803847
6	3	4	http://172.19.70.29:8069/	2026-05-07 08:52:55.844131
7	7	4	http://172.19.70.29:8069/	2026-05-07 08:53:28.605713
8	8	4	http://172.19.70.29:8069/	2026-05-07 08:53:38.599231
9	3	4	http://172.19.70.29:8069/	2026-05-07 08:54:06.78421
10	10	4	http://172.19.70.29:8069/	2026-05-07 09:01:40.290024
11	10	4	http://172.19.70.29:8069/	2026-05-07 09:02:00.99352
12	10	4	http://172.19.70.29:8069/	2026-05-07 09:02:10.995284
13	10	4	http://172.19.70.29:8069/	2026-05-07 09:03:06.914012
14	14	4	http://172.19.70.29:8069/	2026-05-07 09:03:14.885076
15	14	4	http://172.19.70.29:8069/	2026-05-07 09:04:01.465409
16	14	4	http://172.19.70.29:8069/	2026-05-07 09:13:42.611981
17	14	4	http://172.19.70.29:8069/	2026-05-07 09:24:02.349542
18	3	4	http://172.19.70.29:8069/	2026-05-07 09:26:37.64167
19	7	3	http://172.19.70.29:8069/contactus	2026-05-07 09:56:34.110779
20	7	3	http://172.19.70.29:8069/contactus	2026-05-07 09:56:35.300722
21	21	4	http://172.19.70.29:8069/	2026-05-07 09:59:06.953217
22	21	4	http://172.19.70.29:8069/	2026-05-07 09:59:25.11686
23	23	4	http://172.19.70.29:8069/	2026-05-07 09:59:33.61408
24	7	4	http://172.19.70.29:8069/	2026-05-07 10:02:12.504382
25	7	4	http://172.19.70.29:8069/	2026-05-07 10:02:16.172965
26	7	4	http://172.19.70.29:8069/	2026-05-07 10:02:18.928725
27	7	4	http://172.19.70.29:8069/	2026-05-07 10:02:21.267044
28	7	4	http://172.19.70.29:8069/	2026-05-07 10:02:21.658412
29	7	4	http://172.19.70.29:8069/	2026-05-07 10:02:23.582821
30	7	4	http://172.19.70.29:8069/	2026-05-07 10:02:26.913346
31	7	4	http://172.19.70.29:8069/	2026-05-07 10:02:26.966781
32	32	4	http://172.19.70.29:8069/	2026-05-07 10:02:55.784396
33	23	4	http://172.19.70.29:8069/	2026-05-07 10:05:08.045455
34	23	4	http://172.19.70.29:8069/	2026-05-07 10:05:12.043175
35	35	4	http://172.19.70.29:8069/	2026-05-07 10:22:37.279612
36	36	4	http://172.19.70.29:8069/	2026-05-07 10:25:39.813553
37	36	4	http://172.19.70.29:8069/	2026-05-07 10:26:21.222386
38	8	4	http://172.19.70.29:8069/	2026-05-07 10:42:49.334906
39	3	4	http://172.19.70.29:8069/	2026-05-07 11:11:08.908455
40	3	4	http://172.19.70.29:8069/	2026-05-07 11:36:07.154242
41	10	4	http://172.19.70.29:8069/	2026-05-08 06:46:07.732319
42	10	4	http://172.19.70.29:8069/	2026-05-08 06:46:36.142246
43	32	4	http://172.19.70.29:8069/	2026-05-08 06:59:12.446706
44	23	4	http://172.19.70.29:8069/	2026-05-08 07:05:39.446802
45	23	4	http://172.19.70.29:8069/	2026-05-08 07:05:46.383223
46	23	4	http://172.19.70.29:8069/	2026-05-08 07:07:07.43959
47	3	4	http://172.19.70.29:8069/	2026-05-08 07:09:13.35405
48	48	4	http://172.19.70.29:8069/	2026-05-08 07:11:20.315952
49	48	4	http://172.19.70.29:8069/	2026-05-08 07:11:27.25662
50	48	4	http://172.19.70.29:8069/	2026-05-08 07:11:30.503465
51	48	4	http://172.19.70.29:8069/	2026-05-08 07:11:30.712924
59	48	4	http://172.19.70.29:8069/	2026-05-08 07:11:43.378041
60	10	4	http://172.19.70.29:8069/	2026-05-08 07:12:00.043808
52	21	4	http://172.19.70.29:8069/	2026-05-08 07:11:31.15788
53	21	4	http://172.19.70.29:8069/	2026-05-08 07:11:34.964573
54	21	4	http://172.19.70.29:8069/	2026-05-08 07:11:36.500737
55	21	4	http://172.19.70.29:8069/	2026-05-08 07:11:37.270581
56	21	4	http://172.19.70.29:8069/	2026-05-08 07:11:37.555359
57	21	4	http://172.19.70.29:8069/	2026-05-08 07:11:39.756863
58	21	4	http://172.19.70.29:8069/	2026-05-08 07:11:40.739593
61	21	4	http://172.19.70.29:8069/	2026-05-08 07:15:58.679736
62	32	4	http://172.19.70.29:8069/	2026-05-08 07:24:55.63232
63	63	4	http://172.19.70.29:8069/	2026-05-08 07:29:57.36097
64	63	4	http://172.19.70.29:8069/	2026-05-08 07:32:40.910176
65	65	4	http://172.19.70.29:8069/	2026-05-08 07:45:49.964714
66	35	4	http://172.19.70.29:8069/	2026-05-08 07:50:38.166939
67	23	4	http://172.19.70.29:8069/	2026-05-08 07:51:30.609541
68	8	4	http://172.19.70.29:8069/	2026-05-08 07:57:18.959791
69	3	4	http://172.19.70.29:8069/	2026-05-08 07:58:24.252304
70	23	4	http://172.19.70.29:8069/	2026-05-08 08:03:19.233884
71	23	3	http://172.19.70.29:8069/contactus	2026-05-08 08:03:23.509862
72	23	4	http://172.19.70.29:8069/	2026-05-08 08:03:32.262542
73	23	4	http://172.19.70.29:8069/	2026-05-08 08:07:09.272936
74	23	4	http://172.19.70.29:8069/	2026-05-08 08:19:59.493974
75	23	4	http://172.19.70.29:8069/	2026-05-08 08:20:25.624025
76	8	4	http://172.19.70.29:8069/	2026-05-08 08:20:56.693233
77	23	4	http://172.19.70.29:8069/	2026-05-08 08:22:41.457376
78	23	4	http://172.19.70.29:8069/	2026-05-08 08:36:04.01676
79	23	4	http://172.19.70.29:8069/	2026-05-08 08:38:00.933595
80	23	4	http://172.19.70.29:8069/	2026-05-08 08:39:27.139608
81	23	4	http://172.19.70.29:8069/	2026-05-08 08:39:33.37167
82	23	4	http://172.19.70.29:8069/	2026-05-08 08:49:19.245926
83	32	4	http://172.19.70.29:8069/	2026-05-08 09:00:47.857893
\.


--
-- Data for Name: website_visitor; Type: TABLE DATA; Schema: public; Owner: odoo
--

COPY public.website_visitor (id, website_id, partner_id, country_id, lang_id, visit_count, create_uid, write_uid, access_token, timezone, create_date, last_connection_datetime, write_date) FROM stdin;
21	1	10	\N	83	2	8	8	10	Etc/GMT-1	2026-05-07 09:59:06.953217	2026-05-08 07:15:58.679736	2026-05-07 09:59:06.953217
1	1	28	\N	83	1	23	23	28	Europe/Madrid	2026-05-07 08:38:35.922852	2026-05-07 08:38:51.7369	2026-05-07 08:38:35.922852
63	1	20	\N	83	1	18	18	20	Europe/Madrid	2026-05-08 07:29:57.36097	2026-05-08 07:32:40.910176	2026-05-08 07:29:57.36097
65	1	27	\N	83	1	22	22	27	Etc/GMT-1	2026-05-08 07:45:49.964714	2026-05-08 07:45:49.964714	2026-05-08 07:45:49.964714
35	1	22	\N	83	2	20	20	22	Europe/Madrid	2026-05-07 10:22:37.279612	2026-05-08 07:50:38.166939	2026-05-07 10:22:37.279612
3	1	3	\N	1	2	2	2	3	Europe/Madrid	2026-05-07 08:38:51.129458	2026-05-08 07:58:24.252304	2026-05-07 08:38:51.129458
14	1	23	\N	83	1	4	4	23	Europe/Madrid	2026-05-07 09:03:14.885076	2026-05-07 09:24:02.349542	2026-05-07 09:03:34.783539
8	1	29	\N	83	2	24	24	29	Europe/Madrid	2026-05-07 08:53:38.599231	2026-05-08 08:20:56.693233	2026-05-07 08:53:38.599231
23	1	21	\N	83	2	4	4	21	Europe/Madrid	2026-05-07 09:59:33.61408	2026-05-08 08:49:19.245926	2026-05-07 09:59:51.254932
32	1	19	\N	83	2	17	17	19	Europe/Madrid	2026-05-07 10:02:55.784396	2026-05-08 09:00:47.857893	2026-05-07 10:02:55.784396
7	1	61	\N	83	1	48	48	61	Europe/Samara	2026-05-07 08:53:28.605713	2026-05-07 10:02:26.966781	2026-05-07 08:53:28.605713
36	1	18	\N	83	1	16	16	18	Europe/Madrid	2026-05-07 10:25:39.813553	2026-05-07 10:26:21.222386	2026-05-07 10:25:39.813553
48	1	35	\N	83	1	27	27	35	Europe/Madrid	2026-05-08 07:11:20.315952	2026-05-08 07:11:43.378041	2026-05-08 07:11:20.315952
10	1	7	\N	83	2	6	6	7	Europe/Madrid	2026-05-07 09:01:40.290024	2026-05-08 07:12:00.043808	2026-05-07 09:01:40.290024
\.


--
-- Data for Name: wizard_ir_model_menu_create; Type: TABLE DATA; Schema: public; Owner: odoo
--

COPY public.wizard_ir_model_menu_create (id, menu_id, create_uid, write_uid, name, create_date, write_date) FROM stdin;
\.


--
-- Name: account_account_id_seq; Type: SEQUENCE SET; Schema: public; Owner: odoo
--

SELECT pg_catalog.setval('public.account_account_id_seq', 637, true);


--
-- Name: account_account_tag_id_seq; Type: SEQUENCE SET; Schema: public; Owner: odoo
--

SELECT pg_catalog.setval('public.account_account_tag_id_seq', 422, true);


--
-- Name: account_accrued_orders_wizard_id_seq; Type: SEQUENCE SET; Schema: public; Owner: odoo
--

SELECT pg_catalog.setval('public.account_accrued_orders_wizard_id_seq', 1, false);


--
-- Name: account_analytic_account_id_seq; Type: SEQUENCE SET; Schema: public; Owner: odoo
--

SELECT pg_catalog.setval('public.account_analytic_account_id_seq', 1, false);


--
-- Name: account_analytic_applicability_id_seq; Type: SEQUENCE SET; Schema: public; Owner: odoo
--

SELECT pg_catalog.setval('public.account_analytic_applicability_id_seq', 1, false);


--
-- Name: account_analytic_distribution_model_id_seq; Type: SEQUENCE SET; Schema: public; Owner: odoo
--

SELECT pg_catalog.setval('public.account_analytic_distribution_model_id_seq', 1, false);


--
-- Name: account_analytic_line_id_seq; Type: SEQUENCE SET; Schema: public; Owner: odoo
--

SELECT pg_catalog.setval('public.account_analytic_line_id_seq', 1, false);


--
-- Name: account_analytic_plan_id_seq; Type: SEQUENCE SET; Schema: public; Owner: odoo
--

SELECT pg_catalog.setval('public.account_analytic_plan_id_seq', 1, true);


--
-- Name: account_automatic_entry_wizard_id_seq; Type: SEQUENCE SET; Schema: public; Owner: odoo
--

SELECT pg_catalog.setval('public.account_automatic_entry_wizard_id_seq', 1, false);


--
-- Name: account_autopost_bills_wizard_id_seq; Type: SEQUENCE SET; Schema: public; Owner: odoo
--

SELECT pg_catalog.setval('public.account_autopost_bills_wizard_id_seq', 1, false);


--
-- Name: account_bank_statement_id_seq; Type: SEQUENCE SET; Schema: public; Owner: odoo
--

SELECT pg_catalog.setval('public.account_bank_statement_id_seq', 1, false);


--
-- Name: account_bank_statement_line_id_seq; Type: SEQUENCE SET; Schema: public; Owner: odoo
--

SELECT pg_catalog.setval('public.account_bank_statement_line_id_seq', 1, false);


--
-- Name: account_cash_rounding_id_seq; Type: SEQUENCE SET; Schema: public; Owner: odoo
--

SELECT pg_catalog.setval('public.account_cash_rounding_id_seq', 1, false);


--
-- Name: account_edi_proxy_client_user_id_seq; Type: SEQUENCE SET; Schema: public; Owner: odoo
--

SELECT pg_catalog.setval('public.account_edi_proxy_client_user_id_seq', 1, false);


--
-- Name: account_financial_year_op_id_seq; Type: SEQUENCE SET; Schema: public; Owner: odoo
--

SELECT pg_catalog.setval('public.account_financial_year_op_id_seq', 1, false);


--
-- Name: account_fiscal_position_account_id_seq; Type: SEQUENCE SET; Schema: public; Owner: odoo
--

SELECT pg_catalog.setval('public.account_fiscal_position_account_id_seq', 12, true);


--
-- Name: account_fiscal_position_id_seq; Type: SEQUENCE SET; Schema: public; Owner: odoo
--

SELECT pg_catalog.setval('public.account_fiscal_position_id_seq', 29, true);


--
-- Name: account_fiscal_position_tax_id_seq; Type: SEQUENCE SET; Schema: public; Owner: odoo
--

SELECT pg_catalog.setval('public.account_fiscal_position_tax_id_seq', 759, true);


--
-- Name: account_full_reconcile_id_seq; Type: SEQUENCE SET; Schema: public; Owner: odoo
--

SELECT pg_catalog.setval('public.account_full_reconcile_id_seq', 1, false);


--
-- Name: account_group_id_seq; Type: SEQUENCE SET; Schema: public; Owner: odoo
--

SELECT pg_catalog.setval('public.account_group_id_seq', 930, true);


--
-- Name: account_incoterms_id_seq; Type: SEQUENCE SET; Schema: public; Owner: odoo
--

SELECT pg_catalog.setval('public.account_incoterms_id_seq', 11, true);


--
-- Name: account_journal_group_id_seq; Type: SEQUENCE SET; Schema: public; Owner: odoo
--

SELECT pg_catalog.setval('public.account_journal_group_id_seq', 1, false);


--
-- Name: account_journal_id_seq; Type: SEQUENCE SET; Schema: public; Owner: odoo
--

SELECT pg_catalog.setval('public.account_journal_id_seq', 8, true);


--
-- Name: account_lock_exception_id_seq; Type: SEQUENCE SET; Schema: public; Owner: odoo
--

SELECT pg_catalog.setval('public.account_lock_exception_id_seq', 1, false);


--
-- Name: account_merge_wizard_id_seq; Type: SEQUENCE SET; Schema: public; Owner: odoo
--

SELECT pg_catalog.setval('public.account_merge_wizard_id_seq', 1, false);


--
-- Name: account_merge_wizard_line_id_seq; Type: SEQUENCE SET; Schema: public; Owner: odoo
--

SELECT pg_catalog.setval('public.account_merge_wizard_line_id_seq', 1, false);


--
-- Name: account_move_id_seq; Type: SEQUENCE SET; Schema: public; Owner: odoo
--

SELECT pg_catalog.setval('public.account_move_id_seq', 5, true);


--
-- Name: account_move_line_id_seq; Type: SEQUENCE SET; Schema: public; Owner: odoo
--

SELECT pg_catalog.setval('public.account_move_line_id_seq', 14, true);


--
-- Name: account_move_reversal_id_seq; Type: SEQUENCE SET; Schema: public; Owner: odoo
--

SELECT pg_catalog.setval('public.account_move_reversal_id_seq', 1, false);


--
-- Name: account_move_send_batch_wizard_id_seq; Type: SEQUENCE SET; Schema: public; Owner: odoo
--

SELECT pg_catalog.setval('public.account_move_send_batch_wizard_id_seq', 1, false);


--
-- Name: account_move_send_wizard_id_seq; Type: SEQUENCE SET; Schema: public; Owner: odoo
--

SELECT pg_catalog.setval('public.account_move_send_wizard_id_seq', 1, false);


--
-- Name: account_partial_reconcile_id_seq; Type: SEQUENCE SET; Schema: public; Owner: odoo
--

SELECT pg_catalog.setval('public.account_partial_reconcile_id_seq', 1, false);


--
-- Name: account_payment_id_seq; Type: SEQUENCE SET; Schema: public; Owner: odoo
--

SELECT pg_catalog.setval('public.account_payment_id_seq', 1, false);


--
-- Name: account_payment_method_id_seq; Type: SEQUENCE SET; Schema: public; Owner: odoo
--

SELECT pg_catalog.setval('public.account_payment_method_id_seq', 2, true);


--
-- Name: account_payment_method_line_id_seq; Type: SEQUENCE SET; Schema: public; Owner: odoo
--

SELECT pg_catalog.setval('public.account_payment_method_line_id_seq', 4, true);


--
-- Name: account_payment_register_id_seq; Type: SEQUENCE SET; Schema: public; Owner: odoo
--

SELECT pg_catalog.setval('public.account_payment_register_id_seq', 1, false);


--
-- Name: account_payment_term_id_seq; Type: SEQUENCE SET; Schema: public; Owner: odoo
--

SELECT pg_catalog.setval('public.account_payment_term_id_seq', 10, true);


--
-- Name: account_payment_term_line_id_seq; Type: SEQUENCE SET; Schema: public; Owner: odoo
--

SELECT pg_catalog.setval('public.account_payment_term_line_id_seq', 11, true);


--
-- Name: account_peppol_clarification_id_seq; Type: SEQUENCE SET; Schema: public; Owner: odoo
--

SELECT pg_catalog.setval('public.account_peppol_clarification_id_seq', 21, true);


--
-- Name: account_peppol_rejection_wizard_id_seq; Type: SEQUENCE SET; Schema: public; Owner: odoo
--

SELECT pg_catalog.setval('public.account_peppol_rejection_wizard_id_seq', 1, false);


--
-- Name: account_peppol_response_id_seq; Type: SEQUENCE SET; Schema: public; Owner: odoo
--

SELECT pg_catalog.setval('public.account_peppol_response_id_seq', 1, false);


--
-- Name: account_peppol_service_id_seq; Type: SEQUENCE SET; Schema: public; Owner: odoo
--

SELECT pg_catalog.setval('public.account_peppol_service_id_seq', 1, false);


--
-- Name: account_peppol_service_wizard_id_seq; Type: SEQUENCE SET; Schema: public; Owner: odoo
--

SELECT pg_catalog.setval('public.account_peppol_service_wizard_id_seq', 1, false);


--
-- Name: account_reconcile_model_id_seq; Type: SEQUENCE SET; Schema: public; Owner: odoo
--

SELECT pg_catalog.setval('public.account_reconcile_model_id_seq', 4, true);


--
-- Name: account_reconcile_model_line_id_seq; Type: SEQUENCE SET; Schema: public; Owner: odoo
--

SELECT pg_catalog.setval('public.account_reconcile_model_line_id_seq', 2, true);


--
-- Name: account_reconcile_model_partner_mapping_id_seq; Type: SEQUENCE SET; Schema: public; Owner: odoo
--

SELECT pg_catalog.setval('public.account_reconcile_model_partner_mapping_id_seq', 1, false);


--
-- Name: account_report_column_id_seq; Type: SEQUENCE SET; Schema: public; Owner: odoo
--

SELECT pg_catalog.setval('public.account_report_column_id_seq', 18, true);


--
-- Name: account_report_expression_id_seq; Type: SEQUENCE SET; Schema: public; Owner: odoo
--

SELECT pg_catalog.setval('public.account_report_expression_id_seq', 493, true);


--
-- Name: account_report_external_value_id_seq; Type: SEQUENCE SET; Schema: public; Owner: odoo
--

SELECT pg_catalog.setval('public.account_report_external_value_id_seq', 1, false);


--
-- Name: account_report_id_seq; Type: SEQUENCE SET; Schema: public; Owner: odoo
--

SELECT pg_catalog.setval('public.account_report_id_seq', 15, true);


--
-- Name: account_report_line_id_seq; Type: SEQUENCE SET; Schema: public; Owner: odoo
--

SELECT pg_catalog.setval('public.account_report_line_id_seq', 588, true);


--
-- Name: account_resequence_wizard_id_seq; Type: SEQUENCE SET; Schema: public; Owner: odoo
--

SELECT pg_catalog.setval('public.account_resequence_wizard_id_seq', 1, false);


--
-- Name: account_secure_entries_wizard_id_seq; Type: SEQUENCE SET; Schema: public; Owner: odoo
--

SELECT pg_catalog.setval('public.account_secure_entries_wizard_id_seq', 1, false);


--
-- Name: account_setup_bank_manual_config_id_seq; Type: SEQUENCE SET; Schema: public; Owner: odoo
--

SELECT pg_catalog.setval('public.account_setup_bank_manual_config_id_seq', 1, false);


--
-- Name: account_tax_group_id_seq; Type: SEQUENCE SET; Schema: public; Owner: odoo
--

SELECT pg_catalog.setval('public.account_tax_group_id_seq', 32, true);


--
-- Name: account_tax_id_seq; Type: SEQUENCE SET; Schema: public; Owner: odoo
--

SELECT pg_catalog.setval('public.account_tax_id_seq', 168, true);


--
-- Name: account_tax_repartition_line_id_seq; Type: SEQUENCE SET; Schema: public; Owner: odoo
--

SELECT pg_catalog.setval('public.account_tax_repartition_line_id_seq', 728, true);


--
-- Name: auth_totp_device_id_seq; Type: SEQUENCE SET; Schema: public; Owner: odoo
--

SELECT pg_catalog.setval('public.auth_totp_device_id_seq', 1, false);


--
-- Name: auth_totp_wizard_id_seq; Type: SEQUENCE SET; Schema: public; Owner: odoo
--

SELECT pg_catalog.setval('public.auth_totp_wizard_id_seq', 1, false);


--
-- Name: barcode_nomenclature_id_seq; Type: SEQUENCE SET; Schema: public; Owner: odoo
--

SELECT pg_catalog.setval('public.barcode_nomenclature_id_seq', 2, true);


--
-- Name: barcode_rule_id_seq; Type: SEQUENCE SET; Schema: public; Owner: odoo
--

SELECT pg_catalog.setval('public.barcode_rule_id_seq', 34, true);


--
-- Name: base_cache_signaling_assets; Type: SEQUENCE SET; Schema: public; Owner: odoo
--

SELECT pg_catalog.setval('public.base_cache_signaling_assets', 10, true);


--
-- Name: base_cache_signaling_default; Type: SEQUENCE SET; Schema: public; Owner: odoo
--

SELECT pg_catalog.setval('public.base_cache_signaling_default', 189, true);


--
-- Name: base_cache_signaling_groups; Type: SEQUENCE SET; Schema: public; Owner: odoo
--

SELECT pg_catalog.setval('public.base_cache_signaling_groups', 1, true);


--
-- Name: base_cache_signaling_routing; Type: SEQUENCE SET; Schema: public; Owner: odoo
--

SELECT pg_catalog.setval('public.base_cache_signaling_routing', 1, true);


--
-- Name: base_cache_signaling_templates; Type: SEQUENCE SET; Schema: public; Owner: odoo
--

SELECT pg_catalog.setval('public.base_cache_signaling_templates', 4, true);


--
-- Name: base_document_layout_id_seq; Type: SEQUENCE SET; Schema: public; Owner: odoo
--

SELECT pg_catalog.setval('public.base_document_layout_id_seq', 1, false);


--
-- Name: base_enable_profiling_wizard_id_seq; Type: SEQUENCE SET; Schema: public; Owner: odoo
--

SELECT pg_catalog.setval('public.base_enable_profiling_wizard_id_seq', 1, false);


--
-- Name: base_import_import_id_seq; Type: SEQUENCE SET; Schema: public; Owner: odoo
--

SELECT pg_catalog.setval('public.base_import_import_id_seq', 62, true);


--
-- Name: base_import_mapping_id_seq; Type: SEQUENCE SET; Schema: public; Owner: odoo
--

SELECT pg_catalog.setval('public.base_import_mapping_id_seq', 58, true);


--
-- Name: base_import_module_id_seq; Type: SEQUENCE SET; Schema: public; Owner: odoo
--

SELECT pg_catalog.setval('public.base_import_module_id_seq', 1, false);


--
-- Name: base_language_export_id_seq; Type: SEQUENCE SET; Schema: public; Owner: odoo
--

SELECT pg_catalog.setval('public.base_language_export_id_seq', 1, false);


--
-- Name: base_language_import_id_seq; Type: SEQUENCE SET; Schema: public; Owner: odoo
--

SELECT pg_catalog.setval('public.base_language_import_id_seq', 1, false);


--
-- Name: base_language_install_id_seq; Type: SEQUENCE SET; Schema: public; Owner: odoo
--

SELECT pg_catalog.setval('public.base_language_install_id_seq', 2, true);


--
-- Name: base_module_install_request_id_seq; Type: SEQUENCE SET; Schema: public; Owner: odoo
--

SELECT pg_catalog.setval('public.base_module_install_request_id_seq', 1, false);


--
-- Name: base_module_install_review_id_seq; Type: SEQUENCE SET; Schema: public; Owner: odoo
--

SELECT pg_catalog.setval('public.base_module_install_review_id_seq', 1, false);


--
-- Name: base_module_uninstall_id_seq; Type: SEQUENCE SET; Schema: public; Owner: odoo
--

SELECT pg_catalog.setval('public.base_module_uninstall_id_seq', 6, true);


--
-- Name: base_module_update_id_seq; Type: SEQUENCE SET; Schema: public; Owner: odoo
--

SELECT pg_catalog.setval('public.base_module_update_id_seq', 1, false);


--
-- Name: base_module_upgrade_id_seq; Type: SEQUENCE SET; Schema: public; Owner: odoo
--

SELECT pg_catalog.setval('public.base_module_upgrade_id_seq', 1, false);


--
-- Name: base_partner_merge_automatic_wizard_id_seq; Type: SEQUENCE SET; Schema: public; Owner: odoo
--

SELECT pg_catalog.setval('public.base_partner_merge_automatic_wizard_id_seq', 35, true);


--
-- Name: base_partner_merge_line_id_seq; Type: SEQUENCE SET; Schema: public; Owner: odoo
--

SELECT pg_catalog.setval('public.base_partner_merge_line_id_seq', 56, true);


--
-- Name: base_registry_signaling; Type: SEQUENCE SET; Schema: public; Owner: odoo
--

SELECT pg_catalog.setval('public.base_registry_signaling', 28, true);


--
-- Name: bill_to_po_wizard_id_seq; Type: SEQUENCE SET; Schema: public; Owner: odoo
--

SELECT pg_catalog.setval('public.bill_to_po_wizard_id_seq', 1, false);


--
-- Name: bus_bus_id_seq; Type: SEQUENCE SET; Schema: public; Owner: odoo
--

SELECT pg_catalog.setval('public.bus_bus_id_seq', 2788, true);


--
-- Name: bus_presence_id_seq; Type: SEQUENCE SET; Schema: public; Owner: odoo
--

SELECT pg_catalog.setval('public.bus_presence_id_seq', 98, true);


--
-- Name: calendar_alarm_id_seq; Type: SEQUENCE SET; Schema: public; Owner: odoo
--

SELECT pg_catalog.setval('public.calendar_alarm_id_seq', 7, true);


--
-- Name: calendar_attendee_id_seq; Type: SEQUENCE SET; Schema: public; Owner: odoo
--

SELECT pg_catalog.setval('public.calendar_attendee_id_seq', 1, false);


--
-- Name: calendar_event_id_seq; Type: SEQUENCE SET; Schema: public; Owner: odoo
--

SELECT pg_catalog.setval('public.calendar_event_id_seq', 1, false);


--
-- Name: calendar_event_type_id_seq; Type: SEQUENCE SET; Schema: public; Owner: odoo
--

SELECT pg_catalog.setval('public.calendar_event_type_id_seq', 1, false);


--
-- Name: calendar_filters_id_seq; Type: SEQUENCE SET; Schema: public; Owner: odoo
--

SELECT pg_catalog.setval('public.calendar_filters_id_seq', 1, false);


--
-- Name: calendar_popover_delete_wizard_id_seq; Type: SEQUENCE SET; Schema: public; Owner: odoo
--

SELECT pg_catalog.setval('public.calendar_popover_delete_wizard_id_seq', 1, false);


--
-- Name: calendar_provider_config_id_seq; Type: SEQUENCE SET; Schema: public; Owner: odoo
--

SELECT pg_catalog.setval('public.calendar_provider_config_id_seq', 1, false);


--
-- Name: calendar_recurrence_id_seq; Type: SEQUENCE SET; Schema: public; Owner: odoo
--

SELECT pg_catalog.setval('public.calendar_recurrence_id_seq', 1, false);


--
-- Name: certificate_certificate_id_seq; Type: SEQUENCE SET; Schema: public; Owner: odoo
--

SELECT pg_catalog.setval('public.certificate_certificate_id_seq', 1, false);


--
-- Name: certificate_key_id_seq; Type: SEQUENCE SET; Schema: public; Owner: odoo
--

SELECT pg_catalog.setval('public.certificate_key_id_seq', 1, false);


--
-- Name: change_password_own_id_seq; Type: SEQUENCE SET; Schema: public; Owner: odoo
--

SELECT pg_catalog.setval('public.change_password_own_id_seq', 6, true);


--
-- Name: change_password_user_id_seq; Type: SEQUENCE SET; Schema: public; Owner: odoo
--

SELECT pg_catalog.setval('public.change_password_user_id_seq', 43, true);


--
-- Name: change_password_wizard_id_seq; Type: SEQUENCE SET; Schema: public; Owner: odoo
--

SELECT pg_catalog.setval('public.change_password_wizard_id_seq', 43, true);


--
-- Name: confirm_stock_sms_id_seq; Type: SEQUENCE SET; Schema: public; Owner: odoo
--

SELECT pg_catalog.setval('public.confirm_stock_sms_id_seq', 1, false);


--
-- Name: crm_iap_lead_helpers_id_seq; Type: SEQUENCE SET; Schema: public; Owner: odoo
--

SELECT pg_catalog.setval('public.crm_iap_lead_helpers_id_seq', 1, false);


--
-- Name: crm_iap_lead_industry_id_seq; Type: SEQUENCE SET; Schema: public; Owner: odoo
--

SELECT pg_catalog.setval('public.crm_iap_lead_industry_id_seq', 23, true);


--
-- Name: crm_iap_lead_mining_request_id_seq; Type: SEQUENCE SET; Schema: public; Owner: odoo
--

SELECT pg_catalog.setval('public.crm_iap_lead_mining_request_id_seq', 1, false);


--
-- Name: crm_iap_lead_role_id_seq; Type: SEQUENCE SET; Schema: public; Owner: odoo
--

SELECT pg_catalog.setval('public.crm_iap_lead_role_id_seq', 22, true);


--
-- Name: crm_iap_lead_seniority_id_seq; Type: SEQUENCE SET; Schema: public; Owner: odoo
--

SELECT pg_catalog.setval('public.crm_iap_lead_seniority_id_seq', 3, true);


--
-- Name: crm_lead2opportunity_partner_id_seq; Type: SEQUENCE SET; Schema: public; Owner: odoo
--

SELECT pg_catalog.setval('public.crm_lead2opportunity_partner_id_seq', 1, false);


--
-- Name: crm_lead2opportunity_partner_mass_id_seq; Type: SEQUENCE SET; Schema: public; Owner: odoo
--

SELECT pg_catalog.setval('public.crm_lead2opportunity_partner_mass_id_seq', 1, false);


--
-- Name: crm_lead_id_seq; Type: SEQUENCE SET; Schema: public; Owner: odoo
--

SELECT pg_catalog.setval('public.crm_lead_id_seq', 2, true);


--
-- Name: crm_lead_lost_id_seq; Type: SEQUENCE SET; Schema: public; Owner: odoo
--

SELECT pg_catalog.setval('public.crm_lead_lost_id_seq', 1, false);


--
-- Name: crm_lead_pls_update_id_seq; Type: SEQUENCE SET; Schema: public; Owner: odoo
--

SELECT pg_catalog.setval('public.crm_lead_pls_update_id_seq', 1, false);


--
-- Name: crm_lead_scoring_frequency_field_id_seq; Type: SEQUENCE SET; Schema: public; Owner: odoo
--

SELECT pg_catalog.setval('public.crm_lead_scoring_frequency_field_id_seq', 7, true);


--
-- Name: crm_lead_scoring_frequency_id_seq; Type: SEQUENCE SET; Schema: public; Owner: odoo
--

SELECT pg_catalog.setval('public.crm_lead_scoring_frequency_id_seq', 1, false);


--
-- Name: crm_lost_reason_id_seq; Type: SEQUENCE SET; Schema: public; Owner: odoo
--

SELECT pg_catalog.setval('public.crm_lost_reason_id_seq', 3, true);


--
-- Name: crm_merge_opportunity_id_seq; Type: SEQUENCE SET; Schema: public; Owner: odoo
--

SELECT pg_catalog.setval('public.crm_merge_opportunity_id_seq', 1, false);


--
-- Name: crm_quotation_partner_id_seq; Type: SEQUENCE SET; Schema: public; Owner: odoo
--

SELECT pg_catalog.setval('public.crm_quotation_partner_id_seq', 1, false);


--
-- Name: crm_recurring_plan_id_seq; Type: SEQUENCE SET; Schema: public; Owner: odoo
--

SELECT pg_catalog.setval('public.crm_recurring_plan_id_seq', 4, true);


--
-- Name: crm_stage_id_seq; Type: SEQUENCE SET; Schema: public; Owner: odoo
--

SELECT pg_catalog.setval('public.crm_stage_id_seq', 4, true);


--
-- Name: crm_tag_id_seq; Type: SEQUENCE SET; Schema: public; Owner: odoo
--

SELECT pg_catalog.setval('public.crm_tag_id_seq', 1, false);


--
-- Name: crm_team_id_seq; Type: SEQUENCE SET; Schema: public; Owner: odoo
--

SELECT pg_catalog.setval('public.crm_team_id_seq', 3, true);


--
-- Name: crm_team_member_id_seq; Type: SEQUENCE SET; Schema: public; Owner: odoo
--

SELECT pg_catalog.setval('public.crm_team_member_id_seq', 1, true);


--
-- Name: decimal_precision_id_seq; Type: SEQUENCE SET; Schema: public; Owner: odoo
--

SELECT pg_catalog.setval('public.decimal_precision_id_seq', 7, true);


--
-- Name: digest_digest_id_seq; Type: SEQUENCE SET; Schema: public; Owner: odoo
--

SELECT pg_catalog.setval('public.digest_digest_id_seq', 1, true);


--
-- Name: digest_tip_id_seq; Type: SEQUENCE SET; Schema: public; Owner: odoo
--

SELECT pg_catalog.setval('public.digest_tip_id_seq', 35, true);


--
-- Name: discuss_channel_id_seq; Type: SEQUENCE SET; Schema: public; Owner: odoo
--

SELECT pg_catalog.setval('public.discuss_channel_id_seq', 25, true);


--
-- Name: discuss_channel_member_id_seq; Type: SEQUENCE SET; Schema: public; Owner: odoo
--

SELECT pg_catalog.setval('public.discuss_channel_member_id_seq', 79, true);


--
-- Name: discuss_channel_rtc_session_id_seq; Type: SEQUENCE SET; Schema: public; Owner: odoo
--

SELECT pg_catalog.setval('public.discuss_channel_rtc_session_id_seq', 1, false);


--
-- Name: discuss_gif_favorite_id_seq; Type: SEQUENCE SET; Schema: public; Owner: odoo
--

SELECT pg_catalog.setval('public.discuss_gif_favorite_id_seq', 1, false);


--
-- Name: discuss_voice_metadata_id_seq; Type: SEQUENCE SET; Schema: public; Owner: odoo
--

SELECT pg_catalog.setval('public.discuss_voice_metadata_id_seq', 1, false);


--
-- Name: fetchmail_server_id_seq; Type: SEQUENCE SET; Schema: public; Owner: odoo
--

SELECT pg_catalog.setval('public.fetchmail_server_id_seq', 1, false);


--
-- Name: gamification_badge_id_seq; Type: SEQUENCE SET; Schema: public; Owner: odoo
--

SELECT pg_catalog.setval('public.gamification_badge_id_seq', 4, true);


--
-- Name: gamification_badge_user_id_seq; Type: SEQUENCE SET; Schema: public; Owner: odoo
--

SELECT pg_catalog.setval('public.gamification_badge_user_id_seq', 1, false);


--
-- Name: gamification_badge_user_wizard_id_seq; Type: SEQUENCE SET; Schema: public; Owner: odoo
--

SELECT pg_catalog.setval('public.gamification_badge_user_wizard_id_seq', 1, false);


--
-- Name: gamification_challenge_id_seq; Type: SEQUENCE SET; Schema: public; Owner: odoo
--

SELECT pg_catalog.setval('public.gamification_challenge_id_seq', 4, true);


--
-- Name: gamification_challenge_line_id_seq; Type: SEQUENCE SET; Schema: public; Owner: odoo
--

SELECT pg_catalog.setval('public.gamification_challenge_line_id_seq', 8, true);


--
-- Name: gamification_goal_definition_id_seq; Type: SEQUENCE SET; Schema: public; Owner: odoo
--

SELECT pg_catalog.setval('public.gamification_goal_definition_id_seq', 14, true);


--
-- Name: gamification_goal_id_seq; Type: SEQUENCE SET; Schema: public; Owner: odoo
--

SELECT pg_catalog.setval('public.gamification_goal_id_seq', 45, true);


--
-- Name: gamification_goal_wizard_id_seq; Type: SEQUENCE SET; Schema: public; Owner: odoo
--

SELECT pg_catalog.setval('public.gamification_goal_wizard_id_seq', 1, false);


--
-- Name: gamification_karma_rank_id_seq; Type: SEQUENCE SET; Schema: public; Owner: odoo
--

SELECT pg_catalog.setval('public.gamification_karma_rank_id_seq', 5, true);


--
-- Name: gamification_karma_tracking_id_seq; Type: SEQUENCE SET; Schema: public; Owner: odoo
--

SELECT pg_catalog.setval('public.gamification_karma_tracking_id_seq', 2, true);


--
-- Name: hr_contract_type_id_seq; Type: SEQUENCE SET; Schema: public; Owner: odoo
--

SELECT pg_catalog.setval('public.hr_contract_type_id_seq', 10, true);


--
-- Name: hr_department_id_seq; Type: SEQUENCE SET; Schema: public; Owner: odoo
--

SELECT pg_catalog.setval('public.hr_department_id_seq', 12, true);


--
-- Name: hr_departure_reason_id_seq; Type: SEQUENCE SET; Schema: public; Owner: odoo
--

SELECT pg_catalog.setval('public.hr_departure_reason_id_seq', 3, true);


--
-- Name: hr_departure_wizard_id_seq; Type: SEQUENCE SET; Schema: public; Owner: odoo
--

SELECT pg_catalog.setval('public.hr_departure_wizard_id_seq', 1, false);


--
-- Name: hr_employee_category_id_seq; Type: SEQUENCE SET; Schema: public; Owner: odoo
--

SELECT pg_catalog.setval('public.hr_employee_category_id_seq', 1, false);


--
-- Name: hr_employee_cv_wizard_id_seq; Type: SEQUENCE SET; Schema: public; Owner: odoo
--

SELECT pg_catalog.setval('public.hr_employee_cv_wizard_id_seq', 1, false);


--
-- Name: hr_employee_id_seq; Type: SEQUENCE SET; Schema: public; Owner: odoo
--

SELECT pg_catalog.setval('public.hr_employee_id_seq', 30, true);


--
-- Name: hr_employee_skill_id_seq; Type: SEQUENCE SET; Schema: public; Owner: odoo
--

SELECT pg_catalog.setval('public.hr_employee_skill_id_seq', 182, true);


--
-- Name: hr_employee_skill_log_id_seq; Type: SEQUENCE SET; Schema: public; Owner: odoo
--

SELECT pg_catalog.setval('public.hr_employee_skill_log_id_seq', 200, true);


--
-- Name: hr_job_id_seq; Type: SEQUENCE SET; Schema: public; Owner: odoo
--

SELECT pg_catalog.setval('public.hr_job_id_seq', 11, true);


--
-- Name: hr_resume_line_id_seq; Type: SEQUENCE SET; Schema: public; Owner: odoo
--

SELECT pg_catalog.setval('public.hr_resume_line_id_seq', 121, true);


--
-- Name: hr_resume_line_type_id_seq; Type: SEQUENCE SET; Schema: public; Owner: odoo
--

SELECT pg_catalog.setval('public.hr_resume_line_type_id_seq', 5, true);


--
-- Name: hr_skill_id_seq; Type: SEQUENCE SET; Schema: public; Owner: odoo
--

SELECT pg_catalog.setval('public.hr_skill_id_seq', 36, true);


--
-- Name: hr_skill_level_id_seq; Type: SEQUENCE SET; Schema: public; Owner: odoo
--

SELECT pg_catalog.setval('public.hr_skill_level_id_seq', 11, true);


--
-- Name: hr_skill_type_id_seq; Type: SEQUENCE SET; Schema: public; Owner: odoo
--

SELECT pg_catalog.setval('public.hr_skill_type_id_seq', 2, true);


--
-- Name: hr_work_location_id_seq; Type: SEQUENCE SET; Schema: public; Owner: odoo
--

SELECT pg_catalog.setval('public.hr_work_location_id_seq', 3, true);


--
-- Name: iap_account_id_seq; Type: SEQUENCE SET; Schema: public; Owner: odoo
--

SELECT pg_catalog.setval('public.iap_account_id_seq', 3, true);


--
-- Name: iap_service_id_seq; Type: SEQUENCE SET; Schema: public; Owner: odoo
--

SELECT pg_catalog.setval('public.iap_service_id_seq', 4, true);


--
-- Name: ir_act_window_view_id_seq; Type: SEQUENCE SET; Schema: public; Owner: odoo
--

SELECT pg_catalog.setval('public.ir_act_window_view_id_seq', 237, true);


--
-- Name: ir_actions_id_seq; Type: SEQUENCE SET; Schema: public; Owner: odoo
--

SELECT pg_catalog.setval('public.ir_actions_id_seq', 792, true);


--
-- Name: ir_actions_todo_id_seq; Type: SEQUENCE SET; Schema: public; Owner: odoo
--

SELECT pg_catalog.setval('public.ir_actions_todo_id_seq', 3, true);


--
-- Name: ir_asset_id_seq; Type: SEQUENCE SET; Schema: public; Owner: odoo
--

SELECT pg_catalog.setval('public.ir_asset_id_seq', 115, true);


--
-- Name: ir_attachment_id_seq; Type: SEQUENCE SET; Schema: public; Owner: odoo
--

SELECT pg_catalog.setval('public.ir_attachment_id_seq', 1368, true);


--
-- Name: ir_config_parameter_id_seq; Type: SEQUENCE SET; Schema: public; Owner: odoo
--

SELECT pg_catalog.setval('public.ir_config_parameter_id_seq', 34, true);


--
-- Name: ir_cron_id_seq; Type: SEQUENCE SET; Schema: public; Owner: odoo
--

SELECT pg_catalog.setval('public.ir_cron_id_seq', 41, true);


--
-- Name: ir_cron_progress_id_seq; Type: SEQUENCE SET; Schema: public; Owner: odoo
--

SELECT pg_catalog.setval('public.ir_cron_progress_id_seq', 2711, true);


--
-- Name: ir_cron_trigger_id_seq; Type: SEQUENCE SET; Schema: public; Owner: odoo
--

SELECT pg_catalog.setval('public.ir_cron_trigger_id_seq', 13, true);


--
-- Name: ir_default_id_seq; Type: SEQUENCE SET; Schema: public; Owner: odoo
--

SELECT pg_catalog.setval('public.ir_default_id_seq', 20, true);


--
-- Name: ir_demo_failure_id_seq; Type: SEQUENCE SET; Schema: public; Owner: odoo
--

SELECT pg_catalog.setval('public.ir_demo_failure_id_seq', 1, false);


--
-- Name: ir_demo_failure_wizard_id_seq; Type: SEQUENCE SET; Schema: public; Owner: odoo
--

SELECT pg_catalog.setval('public.ir_demo_failure_wizard_id_seq', 1, false);


--
-- Name: ir_demo_id_seq; Type: SEQUENCE SET; Schema: public; Owner: odoo
--

SELECT pg_catalog.setval('public.ir_demo_id_seq', 1, false);


--
-- Name: ir_embedded_actions_id_seq; Type: SEQUENCE SET; Schema: public; Owner: odoo
--

SELECT pg_catalog.setval('public.ir_embedded_actions_id_seq', 14, true);


--
-- Name: ir_exports_id_seq; Type: SEQUENCE SET; Schema: public; Owner: odoo
--

SELECT pg_catalog.setval('public.ir_exports_id_seq', 2, true);


--
-- Name: ir_exports_line_id_seq; Type: SEQUENCE SET; Schema: public; Owner: odoo
--

SELECT pg_catalog.setval('public.ir_exports_line_id_seq', 18, true);


--
-- Name: ir_filters_id_seq; Type: SEQUENCE SET; Schema: public; Owner: odoo
--

SELECT pg_catalog.setval('public.ir_filters_id_seq', 6, true);


--
-- Name: ir_logging_id_seq; Type: SEQUENCE SET; Schema: public; Owner: odoo
--

SELECT pg_catalog.setval('public.ir_logging_id_seq', 1, false);


--
-- Name: ir_mail_server_id_seq; Type: SEQUENCE SET; Schema: public; Owner: odoo
--

SELECT pg_catalog.setval('public.ir_mail_server_id_seq', 1, false);


--
-- Name: ir_model_access_id_seq; Type: SEQUENCE SET; Schema: public; Owner: odoo
--

SELECT pg_catalog.setval('public.ir_model_access_id_seq', 1179, true);


--
-- Name: ir_model_constraint_id_seq; Type: SEQUENCE SET; Schema: public; Owner: odoo
--

SELECT pg_catalog.setval('public.ir_model_constraint_id_seq', 2934, true);


--
-- Name: ir_model_data_id_seq; Type: SEQUENCE SET; Schema: public; Owner: odoo
--

SELECT pg_catalog.setval('public.ir_model_data_id_seq', 82759, true);


--
-- Name: ir_model_fields_id_seq; Type: SEQUENCE SET; Schema: public; Owner: odoo
--

SELECT pg_catalog.setval('public.ir_model_fields_id_seq', 13145, true);


--
-- Name: ir_model_fields_selection_id_seq; Type: SEQUENCE SET; Schema: public; Owner: odoo
--

SELECT pg_catalog.setval('public.ir_model_fields_selection_id_seq', 2797, true);


--
-- Name: ir_model_id_seq; Type: SEQUENCE SET; Schema: public; Owner: odoo
--

SELECT pg_catalog.setval('public.ir_model_id_seq', 816, true);


--
-- Name: ir_model_inherit_id_seq; Type: SEQUENCE SET; Schema: public; Owner: odoo
--

SELECT pg_catalog.setval('public.ir_model_inherit_id_seq', 313, true);


--
-- Name: ir_model_relation_id_seq; Type: SEQUENCE SET; Schema: public; Owner: odoo
--

SELECT pg_catalog.setval('public.ir_model_relation_id_seq', 237, true);


--
-- Name: ir_module_category_id_seq; Type: SEQUENCE SET; Schema: public; Owner: odoo
--

SELECT pg_catalog.setval('public.ir_module_category_id_seq', 101, true);


--
-- Name: ir_module_module_dependency_id_seq; Type: SEQUENCE SET; Schema: public; Owner: odoo
--

SELECT pg_catalog.setval('public.ir_module_module_dependency_id_seq', 1389, true);


--
-- Name: ir_module_module_exclusion_id_seq; Type: SEQUENCE SET; Schema: public; Owner: odoo
--

SELECT pg_catalog.setval('public.ir_module_module_exclusion_id_seq', 1, false);


--
-- Name: ir_module_module_id_seq; Type: SEQUENCE SET; Schema: public; Owner: odoo
--

SELECT pg_catalog.setval('public.ir_module_module_id_seq', 701, true);


--
-- Name: ir_profile_id_seq; Type: SEQUENCE SET; Schema: public; Owner: odoo
--

SELECT pg_catalog.setval('public.ir_profile_id_seq', 1, false);


--
-- Name: ir_rule_id_seq; Type: SEQUENCE SET; Schema: public; Owner: odoo
--

SELECT pg_catalog.setval('public.ir_rule_id_seq', 308, true);


--
-- Name: ir_sequence_002; Type: SEQUENCE SET; Schema: public; Owner: odoo
--

SELECT pg_catalog.setval('public.ir_sequence_002', 1, false);


--
-- Name: ir_sequence_003; Type: SEQUENCE SET; Schema: public; Owner: odoo
--

SELECT pg_catalog.setval('public.ir_sequence_003', 492, true);


--
-- Name: ir_sequence_004; Type: SEQUENCE SET; Schema: public; Owner: odoo
--

SELECT pg_catalog.setval('public.ir_sequence_004', 1, false);


--
-- Name: ir_sequence_005; Type: SEQUENCE SET; Schema: public; Owner: odoo
--

SELECT pg_catalog.setval('public.ir_sequence_005', 1151, true);


--
-- Name: ir_sequence_006; Type: SEQUENCE SET; Schema: public; Owner: odoo
--

SELECT pg_catalog.setval('public.ir_sequence_006', 2853, true);


--
-- Name: ir_sequence_007; Type: SEQUENCE SET; Schema: public; Owner: odoo
--

SELECT pg_catalog.setval('public.ir_sequence_007', 1, false);


--
-- Name: ir_sequence_008; Type: SEQUENCE SET; Schema: public; Owner: odoo
--

SELECT pg_catalog.setval('public.ir_sequence_008', 1, false);


--
-- Name: ir_sequence_009; Type: SEQUENCE SET; Schema: public; Owner: odoo
--

SELECT pg_catalog.setval('public.ir_sequence_009', 1, false);


--
-- Name: ir_sequence_010; Type: SEQUENCE SET; Schema: public; Owner: odoo
--

SELECT pg_catalog.setval('public.ir_sequence_010', 1, false);


--
-- Name: ir_sequence_011; Type: SEQUENCE SET; Schema: public; Owner: odoo
--

SELECT pg_catalog.setval('public.ir_sequence_011', 1, false);


--
-- Name: ir_sequence_012; Type: SEQUENCE SET; Schema: public; Owner: odoo
--

SELECT pg_catalog.setval('public.ir_sequence_012', 1, false);


--
-- Name: ir_sequence_013; Type: SEQUENCE SET; Schema: public; Owner: odoo
--

SELECT pg_catalog.setval('public.ir_sequence_013', 1, false);


--
-- Name: ir_sequence_014; Type: SEQUENCE SET; Schema: public; Owner: odoo
--

SELECT pg_catalog.setval('public.ir_sequence_014', 1, false);


--
-- Name: ir_sequence_015; Type: SEQUENCE SET; Schema: public; Owner: odoo
--

SELECT pg_catalog.setval('public.ir_sequence_015', 1, false);


--
-- Name: ir_sequence_016; Type: SEQUENCE SET; Schema: public; Owner: odoo
--

SELECT pg_catalog.setval('public.ir_sequence_016', 1, false);


--
-- Name: ir_sequence_017; Type: SEQUENCE SET; Schema: public; Owner: odoo
--

SELECT pg_catalog.setval('public.ir_sequence_017', 1, false);


--
-- Name: ir_sequence_018; Type: SEQUENCE SET; Schema: public; Owner: odoo
--

SELECT pg_catalog.setval('public.ir_sequence_018', 1, false);


--
-- Name: ir_sequence_019; Type: SEQUENCE SET; Schema: public; Owner: odoo
--

SELECT pg_catalog.setval('public.ir_sequence_019', 2603, true);


--
-- Name: ir_sequence_020; Type: SEQUENCE SET; Schema: public; Owner: odoo
--

SELECT pg_catalog.setval('public.ir_sequence_020', 1, false);


--
-- Name: ir_sequence_021; Type: SEQUENCE SET; Schema: public; Owner: odoo
--

SELECT pg_catalog.setval('public.ir_sequence_021', 1, false);


--
-- Name: ir_sequence_022; Type: SEQUENCE SET; Schema: public; Owner: odoo
--

SELECT pg_catalog.setval('public.ir_sequence_022', 1, false);


--
-- Name: ir_sequence_023; Type: SEQUENCE SET; Schema: public; Owner: odoo
--

SELECT pg_catalog.setval('public.ir_sequence_023', 1, true);


--
-- Name: ir_sequence_024; Type: SEQUENCE SET; Schema: public; Owner: odoo
--

SELECT pg_catalog.setval('public.ir_sequence_024', 2, true);


--
-- Name: ir_sequence_date_range_id_seq; Type: SEQUENCE SET; Schema: public; Owner: odoo
--

SELECT pg_catalog.setval('public.ir_sequence_date_range_id_seq', 1, false);


--
-- Name: ir_sequence_id_seq; Type: SEQUENCE SET; Schema: public; Owner: odoo
--

SELECT pg_catalog.setval('public.ir_sequence_id_seq', 24, true);


--
-- Name: ir_ui_menu_id_seq; Type: SEQUENCE SET; Schema: public; Owner: odoo
--

SELECT pg_catalog.setval('public.ir_ui_menu_id_seq', 524, true);


--
-- Name: ir_ui_view_custom_id_seq; Type: SEQUENCE SET; Schema: public; Owner: odoo
--

SELECT pg_catalog.setval('public.ir_ui_view_custom_id_seq', 1, false);


--
-- Name: ir_ui_view_id_seq; Type: SEQUENCE SET; Schema: public; Owner: odoo
--

SELECT pg_catalog.setval('public.ir_ui_view_id_seq', 3111, true);


--
-- Name: l10n_es_edi_facturae_ac_role_type_id_seq; Type: SEQUENCE SET; Schema: public; Owner: odoo
--

SELECT pg_catalog.setval('public.l10n_es_edi_facturae_ac_role_type_id_seq', 9, true);


--
-- Name: link_tracker_click_id_seq; Type: SEQUENCE SET; Schema: public; Owner: odoo
--

SELECT pg_catalog.setval('public.link_tracker_click_id_seq', 1, false);


--
-- Name: link_tracker_code_id_seq; Type: SEQUENCE SET; Schema: public; Owner: odoo
--

SELECT pg_catalog.setval('public.link_tracker_code_id_seq', 1, false);


--
-- Name: link_tracker_id_seq; Type: SEQUENCE SET; Schema: public; Owner: odoo
--

SELECT pg_catalog.setval('public.link_tracker_id_seq', 1, false);


--
-- Name: lot_label_layout_id_seq; Type: SEQUENCE SET; Schema: public; Owner: odoo
--

SELECT pg_catalog.setval('public.lot_label_layout_id_seq', 1, false);


--
-- Name: mail_activity_id_seq; Type: SEQUENCE SET; Schema: public; Owner: odoo
--

SELECT pg_catalog.setval('public.mail_activity_id_seq', 198, true);


--
-- Name: mail_activity_plan_id_seq; Type: SEQUENCE SET; Schema: public; Owner: odoo
--

SELECT pg_catalog.setval('public.mail_activity_plan_id_seq', 4, true);


--
-- Name: mail_activity_plan_template_id_seq; Type: SEQUENCE SET; Schema: public; Owner: odoo
--

SELECT pg_catalog.setval('public.mail_activity_plan_template_id_seq', 10, true);


--
-- Name: mail_activity_schedule_id_seq; Type: SEQUENCE SET; Schema: public; Owner: odoo
--

SELECT pg_catalog.setval('public.mail_activity_schedule_id_seq', 66, true);


--
-- Name: mail_activity_type_id_seq; Type: SEQUENCE SET; Schema: public; Owner: odoo
--

SELECT pg_catalog.setval('public.mail_activity_type_id_seq', 8, true);


--
-- Name: mail_alias_domain_id_seq; Type: SEQUENCE SET; Schema: public; Owner: odoo
--

SELECT pg_catalog.setval('public.mail_alias_domain_id_seq', 1, false);


--
-- Name: mail_alias_id_seq; Type: SEQUENCE SET; Schema: public; Owner: odoo
--

SELECT pg_catalog.setval('public.mail_alias_id_seq', 5, true);


--
-- Name: mail_blacklist_id_seq; Type: SEQUENCE SET; Schema: public; Owner: odoo
--

SELECT pg_catalog.setval('public.mail_blacklist_id_seq', 1, false);


--
-- Name: mail_blacklist_remove_id_seq; Type: SEQUENCE SET; Schema: public; Owner: odoo
--

SELECT pg_catalog.setval('public.mail_blacklist_remove_id_seq', 1, false);


--
-- Name: mail_canned_response_id_seq; Type: SEQUENCE SET; Schema: public; Owner: odoo
--

SELECT pg_catalog.setval('public.mail_canned_response_id_seq', 1, true);


--
-- Name: mail_compose_message_id_seq; Type: SEQUENCE SET; Schema: public; Owner: odoo
--

SELECT pg_catalog.setval('public.mail_compose_message_id_seq', 1, false);


--
-- Name: mail_followers_id_seq; Type: SEQUENCE SET; Schema: public; Owner: odoo
--

SELECT pg_catalog.setval('public.mail_followers_id_seq', 1609, true);


--
-- Name: mail_gateway_allowed_id_seq; Type: SEQUENCE SET; Schema: public; Owner: odoo
--

SELECT pg_catalog.setval('public.mail_gateway_allowed_id_seq', 1, false);


--
-- Name: mail_guest_id_seq; Type: SEQUENCE SET; Schema: public; Owner: odoo
--

SELECT pg_catalog.setval('public.mail_guest_id_seq', 1, false);


--
-- Name: mail_ice_server_id_seq; Type: SEQUENCE SET; Schema: public; Owner: odoo
--

SELECT pg_catalog.setval('public.mail_ice_server_id_seq', 1, false);


--
-- Name: mail_link_preview_id_seq; Type: SEQUENCE SET; Schema: public; Owner: odoo
--

SELECT pg_catalog.setval('public.mail_link_preview_id_seq', 1, false);


--
-- Name: mail_mail_id_seq; Type: SEQUENCE SET; Schema: public; Owner: odoo
--

SELECT pg_catalog.setval('public.mail_mail_id_seq', 373, true);


--
-- Name: mail_message_id_seq; Type: SEQUENCE SET; Schema: public; Owner: odoo
--

SELECT pg_catalog.setval('public.mail_message_id_seq', 2374, true);


--
-- Name: mail_message_reaction_id_seq; Type: SEQUENCE SET; Schema: public; Owner: odoo
--

SELECT pg_catalog.setval('public.mail_message_reaction_id_seq', 1, false);


--
-- Name: mail_message_schedule_id_seq; Type: SEQUENCE SET; Schema: public; Owner: odoo
--

SELECT pg_catalog.setval('public.mail_message_schedule_id_seq', 1, false);


--
