-- Data for Name: account_tax_filiation_rel; Type: TABLE DATA; Schema: public; Owner: odoo
--

COPY public.account_tax_filiation_rel (parent_tax, child_tax) FROM stdin;
164	52
164	84
165	52
165	87
166	52
166	60
\.


--
-- Data for Name: account_tax_group; Type: TABLE DATA; Schema: public; Owner: odoo
--

COPY public.account_tax_group (id, sequence, company_id, tax_payable_account_id, tax_receivable_account_id, advance_tax_payment_account_id, country_id, create_uid, write_uid, pos_receipt_label, name, preceding_subtotal, create_date, write_date) FROM stdin;
1	10	1	229	220	\N	68	1	1	\N	{"en_US": "Withholding 0%", "es_ES": "Retenciones 0%"}	\N	2026-04-08 08:35:31.66018	2026-04-08 08:35:31.66018
2	10	1	229	220	\N	68	1	1	\N	{"en_US": "Withholding 1%", "es_ES": "Retenciones 1%"}	\N	2026-04-08 08:35:31.66018	2026-04-08 08:35:31.66018
3	10	1	229	220	\N	68	1	1	\N	{"en_US": "Withholding 2%", "es_ES": "Retenciones 2%"}	\N	2026-04-08 08:35:31.66018	2026-04-08 08:35:31.66018
4	10	1	229	220	\N	68	1	1	\N	{"en_US": "Withholding 7%", "es_ES": "Retenciones 7%"}	\N	2026-04-08 08:35:31.66018	2026-04-08 08:35:31.66018
5	10	1	229	220	\N	68	1	1	\N	{"en_US": "Withholding 9%", "es_ES": "Retenciones 9%"}	\N	2026-04-08 08:35:31.66018	2026-04-08 08:35:31.66018
6	10	1	229	220	\N	68	1	1	\N	{"en_US": "Withholding 15%", "es_ES": "Retenciones 15%"}	\N	2026-04-08 08:35:31.66018	2026-04-08 08:35:31.66018
7	10	1	229	220	\N	68	1	1	\N	{"en_US": "Withholding 18%", "es_ES": "Retenciones 18%"}	\N	2026-04-08 08:35:31.66018	2026-04-08 08:35:31.66018
8	10	1	229	220	\N	68	1	1	\N	{"en_US": "Withholding 19%", "es_ES": "Retenciones 19%"}	\N	2026-04-08 08:35:31.66018	2026-04-08 08:35:31.66018
9	10	1	229	220	\N	68	1	1	\N	{"en_US": "Withholding 19.5%", "es_ES": "Retenciones 19,5%"}	\N	2026-04-08 08:35:31.66018	2026-04-08 08:35:31.66018
10	10	1	229	220	\N	68	1	1	\N	{"en_US": "Withholding 20%", "es_ES": "Retenciones 20%"}	\N	2026-04-08 08:35:31.66018	2026-04-08 08:35:31.66018
11	10	1	229	220	\N	68	1	1	\N	{"en_US": "Withholding 21%", "es_ES": "Retenciones 21%"}	\N	2026-04-08 08:35:31.66018	2026-04-08 08:35:31.66018
12	10	1	229	220	\N	68	1	1	\N	{"en_US": "Withholding 24%", "es_ES": "Retenciones 24%"}	\N	2026-04-08 08:35:31.66018	2026-04-08 08:35:31.66018
13	10	1	229	220	\N	68	1	1	\N	{"en_US": "Withholding 35%", "es_ES": "Retenciones 35%"}	\N	2026-04-08 08:35:31.66018	2026-04-08 08:35:31.66018
14	10	1	229	220	\N	68	1	1	\N	{"en_US": "Exempt DUA", "es_ES": "DUA exento"}	\N	2026-04-08 08:35:31.66018	2026-04-08 08:35:31.66018
15	10	1	229	220	\N	68	1	1	\N	{"en_US": "Subtract Base Amount", "es_ES": "Resta Base"}	\N	2026-04-08 08:35:31.66018	2026-04-08 08:35:31.66018
16	10	1	229	220	\N	68	1	1	\N	{"en_US": "VAT 0%", "es_ES": "IVA 0%"}	\N	2026-04-08 08:35:31.66018	2026-04-08 08:35:31.66018
17	10	1	229	220	\N	68	1	1	\N	{"en_US": "VAT equivalence surcharge 0%", "es_ES": "Recargo de Equivalencia 0%"}	\N	2026-04-08 08:35:31.66018	2026-04-08 08:35:31.66018
18	10	1	229	220	\N	68	1	1	\N	{"en_US": "VAT equivalence surcharge 0.26%", "es_ES": "Recargo de Equivalencia 0,26%"}	\N	2026-04-08 08:35:31.66018	2026-04-08 08:35:31.66018
19	10	1	229	220	\N	68	1	1	\N	{"en_US": "VAT equivalence surcharge 0.5%", "es_ES": "Recargo de Equivalencia 0,5%"}	\N	2026-04-08 08:35:31.66018	2026-04-08 08:35:31.66018
20	10	1	229	220	\N	68	1	1	\N	{"en_US": "VAT equivalence surcharge 0.62%", "es_ES": "Recargo de Equivalencia 0,62%"}	\N	2026-04-08 08:35:31.66018	2026-04-08 08:35:31.66018
21	10	1	229	220	\N	68	1	1	\N	{"en_US": "VAT equivalence surcharge 1%", "es_ES": "Recargo de Equivalencia 1%"}	\N	2026-04-08 08:35:31.66018	2026-04-08 08:35:31.66018
22	10	1	229	220	\N	68	1	1	\N	{"en_US": "VAT equivalence surcharge 1.4%", "es_ES": "Recargo de Equivalencia 1,4%"}	\N	2026-04-08 08:35:31.66018	2026-04-08 08:35:31.66018
23	10	1	229	220	\N	68	1	1	\N	{"en_US": "VAT 2%", "es_ES": "IVA 2%"}	\N	2026-04-08 08:35:31.66018	2026-04-08 08:35:31.66018
24	10	1	229	220	\N	68	1	1	\N	{"en_US": "VAT 4%", "es_ES": "IVA 4%"}	\N	2026-04-08 08:35:31.66018	2026-04-08 08:35:31.66018
25	10	1	229	220	\N	68	1	1	\N	{"en_US": "VAT 5%", "es_ES": "IVA 5%"}	\N	2026-04-08 08:35:31.66018	2026-04-08 08:35:31.66018
26	10	1	229	220	\N	68	1	1	\N	{"en_US": "VAT 7.5%", "es_ES": "IVA 7,5%"}	\N	2026-04-08 08:35:31.66018	2026-04-08 08:35:31.66018
27	10	1	229	220	\N	68	1	1	\N	{"en_US": "VAT equivalence surcharge 5.2%", "es_ES": "Recargo de Equivalencia 5,2%"}	\N	2026-04-08 08:35:31.66018	2026-04-08 08:35:31.66018
28	10	1	229	220	\N	68	1	1	\N	{"en_US": "VAT 10%", "es_ES": "IVA 10%"}	\N	2026-04-08 08:35:31.66018	2026-04-08 08:35:31.66018
29	10	1	229	220	\N	68	1	1	\N	{"en_US": "VAT 12%", "es_ES": "IVA 12%"}	\N	2026-04-08 08:35:31.66018	2026-04-08 08:35:31.66018
30	10	1	229	220	\N	68	1	1	\N	{"en_US": "VAT 21%", "es_ES": "IVA 21%"}	\N	2026-04-08 08:35:31.66018	2026-04-08 08:35:31.66018
31	10	1	229	220	\N	68	1	1	\N	{"en_US": "VAT 10,5% REAGYP", "es_ES": "IVA 10,5% REAGYP"}	\N	2026-04-08 08:35:31.66018	2026-04-08 08:35:31.66018
32	10	1	229	220	\N	68	1	1	\N	{"en_US": "VAT exempt", "es_ES": "IVA no deducible"}	\N	2026-04-08 08:35:31.66018	2026-04-08 08:35:31.66018
\.


--
-- Data for Name: account_tax_purchase_order_line_rel; Type: TABLE DATA; Schema: public; Owner: odoo
--

COPY public.account_tax_purchase_order_line_rel (purchase_order_line_id, account_tax_id) FROM stdin;
1824	55
1825	55
1826	55
1827	55
1828	55
1829	55
1830	55
1831	55
1832	55
1833	55
1834	55
1835	55
1836	55
1837	55
1838	55
1839	55
1840	55
1841	55
1842	55
1843	55
1844	55
1845	55
1846	55
1847	55
1848	55
1849	55
1850	55
1851	55
1852	55
1853	55
1854	55
1855	55
1856	55
1857	55
1858	55
1859	55
1860	55
1861	55
1862	55
1863	55
1864	55
1865	55
1866	55
1867	55
1868	55
1869	55
1870	55
1871	55
1872	55
1873	55
1874	55
1875	55
1876	55
1877	55
1878	55
1879	55
1880	55
1881	55
1882	55
1883	55
1884	55
1885	55
1886	55
1887	55
1888	55
1889	55
1890	55
1891	55
1892	55
1893	55
1894	55
1895	55
1896	55
1897	55
1898	55
1899	55
1900	55
1901	55
1902	55
1903	55
1904	55
1905	55
1906	55
1907	55
1908	55
1909	55
1910	55
1911	55
1912	55
1913	55
1914	55
1915	55
1916	55
1917	55
1918	55
1919	55
1920	55
1921	55
1922	55
1923	55
1924	55
1925	55
1926	55
1927	55
1928	55
1929	55
1930	55
1931	55
1932	55
1933	55
1934	55
1935	55
1936	55
1937	55
1938	55
1939	55
1940	55
1941	55
1942	55
1943	55
1944	55
1945	55
1946	55
1947	55
1948	55
1949	55
1950	55
1951	55
1952	55
1953	55
1954	55
1955	55
1956	55
1957	55
1958	55
1959	55
1960	55
1961	55
1962	55
1963	55
1964	55
1965	55
1966	55
1967	55
1968	55
1969	55
1970	55
1971	55
1972	55
1973	55
1974	55
1975	55
1976	55
1977	55
1978	55
1979	55
1980	55
1981	55
1982	55
1983	55
1984	55
1985	55
1986	55
1987	55
1988	55
1989	55
1990	55
1991	55
1992	55
1993	55
1994	55
1995	55
1996	55
1997	55
1998	55
1999	55
2000	55
2001	55
2002	55
2003	55
2004	55
2005	55
2006	55
2007	55
2008	55
2009	55
2010	55
2011	55
2012	55
2013	55
2014	55
2015	55
2016	55
2017	55
2018	55
2019	55
2020	55
2021	55
2022	55
2023	55
2024	55
2025	55
2026	55
2027	55
2028	55
2029	55
2030	55
2031	55
2032	55
2033	55
2034	55
2035	55
2036	55
2037	55
2038	55
2039	55
2040	55
2041	55
2042	55
2043	55
2044	55
2045	55
2046	55
2047	55
2048	55
2049	55
2050	55
2051	55
2052	55
2053	55
2054	55
2055	55
2056	55
2057	55
2058	55
2059	55
2060	55
2061	55
2062	55
2063	55
2064	55
2065	55
2066	55
2067	55
2068	55
2069	55
2070	55
2071	55
2072	55
2073	55
2074	55
2075	55
2076	55
2077	55
2078	55
2079	55
2080	55
2081	55
2082	55
2083	55
2084	55
2085	55
2086	55
2087	55
2088	55
2089	55
2090	55
2091	55
2092	55
2093	55
2094	55
2095	55
2096	55
2097	55
2098	55
2099	55
2100	55
2101	55
2102	55
2103	55
2104	55
2105	55
2106	55
2107	55
2108	55
2109	55
2110	55
2111	55
2112	55
2113	55
2114	55
2115	55
2116	55
2117	55
2118	55
2119	55
2120	55
2121	55
2122	55
2123	55
2124	55
2125	55
2126	55
2127	55
2128	55
2129	55
2130	55
2131	55
2132	55
2133	55
2134	55
2135	55
2136	55
2137	55
2138	55
2139	55
2140	55
2141	55
2142	55
2143	55
2144	55
2145	55
2146	55
2147	55
2148	55
2149	55
2150	55
2151	55
2152	55
2153	55
2154	55
2155	55
2156	55
2157	55
2158	55
2159	55
2160	55
2161	55
2162	55
2163	55
2164	55
2165	55
2166	55
2167	55
2168	55
2169	55
2170	55
2171	55
2172	55
2173	55
2174	55
2175	55
2176	55
2177	55
2178	55
2179	55
2180	55
2181	55
2182	55
2183	55
2184	55
2185	55
2186	55
2187	55
2188	55
2189	55
2190	55
2191	55
2192	55
2193	55
2194	55
2195	55
2196	55
2197	55
2198	55
2199	55
2200	55
2201	55
2202	55
2203	55
2204	55
2205	55
2206	55
2207	55
2208	55
2209	55
2210	55
2211	55
2212	55
2213	55
2214	55
2215	55
2216	55
2217	55
2218	55
2219	55
2220	55
2221	55
2222	55
2223	55
2224	55
2225	55
2226	55
2227	55
2228	55
2229	55
2230	55
2231	55
2232	55
2233	55
2234	55
2235	55
2236	55
2237	55
2238	55
2239	55
2240	55
2241	55
2242	55
2243	55
2244	55
2245	55
2246	55
2247	55
2248	55
2249	55
2250	55
2251	55
2252	55
2253	55
2254	55
2255	55
2256	55
2257	55
2258	55
2259	55
2260	55
2261	55
2262	55
2263	55
2264	55
2265	55
2266	55
2267	55
2268	55
2269	55
2270	55
2271	55
2272	55
2273	55
2274	55
2275	55
2276	55
2277	55
2278	55
2279	55
2280	55
2281	55
2282	55
2283	55
2284	55
2285	55
2286	55
2287	55
2288	55
2289	55
2290	55
2291	55
2292	55
2293	55
2294	55
2295	55
2296	55
2297	55
2298	55
2299	55
2300	55
2301	55
2302	55
2303	55
2304	55
\.


--
-- Data for Name: account_tax_repartition_line; Type: TABLE DATA; Schema: public; Owner: odoo
--

COPY public.account_tax_repartition_line (id, account_id, tax_id, company_id, sequence, create_uid, write_uid, repartition_type, document_type, factor_percent, use_in_tax_closing, create_date, write_date) FROM stdin;
1	\N	1	1	1	1	1	base	invoice	100.000000000000	f	2026-04-08 08:35:31.66018	2026-04-08 08:35:31.66018
2	225	1	1	1	1	1	tax	invoice	100.000000000000	t	2026-04-08 08:35:31.66018	2026-04-08 08:35:31.66018
3	\N	1	1	1	1	1	base	refund	100.000000000000	f	2026-04-08 08:35:31.66018	2026-04-08 08:35:31.66018
4	225	1	1	1	1	1	tax	refund	100.000000000000	t	2026-04-08 08:35:31.66018	2026-04-08 08:35:31.66018
5	\N	2	1	1	1	1	base	invoice	100.000000000000	f	2026-04-08 08:35:31.66018	2026-04-08 08:35:31.66018
6	225	2	1	1	1	1	tax	invoice	100.000000000000	t	2026-04-08 08:35:31.66018	2026-04-08 08:35:31.66018
7	\N	2	1	1	1	1	base	refund	100.000000000000	f	2026-04-08 08:35:31.66018	2026-04-08 08:35:31.66018
8	225	2	1	1	1	1	tax	refund	100.000000000000	t	2026-04-08 08:35:31.66018	2026-04-08 08:35:31.66018
9	\N	3	1	1	1	1	base	invoice	100.000000000000	f	2026-04-08 08:35:31.66018	2026-04-08 08:35:31.66018
10	225	3	1	1	1	1	tax	invoice	100.000000000000	t	2026-04-08 08:35:31.66018	2026-04-08 08:35:31.66018
11	\N	3	1	1	1	1	base	refund	100.000000000000	f	2026-04-08 08:35:31.66018	2026-04-08 08:35:31.66018
12	225	3	1	1	1	1	tax	refund	100.000000000000	t	2026-04-08 08:35:31.66018	2026-04-08 08:35:31.66018
13	\N	4	1	1	1	1	base	invoice	100.000000000000	f	2026-04-08 08:35:31.66018	2026-04-08 08:35:31.66018
14	225	4	1	1	1	1	tax	invoice	100.000000000000	t	2026-04-08 08:35:31.66018	2026-04-08 08:35:31.66018
15	\N	4	1	1	1	1	base	refund	100.000000000000	f	2026-04-08 08:35:31.66018	2026-04-08 08:35:31.66018
16	225	4	1	1	1	1	tax	refund	100.000000000000	t	2026-04-08 08:35:31.66018	2026-04-08 08:35:31.66018
17	\N	5	1	1	1	1	base	invoice	100.000000000000	f	2026-04-08 08:35:31.66018	2026-04-08 08:35:31.66018
18	225	5	1	1	1	1	tax	invoice	100.000000000000	t	2026-04-08 08:35:31.66018	2026-04-08 08:35:31.66018
19	\N	5	1	1	1	1	base	refund	100.000000000000	f	2026-04-08 08:35:31.66018	2026-04-08 08:35:31.66018
20	225	5	1	1	1	1	tax	refund	100.000000000000	t	2026-04-08 08:35:31.66018	2026-04-08 08:35:31.66018
21	\N	6	1	1	1	1	base	invoice	100.000000000000	f	2026-04-08 08:35:31.66018	2026-04-08 08:35:31.66018
22	230	6	1	1	1	1	tax	invoice	100.000000000000	t	2026-04-08 08:35:31.66018	2026-04-08 08:35:31.66018
23	\N	6	1	1	1	1	base	refund	100.000000000000	f	2026-04-08 08:35:31.66018	2026-04-08 08:35:31.66018
24	230	6	1	1	1	1	tax	refund	100.000000000000	t	2026-04-08 08:35:31.66018	2026-04-08 08:35:31.66018
25	\N	7	1	1	1	1	base	invoice	100.000000000000	f	2026-04-08 08:35:31.66018	2026-04-08 08:35:31.66018
26	230	7	1	1	1	1	tax	invoice	100.000000000000	t	2026-04-08 08:35:31.66018	2026-04-08 08:35:31.66018
27	\N	7	1	1	1	1	base	refund	100.000000000000	f	2026-04-08 08:35:31.66018	2026-04-08 08:35:31.66018
28	230	7	1	1	1	1	tax	refund	100.000000000000	t	2026-04-08 08:35:31.66018	2026-04-08 08:35:31.66018
29	\N	8	1	1	1	1	base	invoice	100.000000000000	f	2026-04-08 08:35:31.66018	2026-04-08 08:35:31.66018
30	230	8	1	1	1	1	tax	invoice	100.000000000000	t	2026-04-08 08:35:31.66018	2026-04-08 08:35:31.66018
31	\N	8	1	1	1	1	base	refund	100.000000000000	f	2026-04-08 08:35:31.66018	2026-04-08 08:35:31.66018
32	230	8	1	1	1	1	tax	refund	100.000000000000	t	2026-04-08 08:35:31.66018	2026-04-08 08:35:31.66018
33	\N	9	1	1	1	1	base	invoice	100.000000000000	f	2026-04-08 08:35:31.66018	2026-04-08 08:35:31.66018
34	230	9	1	1	1	1	tax	invoice	100.000000000000	t	2026-04-08 08:35:31.66018	2026-04-08 08:35:31.66018
35	\N	9	1	1	1	1	base	refund	100.000000000000	f	2026-04-08 08:35:31.66018	2026-04-08 08:35:31.66018
36	230	9	1	1	1	1	tax	refund	100.000000000000	t	2026-04-08 08:35:31.66018	2026-04-08 08:35:31.66018
37	\N	10	1	1	1	1	base	invoice	100.000000000000	f	2026-04-08 08:35:31.66018	2026-04-08 08:35:31.66018
38	230	10	1	1	1	1	tax	invoice	100.000000000000	t	2026-04-08 08:35:31.66018	2026-04-08 08:35:31.66018
39	\N	10	1	1	1	1	base	refund	100.000000000000	f	2026-04-08 08:35:31.66018	2026-04-08 08:35:31.66018
40	230	10	1	1	1	1	tax	refund	100.000000000000	t	2026-04-08 08:35:31.66018	2026-04-08 08:35:31.66018
41	\N	11	1	1	1	1	base	invoice	100.000000000000	f	2026-04-08 08:35:31.66018	2026-04-08 08:35:31.66018
42	230	11	1	1	1	1	tax	invoice	100.000000000000	t	2026-04-08 08:35:31.66018	2026-04-08 08:35:31.66018
43	\N	11	1	1	1	1	base	refund	100.000000000000	f	2026-04-08 08:35:31.66018	2026-04-08 08:35:31.66018
44	230	11	1	1	1	1	tax	refund	100.000000000000	t	2026-04-08 08:35:31.66018	2026-04-08 08:35:31.66018
45	\N	12	1	1	1	1	base	invoice	100.000000000000	f	2026-04-08 08:35:31.66018	2026-04-08 08:35:31.66018
46	230	12	1	1	1	1	tax	invoice	100.000000000000	t	2026-04-08 08:35:31.66018	2026-04-08 08:35:31.66018
47	\N	12	1	1	1	1	base	refund	100.000000000000	f	2026-04-08 08:35:31.66018	2026-04-08 08:35:31.66018
48	230	12	1	1	1	1	tax	refund	100.000000000000	t	2026-04-08 08:35:31.66018	2026-04-08 08:35:31.66018
49	\N	13	1	1	1	1	base	invoice	100.000000000000	f	2026-04-08 08:35:31.66018	2026-04-08 08:35:31.66018
50	230	13	1	1	1	1	tax	invoice	100.000000000000	t	2026-04-08 08:35:31.66018	2026-04-08 08:35:31.66018
51	\N	13	1	1	1	1	base	refund	100.000000000000	f	2026-04-08 08:35:31.66018	2026-04-08 08:35:31.66018
52	230	13	1	1	1	1	tax	refund	100.000000000000	t	2026-04-08 08:35:31.66018	2026-04-08 08:35:31.66018
53	\N	14	1	1	1	1	base	invoice	100.000000000000	f	2026-04-08 08:35:31.66018	2026-04-08 08:35:31.66018
54	230	14	1	1	1	1	tax	invoice	100.000000000000	t	2026-04-08 08:35:31.66018	2026-04-08 08:35:31.66018
55	\N	14	1	1	1	1	base	refund	100.000000000000	f	2026-04-08 08:35:31.66018	2026-04-08 08:35:31.66018
56	230	14	1	1	1	1	tax	refund	100.000000000000	t	2026-04-08 08:35:31.66018	2026-04-08 08:35:31.66018
57	\N	15	1	1	1	1	base	invoice	100.000000000000	f	2026-04-08 08:35:31.66018	2026-04-08 08:35:31.66018
58	225	15	1	1	1	1	tax	invoice	100.000000000000	t	2026-04-08 08:35:31.66018	2026-04-08 08:35:31.66018
59	\N	15	1	1	1	1	base	refund	100.000000000000	f	2026-04-08 08:35:31.66018	2026-04-08 08:35:31.66018
60	225	15	1	1	1	1	tax	refund	100.000000000000	t	2026-04-08 08:35:31.66018	2026-04-08 08:35:31.66018
61	\N	16	1	1	1	1	base	invoice	100.000000000000	f	2026-04-08 08:35:31.66018	2026-04-08 08:35:31.66018
62	225	16	1	1	1	1	tax	invoice	100.000000000000	t	2026-04-08 08:35:31.66018	2026-04-08 08:35:31.66018
63	\N	16	1	1	1	1	base	refund	100.000000000000	f	2026-04-08 08:35:31.66018	2026-04-08 08:35:31.66018
64	225	16	1	1	1	1	tax	refund	100.000000000000	t	2026-04-08 08:35:31.66018	2026-04-08 08:35:31.66018
65	\N	17	1	1	1	1	base	invoice	100.000000000000	f	2026-04-08 08:35:31.66018	2026-04-08 08:35:31.66018
66	225	17	1	1	1	1	tax	invoice	100.000000000000	t	2026-04-08 08:35:31.66018	2026-04-08 08:35:31.66018
67	\N	17	1	1	1	1	base	refund	100.000000000000	f	2026-04-08 08:35:31.66018	2026-04-08 08:35:31.66018
68	225	17	1	1	1	1	tax	refund	100.000000000000	t	2026-04-08 08:35:31.66018	2026-04-08 08:35:31.66018
69	\N	18	1	1	1	1	base	invoice	100.000000000000	f	2026-04-08 08:35:31.66018	2026-04-08 08:35:31.66018
70	225	18	1	1	1	1	tax	invoice	100.000000000000	t	2026-04-08 08:35:31.66018	2026-04-08 08:35:31.66018
71	\N	18	1	1	1	1	base	refund	100.000000000000	f	2026-04-08 08:35:31.66018	2026-04-08 08:35:31.66018
72	225	18	1	1	1	1	tax	refund	100.000000000000	t	2026-04-08 08:35:31.66018	2026-04-08 08:35:31.66018
73	\N	19	1	1	1	1	base	invoice	100.000000000000	f	2026-04-08 08:35:31.66018	2026-04-08 08:35:31.66018
74	225	19	1	1	1	1	tax	invoice	100.000000000000	t	2026-04-08 08:35:31.66018	2026-04-08 08:35:31.66018
75	\N	19	1	1	1	1	base	refund	100.000000000000	f	2026-04-08 08:35:31.66018	2026-04-08 08:35:31.66018
76	225	19	1	1	1	1	tax	refund	100.000000000000	t	2026-04-08 08:35:31.66018	2026-04-08 08:35:31.66018
77	\N	20	1	1	1	1	base	invoice	100.000000000000	f	2026-04-08 08:35:31.66018	2026-04-08 08:35:31.66018
78	225	20	1	1	1	1	tax	invoice	100.000000000000	t	2026-04-08 08:35:31.66018	2026-04-08 08:35:31.66018
79	\N	20	1	1	1	1	base	refund	100.000000000000	f	2026-04-08 08:35:31.66018	2026-04-08 08:35:31.66018
80	225	20	1	1	1	1	tax	refund	100.000000000000	t	2026-04-08 08:35:31.66018	2026-04-08 08:35:31.66018
81	\N	21	1	1	1	1	base	invoice	100.000000000000	f	2026-04-08 08:35:31.66018	2026-04-08 08:35:31.66018
82	225	21	1	1	1	1	tax	invoice	100.000000000000	t	2026-04-08 08:35:31.66018	2026-04-08 08:35:31.66018
83	\N	21	1	1	1	1	base	refund	100.000000000000	f	2026-04-08 08:35:31.66018	2026-04-08 08:35:31.66018
84	225	21	1	1	1	1	tax	refund	100.000000000000	t	2026-04-08 08:35:31.66018	2026-04-08 08:35:31.66018
85	\N	22	1	1	1	1	base	invoice	100.000000000000	f	2026-04-08 08:35:31.66018	2026-04-08 08:35:31.66018
86	225	22	1	1	1	1	tax	invoice	100.000000000000	t	2026-04-08 08:35:31.66018	2026-04-08 08:35:31.66018
87	\N	22	1	1	1	1	base	refund	100.000000000000	f	2026-04-08 08:35:31.66018	2026-04-08 08:35:31.66018
88	225	22	1	1	1	1	tax	refund	100.000000000000	t	2026-04-08 08:35:31.66018	2026-04-08 08:35:31.66018
89	\N	23	1	1	1	1	base	invoice	100.000000000000	f	2026-04-08 08:35:31.66018	2026-04-08 08:35:31.66018
90	225	23	1	1	1	1	tax	invoice	100.000000000000	t	2026-04-08 08:35:31.66018	2026-04-08 08:35:31.66018
91	\N	23	1	1	1	1	base	refund	100.000000000000	f	2026-04-08 08:35:31.66018	2026-04-08 08:35:31.66018
92	225	23	1	1	1	1	tax	refund	100.000000000000	t	2026-04-08 08:35:31.66018	2026-04-08 08:35:31.66018
93	\N	24	1	1	1	1	base	invoice	100.000000000000	f	2026-04-08 08:35:31.66018	2026-04-08 08:35:31.66018
94	225	24	1	1	1	1	tax	invoice	100.000000000000	t	2026-04-08 08:35:31.66018	2026-04-08 08:35:31.66018
95	\N	24	1	1	1	1	base	refund	100.000000000000	f	2026-04-08 08:35:31.66018	2026-04-08 08:35:31.66018
96	225	24	1	1	1	1	tax	refund	100.000000000000	t	2026-04-08 08:35:31.66018	2026-04-08 08:35:31.66018
97	\N	25	1	1	1	1	base	invoice	100.000000000000	f	2026-04-08 08:35:31.66018	2026-04-08 08:35:31.66018
98	230	25	1	1	1	1	tax	invoice	100.000000000000	t	2026-04-08 08:35:31.66018	2026-04-08 08:35:31.66018
99	\N	25	1	1	1	1	base	refund	100.000000000000	f	2026-04-08 08:35:31.66018	2026-04-08 08:35:31.66018
100	230	25	1	1	1	1	tax	refund	100.000000000000	t	2026-04-08 08:35:31.66018	2026-04-08 08:35:31.66018
101	\N	26	1	1	1	1	base	invoice	100.000000000000	f	2026-04-08 08:35:31.66018	2026-04-08 08:35:31.66018
102	230	26	1	1	1	1	tax	invoice	100.000000000000	t	2026-04-08 08:35:31.66018	2026-04-08 08:35:31.66018
103	\N	26	1	1	1	1	base	refund	100.000000000000	f	2026-04-08 08:35:31.66018	2026-04-08 08:35:31.66018
104	230	26	1	1	1	1	tax	refund	100.000000000000	t	2026-04-08 08:35:31.66018	2026-04-08 08:35:31.66018
105	\N	27	1	1	1	1	base	invoice	100.000000000000	f	2026-04-08 08:35:31.66018	2026-04-08 08:35:31.66018
106	230	27	1	1	1	1	tax	invoice	100.000000000000	t	2026-04-08 08:35:31.66018	2026-04-08 08:35:31.66018
107	\N	27	1	1	1	1	base	refund	100.000000000000	f	2026-04-08 08:35:31.66018	2026-04-08 08:35:31.66018
108	230	27	1	1	1	1	tax	refund	100.000000000000	t	2026-04-08 08:35:31.66018	2026-04-08 08:35:31.66018
109	\N	28	1	1	1	1	base	invoice	100.000000000000	f	2026-04-08 08:35:31.66018	2026-04-08 08:35:31.66018
110	230	28	1	1	1	1	tax	invoice	100.000000000000	t	2026-04-08 08:35:31.66018	2026-04-08 08:35:31.66018
111	\N	28	1	1	1	1	base	refund	100.000000000000	f	2026-04-08 08:35:31.66018	2026-04-08 08:35:31.66018
112	230	28	1	1	1	1	tax	refund	100.000000000000	t	2026-04-08 08:35:31.66018	2026-04-08 08:35:31.66018
113	\N	29	1	1	1	1	base	invoice	100.000000000000	f	2026-04-08 08:35:31.66018	2026-04-08 08:35:31.66018
114	230	29	1	1	1	1	tax	invoice	100.000000000000	t	2026-04-08 08:35:31.66018	2026-04-08 08:35:31.66018
115	\N	29	1	1	1	1	base	refund	100.000000000000	f	2026-04-08 08:35:31.66018	2026-04-08 08:35:31.66018
116	230	29	1	1	1	1	tax	refund	100.000000000000	t	2026-04-08 08:35:31.66018	2026-04-08 08:35:31.66018
117	\N	30	1	1	1	1	base	invoice	100.000000000000	f	2026-04-08 08:35:31.66018	2026-04-08 08:35:31.66018
118	230	30	1	1	1	1	tax	invoice	100.000000000000	t	2026-04-08 08:35:31.66018	2026-04-08 08:35:31.66018
119	\N	30	1	1	1	1	base	refund	100.000000000000	f	2026-04-08 08:35:31.66018	2026-04-08 08:35:31.66018
120	230	30	1	1	1	1	tax	refund	100.000000000000	t	2026-04-08 08:35:31.66018	2026-04-08 08:35:31.66018
121	\N	31	1	1	1	1	base	invoice	100.000000000000	f	2026-04-08 08:35:31.66018	2026-04-08 08:35:31.66018
122	230	31	1	1	1	1	tax	invoice	100.000000000000	t	2026-04-08 08:35:31.66018	2026-04-08 08:35:31.66018
123	\N	31	1	1	1	1	base	refund	100.000000000000	f	2026-04-08 08:35:31.66018	2026-04-08 08:35:31.66018
124	230	31	1	1	1	1	tax	refund	100.000000000000	t	2026-04-08 08:35:31.66018	2026-04-08 08:35:31.66018
125	\N	32	1	1	1	1	base	invoice	100.000000000000	f	2026-04-08 08:35:31.66018	2026-04-08 08:35:31.66018
126	230	32	1	1	1	1	tax	invoice	100.000000000000	t	2026-04-08 08:35:31.66018	2026-04-08 08:35:31.66018
127	\N	32	1	1	1	1	base	refund	100.000000000000	f	2026-04-08 08:35:31.66018	2026-04-08 08:35:31.66018
128	230	32	1	1	1	1	tax	refund	100.000000000000	t	2026-04-08 08:35:31.66018	2026-04-08 08:35:31.66018
129	\N	33	1	1	1	1	base	invoice	100.000000000000	f	2026-04-08 08:35:31.66018	2026-04-08 08:35:31.66018
130	230	33	1	1	1	1	tax	invoice	100.000000000000	t	2026-04-08 08:35:31.66018	2026-04-08 08:35:31.66018
131	\N	33	1	1	1	1	base	refund	100.000000000000	f	2026-04-08 08:35:31.66018	2026-04-08 08:35:31.66018
132	230	33	1	1	1	1	tax	refund	100.000000000000	t	2026-04-08 08:35:31.66018	2026-04-08 08:35:31.66018
133	\N	34	1	1	1	1	base	invoice	100.000000000000	f	2026-04-08 08:35:31.66018	2026-04-08 08:35:31.66018
134	230	34	1	1	1	1	tax	invoice	100.000000000000	t	2026-04-08 08:35:31.66018	2026-04-08 08:35:31.66018
135	\N	34	1	1	1	1	base	refund	100.000000000000	f	2026-04-08 08:35:31.66018	2026-04-08 08:35:31.66018
136	230	34	1	1	1	1	tax	refund	100.000000000000	t	2026-04-08 08:35:31.66018	2026-04-08 08:35:31.66018
137	\N	35	1	1	1	1	base	invoice	100.000000000000	f	2026-04-08 08:35:31.66018	2026-04-08 08:35:31.66018
138	230	35	1	1	1	1	tax	invoice	100.000000000000	t	2026-04-08 08:35:31.66018	2026-04-08 08:35:31.66018
139	\N	35	1	1	1	1	base	refund	100.000000000000	f	2026-04-08 08:35:31.66018	2026-04-08 08:35:31.66018
140	230	35	1	1	1	1	tax	refund	100.000000000000	t	2026-04-08 08:35:31.66018	2026-04-08 08:35:31.66018
141	\N	36	1	1	1	1	base	invoice	100.000000000000	f	2026-04-08 08:35:31.66018	2026-04-08 08:35:31.66018
142	230	36	1	1	1	1	tax	invoice	100.000000000000	t	2026-04-08 08:35:31.66018	2026-04-08 08:35:31.66018
143	\N	36	1	1	1	1	base	refund	100.000000000000	f	2026-04-08 08:35:31.66018	2026-04-08 08:35:31.66018
144	230	36	1	1	1	1	tax	refund	100.000000000000	t	2026-04-08 08:35:31.66018	2026-04-08 08:35:31.66018
145	\N	37	1	1	1	1	base	invoice	100.000000000000	f	2026-04-08 08:35:31.66018	2026-04-08 08:35:31.66018
146	230	37	1	1	1	1	tax	invoice	100.000000000000	t	2026-04-08 08:35:31.66018	2026-04-08 08:35:31.66018
147	\N	37	1	1	1	1	base	refund	100.000000000000	f	2026-04-08 08:35:31.66018	2026-04-08 08:35:31.66018
148	230	37	1	1	1	1	tax	refund	100.000000000000	t	2026-04-08 08:35:31.66018	2026-04-08 08:35:31.66018
149	\N	38	1	1	1	1	base	invoice	100.000000000000	f	2026-04-08 08:35:31.66018	2026-04-08 08:35:31.66018
150	230	38	1	1	1	1	tax	invoice	100.000000000000	t	2026-04-08 08:35:31.66018	2026-04-08 08:35:31.66018
151	\N	38	1	1	1	1	base	refund	100.000000000000	f	2026-04-08 08:35:31.66018	2026-04-08 08:35:31.66018
152	230	38	1	1	1	1	tax	refund	100.000000000000	t	2026-04-08 08:35:31.66018	2026-04-08 08:35:31.66018
153	\N	39	1	1	1	1	base	invoice	100.000000000000	f	2026-04-08 08:35:31.66018	2026-04-08 08:35:31.66018
154	230	39	1	1	1	1	tax	invoice	100.000000000000	t	2026-04-08 08:35:31.66018	2026-04-08 08:35:31.66018
155	\N	39	1	1	1	1	base	refund	100.000000000000	f	2026-04-08 08:35:31.66018	2026-04-08 08:35:31.66018
156	230	39	1	1	1	1	tax	refund	100.000000000000	t	2026-04-08 08:35:31.66018	2026-04-08 08:35:31.66018
157	\N	40	1	1	1	1	base	invoice	100.000000000000	f	2026-04-08 08:35:31.66018	2026-04-08 08:35:31.66018
158	230	40	1	1	1	1	tax	invoice	100.000000000000	t	2026-04-08 08:35:31.66018	2026-04-08 08:35:31.66018
159	\N	40	1	1	1	1	base	refund	100.000000000000	f	2026-04-08 08:35:31.66018	2026-04-08 08:35:31.66018
160	230	40	1	1	1	1	tax	refund	100.000000000000	t	2026-04-08 08:35:31.66018	2026-04-08 08:35:31.66018
161	\N	41	1	1	1	1	base	invoice	100.000000000000	f	2026-04-08 08:35:31.66018	2026-04-08 08:35:31.66018
162	230	41	1	1	1	1	tax	invoice	100.000000000000	t	2026-04-08 08:35:31.66018	2026-04-08 08:35:31.66018
163	\N	41	1	1	1	1	base	refund	100.000000000000	f	2026-04-08 08:35:31.66018	2026-04-08 08:35:31.66018
164	230	41	1	1	1	1	tax	refund	100.000000000000	t	2026-04-08 08:35:31.66018	2026-04-08 08:35:31.66018
165	\N	42	1	1	1	1	base	invoice	100.000000000000	f	2026-04-08 08:35:31.66018	2026-04-08 08:35:31.66018
166	225	42	1	1	1	1	tax	invoice	100.000000000000	t	2026-04-08 08:35:31.66018	2026-04-08 08:35:31.66018
167	\N	42	1	1	1	1	base	refund	100.000000000000	f	2026-04-08 08:35:31.66018	2026-04-08 08:35:31.66018
168	225	42	1	1	1	1	tax	refund	100.000000000000	t	2026-04-08 08:35:31.66018	2026-04-08 08:35:31.66018
169	\N	43	1	1	1	1	base	invoice	100.000000000000	f	2026-04-08 08:35:31.66018	2026-04-08 08:35:31.66018
170	230	43	1	1	1	1	tax	invoice	100.000000000000	t	2026-04-08 08:35:31.66018	2026-04-08 08:35:31.66018
171	\N	43	1	1	1	1	base	refund	100.000000000000	f	2026-04-08 08:35:31.66018	2026-04-08 08:35:31.66018
172	230	43	1	1	1	1	tax	refund	100.000000000000	t	2026-04-08 08:35:31.66018	2026-04-08 08:35:31.66018
173	\N	44	1	1	1	1	base	invoice	100.000000000000	f	2026-04-08 08:35:31.66018	2026-04-08 08:35:31.66018
174	225	44	1	1	1	1	tax	invoice	100.000000000000	t	2026-04-08 08:35:31.66018	2026-04-08 08:35:31.66018
175	\N	44	1	1	1	1	base	refund	100.000000000000	f	2026-04-08 08:35:31.66018	2026-04-08 08:35:31.66018
176	225	44	1	1	1	1	tax	refund	100.000000000000	t	2026-04-08 08:35:31.66018	2026-04-08 08:35:31.66018
177	\N	45	1	1	1	1	base	invoice	100.000000000000	f	2026-04-08 08:35:31.66018	2026-04-08 08:35:31.66018
178	230	45	1	1	1	1	tax	invoice	100.000000000000	t	2026-04-08 08:35:31.66018	2026-04-08 08:35:31.66018
179	\N	45	1	1	1	1	base	refund	100.000000000000	f	2026-04-08 08:35:31.66018	2026-04-08 08:35:31.66018
180	230	45	1	1	1	1	tax	refund	100.000000000000	t	2026-04-08 08:35:31.66018	2026-04-08 08:35:31.66018
181	\N	46	1	1	1	1	base	invoice	100.000000000000	f	2026-04-08 08:35:31.66018	2026-04-08 08:35:31.66018
182	225	46	1	1	1	1	tax	invoice	100.000000000000	t	2026-04-08 08:35:31.66018	2026-04-08 08:35:31.66018
183	\N	46	1	1	1	1	base	refund	100.000000000000	f	2026-04-08 08:35:31.66018	2026-04-08 08:35:31.66018
184	225	46	1	1	1	1	tax	refund	100.000000000000	t	2026-04-08 08:35:31.66018	2026-04-08 08:35:31.66018
185	\N	47	1	1	1	1	base	invoice	100.000000000000	f	2026-04-08 08:35:31.66018	2026-04-08 08:35:31.66018
186	230	47	1	1	1	1	tax	invoice	100.000000000000	t	2026-04-08 08:35:31.66018	2026-04-08 08:35:31.66018
187	\N	47	1	1	1	1	base	refund	100.000000000000	f	2026-04-08 08:35:31.66018	2026-04-08 08:35:31.66018
188	230	47	1	1	1	1	tax	refund	100.000000000000	t	2026-04-08 08:35:31.66018	2026-04-08 08:35:31.66018
189	\N	48	1	1	1	1	base	invoice	100.000000000000	f	2026-04-08 08:35:31.66018	2026-04-08 08:35:31.66018
190	225	48	1	1	1	1	tax	invoice	100.000000000000	t	2026-04-08 08:35:31.66018	2026-04-08 08:35:31.66018
191	\N	48	1	1	1	1	base	refund	100.000000000000	f	2026-04-08 08:35:31.66018	2026-04-08 08:35:31.66018
192	225	48	1	1	1	1	tax	refund	100.000000000000	t	2026-04-08 08:35:31.66018	2026-04-08 08:35:31.66018
193	\N	49	1	1	1	1	base	invoice	100.000000000000	f	2026-04-08 08:35:31.66018	2026-04-08 08:35:31.66018
194	230	49	1	1	1	1	tax	invoice	100.000000000000	t	2026-04-08 08:35:31.66018	2026-04-08 08:35:31.66018
195	\N	49	1	1	1	1	base	refund	100.000000000000	f	2026-04-08 08:35:31.66018	2026-04-08 08:35:31.66018
196	230	49	1	1	1	1	tax	refund	100.000000000000	t	2026-04-08 08:35:31.66018	2026-04-08 08:35:31.66018
197	\N	50	1	1	1	1	base	invoice	100.000000000000	f	2026-04-08 08:35:31.66018	2026-04-08 08:35:31.66018
198	\N	50	1	1	1	1	tax	invoice	100.000000000000	f	2026-04-08 08:35:31.66018	2026-04-08 08:35:31.66018
199	\N	50	1	1	1	1	base	refund	100.000000000000	f	2026-04-08 08:35:31.66018	2026-04-08 08:35:31.66018
200	\N	50	1	1	1	1	tax	refund	100.000000000000	f	2026-04-08 08:35:31.66018	2026-04-08 08:35:31.66018
201	\N	51	1	1	1	1	base	invoice	100.000000000000	f	2026-04-08 08:35:31.66018	2026-04-08 08:35:31.66018
202	\N	51	1	1	1	1	tax	invoice	100.000000000000	f	2026-04-08 08:35:31.66018	2026-04-08 08:35:31.66018
203	\N	51	1	1	1	1	base	refund	100.000000000000	f	2026-04-08 08:35:31.66018	2026-04-08 08:35:31.66018
204	\N	51	1	1	1	1	tax	refund	100.000000000000	f	2026-04-08 08:35:31.66018	2026-04-08 08:35:31.66018
205	\N	52	1	1	1	1	base	invoice	100.000000000000	f	2026-04-08 08:35:31.66018	2026-04-08 08:35:31.66018
206	\N	52	1	1	1	1	tax	invoice	100.000000000000	f	2026-04-08 08:35:31.66018	2026-04-08 08:35:31.66018
207	\N	52	1	1	1	1	base	refund	100.000000000000	f	2026-04-08 08:35:31.66018	2026-04-08 08:35:31.66018
208	\N	52	1	1	1	1	tax	refund	100.000000000000	f	2026-04-08 08:35:31.66018	2026-04-08 08:35:31.66018
209	\N	53	1	1	1	1	base	invoice	100.000000000000	f	2026-04-08 08:35:31.66018	2026-04-08 08:35:31.66018
210	235	53	1	1	1	1	tax	invoice	100.000000000000	t	2026-04-08 08:35:31.66018	2026-04-08 08:35:31.66018
211	\N	53	1	1	1	1	base	refund	100.000000000000	f	2026-04-08 08:35:31.66018	2026-04-08 08:35:31.66018
212	235	53	1	1	1	1	tax	refund	100.000000000000	t	2026-04-08 08:35:31.66018	2026-04-08 08:35:31.66018
213	\N	54	1	1	1	1	base	invoice	100.000000000000	f	2026-04-08 08:35:31.66018	2026-04-08 08:35:31.66018
214	235	54	1	1	1	1	tax	invoice	100.000000000000	t	2026-04-08 08:35:31.66018	2026-04-08 08:35:31.66018
215	\N	54	1	1	1	1	base	refund	100.000000000000	f	2026-04-08 08:35:31.66018	2026-04-08 08:35:31.66018
216	235	54	1	1	1	1	tax	refund	100.000000000000	t	2026-04-08 08:35:31.66018	2026-04-08 08:35:31.66018
217	\N	55	1	1	1	1	base	invoice	100.000000000000	f	2026-04-08 08:35:31.66018	2026-04-08 08:35:31.66018
218	224	55	1	1	1	1	tax	invoice	100.000000000000	t	2026-04-08 08:35:31.66018	2026-04-08 08:35:31.66018
219	\N	55	1	1	1	1	base	refund	100.000000000000	f	2026-04-08 08:35:31.66018	2026-04-08 08:35:31.66018
220	224	55	1	1	1	1	tax	refund	100.000000000000	t	2026-04-08 08:35:31.66018	2026-04-08 08:35:31.66018
221	\N	56	1	1	1	1	base	invoice	100.000000000000	f	2026-04-08 08:35:31.66018	2026-04-08 08:35:31.66018
222	224	56	1	1	1	1	tax	invoice	100.000000000000	t	2026-04-08 08:35:31.66018	2026-04-08 08:35:31.66018
223	\N	56	1	1	1	1	base	refund	100.000000000000	f	2026-04-08 08:35:31.66018	2026-04-08 08:35:31.66018
224	224	56	1	1	1	1	tax	refund	100.000000000000	t	2026-04-08 08:35:31.66018	2026-04-08 08:35:31.66018
225	\N	57	1	1	1	1	base	invoice	100.000000000000	f	2026-04-08 08:35:31.66018	2026-04-08 08:35:31.66018
226	224	57	1	1	1	1	tax	invoice	100.000000000000	t	2026-04-08 08:35:31.66018	2026-04-08 08:35:31.66018
227	235	57	1	1	1	1	tax	invoice	-100.000000000000	t	2026-04-08 08:35:31.66018	2026-04-08 08:35:31.66018
228	\N	57	1	1	1	1	base	refund	100.000000000000	f	2026-04-08 08:35:31.66018	2026-04-08 08:35:31.66018
229	224	57	1	1	1	1	tax	refund	100.000000000000	t	2026-04-08 08:35:31.66018	2026-04-08 08:35:31.66018
230	235	57	1	1	1	1	tax	refund	-100.000000000000	t	2026-04-08 08:35:31.66018	2026-04-08 08:35:31.66018
231	\N	58	1	1	1	1	base	invoice	100.000000000000	f	2026-04-08 08:35:31.66018	2026-04-08 08:35:31.66018
232	224	58	1	1	1	1	tax	invoice	100.000000000000	t	2026-04-08 08:35:31.66018	2026-04-08 08:35:31.66018
233	235	58	1	1	1	1	tax	invoice	-100.000000000000	t	2026-04-08 08:35:31.66018	2026-04-08 08:35:31.66018
234	\N	58	1	1	1	1	base	refund	100.000000000000	f	2026-04-08 08:35:31.66018	2026-04-08 08:35:31.66018
235	224	58	1	1	1	1	tax	refund	100.000000000000	t	2026-04-08 08:35:31.66018	2026-04-08 08:35:31.66018
236	235	58	1	1	1	1	tax	refund	-100.000000000000	t	2026-04-08 08:35:31.66018	2026-04-08 08:35:31.66018
237	\N	59	1	1	1	1	base	invoice	100.000000000000	f	2026-04-08 08:35:31.66018	2026-04-08 08:35:31.66018
238	224	59	1	1	1	1	tax	invoice	100.000000000000	t	2026-04-08 08:35:31.66018	2026-04-08 08:35:31.66018
239	235	59	1	1	1	1	tax	invoice	-100.000000000000	t	2026-04-08 08:35:31.66018	2026-04-08 08:35:31.66018
240	\N	59	1	1	1	1	base	refund	100.000000000000	f	2026-04-08 08:35:31.66018	2026-04-08 08:35:31.66018
241	224	59	1	1	1	1	tax	refund	100.000000000000	t	2026-04-08 08:35:31.66018	2026-04-08 08:35:31.66018
242	235	59	1	1	1	1	tax	refund	-100.000000000000	t	2026-04-08 08:35:31.66018	2026-04-08 08:35:31.66018
243	\N	60	1	1	1	1	base	invoice	100.000000000000	f	2026-04-08 08:35:31.66018	2026-04-08 08:35:31.66018
244	224	60	1	1	1	1	tax	invoice	100.000000000000	t	2026-04-08 08:35:31.66018	2026-04-08 08:35:31.66018
245	\N	60	1	1	1	1	base	refund	100.000000000000	f	2026-04-08 08:35:31.66018	2026-04-08 08:35:31.66018
246	224	60	1	1	1	1	tax	refund	100.000000000000	t	2026-04-08 08:35:31.66018	2026-04-08 08:35:31.66018
247	\N	61	1	1	1	1	base	invoice	100.000000000000	f	2026-04-08 08:35:31.66018	2026-04-08 08:35:31.66018
248	224	61	1	1	1	1	tax	invoice	100.000000000000	t	2026-04-08 08:35:31.66018	2026-04-08 08:35:31.66018
249	\N	61	1	1	1	1	base	refund	100.000000000000	f	2026-04-08 08:35:31.66018	2026-04-08 08:35:31.66018
250	224	61	1	1	1	1	tax	refund	100.000000000000	t	2026-04-08 08:35:31.66018	2026-04-08 08:35:31.66018
251	\N	62	1	1	1	1	base	invoice	100.000000000000	f	2026-04-08 08:35:31.66018	2026-04-08 08:35:31.66018
252	224	62	1	1	1	1	tax	invoice	100.000000000000	t	2026-04-08 08:35:31.66018	2026-04-08 08:35:31.66018
253	235	62	1	1	1	1	tax	invoice	-100.000000000000	t	2026-04-08 08:35:31.66018	2026-04-08 08:35:31.66018
254	\N	62	1	1	1	1	base	refund	100.000000000000	f	2026-04-08 08:35:31.66018	2026-04-08 08:35:31.66018
255	224	62	1	1	1	1	tax	refund	100.000000000000	t	2026-04-08 08:35:31.66018	2026-04-08 08:35:31.66018
256	235	62	1	1	1	1	tax	refund	-100.000000000000	t	2026-04-08 08:35:31.66018	2026-04-08 08:35:31.66018
257	\N	63	1	1	1	1	base	invoice	100.000000000000	f	2026-04-08 08:35:31.66018	2026-04-08 08:35:31.66018
258	224	63	1	1	1	1	tax	invoice	100.000000000000	t	2026-04-08 08:35:31.66018	2026-04-08 08:35:31.66018
259	235	63	1	1	1	1	tax	invoice	-100.000000000000	t	2026-04-08 08:35:31.66018	2026-04-08 08:35:31.66018
260	\N	63	1	1	1	1	base	refund	100.000000000000	f	2026-04-08 08:35:31.66018	2026-04-08 08:35:31.66018
261	224	63	1	1	1	1	tax	refund	100.000000000000	t	2026-04-08 08:35:31.66018	2026-04-08 08:35:31.66018
262	235	63	1	1	1	1	tax	refund	-100.000000000000	t	2026-04-08 08:35:31.66018	2026-04-08 08:35:31.66018
263	\N	64	1	1	1	1	base	invoice	100.000000000000	f	2026-04-08 08:35:31.66018	2026-04-08 08:35:31.66018
264	224	64	1	1	1	1	tax	invoice	100.000000000000	t	2026-04-08 08:35:31.66018	2026-04-08 08:35:31.66018
265	235	64	1	1	1	1	tax	invoice	-100.000000000000	t	2026-04-08 08:35:31.66018	2026-04-08 08:35:31.66018
266	\N	64	1	1	1	1	base	refund	100.000000000000	f	2026-04-08 08:35:31.66018	2026-04-08 08:35:31.66018
267	224	64	1	1	1	1	tax	refund	100.000000000000	t	2026-04-08 08:35:31.66018	2026-04-08 08:35:31.66018
268	235	64	1	1	1	1	tax	refund	-100.000000000000	t	2026-04-08 08:35:31.66018	2026-04-08 08:35:31.66018
269	\N	65	1	1	1	1	base	invoice	100.000000000000	f	2026-04-08 08:35:31.66018	2026-04-08 08:35:31.66018
270	224	65	1	1	1	1	tax	invoice	100.000000000000	t	2026-04-08 08:35:31.66018	2026-04-08 08:35:31.66018
271	235	65	1	1	1	1	tax	invoice	-100.000000000000	t	2026-04-08 08:35:31.66018	2026-04-08 08:35:31.66018
272	\N	65	1	1	1	1	base	refund	100.000000000000	f	2026-04-08 08:35:31.66018	2026-04-08 08:35:31.66018
273	224	65	1	1	1	1	tax	refund	100.000000000000	t	2026-04-08 08:35:31.66018	2026-04-08 08:35:31.66018
274	235	65	1	1	1	1	tax	refund	-100.000000000000	t	2026-04-08 08:35:31.66018	2026-04-08 08:35:31.66018
275	\N	66	1	1	1	1	base	invoice	100.000000000000	f	2026-04-08 08:35:31.66018	2026-04-08 08:35:31.66018
276	224	66	1	1	1	1	tax	invoice	100.000000000000	t	2026-04-08 08:35:31.66018	2026-04-08 08:35:31.66018
277	235	66	1	1	1	1	tax	invoice	-100.000000000000	t	2026-04-08 08:35:31.66018	2026-04-08 08:35:31.66018
278	\N	66	1	1	1	1	base	refund	100.000000000000	f	2026-04-08 08:35:31.66018	2026-04-08 08:35:31.66018
279	224	66	1	1	1	1	tax	refund	100.000000000000	t	2026-04-08 08:35:31.66018	2026-04-08 08:35:31.66018
280	235	66	1	1	1	1	tax	refund	-100.000000000000	t	2026-04-08 08:35:31.66018	2026-04-08 08:35:31.66018
281	\N	67	1	1	1	1	base	invoice	100.000000000000	f	2026-04-08 08:35:31.66018	2026-04-08 08:35:31.66018
282	224	67	1	1	1	1	tax	invoice	100.000000000000	t	2026-04-08 08:35:31.66018	2026-04-08 08:35:31.66018
283	235	67	1	1	1	1	tax	invoice	-100.000000000000	t	2026-04-08 08:35:31.66018	2026-04-08 08:35:31.66018
284	\N	67	1	1	1	1	base	refund	100.000000000000	f	2026-04-08 08:35:31.66018	2026-04-08 08:35:31.66018
285	224	67	1	1	1	1	tax	refund	100.000000000000	t	2026-04-08 08:35:31.66018	2026-04-08 08:35:31.66018
286	235	67	1	1	1	1	tax	refund	-100.000000000000	t	2026-04-08 08:35:31.66018	2026-04-08 08:35:31.66018
287	\N	68	1	1	1	1	base	invoice	100.000000000000	f	2026-04-08 08:35:31.66018	2026-04-08 08:35:31.66018
288	224	68	1	1	1	1	tax	invoice	100.000000000000	t	2026-04-08 08:35:31.66018	2026-04-08 08:35:31.66018
289	235	68	1	1	1	1	tax	invoice	-100.000000000000	t	2026-04-08 08:35:31.66018	2026-04-08 08:35:31.66018
290	\N	68	1	1	1	1	base	refund	100.000000000000	f	2026-04-08 08:35:31.66018	2026-04-08 08:35:31.66018
291	224	68	1	1	1	1	tax	refund	100.000000000000	t	2026-04-08 08:35:31.66018	2026-04-08 08:35:31.66018
292	235	68	1	1	1	1	tax	refund	-100.000000000000	t	2026-04-08 08:35:31.66018	2026-04-08 08:35:31.66018
293	\N	69	1	1	1	1	base	invoice	100.000000000000	f	2026-04-08 08:35:31.66018	2026-04-08 08:35:31.66018
294	224	69	1	1	1	1	tax	invoice	100.000000000000	t	2026-04-08 08:35:31.66018	2026-04-08 08:35:31.66018
295	235	69	1	1	1	1	tax	invoice	-100.000000000000	t	2026-04-08 08:35:31.66018	2026-04-08 08:35:31.66018
296	\N	69	1	1	1	1	base	refund	100.000000000000	f	2026-04-08 08:35:31.66018	2026-04-08 08:35:31.66018
297	224	69	1	1	1	1	tax	refund	100.000000000000	t	2026-04-08 08:35:31.66018	2026-04-08 08:35:31.66018
298	235	69	1	1	1	1	tax	refund	-100.000000000000	t	2026-04-08 08:35:31.66018	2026-04-08 08:35:31.66018
299	\N	70	1	1	1	1	base	invoice	100.000000000000	f	2026-04-08 08:35:31.66018	2026-04-08 08:35:31.66018
300	224	70	1	1	1	1	tax	invoice	100.000000000000	t	2026-04-08 08:35:31.66018	2026-04-08 08:35:31.66018
301	235	70	1	1	1	1	tax	invoice	-100.000000000000	t	2026-04-08 08:35:31.66018	2026-04-08 08:35:31.66018
302	\N	70	1	1	1	1	base	refund	100.000000000000	f	2026-04-08 08:35:31.66018	2026-04-08 08:35:31.66018
303	224	70	1	1	1	1	tax	refund	100.000000000000	t	2026-04-08 08:35:31.66018	2026-04-08 08:35:31.66018
304	235	70	1	1	1	1	tax	refund	-100.000000000000	t	2026-04-08 08:35:31.66018	2026-04-08 08:35:31.66018
305	\N	71	1	1	1	1	base	invoice	100.000000000000	f	2026-04-08 08:35:31.66018	2026-04-08 08:35:31.66018
306	224	71	1	1	1	1	tax	invoice	100.000000000000	t	2026-04-08 08:35:31.66018	2026-04-08 08:35:31.66018
307	235	71	1	1	1	1	tax	invoice	-100.000000000000	t	2026-04-08 08:35:31.66018	2026-04-08 08:35:31.66018
308	\N	71	1	1	1	1	base	refund	100.000000000000	f	2026-04-08 08:35:31.66018	2026-04-08 08:35:31.66018
309	224	71	1	1	1	1	tax	refund	100.000000000000	t	2026-04-08 08:35:31.66018	2026-04-08 08:35:31.66018
310	235	71	1	1	1	1	tax	refund	-100.000000000000	t	2026-04-08 08:35:31.66018	2026-04-08 08:35:31.66018
311	\N	72	1	1	1	1	base	invoice	100.000000000000	f	2026-04-08 08:35:31.66018	2026-04-08 08:35:31.66018
312	224	72	1	1	1	1	tax	invoice	100.000000000000	t	2026-04-08 08:35:31.66018	2026-04-08 08:35:31.66018
313	235	72	1	1	1	1	tax	invoice	-100.000000000000	t	2026-04-08 08:35:31.66018	2026-04-08 08:35:31.66018
314	\N	72	1	1	1	1	base	refund	100.000000000000	f	2026-04-08 08:35:31.66018	2026-04-08 08:35:31.66018
315	224	72	1	1	1	1	tax	refund	100.000000000000	t	2026-04-08 08:35:31.66018	2026-04-08 08:35:31.66018
316	235	72	1	1	1	1	tax	refund	-100.000000000000	t	2026-04-08 08:35:31.66018	2026-04-08 08:35:31.66018
317	\N	73	1	1	1	1	base	invoice	100.000000000000	f	2026-04-08 08:35:31.66018	2026-04-08 08:35:31.66018
318	224	73	1	1	1	1	tax	invoice	100.000000000000	t	2026-04-08 08:35:31.66018	2026-04-08 08:35:31.66018
319	235	73	1	1	1	1	tax	invoice	-100.000000000000	t	2026-04-08 08:35:31.66018	2026-04-08 08:35:31.66018
320	\N	73	1	1	1	1	base	refund	100.000000000000	f	2026-04-08 08:35:31.66018	2026-04-08 08:35:31.66018
321	224	73	1	1	1	1	tax	refund	100.000000000000	t	2026-04-08 08:35:31.66018	2026-04-08 08:35:31.66018
322	235	73	1	1	1	1	tax	refund	-100.000000000000	t	2026-04-08 08:35:31.66018	2026-04-08 08:35:31.66018
323	\N	74	1	1	1	1	base	invoice	100.000000000000	f	2026-04-08 08:35:31.66018	2026-04-08 08:35:31.66018
324	224	74	1	1	1	1	tax	invoice	100.000000000000	t	2026-04-08 08:35:31.66018	2026-04-08 08:35:31.66018
325	235	74	1	1	1	1	tax	invoice	-100.000000000000	t	2026-04-08 08:35:31.66018	2026-04-08 08:35:31.66018
326	\N	74	1	1	1	1	base	refund	100.000000000000	f	2026-04-08 08:35:31.66018	2026-04-08 08:35:31.66018
327	224	74	1	1	1	1	tax	refund	100.000000000000	t	2026-04-08 08:35:31.66018	2026-04-08 08:35:31.66018
328	235	74	1	1	1	1	tax	refund	-100.000000000000	t	2026-04-08 08:35:31.66018	2026-04-08 08:35:31.66018
329	\N	75	1	1	1	1	base	invoice	100.000000000000	f	2026-04-08 08:35:31.66018	2026-04-08 08:35:31.66018
330	224	75	1	1	1	1	tax	invoice	100.000000000000	t	2026-04-08 08:35:31.66018	2026-04-08 08:35:31.66018
331	235	75	1	1	1	1	tax	invoice	-100.000000000000	t	2026-04-08 08:35:31.66018	2026-04-08 08:35:31.66018
332	\N	75	1	1	1	1	base	refund	100.000000000000	f	2026-04-08 08:35:31.66018	2026-04-08 08:35:31.66018
333	224	75	1	1	1	1	tax	refund	100.000000000000	t	2026-04-08 08:35:31.66018	2026-04-08 08:35:31.66018
334	235	75	1	1	1	1	tax	refund	-100.000000000000	t	2026-04-08 08:35:31.66018	2026-04-08 08:35:31.66018
335	\N	76	1	1	1	1	base	invoice	100.000000000000	f	2026-04-08 08:35:31.66018	2026-04-08 08:35:31.66018
336	\N	76	1	1	1	1	tax	invoice	100.000000000000	f	2026-04-08 08:35:31.66018	2026-04-08 08:35:31.66018
337	\N	76	1	1	1	1	base	refund	100.000000000000	f	2026-04-08 08:35:31.66018	2026-04-08 08:35:31.66018
338	\N	76	1	1	1	1	tax	refund	100.000000000000	f	2026-04-08 08:35:31.66018	2026-04-08 08:35:31.66018
339	\N	77	1	1	1	1	base	invoice	100.000000000000	f	2026-04-08 08:35:31.66018	2026-04-08 08:35:31.66018
340	\N	77	1	1	1	1	tax	invoice	100.000000000000	f	2026-04-08 08:35:31.66018	2026-04-08 08:35:31.66018
341	\N	77	1	1	1	1	base	refund	100.000000000000	f	2026-04-08 08:35:31.66018	2026-04-08 08:35:31.66018
342	\N	77	1	1	1	1	tax	refund	100.000000000000	f	2026-04-08 08:35:31.66018	2026-04-08 08:35:31.66018
343	\N	78	1	1	1	1	base	invoice	100.000000000000	f	2026-04-08 08:35:31.66018	2026-04-08 08:35:31.66018
344	\N	78	1	1	1	1	tax	invoice	100.000000000000	f	2026-04-08 08:35:31.66018	2026-04-08 08:35:31.66018
345	\N	78	1	1	1	1	base	refund	100.000000000000	f	2026-04-08 08:35:31.66018	2026-04-08 08:35:31.66018
346	\N	78	1	1	1	1	tax	refund	100.000000000000	f	2026-04-08 08:35:31.66018	2026-04-08 08:35:31.66018
347	\N	79	1	1	1	1	base	invoice	100.000000000000	f	2026-04-08 08:35:31.66018	2026-04-08 08:35:31.66018
348	\N	79	1	1	1	1	tax	invoice	100.000000000000	f	2026-04-08 08:35:31.66018	2026-04-08 08:35:31.66018
349	\N	79	1	1	1	1	base	refund	100.000000000000	f	2026-04-08 08:35:31.66018	2026-04-08 08:35:31.66018
350	\N	79	1	1	1	1	tax	refund	100.000000000000	f	2026-04-08 08:35:31.66018	2026-04-08 08:35:31.66018
351	\N	80	1	1	1	1	base	invoice	100.000000000000	f	2026-04-08 08:35:31.66018	2026-04-08 08:35:31.66018
352	\N	80	1	1	1	1	tax	invoice	100.000000000000	f	2026-04-08 08:35:31.66018	2026-04-08 08:35:31.66018
353	\N	80	1	1	1	1	base	refund	100.000000000000	f	2026-04-08 08:35:31.66018	2026-04-08 08:35:31.66018
354	\N	80	1	1	1	1	tax	refund	100.000000000000	f	2026-04-08 08:35:31.66018	2026-04-08 08:35:31.66018
355	\N	81	1	1	1	1	base	invoice	100.000000000000	f	2026-04-08 08:35:31.66018	2026-04-08 08:35:31.66018
356	\N	81	1	1	1	1	tax	invoice	100.000000000000	f	2026-04-08 08:35:31.66018	2026-04-08 08:35:31.66018
357	\N	81	1	1	1	1	base	refund	100.000000000000	f	2026-04-08 08:35:31.66018	2026-04-08 08:35:31.66018
358	\N	81	1	1	1	1	tax	refund	100.000000000000	f	2026-04-08 08:35:31.66018	2026-04-08 08:35:31.66018
359	\N	82	1	1	1	1	base	invoice	100.000000000000	f	2026-04-08 08:35:31.66018	2026-04-08 08:35:31.66018
360	\N	82	1	1	1	1	tax	invoice	100.000000000000	f	2026-04-08 08:35:31.66018	2026-04-08 08:35:31.66018
361	\N	82	1	1	1	1	base	refund	100.000000000000	f	2026-04-08 08:35:31.66018	2026-04-08 08:35:31.66018
362	\N	82	1	1	1	1	tax	refund	100.000000000000	f	2026-04-08 08:35:31.66018	2026-04-08 08:35:31.66018
363	\N	83	1	1	1	1	base	invoice	100.000000000000	f	2026-04-08 08:35:31.66018	2026-04-08 08:35:31.66018
364	\N	83	1	1	1	1	tax	invoice	100.000000000000	f	2026-04-08 08:35:31.66018	2026-04-08 08:35:31.66018
365	\N	83	1	1	1	1	base	refund	100.000000000000	f	2026-04-08 08:35:31.66018	2026-04-08 08:35:31.66018
366	\N	83	1	1	1	1	tax	refund	100.000000000000	f	2026-04-08 08:35:31.66018	2026-04-08 08:35:31.66018
367	\N	84	1	1	1	1	base	invoice	100.000000000000	f	2026-04-08 08:35:31.66018	2026-04-08 08:35:31.66018
368	224	84	1	1	1	1	tax	invoice	100.000000000000	t	2026-04-08 08:35:31.66018	2026-04-08 08:35:31.66018
369	\N	84	1	1	1	1	base	refund	100.000000000000	f	2026-04-08 08:35:31.66018	2026-04-08 08:35:31.66018
370	224	84	1	1	1	1	tax	refund	100.000000000000	t	2026-04-08 08:35:31.66018	2026-04-08 08:35:31.66018
371	\N	85	1	1	1	1	base	invoice	100.000000000000	f	2026-04-08 08:35:31.66018	2026-04-08 08:35:31.66018
372	224	85	1	1	1	1	tax	invoice	100.000000000000	t	2026-04-08 08:35:31.66018	2026-04-08 08:35:31.66018
373	\N	85	1	1	1	1	base	refund	100.000000000000	f	2026-04-08 08:35:31.66018	2026-04-08 08:35:31.66018
374	224	85	1	1	1	1	tax	refund	100.000000000000	t	2026-04-08 08:35:31.66018	2026-04-08 08:35:31.66018
375	\N	86	1	1	1	1	base	invoice	100.000000000000	f	2026-04-08 08:35:31.66018	2026-04-08 08:35:31.66018
376	224	86	1	1	1	1	tax	invoice	100.000000000000	t	2026-04-08 08:35:31.66018	2026-04-08 08:35:31.66018
377	\N	86	1	1	1	1	base	refund	100.000000000000	f	2026-04-08 08:35:31.66018	2026-04-08 08:35:31.66018
378	224	86	1	1	1	1	tax	refund	100.000000000000	t	2026-04-08 08:35:31.66018	2026-04-08 08:35:31.66018
379	\N	87	1	1	1	1	base	invoice	100.000000000000	f	2026-04-08 08:35:31.66018	2026-04-08 08:35:31.66018
380	224	87	1	1	1	1	tax	invoice	100.000000000000	t	2026-04-08 08:35:31.66018	2026-04-08 08:35:31.66018
381	\N	87	1	1	1	1	base	refund	100.000000000000	f	2026-04-08 08:35:31.66018	2026-04-08 08:35:31.66018
382	224	87	1	1	1	1	tax	refund	100.000000000000	t	2026-04-08 08:35:31.66018	2026-04-08 08:35:31.66018
383	\N	88	1	1	1	1	base	invoice	100.000000000000	f	2026-04-08 08:35:31.66018	2026-04-08 08:35:31.66018
384	224	88	1	1	1	1	tax	invoice	100.000000000000	t	2026-04-08 08:35:31.66018	2026-04-08 08:35:31.66018
385	\N	88	1	1	1	1	base	refund	100.000000000000	f	2026-04-08 08:35:31.66018	2026-04-08 08:35:31.66018
386	224	88	1	1	1	1	tax	refund	100.000000000000	t	2026-04-08 08:35:31.66018	2026-04-08 08:35:31.66018
387	\N	89	1	1	1	1	base	invoice	100.000000000000	f	2026-04-08 08:35:31.66018	2026-04-08 08:35:31.66018
388	224	89	1	1	1	1	tax	invoice	100.000000000000	t	2026-04-08 08:35:31.66018	2026-04-08 08:35:31.66018
389	\N	89	1	1	1	1	base	refund	100.000000000000	f	2026-04-08 08:35:31.66018	2026-04-08 08:35:31.66018
390	224	89	1	1	1	1	tax	refund	100.000000000000	t	2026-04-08 08:35:31.66018	2026-04-08 08:35:31.66018
391	\N	90	1	1	1	1	base	invoice	100.000000000000	f	2026-04-08 08:35:31.66018	2026-04-08 08:35:31.66018
392	224	90	1	1	1	1	tax	invoice	100.000000000000	t	2026-04-08 08:35:31.66018	2026-04-08 08:35:31.66018
393	235	90	1	1	1	1	tax	invoice	-100.000000000000	t	2026-04-08 08:35:31.66018	2026-04-08 08:35:31.66018
394	\N	90	1	1	1	1	base	refund	100.000000000000	f	2026-04-08 08:35:31.66018	2026-04-08 08:35:31.66018
395	224	90	1	1	1	1	tax	refund	100.000000000000	t	2026-04-08 08:35:31.66018	2026-04-08 08:35:31.66018
396	235	90	1	1	1	1	tax	refund	-100.000000000000	t	2026-04-08 08:35:31.66018	2026-04-08 08:35:31.66018
397	\N	91	1	1	1	1	base	invoice	100.000000000000	f	2026-04-08 08:35:31.66018	2026-04-08 08:35:31.66018
398	224	91	1	1	1	1	tax	invoice	100.000000000000	t	2026-04-08 08:35:31.66018	2026-04-08 08:35:31.66018
399	\N	91	1	1	1	1	base	refund	100.000000000000	f	2026-04-08 08:35:31.66018	2026-04-08 08:35:31.66018
400	224	91	1	1	1	1	tax	refund	100.000000000000	t	2026-04-08 08:35:31.66018	2026-04-08 08:35:31.66018
401	\N	92	1	1	1	1	base	invoice	100.000000000000	f	2026-04-08 08:35:31.66018	2026-04-08 08:35:31.66018
402	224	92	1	1	1	1	tax	invoice	100.000000000000	t	2026-04-08 08:35:31.66018	2026-04-08 08:35:31.66018
403	235	92	1	1	1	1	tax	invoice	-100.000000000000	t	2026-04-08 08:35:31.66018	2026-04-08 08:35:31.66018
404	\N	92	1	1	1	1	base	refund	100.000000000000	f	2026-04-08 08:35:31.66018	2026-04-08 08:35:31.66018
405	224	92	1	1	1	1	tax	refund	100.000000000000	t	2026-04-08 08:35:31.66018	2026-04-08 08:35:31.66018
406	235	92	1	1	1	1	tax	refund	-100.000000000000	t	2026-04-08 08:35:31.66018	2026-04-08 08:35:31.66018
407	\N	93	1	1	1	1	base	invoice	100.000000000000	f	2026-04-08 08:35:31.66018	2026-04-08 08:35:31.66018
408	224	93	1	1	1	1	tax	invoice	100.000000000000	t	2026-04-08 08:35:31.66018	2026-04-08 08:35:31.66018
409	\N	93	1	1	1	1	base	refund	100.000000000000	f	2026-04-08 08:35:31.66018	2026-04-08 08:35:31.66018
410	224	93	1	1	1	1	tax	refund	100.000000000000	t	2026-04-08 08:35:31.66018	2026-04-08 08:35:31.66018
411	\N	94	1	1	1	1	base	invoice	100.000000000000	f	2026-04-08 08:35:31.66018	2026-04-08 08:35:31.66018
412	224	94	1	1	1	1	tax	invoice	100.000000000000	t	2026-04-08 08:35:31.66018	2026-04-08 08:35:31.66018
413	235	94	1	1	1	1	tax	invoice	-100.000000000000	t	2026-04-08 08:35:31.66018	2026-04-08 08:35:31.66018
414	\N	94	1	1	1	1	base	refund	100.000000000000	f	2026-04-08 08:35:31.66018	2026-04-08 08:35:31.66018
415	224	94	1	1	1	1	tax	refund	100.000000000000	t	2026-04-08 08:35:31.66018	2026-04-08 08:35:31.66018
416	235	94	1	1	1	1	tax	refund	-100.000000000000	t	2026-04-08 08:35:31.66018	2026-04-08 08:35:31.66018
417	\N	95	1	1	1	1	base	invoice	100.000000000000	f	2026-04-08 08:35:31.66018	2026-04-08 08:35:31.66018
418	\N	95	1	1	1	1	tax	invoice	100.000000000000	f	2026-04-08 08:35:31.66018	2026-04-08 08:35:31.66018
419	\N	95	1	1	1	1	base	refund	100.000000000000	f	2026-04-08 08:35:31.66018	2026-04-08 08:35:31.66018
420	\N	95	1	1	1	1	tax	refund	100.000000000000	f	2026-04-08 08:35:31.66018	2026-04-08 08:35:31.66018
421	\N	96	1	1	1	1	base	invoice	100.000000000000	f	2026-04-08 08:35:31.66018	2026-04-08 08:35:31.66018
422	\N	96	1	1	1	1	tax	invoice	100.000000000000	f	2026-04-08 08:35:31.66018	2026-04-08 08:35:31.66018
423	\N	96	1	1	1	1	base	refund	100.000000000000	f	2026-04-08 08:35:31.66018	2026-04-08 08:35:31.66018
424	\N	96	1	1	1	1	tax	refund	100.000000000000	f	2026-04-08 08:35:31.66018	2026-04-08 08:35:31.66018
425	\N	97	1	1	1	1	base	invoice	100.000000000000	f	2026-04-08 08:35:31.66018	2026-04-08 08:35:31.66018
426	\N	97	1	1	1	1	tax	invoice	100.000000000000	f	2026-04-08 08:35:31.66018	2026-04-08 08:35:31.66018
427	\N	97	1	1	1	1	base	refund	100.000000000000	f	2026-04-08 08:35:31.66018	2026-04-08 08:35:31.66018
428	\N	97	1	1	1	1	tax	refund	100.000000000000	f	2026-04-08 08:35:31.66018	2026-04-08 08:35:31.66018
429	\N	98	1	1	1	1	base	invoice	100.000000000000	f	2026-04-08 08:35:31.66018	2026-04-08 08:35:31.66018
430	\N	98	1	1	1	1	tax	invoice	100.000000000000	f	2026-04-08 08:35:31.66018	2026-04-08 08:35:31.66018
431	\N	98	1	1	1	1	base	refund	100.000000000000	f	2026-04-08 08:35:31.66018	2026-04-08 08:35:31.66018
432	\N	98	1	1	1	1	tax	refund	100.000000000000	f	2026-04-08 08:35:31.66018	2026-04-08 08:35:31.66018
433	\N	99	1	1	1	1	base	invoice	100.000000000000	f	2026-04-08 08:35:31.66018	2026-04-08 08:35:31.66018
434	224	99	1	1	1	1	tax	invoice	100.000000000000	t	2026-04-08 08:35:31.66018	2026-04-08 08:35:31.66018
435	\N	99	1	1	1	1	base	refund	100.000000000000	f	2026-04-08 08:35:31.66018	2026-04-08 08:35:31.66018
436	224	99	1	1	1	1	tax	refund	100.000000000000	t	2026-04-08 08:35:31.66018	2026-04-08 08:35:31.66018
437	\N	100	1	1	1	1	base	invoice	100.000000000000	f	2026-04-08 08:35:31.66018	2026-04-08 08:35:31.66018
438	224	100	1	1	1	1	tax	invoice	100.000000000000	t	2026-04-08 08:35:31.66018	2026-04-08 08:35:31.66018
439	\N	100	1	1	1	1	base	refund	100.000000000000	f	2026-04-08 08:35:31.66018	2026-04-08 08:35:31.66018
440	224	100	1	1	1	1	tax	refund	100.000000000000	t	2026-04-08 08:35:31.66018	2026-04-08 08:35:31.66018
441	\N	101	1	1	1	1	base	invoice	100.000000000000	f	2026-04-08 08:35:31.66018	2026-04-08 08:35:31.66018
442	224	101	1	1	1	1	tax	invoice	100.000000000000	t	2026-04-08 08:35:31.66018	2026-04-08 08:35:31.66018
443	\N	101	1	1	1	1	base	refund	100.000000000000	f	2026-04-08 08:35:31.66018	2026-04-08 08:35:31.66018
444	224	101	1	1	1	1	tax	refund	100.000000000000	t	2026-04-08 08:35:31.66018	2026-04-08 08:35:31.66018
445	\N	102	1	1	1	1	base	invoice	100.000000000000	f	2026-04-08 08:35:31.66018	2026-04-08 08:35:31.66018
446	224	102	1	1	1	1	tax	invoice	100.000000000000	t	2026-04-08 08:35:31.66018	2026-04-08 08:35:31.66018
447	\N	102	1	1	1	1	base	refund	100.000000000000	f	2026-04-08 08:35:31.66018	2026-04-08 08:35:31.66018
448	224	102	1	1	1	1	tax	refund	100.000000000000	t	2026-04-08 08:35:31.66018	2026-04-08 08:35:31.66018
449	\N	103	1	1	1	1	base	invoice	100.000000000000	f	2026-04-08 08:35:31.66018	2026-04-08 08:35:31.66018
450	224	103	1	1	1	1	tax	invoice	100.000000000000	t	2026-04-08 08:35:31.66018	2026-04-08 08:35:31.66018
451	\N	103	1	1	1	1	base	refund	100.000000000000	f	2026-04-08 08:35:31.66018	2026-04-08 08:35:31.66018
452	224	103	1	1	1	1	tax	refund	100.000000000000	t	2026-04-08 08:35:31.66018	2026-04-08 08:35:31.66018
453	\N	104	1	1	1	1	base	invoice	100.000000000000	f	2026-04-08 08:35:31.66018	2026-04-08 08:35:31.66018
454	224	104	1	1	1	1	tax	invoice	100.000000000000	t	2026-04-08 08:35:31.66018	2026-04-08 08:35:31.66018
455	\N	104	1	1	1	1	base	refund	100.000000000000	f	2026-04-08 08:35:31.66018	2026-04-08 08:35:31.66018
456	224	104	1	1	1	1	tax	refund	100.000000000000	t	2026-04-08 08:35:31.66018	2026-04-08 08:35:31.66018
457	\N	105	1	1	1	1	base	invoice	100.000000000000	f	2026-04-08 08:35:31.66018	2026-04-08 08:35:31.66018
458	224	105	1	1	1	1	tax	invoice	100.000000000000	t	2026-04-08 08:35:31.66018	2026-04-08 08:35:31.66018
459	\N	105	1	1	1	1	base	refund	100.000000000000	f	2026-04-08 08:35:31.66018	2026-04-08 08:35:31.66018
460	224	105	1	1	1	1	tax	refund	100.000000000000	t	2026-04-08 08:35:31.66018	2026-04-08 08:35:31.66018
461	\N	106	1	1	1	1	base	invoice	100.000000000000	f	2026-04-08 08:35:31.66018	2026-04-08 08:35:31.66018
462	224	106	1	1	1	1	tax	invoice	100.000000000000	t	2026-04-08 08:35:31.66018	2026-04-08 08:35:31.66018
463	\N	106	1	1	1	1	base	refund	100.000000000000	f	2026-04-08 08:35:31.66018	2026-04-08 08:35:31.66018
464	224	106	1	1	1	1	tax	refund	100.000000000000	t	2026-04-08 08:35:31.66018	2026-04-08 08:35:31.66018
465	\N	107	1	1	1	1	base	invoice	100.000000000000	f	2026-04-08 08:35:31.66018	2026-04-08 08:35:31.66018
466	224	107	1	1	1	1	tax	invoice	100.000000000000	t	2026-04-08 08:35:31.66018	2026-04-08 08:35:31.66018
467	\N	107	1	1	1	1	base	refund	100.000000000000	f	2026-04-08 08:35:31.66018	2026-04-08 08:35:31.66018
468	224	107	1	1	1	1	tax	refund	100.000000000000	t	2026-04-08 08:35:31.66018	2026-04-08 08:35:31.66018
469	\N	108	1	1	1	1	base	invoice	100.000000000000	f	2026-04-08 08:35:31.66018	2026-04-08 08:35:31.66018
470	224	108	1	1	1	1	tax	invoice	100.000000000000	t	2026-04-08 08:35:31.66018	2026-04-08 08:35:31.66018
471	\N	108	1	1	1	1	base	refund	100.000000000000	f	2026-04-08 08:35:31.66018	2026-04-08 08:35:31.66018
472	224	108	1	1	1	1	tax	refund	100.000000000000	t	2026-04-08 08:35:31.66018	2026-04-08 08:35:31.66018
473	\N	109	1	1	1	1	base	invoice	100.000000000000	f	2026-04-08 08:35:31.66018	2026-04-08 08:35:31.66018
474	224	109	1	1	1	1	tax	invoice	100.000000000000	t	2026-04-08 08:35:31.66018	2026-04-08 08:35:31.66018
475	\N	109	1	1	1	1	base	refund	100.000000000000	f	2026-04-08 08:35:31.66018	2026-04-08 08:35:31.66018
476	224	109	1	1	1	1	tax	refund	100.000000000000	t	2026-04-08 08:35:31.66018	2026-04-08 08:35:31.66018
477	\N	110	1	1	1	1	base	invoice	100.000000000000	f	2026-04-08 08:35:31.66018	2026-04-08 08:35:31.66018
478	224	110	1	1	1	1	tax	invoice	100.000000000000	t	2026-04-08 08:35:31.66018	2026-04-08 08:35:31.66018
479	\N	110	1	1	1	1	base	refund	100.000000000000	f	2026-04-08 08:35:31.66018	2026-04-08 08:35:31.66018
480	224	110	1	1	1	1	tax	refund	100.000000000000	t	2026-04-08 08:35:31.66018	2026-04-08 08:35:31.66018
481	\N	111	1	1	1	1	base	invoice	100.000000000000	f	2026-04-08 08:35:31.66018	2026-04-08 08:35:31.66018
482	224	111	1	1	1	1	tax	invoice	100.000000000000	t	2026-04-08 08:35:31.66018	2026-04-08 08:35:31.66018
483	\N	111	1	1	1	1	base	refund	100.000000000000	f	2026-04-08 08:35:31.66018	2026-04-08 08:35:31.66018
484	224	111	1	1	1	1	tax	refund	100.000000000000	t	2026-04-08 08:35:31.66018	2026-04-08 08:35:31.66018
485	\N	112	1	1	1	1	base	invoice	100.000000000000	f	2026-04-08 08:35:31.66018	2026-04-08 08:35:31.66018
486	224	112	1	1	1	1	tax	invoice	100.000000000000	t	2026-04-08 08:35:31.66018	2026-04-08 08:35:31.66018
487	\N	112	1	1	1	1	base	refund	100.000000000000	f	2026-04-08 08:35:31.66018	2026-04-08 08:35:31.66018
488	224	112	1	1	1	1	tax	refund	100.000000000000	t	2026-04-08 08:35:31.66018	2026-04-08 08:35:31.66018
489	\N	113	1	1	1	1	base	invoice	100.000000000000	f	2026-04-08 08:35:31.66018	2026-04-08 08:35:31.66018
490	224	113	1	1	1	1	tax	invoice	100.000000000000	t	2026-04-08 08:35:31.66018	2026-04-08 08:35:31.66018
491	\N	113	1	1	1	1	base	refund	100.000000000000	f	2026-04-08 08:35:31.66018	2026-04-08 08:35:31.66018
492	224	113	1	1	1	1	tax	refund	100.000000000000	t	2026-04-08 08:35:31.66018	2026-04-08 08:35:31.66018
493	\N	114	1	1	1	1	base	invoice	100.000000000000	f	2026-04-08 08:35:31.66018	2026-04-08 08:35:31.66018
494	224	114	1	1	1	1	tax	invoice	100.000000000000	t	2026-04-08 08:35:31.66018	2026-04-08 08:35:31.66018
495	\N	114	1	1	1	1	base	refund	100.000000000000	f	2026-04-08 08:35:31.66018	2026-04-08 08:35:31.66018
496	224	114	1	1	1	1	tax	refund	100.000000000000	t	2026-04-08 08:35:31.66018	2026-04-08 08:35:31.66018
497	\N	115	1	1	1	1	base	invoice	100.000000000000	f	2026-04-08 08:35:31.66018	2026-04-08 08:35:31.66018
498	224	115	1	1	1	1	tax	invoice	100.000000000000	t	2026-04-08 08:35:31.66018	2026-04-08 08:35:31.66018
499	\N	115	1	1	1	1	base	refund	100.000000000000	f	2026-04-08 08:35:31.66018	2026-04-08 08:35:31.66018
500	224	115	1	1	1	1	tax	refund	100.000000000000	t	2026-04-08 08:35:31.66018	2026-04-08 08:35:31.66018
501	\N	116	1	1	1	1	base	invoice	100.000000000000	f	2026-04-08 08:35:31.66018	2026-04-08 08:35:31.66018
502	\N	116	1	1	1	1	tax	invoice	100.000000000000	f	2026-04-08 08:35:31.66018	2026-04-08 08:35:31.66018
503	\N	116	1	1	1	1	base	refund	100.000000000000	f	2026-04-08 08:35:31.66018	2026-04-08 08:35:31.66018
504	\N	116	1	1	1	1	tax	refund	100.000000000000	f	2026-04-08 08:35:31.66018	2026-04-08 08:35:31.66018
505	\N	117	1	1	1	1	base	invoice	100.000000000000	f	2026-04-08 08:35:31.66018	2026-04-08 08:35:31.66018
506	\N	117	1	1	1	1	tax	invoice	100.000000000000	f	2026-04-08 08:35:31.66018	2026-04-08 08:35:31.66018
507	\N	117	1	1	1	1	base	refund	100.000000000000	f	2026-04-08 08:35:31.66018	2026-04-08 08:35:31.66018
508	\N	117	1	1	1	1	tax	refund	100.000000000000	f	2026-04-08 08:35:31.66018	2026-04-08 08:35:31.66018
509	\N	118	1	1	1	1	base	invoice	100.000000000000	f	2026-04-08 08:35:31.66018	2026-04-08 08:35:31.66018
510	\N	118	1	1	1	1	tax	invoice	100.000000000000	f	2026-04-08 08:35:31.66018	2026-04-08 08:35:31.66018
511	\N	118	1	1	1	1	base	refund	100.000000000000	f	2026-04-08 08:35:31.66018	2026-04-08 08:35:31.66018
512	\N	118	1	1	1	1	tax	refund	100.000000000000	f	2026-04-08 08:35:31.66018	2026-04-08 08:35:31.66018
513	\N	119	1	1	1	1	base	invoice	100.000000000000	f	2026-04-08 08:35:31.66018	2026-04-08 08:35:31.66018
514	235	119	1	1	1	1	tax	invoice	100.000000000000	t	2026-04-08 08:35:31.66018	2026-04-08 08:35:31.66018
515	\N	119	1	1	1	1	base	refund	100.000000000000	f	2026-04-08 08:35:31.66018	2026-04-08 08:35:31.66018
516	235	119	1	1	1	1	tax	refund	100.000000000000	t	2026-04-08 08:35:31.66018	2026-04-08 08:35:31.66018
517	\N	120	1	1	1	1	base	invoice	100.000000000000	f	2026-04-08 08:35:31.66018	2026-04-08 08:35:31.66018
518	235	120	1	1	1	1	tax	invoice	100.000000000000	t	2026-04-08 08:35:31.66018	2026-04-08 08:35:31.66018
519	\N	120	1	1	1	1	base	refund	100.000000000000	f	2026-04-08 08:35:31.66018	2026-04-08 08:35:31.66018
520	235	120	1	1	1	1	tax	refund	100.000000000000	t	2026-04-08 08:35:31.66018	2026-04-08 08:35:31.66018
521	\N	121	1	1	1	1	base	invoice	100.000000000000	f	2026-04-08 08:35:31.66018	2026-04-08 08:35:31.66018
522	235	121	1	1	1	1	tax	invoice	100.000000000000	t	2026-04-08 08:35:31.66018	2026-04-08 08:35:31.66018
523	\N	121	1	1	1	1	base	refund	100.000000000000	f	2026-04-08 08:35:31.66018	2026-04-08 08:35:31.66018
524	235	121	1	1	1	1	tax	refund	100.000000000000	t	2026-04-08 08:35:31.66018	2026-04-08 08:35:31.66018
525	\N	122	1	1	1	1	base	invoice	100.000000000000	f	2026-04-08 08:35:31.66018	2026-04-08 08:35:31.66018
526	235	122	1	1	1	1	tax	invoice	100.000000000000	t	2026-04-08 08:35:31.66018	2026-04-08 08:35:31.66018
527	\N	122	1	1	1	1	base	refund	100.000000000000	f	2026-04-08 08:35:31.66018	2026-04-08 08:35:31.66018
528	235	122	1	1	1	1	tax	refund	100.000000000000	t	2026-04-08 08:35:31.66018	2026-04-08 08:35:31.66018
529	\N	123	1	1	1	1	base	invoice	100.000000000000	f	2026-04-08 08:35:31.66018	2026-04-08 08:35:31.66018
530	235	123	1	1	1	1	tax	invoice	100.000000000000	t	2026-04-08 08:35:31.66018	2026-04-08 08:35:31.66018
531	\N	123	1	1	1	1	base	refund	100.000000000000	f	2026-04-08 08:35:31.66018	2026-04-08 08:35:31.66018
532	235	123	1	1	1	1	tax	refund	100.000000000000	t	2026-04-08 08:35:31.66018	2026-04-08 08:35:31.66018
533	\N	124	1	1	1	1	base	invoice	100.000000000000	f	2026-04-08 08:35:31.66018	2026-04-08 08:35:31.66018
534	235	124	1	1	1	1	tax	invoice	100.000000000000	t	2026-04-08 08:35:31.66018	2026-04-08 08:35:31.66018
535	\N	124	1	1	1	1	base	refund	100.000000000000	f	2026-04-08 08:35:31.66018	2026-04-08 08:35:31.66018
536	235	124	1	1	1	1	tax	refund	100.000000000000	t	2026-04-08 08:35:31.66018	2026-04-08 08:35:31.66018
537	\N	125	1	1	1	1	base	invoice	100.000000000000	f	2026-04-08 08:35:31.66018	2026-04-08 08:35:31.66018
538	\N	125	1	1	1	1	tax	invoice	100.000000000000	f	2026-04-08 08:35:31.66018	2026-04-08 08:35:31.66018
539	\N	125	1	1	1	1	base	refund	100.000000000000	f	2026-04-08 08:35:31.66018	2026-04-08 08:35:31.66018
540	\N	125	1	1	1	1	tax	refund	100.000000000000	f	2026-04-08 08:35:31.66018	2026-04-08 08:35:31.66018
541	\N	126	1	1	1	1	base	invoice	100.000000000000	f	2026-04-08 08:35:31.66018	2026-04-08 08:35:31.66018
542	\N	126	1	1	1	1	tax	invoice	100.000000000000	f	2026-04-08 08:35:31.66018	2026-04-08 08:35:31.66018
543	\N	126	1	1	1	1	base	refund	100.000000000000	f	2026-04-08 08:35:31.66018	2026-04-08 08:35:31.66018
544	\N	126	1	1	1	1	tax	refund	100.000000000000	f	2026-04-08 08:35:31.66018	2026-04-08 08:35:31.66018
545	\N	127	1	1	1	1	base	invoice	100.000000000000	f	2026-04-08 08:35:31.66018	2026-04-08 08:35:31.66018
546	\N	127	1	1	1	1	tax	invoice	100.000000000000	f	2026-04-08 08:35:31.66018	2026-04-08 08:35:31.66018
547	\N	127	1	1	1	1	base	refund	100.000000000000	f	2026-04-08 08:35:31.66018	2026-04-08 08:35:31.66018
548	\N	127	1	1	1	1	tax	refund	100.000000000000	f	2026-04-08 08:35:31.66018	2026-04-08 08:35:31.66018
549	\N	128	1	1	1	1	base	invoice	100.000000000000	f	2026-04-08 08:35:31.66018	2026-04-08 08:35:31.66018
550	\N	128	1	1	1	1	tax	invoice	100.000000000000	f	2026-04-08 08:35:31.66018	2026-04-08 08:35:31.66018
551	\N	128	1	1	1	1	base	refund	100.000000000000	f	2026-04-08 08:35:31.66018	2026-04-08 08:35:31.66018
552	\N	128	1	1	1	1	tax	refund	100.000000000000	f	2026-04-08 08:35:31.66018	2026-04-08 08:35:31.66018
553	\N	129	1	1	1	1	base	invoice	100.000000000000	f	2026-04-08 08:35:31.66018	2026-04-08 08:35:31.66018
554	\N	129	1	1	1	1	tax	invoice	100.000000000000	f	2026-04-08 08:35:31.66018	2026-04-08 08:35:31.66018
555	\N	129	1	1	1	1	base	refund	100.000000000000	f	2026-04-08 08:35:31.66018	2026-04-08 08:35:31.66018
556	\N	129	1	1	1	1	tax	refund	100.000000000000	f	2026-04-08 08:35:31.66018	2026-04-08 08:35:31.66018
557	\N	130	1	1	1	1	base	invoice	100.000000000000	f	2026-04-08 08:35:31.66018	2026-04-08 08:35:31.66018
558	\N	130	1	1	1	1	tax	invoice	100.000000000000	f	2026-04-08 08:35:31.66018	2026-04-08 08:35:31.66018
559	\N	130	1	1	1	1	base	refund	100.000000000000	f	2026-04-08 08:35:31.66018	2026-04-08 08:35:31.66018
560	\N	130	1	1	1	1	tax	refund	100.000000000000	f	2026-04-08 08:35:31.66018	2026-04-08 08:35:31.66018
561	\N	131	1	1	1	1	base	invoice	100.000000000000	f	2026-04-08 08:35:31.66018	2026-04-08 08:35:31.66018
562	\N	131	1	1	1	1	tax	invoice	100.000000000000	f	2026-04-08 08:35:31.66018	2026-04-08 08:35:31.66018
563	\N	131	1	1	1	1	base	refund	100.000000000000	f	2026-04-08 08:35:31.66018	2026-04-08 08:35:31.66018
564	\N	131	1	1	1	1	tax	refund	100.000000000000	f	2026-04-08 08:35:31.66018	2026-04-08 08:35:31.66018
565	\N	132	1	1	1	1	base	invoice	100.000000000000	f	2026-04-08 08:35:31.66018	2026-04-08 08:35:31.66018
566	\N	132	1	1	1	1	tax	invoice	100.000000000000	f	2026-04-08 08:35:31.66018	2026-04-08 08:35:31.66018
567	\N	132	1	1	1	1	base	refund	100.000000000000	f	2026-04-08 08:35:31.66018	2026-04-08 08:35:31.66018
568	\N	132	1	1	1	1	tax	refund	100.000000000000	f	2026-04-08 08:35:31.66018	2026-04-08 08:35:31.66018
569	\N	133	1	1	1	1	base	invoice	100.000000000000	f	2026-04-08 08:35:31.66018	2026-04-08 08:35:31.66018
570	235	133	1	1	1	1	tax	invoice	100.000000000000	t	2026-04-08 08:35:31.66018	2026-04-08 08:35:31.66018
571	\N	133	1	1	1	1	base	refund	100.000000000000	f	2026-04-08 08:35:31.66018	2026-04-08 08:35:31.66018
572	235	133	1	1	1	1	tax	refund	100.000000000000	t	2026-04-08 08:35:31.66018	2026-04-08 08:35:31.66018
573	\N	134	1	1	1	1	base	invoice	100.000000000000	f	2026-04-08 08:35:31.66018	2026-04-08 08:35:31.66018
574	235	134	1	1	1	1	tax	invoice	100.000000000000	t	2026-04-08 08:35:31.66018	2026-04-08 08:35:31.66018
575	\N	134	1	1	1	1	base	refund	100.000000000000	f	2026-04-08 08:35:31.66018	2026-04-08 08:35:31.66018
576	235	134	1	1	1	1	tax	refund	100.000000000000	t	2026-04-08 08:35:31.66018	2026-04-08 08:35:31.66018
577	\N	135	1	1	1	1	base	invoice	100.000000000000	f	2026-04-08 08:35:31.66018	2026-04-08 08:35:31.66018
578	235	135	1	1	1	1	tax	invoice	100.000000000000	t	2026-04-08 08:35:31.66018	2026-04-08 08:35:31.66018
579	\N	135	1	1	1	1	base	refund	100.000000000000	f	2026-04-08 08:35:31.66018	2026-04-08 08:35:31.66018
580	235	135	1	1	1	1	tax	refund	100.000000000000	t	2026-04-08 08:35:31.66018	2026-04-08 08:35:31.66018
581	\N	136	1	1	1	1	base	invoice	100.000000000000	f	2026-04-08 08:35:31.66018	2026-04-08 08:35:31.66018
582	235	136	1	1	1	1	tax	invoice	100.000000000000	t	2026-04-08 08:35:31.66018	2026-04-08 08:35:31.66018
583	\N	136	1	1	1	1	base	refund	100.000000000000	f	2026-04-08 08:35:31.66018	2026-04-08 08:35:31.66018
584	235	136	1	1	1	1	tax	refund	100.000000000000	t	2026-04-08 08:35:31.66018	2026-04-08 08:35:31.66018
585	\N	137	1	1	1	1	base	invoice	100.000000000000	f	2026-04-08 08:35:31.66018	2026-04-08 08:35:31.66018
586	235	137	1	1	1	1	tax	invoice	100.000000000000	t	2026-04-08 08:35:31.66018	2026-04-08 08:35:31.66018
587	\N	137	1	1	1	1	base	refund	100.000000000000	f	2026-04-08 08:35:31.66018	2026-04-08 08:35:31.66018
588	235	137	1	1	1	1	tax	refund	100.000000000000	t	2026-04-08 08:35:31.66018	2026-04-08 08:35:31.66018
589	\N	138	1	1	1	1	base	invoice	100.000000000000	f	2026-04-08 08:35:31.66018	2026-04-08 08:35:31.66018
590	235	138	1	1	1	1	tax	invoice	100.000000000000	t	2026-04-08 08:35:31.66018	2026-04-08 08:35:31.66018
591	\N	138	1	1	1	1	base	refund	100.000000000000	f	2026-04-08 08:35:31.66018	2026-04-08 08:35:31.66018
592	235	138	1	1	1	1	tax	refund	100.000000000000	t	2026-04-08 08:35:31.66018	2026-04-08 08:35:31.66018
593	\N	139	1	1	1	1	base	invoice	100.000000000000	f	2026-04-08 08:35:31.66018	2026-04-08 08:35:31.66018
594	235	139	1	1	1	1	tax	invoice	100.000000000000	t	2026-04-08 08:35:31.66018	2026-04-08 08:35:31.66018
595	\N	139	1	1	1	1	base	refund	100.000000000000	f	2026-04-08 08:35:31.66018	2026-04-08 08:35:31.66018
596	235	139	1	1	1	1	tax	refund	100.000000000000	t	2026-04-08 08:35:31.66018	2026-04-08 08:35:31.66018
597	\N	140	1	1	1	1	base	invoice	100.000000000000	f	2026-04-08 08:35:31.66018	2026-04-08 08:35:31.66018
598	235	140	1	1	1	1	tax	invoice	100.000000000000	t	2026-04-08 08:35:31.66018	2026-04-08 08:35:31.66018
599	\N	140	1	1	1	1	base	refund	100.000000000000	f	2026-04-08 08:35:31.66018	2026-04-08 08:35:31.66018
600	235	140	1	1	1	1	tax	refund	100.000000000000	t	2026-04-08 08:35:31.66018	2026-04-08 08:35:31.66018
601	\N	141	1	1	1	1	base	invoice	100.000000000000	f	2026-04-08 08:35:31.66018	2026-04-08 08:35:31.66018
602	235	141	1	1	1	1	tax	invoice	100.000000000000	t	2026-04-08 08:35:31.66018	2026-04-08 08:35:31.66018
603	\N	141	1	1	1	1	base	refund	100.000000000000	f	2026-04-08 08:35:31.66018	2026-04-08 08:35:31.66018
604	235	141	1	1	1	1	tax	refund	100.000000000000	t	2026-04-08 08:35:31.66018	2026-04-08 08:35:31.66018
605	\N	142	1	1	1	1	base	invoice	100.000000000000	f	2026-04-08 08:35:31.66018	2026-04-08 08:35:31.66018
606	235	142	1	1	1	1	tax	invoice	100.000000000000	t	2026-04-08 08:35:31.66018	2026-04-08 08:35:31.66018
607	\N	142	1	1	1	1	base	refund	100.000000000000	f	2026-04-08 08:35:31.66018	2026-04-08 08:35:31.66018
608	235	142	1	1	1	1	tax	refund	100.000000000000	t	2026-04-08 08:35:31.66018	2026-04-08 08:35:31.66018
609	\N	143	1	1	1	1	base	invoice	100.000000000000	f	2026-04-08 08:35:31.66018	2026-04-08 08:35:31.66018
610	\N	143	1	1	1	1	tax	invoice	100.000000000000	f	2026-04-08 08:35:31.66018	2026-04-08 08:35:31.66018
611	\N	143	1	1	1	1	base	refund	100.000000000000	f	2026-04-08 08:35:31.66018	2026-04-08 08:35:31.66018
612	\N	143	1	1	1	1	tax	refund	100.000000000000	f	2026-04-08 08:35:31.66018	2026-04-08 08:35:31.66018
613	\N	144	1	1	1	1	base	invoice	100.000000000000	f	2026-04-08 08:35:31.66018	2026-04-08 08:35:31.66018
614	\N	144	1	1	1	1	tax	invoice	100.000000000000	f	2026-04-08 08:35:31.66018	2026-04-08 08:35:31.66018
615	\N	144	1	1	1	1	base	refund	100.000000000000	f	2026-04-08 08:35:31.66018	2026-04-08 08:35:31.66018
616	\N	144	1	1	1	1	tax	refund	100.000000000000	f	2026-04-08 08:35:31.66018	2026-04-08 08:35:31.66018
617	\N	145	1	1	1	1	base	invoice	100.000000000000	f	2026-04-08 08:35:31.66018	2026-04-08 08:35:31.66018
618	\N	145	1	1	1	1	tax	invoice	100.000000000000	f	2026-04-08 08:35:31.66018	2026-04-08 08:35:31.66018
619	\N	145	1	1	1	1	base	refund	100.000000000000	f	2026-04-08 08:35:31.66018	2026-04-08 08:35:31.66018
620	\N	145	1	1	1	1	tax	refund	100.000000000000	f	2026-04-08 08:35:31.66018	2026-04-08 08:35:31.66018
621	\N	146	1	1	1	1	base	invoice	100.000000000000	f	2026-04-08 08:35:31.66018	2026-04-08 08:35:31.66018
622	224	146	1	1	1	1	tax	invoice	100.000000000000	t	2026-04-08 08:35:31.66018	2026-04-08 08:35:31.66018
623	\N	146	1	1	1	1	base	refund	100.000000000000	f	2026-04-08 08:35:31.66018	2026-04-08 08:35:31.66018
624	224	146	1	1	1	1	tax	refund	100.000000000000	t	2026-04-08 08:35:31.66018	2026-04-08 08:35:31.66018
625	\N	147	1	1	1	1	base	invoice	100.000000000000	f	2026-04-08 08:35:31.66018	2026-04-08 08:35:31.66018
626	224	147	1	1	1	1	tax	invoice	100.000000000000	t	2026-04-08 08:35:31.66018	2026-04-08 08:35:31.66018
627	\N	147	1	1	1	1	base	refund	100.000000000000	f	2026-04-08 08:35:31.66018	2026-04-08 08:35:31.66018
628	224	147	1	1	1	1	tax	refund	100.000000000000	t	2026-04-08 08:35:31.66018	2026-04-08 08:35:31.66018
629	\N	148	1	1	1	1	base	invoice	100.000000000000	f	2026-04-08 08:35:31.66018	2026-04-08 08:35:31.66018
630	224	148	1	1	1	1	tax	invoice	100.000000000000	t	2026-04-08 08:35:31.66018	2026-04-08 08:35:31.66018
631	\N	148	1	1	1	1	base	refund	100.000000000000	f	2026-04-08 08:35:31.66018	2026-04-08 08:35:31.66018
632	224	148	1	1	1	1	tax	refund	100.000000000000	t	2026-04-08 08:35:31.66018	2026-04-08 08:35:31.66018
633	\N	149	1	1	1	1	base	invoice	100.000000000000	f	2026-04-08 08:35:31.66018	2026-04-08 08:35:31.66018
634	\N	149	1	1	1	1	tax	invoice	100.000000000000	f	2026-04-08 08:35:31.66018	2026-04-08 08:35:31.66018
635	\N	149	1	1	1	1	base	refund	100.000000000000	f	2026-04-08 08:35:31.66018	2026-04-08 08:35:31.66018
636	\N	149	1	1	1	1	tax	refund	100.000000000000	f	2026-04-08 08:35:31.66018	2026-04-08 08:35:31.66018
637	\N	150	1	1	1	1	base	invoice	100.000000000000	f	2026-04-08 08:35:31.66018	2026-04-08 08:35:31.66018
638	224	150	1	1	1	1	tax	invoice	100.000000000000	t	2026-04-08 08:35:31.66018	2026-04-08 08:35:31.66018
639	\N	150	1	1	1	1	base	refund	100.000000000000	f	2026-04-08 08:35:31.66018	2026-04-08 08:35:31.66018
640	224	150	1	1	1	1	tax	refund	100.000000000000	t	2026-04-08 08:35:31.66018	2026-04-08 08:35:31.66018
641	\N	151	1	1	1	1	base	invoice	100.000000000000	f	2026-04-08 08:35:31.66018	2026-04-08 08:35:31.66018
642	224	151	1	1	1	1	tax	invoice	100.000000000000	t	2026-04-08 08:35:31.66018	2026-04-08 08:35:31.66018
643	\N	151	1	1	1	1	base	refund	100.000000000000	f	2026-04-08 08:35:31.66018	2026-04-08 08:35:31.66018
644	224	151	1	1	1	1	tax	refund	100.000000000000	t	2026-04-08 08:35:31.66018	2026-04-08 08:35:31.66018
645	\N	152	1	1	1	1	base	invoice	100.000000000000	f	2026-04-08 08:35:31.66018	2026-04-08 08:35:31.66018
646	224	152	1	1	1	1	tax	invoice	100.000000000000	t	2026-04-08 08:35:31.66018	2026-04-08 08:35:31.66018
647	\N	152	1	1	1	1	base	refund	100.000000000000	f	2026-04-08 08:35:31.66018	2026-04-08 08:35:31.66018
648	224	152	1	1	1	1	tax	refund	100.000000000000	t	2026-04-08 08:35:31.66018	2026-04-08 08:35:31.66018
649	\N	153	1	1	1	1	base	invoice	100.000000000000	f	2026-04-08 08:35:31.66018	2026-04-08 08:35:31.66018
650	224	153	1	1	1	1	tax	invoice	100.000000000000	t	2026-04-08 08:35:31.66018	2026-04-08 08:35:31.66018
651	\N	153	1	1	1	1	base	refund	100.000000000000	f	2026-04-08 08:35:31.66018	2026-04-08 08:35:31.66018
652	224	153	1	1	1	1	tax	refund	100.000000000000	t	2026-04-08 08:35:31.66018	2026-04-08 08:35:31.66018
653	\N	154	1	1	1	1	base	invoice	100.000000000000	f	2026-04-08 08:35:31.66018	2026-04-08 08:35:31.66018
654	224	154	1	1	1	1	tax	invoice	100.000000000000	t	2026-04-08 08:35:31.66018	2026-04-08 08:35:31.66018
655	\N	154	1	1	1	1	base	refund	100.000000000000	f	2026-04-08 08:35:31.66018	2026-04-08 08:35:31.66018
656	224	154	1	1	1	1	tax	refund	100.000000000000	t	2026-04-08 08:35:31.66018	2026-04-08 08:35:31.66018
657	\N	155	1	1	1	1	base	invoice	100.000000000000	f	2026-04-08 08:35:31.66018	2026-04-08 08:35:31.66018
658	224	155	1	1	1	1	tax	invoice	100.000000000000	t	2026-04-08 08:35:31.66018	2026-04-08 08:35:31.66018
659	235	155	1	1	1	1	tax	invoice	-100.000000000000	t	2026-04-08 08:35:31.66018	2026-04-08 08:35:31.66018
660	\N	155	1	1	1	1	base	refund	100.000000000000	f	2026-04-08 08:35:31.66018	2026-04-08 08:35:31.66018
661	224	155	1	1	1	1	tax	refund	100.000000000000	t	2026-04-08 08:35:31.66018	2026-04-08 08:35:31.66018
662	235	155	1	1	1	1	tax	refund	-100.000000000000	t	2026-04-08 08:35:31.66018	2026-04-08 08:35:31.66018
663	\N	156	1	1	1	1	base	invoice	100.000000000000	f	2026-04-08 08:35:31.66018	2026-04-08 08:35:31.66018
664	224	156	1	1	1	1	tax	invoice	100.000000000000	t	2026-04-08 08:35:31.66018	2026-04-08 08:35:31.66018
665	235	156	1	1	1	1	tax	invoice	-100.000000000000	t	2026-04-08 08:35:31.66018	2026-04-08 08:35:31.66018
666	\N	156	1	1	1	1	base	refund	100.000000000000	f	2026-04-08 08:35:31.66018	2026-04-08 08:35:31.66018
667	224	156	1	1	1	1	tax	refund	100.000000000000	t	2026-04-08 08:35:31.66018	2026-04-08 08:35:31.66018
668	235	156	1	1	1	1	tax	refund	-100.000000000000	t	2026-04-08 08:35:31.66018	2026-04-08 08:35:31.66018
669	\N	157	1	1	1	1	base	invoice	100.000000000000	f	2026-04-08 08:35:31.66018	2026-04-08 08:35:31.66018
670	\N	157	1	1	1	1	tax	invoice	100.000000000000	f	2026-04-08 08:35:31.66018	2026-04-08 08:35:31.66018
671	\N	157	1	1	1	1	base	refund	100.000000000000	f	2026-04-08 08:35:31.66018	2026-04-08 08:35:31.66018
672	\N	157	1	1	1	1	tax	refund	100.000000000000	f	2026-04-08 08:35:31.66018	2026-04-08 08:35:31.66018
673	\N	158	1	1	1	1	base	invoice	100.000000000000	f	2026-04-08 08:35:31.66018	2026-04-08 08:35:31.66018
674	224	158	1	1	1	1	tax	invoice	100.000000000000	t	2026-04-08 08:35:31.66018	2026-04-08 08:35:31.66018
675	235	158	1	1	1	1	tax	invoice	-100.000000000000	t	2026-04-08 08:35:31.66018	2026-04-08 08:35:31.66018
676	\N	158	1	1	1	1	base	refund	100.000000000000	f	2026-04-08 08:35:31.66018	2026-04-08 08:35:31.66018
677	224	158	1	1	1	1	tax	refund	100.000000000000	t	2026-04-08 08:35:31.66018	2026-04-08 08:35:31.66018
678	235	158	1	1	1	1	tax	refund	-100.000000000000	t	2026-04-08 08:35:31.66018	2026-04-08 08:35:31.66018
679	\N	159	1	1	1	1	base	invoice	100.000000000000	f	2026-04-08 08:35:31.66018	2026-04-08 08:35:31.66018
680	224	159	1	1	1	1	tax	invoice	100.000000000000	t	2026-04-08 08:35:31.66018	2026-04-08 08:35:31.66018
681	235	159	1	1	1	1	tax	invoice	-100.000000000000	t	2026-04-08 08:35:31.66018	2026-04-08 08:35:31.66018
682	\N	159	1	1	1	1	base	refund	100.000000000000	f	2026-04-08 08:35:31.66018	2026-04-08 08:35:31.66018
683	224	159	1	1	1	1	tax	refund	100.000000000000	t	2026-04-08 08:35:31.66018	2026-04-08 08:35:31.66018
684	235	159	1	1	1	1	tax	refund	-100.000000000000	t	2026-04-08 08:35:31.66018	2026-04-08 08:35:31.66018
685	\N	160	1	1	1	1	base	invoice	100.000000000000	f	2026-04-08 08:35:31.66018	2026-04-08 08:35:31.66018
686	224	160	1	1	1	1	tax	invoice	100.000000000000	t	2026-04-08 08:35:31.66018	2026-04-08 08:35:31.66018
687	235	160	1	1	1	1	tax	invoice	-100.000000000000	t	2026-04-08 08:35:31.66018	2026-04-08 08:35:31.66018
688	\N	160	1	1	1	1	base	refund	100.000000000000	f	2026-04-08 08:35:31.66018	2026-04-08 08:35:31.66018
689	224	160	1	1	1	1	tax	refund	100.000000000000	t	2026-04-08 08:35:31.66018	2026-04-08 08:35:31.66018
690	235	160	1	1	1	1	tax	refund	-100.000000000000	t	2026-04-08 08:35:31.66018	2026-04-08 08:35:31.66018
691	\N	161	1	1	1	1	base	invoice	100.000000000000	f	2026-04-08 08:35:31.66018	2026-04-08 08:35:31.66018
692	224	161	1	1	1	1	tax	invoice	100.000000000000	t	2026-04-08 08:35:31.66018	2026-04-08 08:35:31.66018
693	235	161	1	1	1	1	tax	invoice	-100.000000000000	t	2026-04-08 08:35:31.66018	2026-04-08 08:35:31.66018
694	\N	161	1	1	1	1	base	refund	100.000000000000	f	2026-04-08 08:35:31.66018	2026-04-08 08:35:31.66018
695	224	161	1	1	1	1	tax	refund	100.000000000000	t	2026-04-08 08:35:31.66018	2026-04-08 08:35:31.66018
696	235	161	1	1	1	1	tax	refund	-100.000000000000	t	2026-04-08 08:35:31.66018	2026-04-08 08:35:31.66018
697	\N	162	1	1	1	1	base	invoice	100.000000000000	f	2026-04-08 08:35:31.66018	2026-04-08 08:35:31.66018
698	224	162	1	1	1	1	tax	invoice	100.000000000000	t	2026-04-08 08:35:31.66018	2026-04-08 08:35:31.66018
699	235	162	1	1	1	1	tax	invoice	-100.000000000000	t	2026-04-08 08:35:31.66018	2026-04-08 08:35:31.66018
700	\N	162	1	1	1	1	base	refund	100.000000000000	f	2026-04-08 08:35:31.66018	2026-04-08 08:35:31.66018
701	224	162	1	1	1	1	tax	refund	100.000000000000	t	2026-04-08 08:35:31.66018	2026-04-08 08:35:31.66018
702	235	162	1	1	1	1	tax	refund	-100.000000000000	t	2026-04-08 08:35:31.66018	2026-04-08 08:35:31.66018
703	\N	163	1	1	1	1	base	invoice	100.000000000000	f	2026-04-08 08:35:31.66018	2026-04-08 08:35:31.66018
704	224	163	1	1	1	1	tax	invoice	100.000000000000	t	2026-04-08 08:35:31.66018	2026-04-08 08:35:31.66018
705	235	163	1	1	1	1	tax	invoice	-100.000000000000	t	2026-04-08 08:35:31.66018	2026-04-08 08:35:31.66018
706	\N	163	1	1	1	1	base	refund	100.000000000000	f	2026-04-08 08:35:31.66018	2026-04-08 08:35:31.66018
707	224	163	1	1	1	1	tax	refund	100.000000000000	t	2026-04-08 08:35:31.66018	2026-04-08 08:35:31.66018
708	235	163	1	1	1	1	tax	refund	-100.000000000000	t	2026-04-08 08:35:31.66018	2026-04-08 08:35:31.66018
709	\N	164	1	1	1	1	base	invoice	100.000000000000	f	2026-04-08 08:35:31.66018	2026-04-08 08:35:31.66018
710	\N	164	1	1	1	1	tax	invoice	100.000000000000	f	2026-04-08 08:35:31.66018	2026-04-08 08:35:31.66018
711	\N	164	1	1	1	1	base	refund	100.000000000000	f	2026-04-08 08:35:31.66018	2026-04-08 08:35:31.66018
712	\N	164	1	1	1	1	tax	refund	100.000000000000	f	2026-04-08 08:35:31.66018	2026-04-08 08:35:31.66018
713	\N	165	1	1	1	1	base	invoice	100.000000000000	f	2026-04-08 08:35:31.66018	2026-04-08 08:35:31.66018
714	\N	165	1	1	1	1	tax	invoice	100.000000000000	f	2026-04-08 08:35:31.66018	2026-04-08 08:35:31.66018
715	\N	165	1	1	1	1	base	refund	100.000000000000	f	2026-04-08 08:35:31.66018	2026-04-08 08:35:31.66018
716	\N	165	1	1	1	1	tax	refund	100.000000000000	f	2026-04-08 08:35:31.66018	2026-04-08 08:35:31.66018
717	\N	166	1	1	1	1	base	invoice	100.000000000000	f	2026-04-08 08:35:31.66018	2026-04-08 08:35:31.66018
718	\N	166	1	1	1	1	tax	invoice	100.000000000000	f	2026-04-08 08:35:31.66018	2026-04-08 08:35:31.66018
719	\N	166	1	1	1	1	base	refund	100.000000000000	f	2026-04-08 08:35:31.66018	2026-04-08 08:35:31.66018
720	\N	166	1	1	1	1	tax	refund	100.000000000000	f	2026-04-08 08:35:31.66018	2026-04-08 08:35:31.66018
721	\N	167	1	1	1	1	base	invoice	100.000000000000	f	2026-04-08 08:35:31.66018	2026-04-08 08:35:31.66018
722	\N	167	1	1	1	1	tax	invoice	100.000000000000	f	2026-04-08 08:35:31.66018	2026-04-08 08:35:31.66018
723	\N	167	1	1	1	1	base	refund	100.000000000000	f	2026-04-08 08:35:31.66018	2026-04-08 08:35:31.66018
724	\N	167	1	1	1	1	tax	refund	100.000000000000	f	2026-04-08 08:35:31.66018	2026-04-08 08:35:31.66018
725	\N	168	1	1	1	1	base	invoice	100.000000000000	f	2026-04-08 08:35:31.66018	2026-04-08 08:35:31.66018
726	\N	168	1	1	1	1	tax	invoice	100.000000000000	f	2026-04-08 08:35:31.66018	2026-04-08 08:35:31.66018
727	\N	168	1	1	1	1	base	refund	100.000000000000	f	2026-04-08 08:35:31.66018	2026-04-08 08:35:31.66018
728	\N	168	1	1	1	1	tax	refund	100.000000000000	f	2026-04-08 08:35:31.66018	2026-04-08 08:35:31.66018
\.


--
-- Data for Name: account_tax_sale_order_discount_rel; Type: TABLE DATA; Schema: public; Owner: odoo
--

COPY public.account_tax_sale_order_discount_rel (sale_order_discount_id, account_tax_id) FROM stdin;
\.


--
-- Data for Name: account_tax_sale_order_line_rel; Type: TABLE DATA; Schema: public; Owner: odoo
--

COPY public.account_tax_sale_order_line_rel (sale_order_line_id, account_tax_id) FROM stdin;
5836	53
5837	53
5838	53
5839	53
5840	53
5841	53
5842	53
5843	53
5844	53
5845	53
5846	53
5847	53
5848	53
5849	53
5850	53
5851	53
5852	53
5853	53
5854	53
5855	53
5856	53
5857	53
5858	53
5859	53
5860	53
5861	53
5862	53
5863	53
5864	53
5865	53
5866	53
5867	53
5868	53
5869	53
5870	53
5871	53
5872	53
5873	53
5874	53
5875	53
5876	53
5877	53
5878	53
5879	53
5880	53
5881	53
5882	53
5883	53
5884	53
5885	53
5886	53
5887	53
5888	53
5889	53
5890	53
5891	53
5892	53
5893	53
5894	53
5895	53
5896	53
5897	53
5898	53
5899	53
5900	53
5901	53
5902	53
5903	53
5904	53
5905	53
5906	53
5907	53
5908	53
5909	53
5910	53
5911	53
5912	53
5913	53
5914	53
5915	53
5916	53
5917	53
5918	53
5919	53
5920	53
5921	53
5922	53
5923	53
5924	53
5925	53
5926	53
5927	53
5928	53
5929	53
5930	53
5931	53
5932	53
5933	53
5934	53
5935	53
5936	53
5937	53
5938	53
5939	53
5940	53
5941	53
5942	53
5943	53
5944	53
5945	53
5946	53
5947	53
5948	53
5949	53
5950	53
5951	53
5952	53
5953	53
5954	53
5955	53
5956	53
5957	53
5958	53
5959	53
5960	53
5961	53
5962	53
5963	53
5964	53
5965	53
5966	53
5967	53
5968	53
5969	53
5970	53
5971	53
5972	53
5973	53
5974	53
5975	53
5976	53
5977	53
5978	53
5979	53
5980	53
5981	53
5982	53
5983	53
5984	53
5985	53
5986	53
5987	53
5988	53
5989	53
5990	53
5991	53
5992	53
5993	53
5994	53
5995	53
5996	53
5997	53
5998	53
5999	53
6000	53
6001	53
6002	53
6003	53
6004	53
6005	53
6006	53
6007	53
6008	53
6009	53
6010	53
6011	53
6012	53
6013	53
6014	53
6015	53
6016	53
6017	53
6018	53
6019	53
6020	53
6021	53
6022	53
6023	53
6024	53
6025	53
6026	53
6027	53
6028	53
6029	53
6030	53
6031	53
6032	53
6033	53
6034	53
6035	53
6036	53
6037	53
6038	53
6039	53
6040	53
6041	53
6042	53
6043	53
6044	53
6045	53
6046	53
6047	53
6048	53
6049	53
6050	53
6051	53
6052	53
6053	53
6054	53
6055	53
6056	53
6057	53
6058	53
6059	53
6060	53
6061	53
6062	53
6063	53
6064	53
6065	53
6066	53
6067	53
6068	53
6069	53
6070	53
6071	53
6072	53
6073	53
6074	53
6075	53
6076	53
6077	53
6078	53
6079	53
6080	53
6081	53
6082	53
6083	53
6084	53
6085	53
6086	53
6087	53
6088	53
6089	53
6090	53
6091	53
6092	53
6093	53
6094	53
6095	53
6096	53
6097	53
6098	53
6099	53
6100	53
6101	53
6102	53
6103	53
6104	53
6105	53
6106	53
6107	53
6108	53
6109	53
6110	53
6111	53
6112	53
6113	53
6114	53
6115	53
6116	53
6117	53
6118	53
6119	53
6120	53
6121	53
6122	53
6123	53
6124	53
6125	53
6126	53
6127	53
6128	53
6129	53
6130	53
6131	53
6132	53
6133	53
6134	53
6135	53
6136	53
6137	53
6138	53
6139	53
6140	53
6141	53
6142	53
6143	53
6144	53
6145	53
6146	53
6147	53
6148	53
6149	53
6150	53
6151	53
6152	53
6153	53
6154	53
6155	53
6156	53
6157	53
6158	53
6159	53
6160	53
6161	53
6162	53
6163	53
6164	53
6165	53
6166	53
6167	53
6168	53
6169	53
6170	53
6171	53
6172	53
6173	53
6174	53
6175	53
6176	53
6177	53
6178	53
6179	53
6180	53
6181	53
6182	53
6183	53
6184	53
6185	53
6186	53
6187	53
6188	53
6189	53
6190	53
6191	53
6192	53
6193	53
6194	53
6195	53
6196	53
6197	53
6198	53
6199	53
6200	53
6201	53
6202	53
6203	53
6204	53
6205	53
6206	53
6207	53
6208	53
6209	53
6210	53
6211	53
6212	53
6213	53
6214	53
6215	53
6216	53
6217	53
6218	53
6219	53
6220	53
6221	53
6222	53
6223	53
6224	53
6225	53
6226	53
6227	53
6228	53
6229	53
6230	53
6231	53
6232	53
6233	53
6234	53
6235	53
6236	53
6237	53
6238	53
6239	53
6240	53
6241	53
6242	53
6243	53
6244	53
6245	53
6246	53
6247	53
6248	53
6249	53
6250	53
6251	53
6252	53
6253	53
6254	53
6255	53
6256	53
6257	53
6258	53
6259	53
6260	53
6261	53
6262	53
6263	53
6264	53
6265	53
6266	53
6267	53
6268	53
6269	53
6270	53
6271	53
6272	53
6273	53
6274	53
6275	53
6276	53
6277	53
6278	53
6279	53
6280	53
6281	53
6282	53
6283	53
6284	53
6285	53
6286	53
6287	53
6288	53
6289	53
6290	53
6291	53
6292	53
6293	53
6294	53
6295	53
6296	53
6297	53
6298	53
6299	53
6300	53
6301	53
6302	53
6303	53
6304	53
6305	53
6306	53
6307	53
6308	53
6309	53
6310	53
6311	53
6312	53
6313	53
6314	53
6315	53
6316	53
6317	53
\.


--
-- Data for Name: activity_attachment_rel; Type: TABLE DATA; Schema: public; Owner: odoo
--

COPY public.activity_attachment_rel (activity_id, attachment_id) FROM stdin;
\.


--
-- Data for Name: auth_totp_device; Type: TABLE DATA; Schema: public; Owner: odoo
--

COPY public.auth_totp_device (id, name, user_id, scope, expiration_date, index, key, create_date) FROM stdin;
\.


--
-- Data for Name: auth_totp_wizard; Type: TABLE DATA; Schema: public; Owner: odoo
--

COPY public.auth_totp_wizard (id, user_id, create_uid, write_uid, secret, url, code, create_date, write_date, qrcode) FROM stdin;
\.


--
-- Data for Name: badge_unlocked_definition_rel; Type: TABLE DATA; Schema: public; Owner: odoo
--

COPY public.badge_unlocked_definition_rel (gamification_badge_id, gamification_goal_definition_id) FROM stdin;
\.


--
-- Data for Name: barcode_nomenclature; Type: TABLE DATA; Schema: public; Owner: odoo
--

COPY public.barcode_nomenclature (id, create_uid, write_uid, name, upc_ean_conv, create_date, write_date, gs1_separator_fnc1, is_gs1_nomenclature) FROM stdin;
1	1	1	Default Nomenclature	always	2026-04-08 08:46:05.988403	2026-04-08 08:46:05.988403	(Alt029|#|\\x1D)	\N
2	1	1	Default GS1 Nomenclature	always	2026-04-08 08:46:07.857169	2026-04-08 08:46:07.857169	(Alt029|#|\\x1D)	t
\.


--
-- Data for Name: barcode_rule; Type: TABLE DATA; Schema: public; Owner: odoo
--

COPY public.barcode_rule (id, barcode_nomenclature_id, sequence, create_uid, write_uid, name, encoding, type, pattern, alias, create_date, write_date, associated_uom_id, gs1_content_type, gs1_decimal_usage) FROM stdin;
1	1	90	1	1	Product Barcodes	any	product	.*	0	2026-04-08 08:46:05.988403	2026-04-08 08:46:05.988403	\N	\N	\N
2	2	100	1	1	Serial Shipping Container Code	gs1-128	package	(00)(\\d{18})	0	2026-04-08 08:46:07.857169	2026-04-08 08:46:07.857169	\N	identifier	\N
3	2	101	1	1	Global Trade Item Number (GTIN)	gs1-128	product	(01)(\\d{14})	0	2026-04-08 08:46:07.857169	2026-04-08 08:46:07.857169	\N	identifier	\N
4	2	102	1	1	GTIN of contained trade items	gs1-128	product	(02)(\\d{14})	0	2026-04-08 08:46:07.857169	2026-04-08 08:46:07.857169	\N	identifier	\N
5	2	110	1	1	Ship to / Deliver to Global Location Number (GLN)	gs1-128	location_dest	(410)(\\d{13})	0	2026-04-08 08:46:07.857169	2026-04-08 08:46:07.857169	\N	identifier	\N
6	2	113	1	1	Ship for / Deliver for - Forward to Global Location Number (GLN)	gs1-128	location_dest	(413)(\\d{13})	0	2026-04-08 08:46:07.857169	2026-04-08 08:46:07.857169	\N	identifier	\N
7	2	114	1	1	Identification of a physical location - Global Location Number (GLN)	gs1-128	location	(414)(\\d{13})	0	2026-04-08 08:46:07.857169	2026-04-08 08:46:07.857169	\N	identifier	\N
8	2	125	1	1	Batch or lot number	gs1-128	lot	(10)([!"%-/0-9:-?A-Z_a-z]{0,20})	0	2026-04-08 08:46:07.857169	2026-04-08 08:46:07.857169	\N	alpha	\N
9	2	126	1	1	Serial number	gs1-128	lot	(21)([!"%-/0-9:-?A-Z_a-z]{0,20})	0	2026-04-08 08:46:07.857169	2026-04-08 08:46:07.857169	\N	alpha	\N
10	2	137	1	1	Pack date (YYMMDD)	gs1-128	pack_date	(13)(\\d{6})	0	2026-04-08 08:46:07.857169	2026-04-08 08:46:07.857169	\N	date	\N
11	2	138	1	1	Best before date (YYMMDD)	gs1-128	use_date	(15)(\\d{6})	0	2026-04-08 08:46:07.857169	2026-04-08 08:46:07.857169	\N	date	\N
12	2	139	1	1	Expiration date (YYMMDD)	gs1-128	expiration_date	(17)(\\d{6})	0	2026-04-08 08:46:07.857169	2026-04-08 08:46:07.857169	\N	date	\N
13	2	300	1	1	Variable count of items (variable measure trade item)	gs1-128	quantity	(30)(\\d{0,8})	0	2026-04-08 08:46:07.857169	2026-04-08 08:46:07.857169	1	measure	f
14	2	305	1	1	Count of trade items or trade item pieces contained in a logistic unit	gs1-128	quantity	(37)(\\d{0,8})	0	2026-04-08 08:46:07.857169	2026-04-08 08:46:07.857169	1	measure	f
15	2	310	1	1	Net weight, kilograms (variable measure trade item)	gs1-128	quantity	(310[0-5])(\\d{6})	0	2026-04-08 08:46:07.857169	2026-04-08 08:46:07.857169	13	measure	t
16	2	311	1	1	Length or first dimension, metres (variable measure trade item)	gs1-128	quantity	(311[0-5])(\\d{6})	0	2026-04-08 08:46:07.857169	2026-04-08 08:46:07.857169	6	measure	t
17	2	314	1	1	Area, square meters (variable measure trade item)	gs1-128	quantity	(314[0-5])(\\d{6})	0	2026-04-08 08:46:07.857169	2026-04-08 08:46:07.857169	10	measure	t
18	2	315	1	1	Net volume, litres (variable measure trade item)	gs1-128	quantity	(315[0-5])(\\d{6})	0	2026-04-08 08:46:07.857169	2026-04-08 08:46:07.857169	11	measure	t
19	2	316	1	1	Net volume, cubic metres (variable measure trade item)	gs1-128	quantity	(316[0-5])(\\d{6})	0	2026-04-08 08:46:07.857169	2026-04-08 08:46:07.857169	12	measure	t
20	2	320	1	1	Net weight, pounds (variable measure trade item)	gs1-128	quantity	(320[0-5])(\\d{6})	0	2026-04-08 08:46:07.857169	2026-04-08 08:46:07.857169	16	measure	t
21	2	321	1	1	Length or first dimension, inches (variable measure trade item)	gs1-128	quantity	(321[0-5])(\\d{6})	0	2026-04-08 08:46:07.857169	2026-04-08 08:46:07.857169	18	measure	t
22	2	322	1	1	Length or first dimension, feet (variable measure trade item)	gs1-128	quantity	(322[0-5])(\\d{6})	0	2026-04-08 08:46:07.857169	2026-04-08 08:46:07.857169	19	measure	t
23	2	323	1	1	Length or first dimension, yards (variable measure trade item)	gs1-128	quantity	(322[0-5])(\\d{6})	0	2026-04-08 08:46:07.857169	2026-04-08 08:46:07.857169	20	measure	t
24	2	351	1	1	Area, square feet (variable measure trade item)	gs1-128	quantity	(351[0-5])(\\d{6})	0	2026-04-08 08:46:07.857169	2026-04-08 08:46:07.857169	22	measure	t
25	2	357	1	1	Net weight (or volume), ounces (variable measure trade item)	gs1-128	quantity	(357[0-5])(\\d{6})	0	2026-04-08 08:46:07.857169	2026-04-08 08:46:07.857169	17	measure	t
26	2	360	1	1	Net volume, quarts (variable measure trade item)	gs1-128	quantity	(360[0-5])(\\d{6})	0	2026-04-08 08:46:07.857169	2026-04-08 08:46:07.857169	24	measure	t
27	2	361	1	1	Net volume, gallons U.S. (variable measure trade item)	gs1-128	quantity	(361[0-5])(\\d{6})	0	2026-04-08 08:46:07.857169	2026-04-08 08:46:07.857169	25	measure	t
28	2	364	1	1	Net volume, cubic inches (variable measure trade item)	gs1-128	quantity	(364[0-5])(\\d{6})	0	2026-04-08 08:46:07.857169	2026-04-08 08:46:07.857169	26	measure	t
29	2	365	1	1	Net volume, cubic feet (variable measure trade item)	gs1-128	quantity	(365[0-5])(\\d{6})	0	2026-04-08 08:46:07.857169	2026-04-08 08:46:07.857169	27	measure	t
30	2	500	1	1	Package type	gs1-128	package_type	(91)([!"%-/0-9:-?A-Z_a-z]{0,90})	0	2026-04-08 08:46:07.857169	2026-04-08 08:46:07.857169	\N	alpha	\N
31	1	36	1	1	Weight Barcodes 3 Decimals	ean13	weight	21.....{NNDDD}	0	2026-04-08 08:46:08.412603	2026-04-08 08:46:08.412603	\N	\N	\N
32	1	70	1	1	Package barcodes	any	package	PACK	0	2026-04-08 08:46:08.412603	2026-04-08 08:46:08.412603	\N	\N	\N
33	1	80	1	1	Lot barcodes	any	lot	10	0	2026-04-08 08:46:08.412603	2026-04-08 08:46:08.412603	\N	\N	\N
34	1	60	1	1	Location barcodes	any	location	414	0	2026-04-08 08:46:08.412603	2026-04-08 08:46:08.412603	\N	\N	\N
\.


--
-- Data for Name: base_document_layout; Type: TABLE DATA; Schema: public; Owner: odoo
--

COPY public.base_document_layout (id, company_id, report_layout_id, create_uid, write_uid, create_date, write_date, from_invoice) FROM stdin;
\.


--
-- Data for Name: base_enable_profiling_wizard; Type: TABLE DATA; Schema: public; Owner: odoo
--

COPY public.base_enable_profiling_wizard (id, create_uid, write_uid, duration, expiration, create_date, write_date) FROM stdin;
\.


--
-- Data for Name: base_import_import; Type: TABLE DATA; Schema: public; Owner: odoo
--

COPY public.base_import_import (id, create_uid, write_uid, res_model, file_name, file_type, create_date, write_date, file) FROM stdin;
\.


--
-- Data for Name: base_import_mapping; Type: TABLE DATA; Schema: public; Owner: odoo
--

COPY public.base_import_mapping (id, create_uid, write_uid, res_model, column_name, field_name, create_date, write_date) FROM stdin;
1	2	2	res.partner	name	name	2026-05-05 10:32:37.266526	2026-05-05 10:32:37.266526
2	2	2	res.partner	company_type	company_type	2026-05-05 10:32:37.266526	2026-05-05 10:32:37.266526
3	2	2	res.partner	customer_rank	customer_rank	2026-05-05 10:32:37.266526	2026-05-05 10:32:37.266526
4	2	2	res.partner	supplier_rank	supplier_rank	2026-05-05 10:32:37.266526	2026-05-05 10:32:37.266526
5	2	2	res.partner	email	email	2026-05-05 10:32:37.266526	2026-05-05 10:32:37.266526
6	2	2	res.partner	lang	lang	2026-05-05 10:32:37.266526	2026-05-05 10:32:37.266526
9	17	17	stock.picking	albarán	id	2026-05-05 11:07:45.263817	2026-05-05 11:07:45.263817
10	17	17	stock.picking	fecha albarán	\N	2026-05-05 11:07:45.263817	2026-05-05 11:07:45.263817
11	17	17	stock.picking	cliente	\N	2026-05-05 11:07:45.263817	2026-05-05 11:07:45.263817
12	17	17	stock.picking	factura	\N	2026-05-05 11:07:45.263817	2026-05-05 11:07:45.263817
13	17	17	stock.picking	pedido	\N	2026-05-05 11:07:45.263817	2026-05-05 11:07:45.263817
14	17	17	stock.picking	planta	\N	2026-05-05 11:07:45.263817	2026-05-05 11:07:45.263817
15	17	17	stock.picking	marca	\N	2026-05-05 11:07:45.263817	2026-05-05 11:07:45.263817
16	17	17	stock.picking	tipo	\N	2026-05-05 11:07:45.263817	2026-05-05 11:07:45.263817
17	17	17	stock.picking	número	\N	2026-05-05 11:07:45.263817	2026-05-05 11:07:45.263817
18	17	17	stock.picking	orden de trabajo	\N	2026-05-05 11:07:45.263817	2026-05-05 11:07:45.263817
19	17	17	stock.picking	comentarios	\N	2026-05-05 11:07:45.263817	2026-05-05 11:07:45.263817
20	17	17	stock.picking	ppto	\N	2026-05-05 11:07:45.263817	2026-05-05 11:07:45.263817
7	2	2	res.partner	country_id/name	country_id	2026-05-05 10:32:37.266526	2026-05-05 11:10:04.864036
8	2	2	res.partner	parent_id/name	parent_id	2026-05-05 10:32:37.266526	2026-05-05 11:10:04.864036
21	17	17	stock.picking	fecha programada	scheduled_date	2026-05-05 11:43:26.261312	2026-05-05 11:43:26.261312
22	17	17	stock.picking	documento de origen	origin	2026-05-05 11:43:26.261312	2026-05-05 11:43:26.261312
23	17	17	stock.picking	notas	note	2026-05-05 11:43:26.261312	2026-05-05 11:43:26.261312
24	2	2	sale.order	name	name	2026-05-07 08:06:51.867257	2026-05-07 08:06:51.867257
25	2	2	sale.order	partner_id	partner_id	2026-05-07 08:06:51.867257	2026-05-07 08:06:51.867257
26	2	2	sale.order	date_order	date_order	2026-05-07 08:06:51.867257	2026-05-07 08:06:51.867257
27	2	2	sale.order	validity_date	validity_date	2026-05-07 08:06:51.867257	2026-05-07 08:06:51.867257
28	2	2	sale.order	client_order_ref	client_order_ref	2026-05-07 08:06:51.867257	2026-05-07 08:06:51.867257
29	2	2	sale.order	note	note	2026-05-07 08:06:51.867257	2026-05-07 08:06:51.867257
30	2	2	sale.order	order_line/name	order_line/name	2026-05-07 08:06:51.867257	2026-05-07 08:06:51.867257
31	2	2	sale.order	order_line/product_uom_qty	order_line/product_uom_qty	2026-05-07 08:06:51.867257	2026-05-07 08:06:51.867257
32	2	2	sale.order	order_line/price_unit	order_line/price_unit	2026-05-07 08:06:51.867257	2026-05-07 08:06:51.867257
33	2	2	purchase.order	order reference	name	2026-05-07 10:15:59.546142	2026-05-07 10:15:59.546142
34	2	2	purchase.order	vendor	partner_id	2026-05-07 10:15:59.546142	2026-05-07 10:15:59.546142
35	2	2	purchase.order	order date	\N	2026-05-07 10:15:59.546142	2026-05-07 10:15:59.546142
36	2	2	purchase.order	vendor reference	partner_ref	2026-05-07 10:15:59.546142	2026-05-07 10:15:59.546142
37	2	2	purchase.order	source document	origin	2026-05-07 10:15:59.546142	2026-05-07 10:15:59.546142
38	2	2	purchase.order	order lines/product	order_line/product_id	2026-05-07 10:15:59.546142	2026-05-07 10:15:59.546142
39	2	2	purchase.order	order lines/description	order_line/name	2026-05-07 10:15:59.546142	2026-05-07 10:15:59.546142
40	2	2	purchase.order	order lines/quantity	order_line/product_qty	2026-05-07 10:15:59.546142	2026-05-07 10:15:59.546142
41	2	2	purchase.order	order lines/unit price	order_line/price_unit	2026-05-07 10:15:59.546142	2026-05-07 10:15:59.546142
42	2	2	purchase.order	order lines/scheduled date	\N	2026-05-07 10:15:59.546142	2026-05-07 10:15:59.546142
43	2	2	purchase.order	date_order	date_order	2026-05-07 10:18:12.424117	2026-05-07 10:18:12.424117
44	2	2	purchase.order	order_line/date_planned	order_line/date_planned	2026-05-07 10:18:12.424117	2026-05-07 10:18:12.424117
45	2	2	sale.order	state	x_estado_importado	2026-05-07 11:56:29.785032	2026-05-07 11:56:29.785032
46	2	2	sale.order	x_ot	x_ot	2026-05-07 11:56:29.785032	2026-05-07 11:56:29.785032
47	2	2	sale.order	x_planta	x_planta	2026-05-07 11:56:29.785032	2026-05-07 11:56:29.785032
48	2	2	sale.order	x_albaran	x_albaran	2026-05-07 11:56:29.785032	2026-05-07 11:56:29.785032
49	2	2	sale.order	x_marca	x_marca	2026-05-07 11:56:29.785032	2026-05-07 11:56:29.785032
50	2	2	sale.order	x_n_serie	x_n_serie	2026-05-07 11:56:29.785032	2026-05-07 11:56:29.785032
51	2	2	sale.order	x_contacto_nombre	x_contacto_nombre	2026-05-07 11:56:29.785032	2026-05-07 11:56:29.785032
52	2	2	sale.order	x_contacto_email	x_contacto_email	2026-05-07 11:56:29.785032	2026-05-07 11:56:29.785032
53	2	2	sale.order	order_line/product_id	order_line/product_id	2026-05-07 11:56:29.785032	2026-05-07 11:56:29.785032
54	2	2	stock.picking	name	\N	2026-05-08 09:01:50.704468	2026-05-08 09:01:50.704468
55	2	2	stock.picking	scheduled date	scheduled_date	2026-05-08 09:01:50.704468	2026-05-08 09:01:50.704468
56	2	2	stock.picking	contact	partner_id	2026-05-08 09:01:50.704468	2026-05-08 09:01:50.704468
57	2	2	stock.picking	source document	origin	2026-05-08 09:01:50.704468	2026-05-08 09:01:50.704468
58	2	2	stock.picking	notes	note	2026-05-08 09:01:50.704468	2026-05-08 09:01:50.704468
\.


--
-- Data for Name: base_import_module; Type: TABLE DATA; Schema: public; Owner: odoo
--

COPY public.base_import_module (id, create_uid, write_uid, state, import_message, modules_dependencies, force, with_demo, create_date, write_date, module_file) FROM stdin;
\.


--
-- Data for Name: base_language_export; Type: TABLE DATA; Schema: public; Owner: odoo
--

COPY public.base_language_export (id, model_id, create_uid, write_uid, name, lang, format, export_type, domain, state, create_date, write_date, data) FROM stdin;
\.


--
-- Data for Name: base_language_import; Type: TABLE DATA; Schema: public; Owner: odoo
--

COPY public.base_language_import (id, create_uid, write_uid, name, code, filename, overwrite, create_date, write_date, data) FROM stdin;
\.


--
-- Data for Name: base_language_install; Type: TABLE DATA; Schema: public; Owner: odoo
--

COPY public.base_language_install (id, create_uid, write_uid, overwrite, create_date, write_date) FROM stdin;
\.


--
-- Data for Name: base_language_install_website_rel; Type: TABLE DATA; Schema: public; Owner: odoo
--

COPY public.base_language_install_website_rel (base_language_install_id, website_id) FROM stdin;
\.


--
-- Data for Name: base_module_install_request; Type: TABLE DATA; Schema: public; Owner: odoo
--

COPY public.base_module_install_request (id, module_id, user_id, create_uid, write_uid, body_html, create_date, write_date) FROM stdin;
\.


--
-- Data for Name: base_module_install_review; Type: TABLE DATA; Schema: public; Owner: odoo
--

COPY public.base_module_install_review (id, module_id, create_uid, write_uid, create_date, write_date) FROM stdin;
\.


--
-- Data for Name: base_module_uninstall; Type: TABLE DATA; Schema: public; Owner: odoo
--

COPY public.base_module_uninstall (id, module_id, create_uid, write_uid, show_all, create_date, write_date) FROM stdin;
9	622	23	23	f	2026-05-12 08:52:45.950743	2026-05-12 08:52:45.950743
\.


--
-- Data for Name: base_module_update; Type: TABLE DATA; Schema: public; Owner: odoo
--

COPY public.base_module_update (id, updated, added, create_uid, write_uid, state, create_date, write_date) FROM stdin;
\.


--
-- Data for Name: base_module_upgrade; Type: TABLE DATA; Schema: public; Owner: odoo
--

COPY public.base_module_upgrade (id, create_uid, write_uid, module_info, create_date, write_date) FROM stdin;
\.


--
-- Data for Name: base_partner_merge_automatic_wizard; Type: TABLE DATA; Schema: public; Owner: odoo
--

COPY public.base_partner_merge_automatic_wizard (id, number_group, current_line_id, dst_partner_id, maximum_group, create_uid, write_uid, state, group_by_email, group_by_name, group_by_is_company, group_by_vat, group_by_parent_id, exclude_contact, exclude_journal_item, create_date, write_date) FROM stdin;
\.


--
-- Data for Name: base_partner_merge_automatic_wizard_res_partner_rel; Type: TABLE DATA; Schema: public; Owner: odoo
--

COPY public.base_partner_merge_automatic_wizard_res_partner_rel (base_partner_merge_automatic_wizard_id, res_partner_id) FROM stdin;
\.


--
-- Data for Name: base_partner_merge_line; Type: TABLE DATA; Schema: public; Owner: odoo
--

COPY public.base_partner_merge_line (id, wizard_id, min_id, create_uid, write_uid, aggr_ids, create_date, write_date) FROM stdin;
\.


--
-- Data for Name: bill_to_po_wizard; Type: TABLE DATA; Schema: public; Owner: odoo
--

COPY public.bill_to_po_wizard (id, purchase_order_id, partner_id, create_uid, write_uid, create_date, write_date) FROM stdin;
\.


--
-- Data for Name: bus_bus; Type: TABLE DATA; Schema: public; Owner: odoo
--

COPY public.bus_bus (id, create_uid, write_uid, channel, message, create_date, write_date) FROM stdin;
3008	2	2	["RELSUM_DB","res.partner",3,"presence"]	{"type":"bus.bus/im_status_updated","payload":{"presence_status":"offline","im_status":"offline","partner_id":3}}	2026-05-11 09:18:15.940994	2026-05-11 09:18:15.940994
3009	2	2	["RELSUM_DB","res.partner",3,"presence"]	{"type":"bus.bus/im_status_updated","payload":{"presence_status":"away","im_status":"away","partner_id":3}}	2026-05-11 09:23:07.096114	2026-05-11 09:23:07.096114
3010	2	2	["RELSUM_DB","res.partner",3,"presence"]	{"type":"bus.bus/im_status_updated","payload":{"presence_status":"offline","im_status":"offline","partner_id":3}}	2026-05-11 10:45:37.189999	2026-05-11 10:45:37.189999
3011	2	2	["RELSUM_DB","res.partner",3,"presence"]	{"type":"bus.bus/im_status_updated","payload":{"presence_status":"away","im_status":"away","partner_id":3}}	2026-05-11 10:45:38.827737	2026-05-11 10:45:38.827737
3012	2	2	["RELSUM_DB","res.partner",3,"presence"]	{"type":"bus.bus/im_status_updated","payload":{"presence_status":"offline","im_status":"offline","partner_id":3}}	2026-05-11 11:59:13.174689	2026-05-11 11:59:13.174689
3013	25	25	["RELSUM_DB","res.partner",32,"presence"]	{"type":"bus.bus/im_status_updated","payload":{"presence_status":"away","im_status":"away","partner_id":32}}	2026-05-12 06:47:00.340227	2026-05-12 06:47:00.340227
3014	19	19	["RELSUM_DB","res.partner",21,"presence"]	{"type":"bus.bus/im_status_updated","payload":{"presence_status":"online","im_status":"online","partner_id":21}}	2026-05-12 06:55:40.570137	2026-05-12 06:55:40.570137
3015	2	2	["RELSUM_DB","res.partner",3,"presence"]	{"type":"bus.bus/im_status_updated","payload":{"presence_status":"online","im_status":"online","partner_id":3}}	2026-05-12 07:00:45.053792	2026-05-12 07:00:45.053792
3016	25	25	["RELSUM_DB","res.partner",32,"presence"]	{"type":"bus.bus/im_status_updated","payload":{"presence_status":"online","im_status":"online","partner_id":32}}	2026-05-12 07:02:27.869344	2026-05-12 07:02:27.869344
3017	24	24	["RELSUM_DB","res.partner",29,"presence"]	{"type":"bus.bus/im_status_updated","payload":{"presence_status":"away","im_status":"away","partner_id":29}}	2026-05-12 07:06:43.509817	2026-05-12 07:06:43.509817
3018	24	24	["RELSUM_DB","res.partner",29,"presence"]	{"type":"bus.bus/im_status_updated","payload":{"presence_status":"online","im_status":"online","partner_id":29}}	2026-05-12 07:07:01.822089	2026-05-12 07:07:01.822089
3019	8	8	["RELSUM_DB","res.partner",10,"presence"]	{"type":"bus.bus/im_status_updated","payload":{"presence_status":"online","im_status":"online","partner_id":10}}	2026-05-12 07:07:09.677181	2026-05-12 07:07:09.677181
3020	48	48	["RELSUM_DB","res.partner",61,"presence"]	{"type":"bus.bus/im_status_updated","payload":{"presence_status":"online","im_status":"online","partner_id":61}}	2026-05-12 07:07:31.571026	2026-05-12 07:07:31.571026
3022	23	23	["RELSUM_DB","res.partner",28,"presence"]	{"type":"bus.bus/im_status_updated","payload":{"presence_status":"online","im_status":"online","partner_id":28}}	2026-05-12 07:10:21.948771	2026-05-12 07:10:21.948771
3025	15	15	["RELSUM_DB","res.partner",17,"presence"]	{"type":"bus.bus/im_status_updated","payload":{"presence_status":"away","im_status":"away","partner_id":17}}	2026-05-12 07:11:14.451657	2026-05-12 07:11:14.451657
3026	15	15	["RELSUM_DB","res.partner",17,"presence"]	{"type":"bus.bus/im_status_updated","payload":{"presence_status":"offline","im_status":"offline","partner_id":17}}	2026-05-12 07:11:16.420051	2026-05-12 07:11:16.420051
3027	17	17	["RELSUM_DB","res.partner",19,"presence"]	{"type":"bus.bus/im_status_updated","payload":{"presence_status":"online","im_status":"online","partner_id":19}}	2026-05-12 07:11:19.873165	2026-05-12 07:11:19.873165
3029	20	20	["RELSUM_DB","res.partner",22,"presence"]	{"type":"bus.bus/im_status_updated","payload":{"presence_status":"online","im_status":"online","partner_id":22}}	2026-05-12 07:12:41.448954	2026-05-12 07:12:41.448954
3030	25	25	["RELSUM_DB","res.partner",32,"presence"]	{"type":"bus.bus/im_status_updated","payload":{"presence_status":"offline","im_status":"offline","partner_id":32}}	2026-05-12 07:13:22.089967	2026-05-12 07:13:22.089967
3032	25	25	["RELSUM_DB","res.partner",32,"presence"]	{"type":"bus.bus/im_status_updated","payload":{"presence_status":"offline","im_status":"offline","partner_id":32}}	2026-05-12 07:14:07.725148	2026-05-12 07:14:07.725148
3033	25	25	["RELSUM_DB","res.partner",32,"presence"]	{"type":"bus.bus/im_status_updated","payload":{"presence_status":"online","im_status":"online","partner_id":32}}	2026-05-12 07:14:08.356522	2026-05-12 07:14:08.356522
3034	25	25	["RELSUM_DB","res.partner",32,"presence"]	{"type":"bus.bus/im_status_updated","payload":{"presence_status":"offline","im_status":"offline","partner_id":32}}	2026-05-12 07:14:09.2661	2026-05-12 07:14:09.2661
3035	25	25	["RELSUM_DB","res.partner",32]	{"type":"bus.bus/im_status_updated","payload":{"presence_status":"offline","im_status":"offline","partner_id":32}}	2026-05-12 07:14:09.815129	2026-05-12 07:14:09.815129
3036	25	25	["RELSUM_DB","res.partner",32,"presence"]	{"type":"bus.bus/im_status_updated","payload":{"presence_status":"online","im_status":"online","partner_id":32}}	2026-05-12 07:14:09.905729	2026-05-12 07:14:09.905729
3037	25	25	["RELSUM_DB","res.partner",32,"presence"]	{"type":"bus.bus/im_status_updated","payload":{"presence_status":"offline","im_status":"offline","partner_id":32}}	2026-05-12 07:14:35.004821	2026-05-12 07:14:35.004821
3039	18	18	["RELSUM_DB","res.partner",20,"presence"]	{"type":"bus.bus/im_status_updated","payload":{"presence_status":"online","im_status":"online","partner_id":20}}	2026-05-12 07:14:47.271804	2026-05-12 07:14:47.271804
3040	17	17	["RELSUM_DB","res.partner",19,"presence"]	{"type":"bus.bus/im_status_updated","payload":{"presence_status":"offline","im_status":"offline","partner_id":19}}	2026-05-12 07:15:29.089479	2026-05-12 07:15:29.089479
3041	17	17	["RELSUM_DB","res.partner",19,"presence"]	{"type":"bus.bus/im_status_updated","payload":{"presence_status":"online","im_status":"online","partner_id":19}}	2026-05-12 07:16:24.919736	2026-05-12 07:16:24.919736
3042	23	23	["RELSUM_DB","res.partner",28]	{"type":"ir.attachment/delete","payload":{"id":1456,"message":null}}	2026-05-12 07:18:59.658975	2026-05-12 07:18:59.658975
3043	23	23	["RELSUM_DB","res.partner",28,"presence"]	{"type":"bus.bus/im_status_updated","payload":{"presence_status":"offline","im_status":"offline","partner_id":28}}	2026-05-12 07:21:51.023141	2026-05-12 07:21:51.023141
3044	23	23	["RELSUM_DB","res.partner",28,"presence"]	{"type":"bus.bus/im_status_updated","payload":{"presence_status":"online","im_status":"online","partner_id":28}}	2026-05-12 07:21:51.996947	2026-05-12 07:21:51.996947
3021	20	20	["RELSUM_DB","res.partner",22,"presence"]	{"type":"bus.bus/im_status_updated","payload":{"presence_status":"away","im_status":"away","partner_id":22}}	2026-05-12 07:10:12.752449	2026-05-12 07:10:12.752449
3023	16	16	["RELSUM_DB","res.partner",18,"presence"]	{"type":"bus.bus/im_status_updated","payload":{"presence_status":"online","im_status":"online","partner_id":18}}	2026-05-12 07:10:46.329101	2026-05-12 07:10:46.329101
3024	27	27	["RELSUM_DB","res.partner",35,"presence"]	{"type":"bus.bus/im_status_updated","payload":{"presence_status":"online","im_status":"online","partner_id":35}}	2026-05-12 07:10:59.0684	2026-05-12 07:10:59.0684
3028	15	15	["RELSUM_DB","res.partner",17,"presence"]	{"type":"bus.bus/im_status_updated","payload":{"presence_status":"online","im_status":"online","partner_id":17}}	2026-05-12 07:11:50.240772	2026-05-12 07:11:50.240772
3031	25	25	["RELSUM_DB","res.partner",32,"presence"]	{"type":"bus.bus/im_status_updated","payload":{"presence_status":"online","im_status":"online","partner_id":32}}	2026-05-12 07:13:23.654696	2026-05-12 07:13:23.654696
3038	25	25	["RELSUM_DB","res.partner",32,"presence"]	{"type":"bus.bus/im_status_updated","payload":{"presence_status":"online","im_status":"online","partner_id":32}}	2026-05-12 07:14:35.680416	2026-05-12 07:14:35.680416
3045	23	23	["RELSUM_DB","res.partner",28]	{"type":"bus.bus/im_status_updated","payload":{"presence_status":"online","im_status":"online","partner_id":28}}	2026-05-12 07:21:52.394528	2026-05-12 07:21:52.394528
3046	23	23	["RELSUM_DB","res.partner",28]	{"type":"bus.bus/im_status_updated","payload":{"presence_status":"online","im_status":"online","partner_id":28}}	2026-05-12 07:22:46.534951	2026-05-12 07:22:46.534951
3047	6	6	["RELSUM_DB","res.partner",7,"presence"]	{"type":"bus.bus/im_status_updated","payload":{"presence_status":"away","im_status":"away","partner_id":7}}	2026-05-12 07:24:29.110954	2026-05-12 07:24:29.110954
3048	6	6	["RELSUM_DB","res.partner",7,"presence"]	{"type":"bus.bus/im_status_updated","payload":{"presence_status":"online","im_status":"online","partner_id":7}}	2026-05-12 07:24:30.810088	2026-05-12 07:24:30.810088
3049	17	17	["RELSUM_DB","res.partner",19,"presence"]	{"type":"bus.bus/im_status_updated","payload":{"presence_status":"offline","im_status":"offline","partner_id":19}}	2026-05-12 07:30:22.556565	2026-05-12 07:30:22.556565
3050	25	25	["RELSUM_DB","res.partner",32,"presence"]	{"type":"bus.bus/im_status_updated","payload":{"presence_status":"away","im_status":"away","partner_id":32}}	2026-05-12 07:32:29.585665	2026-05-12 07:32:29.585665
3051	11	11	["RELSUM_DB","res.partner",13,"presence"]	{"type":"bus.bus/im_status_updated","payload":{"presence_status":"online","im_status":"online","partner_id":13}}	2026-05-12 07:38:43.694044	2026-05-12 07:38:43.694044
3052	11	11	["RELSUM_DB","res.partner",13,"presence"]	{"type":"bus.bus/im_status_updated","payload":{"presence_status":"offline","im_status":"offline","partner_id":13}}	2026-05-12 07:39:15.110746	2026-05-12 07:39:15.110746
3053	15	15	["RELSUM_DB","res.partner",17,"presence"]	{"type":"bus.bus/im_status_updated","payload":{"presence_status":"away","im_status":"away","partner_id":17}}	2026-05-12 07:42:08.48514	2026-05-12 07:42:08.48514
3054	11	11	["RELSUM_DB","res.partner",13,"presence"]	{"type":"bus.bus/im_status_updated","payload":{"presence_status":"online","im_status":"online","partner_id":13}}	2026-05-12 07:43:43.474935	2026-05-12 07:43:43.474935
3055	11	11	["RELSUM_DB","res.partner",13]	{"type":"bus.bus/im_status_updated","payload":{"presence_status":"online","im_status":"online","partner_id":13}}	2026-05-12 07:43:43.764535	2026-05-12 07:43:43.764535
3056	48	48	["RELSUM_DB","res.partner",61,"presence"]	{"type":"bus.bus/im_status_updated","payload":{"presence_status":"away","im_status":"away","partner_id":61}}	2026-05-12 07:44:25.650478	2026-05-12 07:44:25.650478
3057	11	11	["RELSUM_DB","res.partner",13,"presence"]	{"type":"bus.bus/im_status_updated","payload":{"presence_status":"offline","im_status":"offline","partner_id":13}}	2026-05-12 07:45:44.837531	2026-05-12 07:45:44.837531
3058	18	18	["RELSUM_DB","res.partner",20,"presence"]	{"type":"bus.bus/im_status_updated","payload":{"presence_status":"offline","im_status":"offline","partner_id":20}}	2026-05-12 07:51:48.420938	2026-05-12 07:51:48.420938
3059	18	18	["RELSUM_DB","res.partner",20,"presence"]	{"type":"bus.bus/im_status_updated","payload":{"presence_status":"online","im_status":"online","partner_id":20}}	2026-05-12 07:51:48.79839	2026-05-12 07:51:48.79839
3060	19	19	["RELSUM_DB","res.partner",21,"presence"]	{"type":"bus.bus/im_status_updated","payload":{"presence_status":"offline","im_status":"offline","partner_id":21}}	2026-05-12 07:52:29.052092	2026-05-12 07:52:29.052092
3061	19	19	["RELSUM_DB","res.partner",21,"presence"]	{"type":"bus.bus/im_status_updated","payload":{"presence_status":"online","im_status":"online","partner_id":21}}	2026-05-12 07:52:29.907565	2026-05-12 07:52:29.907565
3062	19	19	["RELSUM_DB","res.partner",21,"presence"]	{"type":"bus.bus/im_status_updated","payload":{"presence_status":"offline","im_status":"offline","partner_id":21}}	2026-05-12 07:52:31.275139	2026-05-12 07:52:31.275139
3063	19	19	["RELSUM_DB","res.partner",21]	{"type":"bus.bus/im_status_updated","payload":{"presence_status":"offline","im_status":"offline","partner_id":21}}	2026-05-12 07:52:31.78472	2026-05-12 07:52:31.78472
3064	19	19	["RELSUM_DB","res.partner",21,"presence"]	{"type":"bus.bus/im_status_updated","payload":{"presence_status":"online","im_status":"online","partner_id":21}}	2026-05-12 07:52:31.842025	2026-05-12 07:52:31.842025
3065	19	19	["RELSUM_DB","res.partner",21,"presence"]	{"type":"bus.bus/im_status_updated","payload":{"presence_status":"offline","im_status":"offline","partner_id":21}}	2026-05-12 07:52:32.630643	2026-05-12 07:52:32.630643
3066	19	19	["RELSUM_DB","res.partner",21]	{"type":"bus.bus/im_status_updated","payload":{"presence_status":"offline","im_status":"offline","partner_id":21}}	2026-05-12 07:52:33.114682	2026-05-12 07:52:33.114682
3067	19	19	["RELSUM_DB","res.partner",21,"presence"]	{"type":"bus.bus/im_status_updated","payload":{"presence_status":"online","im_status":"online","partner_id":21}}	2026-05-12 07:52:33.26021	2026-05-12 07:52:33.26021
3068	16	16	["RELSUM_DB","res.partner",18,"presence"]	{"type":"bus.bus/im_status_updated","payload":{"presence_status":"offline","im_status":"offline","partner_id":18}}	2026-05-12 07:52:36.180838	2026-05-12 07:52:36.180838
3069	16	16	["RELSUM_DB","broadcast"]	{"type":"bundle_changed","payload":{"server_version":"18.0-20260508"}}	2026-05-12 07:53:02.755775	2026-05-12 07:53:02.755775
3070	16	16	["RELSUM_DB","res.partner",18,"presence"]	{"type":"bus.bus/im_status_updated","payload":{"presence_status":"online","im_status":"online","partner_id":18}}	2026-05-12 07:53:06.48141	2026-05-12 07:53:06.48141
3071	20	20	["RELSUM_DB","res.partner",22,"presence"]	{"type":"bus.bus/im_status_updated","payload":{"presence_status":"away","im_status":"away","partner_id":22}}	2026-05-12 07:54:29.023659	2026-05-12 07:54:29.023659
3072	19	19	["RELSUM_DB","res.partner",21,"presence"]	{"type":"bus.bus/im_status_updated","payload":{"presence_status":"offline","im_status":"offline","partner_id":21}}	2026-05-12 07:54:42.788326	2026-05-12 07:54:42.788326
3073	19	19	["RELSUM_DB","res.partner",21,"presence"]	{"type":"bus.bus/im_status_updated","payload":{"presence_status":"online","im_status":"online","partner_id":21}}	2026-05-12 07:54:43.174499	2026-05-12 07:54:43.174499
3074	19	19	["RELSUM_DB","res.partner",21]	{"type":"bus.bus/im_status_updated","payload":{"presence_status":"online","im_status":"online","partner_id":21}}	2026-05-12 07:54:43.768504	2026-05-12 07:54:43.768504
3075	19	19	["RELSUM_DB","res.partner",21,"presence"]	{"type":"bus.bus/im_status_updated","payload":{"presence_status":"offline","im_status":"offline","partner_id":21}}	2026-05-12 07:54:44.285501	2026-05-12 07:54:44.285501
3076	19	19	["RELSUM_DB","res.partner",21,"presence"]	{"type":"bus.bus/im_status_updated","payload":{"presence_status":"online","im_status":"online","partner_id":21}}	2026-05-12 07:54:44.666327	2026-05-12 07:54:44.666327
3077	19	19	["RELSUM_DB","res.partner",21]	{"type":"bus.bus/im_status_updated","payload":{"presence_status":"online","im_status":"online","partner_id":21}}	2026-05-12 07:54:45.254954	2026-05-12 07:54:45.254954
3078	15	15	["RELSUM_DB","res.partner",17,"presence"]	{"type":"bus.bus/im_status_updated","payload":{"presence_status":"online","im_status":"online","partner_id":17}}	2026-05-12 07:55:54.056037	2026-05-12 07:55:54.056037
3079	8	8	["RELSUM_DB","res.partner",10,"presence"]	{"type":"bus.bus/im_status_updated","payload":{"presence_status":"away","im_status":"away","partner_id":10}}	2026-05-12 07:57:13.933505	2026-05-12 07:57:13.933505
3080	24	24	["RELSUM_DB","res.partner",29,"presence"]	{"type":"bus.bus/im_status_updated","payload":{"presence_status":"away","im_status":"away","partner_id":29}}	2026-05-12 08:01:15.254256	2026-05-12 08:01:15.254256
3081	27	27	["RELSUM_DB","res.partner",35,"presence"]	{"type":"bus.bus/im_status_updated","payload":{"presence_status":"away","im_status":"away","partner_id":35}}	2026-05-12 08:01:57.983066	2026-05-12 08:01:57.983066
3082	48	48	["RELSUM_DB","res.partner",61,"presence"]	{"type":"bus.bus/im_status_updated","payload":{"presence_status":"offline","im_status":"offline","partner_id":61}}	2026-05-12 08:10:49.221025	2026-05-12 08:10:49.221025
3083	48	48	["RELSUM_DB","res.partner",61,"presence"]	{"type":"bus.bus/im_status_updated","payload":{"presence_status":"away","im_status":"away","partner_id":61}}	2026-05-12 08:10:50.100519	2026-05-12 08:10:50.100519
3084	20	20	["RELSUM_DB","res.partner",22,"presence"]	{"type":"bus.bus/im_status_updated","payload":{"presence_status":"offline","im_status":"offline","partner_id":22}}	2026-05-12 08:13:12.564915	2026-05-12 08:13:12.564915
3085	27	27	["RELSUM_DB","res.partner",35,"presence"]	{"type":"bus.bus/im_status_updated","payload":{"presence_status":"offline","im_status":"offline","partner_id":35}}	2026-05-12 08:13:13.076245	2026-05-12 08:13:13.076245
3086	27	27	["RELSUM_DB","res.partner",35,"presence"]	{"type":"bus.bus/im_status_updated","payload":{"presence_status":"away","im_status":"away","partner_id":35}}	2026-05-12 08:13:14.031977	2026-05-12 08:13:14.031977
3087	19	19	["RELSUM_DB","res.partner",21,"presence"]	{"type":"bus.bus/im_status_updated","payload":{"presence_status":"offline","im_status":"offline","partner_id":21}}	2026-05-12 08:17:19.026062	2026-05-12 08:17:19.026062
3088	19	19	["RELSUM_DB","res.partner",21,"presence"]	{"type":"bus.bus/im_status_updated","payload":{"presence_status":"online","im_status":"online","partner_id":21}}	2026-05-12 08:17:19.449721	2026-05-12 08:17:19.449721
3089	19	19	["RELSUM_DB","res.partner",21,"presence"]	{"type":"bus.bus/im_status_updated","payload":{"presence_status":"offline","im_status":"offline","partner_id":21}}	2026-05-12 08:22:44.750886	2026-05-12 08:22:44.750886
3090	19	19	["RELSUM_DB","res.partner",21,"presence"]	{"type":"bus.bus/im_status_updated","payload":{"presence_status":"online","im_status":"online","partner_id":21}}	2026-05-12 08:22:45.12376	2026-05-12 08:22:45.12376
3091	23	23	["RELSUM_DB","res.partner",28,"presence"]	{"type":"bus.bus/im_status_updated","payload":{"presence_status":"offline","im_status":"offline","partner_id":28}}	2026-05-12 08:23:45.091792	2026-05-12 08:23:45.091792
3092	23	23	["RELSUM_DB","res.partner",28,"presence"]	{"type":"bus.bus/im_status_updated","payload":{"presence_status":"online","im_status":"online","partner_id":28}}	2026-05-12 08:23:46.191556	2026-05-12 08:23:46.191556
3093	25	25	["RELSUM_DB","res.partner",32,"presence"]	{"type":"bus.bus/im_status_updated","payload":{"presence_status":"offline","im_status":"offline","partner_id":32}}	2026-05-12 08:23:49.190591	2026-05-12 08:23:49.190591
3094	25	25	["RELSUM_DB","res.partner",32,"presence"]	{"type":"bus.bus/im_status_updated","payload":{"presence_status":"away","im_status":"away","partner_id":32}}	2026-05-12 08:23:50.641693	2026-05-12 08:23:50.641693
3095	24	24	["RELSUM_DB","res.partner",29,"presence"]	{"type":"bus.bus/im_status_updated","payload":{"presence_status":"offline","im_status":"offline","partner_id":29}}	2026-05-12 08:29:31.037946	2026-05-12 08:29:31.037946
3096	24	24	["RELSUM_DB","res.partner",29,"presence"]	{"type":"bus.bus/im_status_updated","payload":{"presence_status":"away","im_status":"away","partner_id":29}}	2026-05-12 08:29:31.942354	2026-05-12 08:29:31.942354
3097	8	8	["RELSUM_DB","res.partner",10,"presence"]	{"type":"bus.bus/im_status_updated","payload":{"presence_status":"offline","im_status":"offline","partner_id":10}}	2026-05-12 08:29:43.968907	2026-05-12 08:29:43.968907
3098	8	8	["RELSUM_DB","res.partner",10,"presence"]	{"type":"bus.bus/im_status_updated","payload":{"presence_status":"away","im_status":"away","partner_id":10}}	2026-05-12 08:29:45.004548	2026-05-12 08:29:45.004548
3099	2	2	["RELSUM_DB","res.partner",3,"presence"]	{"type":"bus.bus/im_status_updated","payload":{"presence_status":"offline","im_status":"offline","partner_id":3}}	2026-05-12 08:30:30.123547	2026-05-12 08:30:30.123547
3100	2	2	["RELSUM_DB","res.partner",3,"presence"]	{"type":"bus.bus/im_status_updated","payload":{"presence_status":"online","im_status":"online","partner_id":3}}	2026-05-12 08:30:31.066322	2026-05-12 08:30:31.066322
3101	19	19	["RELSUM_DB","res.partner",21,"presence"]	{"type":"bus.bus/im_status_updated","payload":{"presence_status":"offline","im_status":"offline","partner_id":21}}	2026-05-12 08:30:51.417093	2026-05-12 08:30:51.417093
3102	19	19	["RELSUM_DB","res.partner",21,"presence"]	{"type":"bus.bus/im_status_updated","payload":{"presence_status":"online","im_status":"online","partner_id":21}}	2026-05-12 08:30:51.79753	2026-05-12 08:30:51.79753
3103	19	19	["RELSUM_DB","res.partner",21]	{"type":"bus.bus/im_status_updated","payload":{"presence_status":"online","im_status":"online","partner_id":21}}	2026-05-12 08:30:52.202299	2026-05-12 08:30:52.202299
3104	16	16	["RELSUM_DB","res.partner",18,"presence"]	{"type":"bus.bus/im_status_updated","payload":{"presence_status":"offline","im_status":"offline","partner_id":18}}	2026-05-12 08:30:58.08291	2026-05-12 08:30:58.08291
3105	19	19	["RELSUM_DB","res.partner",21,"presence"]	{"type":"bus.bus/im_status_updated","payload":{"presence_status":"away","im_status":"away","partner_id":21}}	2026-05-12 08:30:59.532742	2026-05-12 08:30:59.532742
3106	19	19	["RELSUM_DB","res.partner",21,"presence"]	{"type":"bus.bus/im_status_updated","payload":{"presence_status":"online","im_status":"online","partner_id":21}}	2026-05-12 08:30:59.911766	2026-05-12 08:30:59.911766
3107	16	16	["RELSUM_DB","broadcast"]	{"type":"bundle_changed","payload":{"server_version":"18.0-20260508"}}	2026-05-12 08:31:15.562553	2026-05-12 08:31:15.562553
3108	16	16	["RELSUM_DB","res.partner",18,"presence"]	{"type":"bus.bus/im_status_updated","payload":{"presence_status":"online","im_status":"online","partner_id":18}}	2026-05-12 08:31:19.081553	2026-05-12 08:31:19.081553
3109	16	16	["RELSUM_DB","res.partner",18,"presence"]	{"type":"bus.bus/im_status_updated","payload":{"presence_status":"offline","im_status":"offline","partner_id":18}}	2026-05-12 08:32:22.140135	2026-05-12 08:32:22.140135
3110	15	15	["RELSUM_DB","res.partner",17,"presence"]	{"type":"bus.bus/im_status_updated","payload":{"presence_status":"away","im_status":"away","partner_id":17}}	2026-05-12 08:34:56.436346	2026-05-12 08:34:56.436346
3111	15	15	["RELSUM_DB","res.partner",17,"presence"]	{"type":"bus.bus/im_status_updated","payload":{"presence_status":"online","im_status":"online","partner_id":17}}	2026-05-12 08:34:56.792665	2026-05-12 08:34:56.792665
3112	15	15	["RELSUM_DB","res.partner",17,"presence"]	{"type":"bus.bus/im_status_updated","payload":{"presence_status":"away","im_status":"away","partner_id":17}}	2026-05-12 08:35:01.430415	2026-05-12 08:35:01.430415
3113	16	16	["RELSUM_DB","broadcast"]	{"type":"bundle_changed","payload":{"server_version":"18.0-20260508"}}	2026-05-12 08:36:04.686698	2026-05-12 08:36:04.686698
3114	16	16	["RELSUM_DB","res.partner",18,"presence"]	{"type":"bus.bus/im_status_updated","payload":{"presence_status":"online","im_status":"online","partner_id":18}}	2026-05-12 08:36:08.073244	2026-05-12 08:36:08.073244
3115	15	15	["RELSUM_DB","res.partner",17,"presence"]	{"type":"bus.bus/im_status_updated","payload":{"presence_status":"offline","im_status":"offline","partner_id":17}}	2026-05-12 08:36:52.278637	2026-05-12 08:36:52.278637
3116	15	15	["RELSUM_DB","res.partner",17,"presence"]	{"type":"bus.bus/im_status_updated","payload":{"presence_status":"away","im_status":"away","partner_id":17}}	2026-05-12 08:36:53.050108	2026-05-12 08:36:53.050108
3117	6	6	["RELSUM_DB","res.partner",7,"presence"]	{"type":"bus.bus/im_status_updated","payload":{"presence_status":"offline","im_status":"offline","partner_id":7}}	2026-05-12 08:44:37.252145	2026-05-12 08:44:37.252145
3118	6	6	["RELSUM_DB","res.partner",7,"presence"]	{"type":"bus.bus/im_status_updated","payload":{"presence_status":"online","im_status":"online","partner_id":7}}	2026-05-12 08:44:38.373583	2026-05-12 08:44:38.373583
3119	19	19	["RELSUM_DB","res.partner",21,"presence"]	{"type":"bus.bus/im_status_updated","payload":{"presence_status":"offline","im_status":"offline","partner_id":21}}	2026-05-12 08:46:49.826794	2026-05-12 08:46:49.826794
3120	19	19	["RELSUM_DB","res.partner",21,"presence"]	{"type":"bus.bus/im_status_updated","payload":{"presence_status":"away","im_status":"away","partner_id":21}}	2026-05-12 08:46:50.237109	2026-05-12 08:46:50.237109
3121	19	19	["RELSUM_DB","res.partner",21]	{"type":"bus.bus/im_status_updated","payload":{"presence_status":"away","im_status":"away","partner_id":21}}	2026-05-12 08:46:50.58147	2026-05-12 08:46:50.58147
3122	19	19	["RELSUM_DB","res.partner",21,"presence"]	{"type":"bus.bus/im_status_updated","payload":{"presence_status":"online","im_status":"online","partner_id":21}}	2026-05-12 08:46:50.629391	2026-05-12 08:46:50.629391
3123	19	19	["RELSUM_DB","res.partner",21,"presence"]	{"type":"bus.bus/im_status_updated","payload":{"presence_status":"offline","im_status":"offline","partner_id":21}}	2026-05-12 08:47:22.306029	2026-05-12 08:47:22.306029
3124	19	19	["RELSUM_DB","res.partner",21,"presence"]	{"type":"bus.bus/im_status_updated","payload":{"presence_status":"away","im_status":"away","partner_id":21}}	2026-05-12 08:47:22.685974	2026-05-12 08:47:22.685974
3125	19	19	["RELSUM_DB","res.partner",21,"presence"]	{"type":"bus.bus/im_status_updated","payload":{"presence_status":"online","im_status":"online","partner_id":21}}	2026-05-12 08:47:25.327191	2026-05-12 08:47:25.327191
3126	19	19	["RELSUM_DB","res.partner",21,"presence"]	{"type":"bus.bus/im_status_updated","payload":{"presence_status":"offline","im_status":"offline","partner_id":21}}	2026-05-12 08:47:26.482589	2026-05-12 08:47:26.482589
3127	19	19	["RELSUM_DB","res.partner",21,"presence"]	{"type":"bus.bus/im_status_updated","payload":{"presence_status":"online","im_status":"online","partner_id":21}}	2026-05-12 08:47:27.091433	2026-05-12 08:47:27.091433
3128	19	19	["RELSUM_DB","res.partner",21,"presence"]	{"type":"bus.bus/im_status_updated","payload":{"presence_status":"offline","im_status":"offline","partner_id":21}}	2026-05-12 08:47:27.736782	2026-05-12 08:47:27.736782
3129	19	19	["RELSUM_DB","res.partner",21]	{"type":"bus.bus/im_status_updated","payload":{"presence_status":"offline","im_status":"offline","partner_id":21}}	2026-05-12 08:47:28.257428	2026-05-12 08:47:28.257428
3130	19	19	["RELSUM_DB","res.partner",21,"presence"]	{"type":"bus.bus/im_status_updated","payload":{"presence_status":"online","im_status":"online","partner_id":21}}	2026-05-12 08:47:28.304078	2026-05-12 08:47:28.304078
3131	19	19	["RELSUM_DB","res.partner",21,"presence"]	{"type":"bus.bus/im_status_updated","payload":{"presence_status":"offline","im_status":"offline","partner_id":21}}	2026-05-12 08:47:35.030118	2026-05-12 08:47:35.030118
3132	19	19	["RELSUM_DB","res.partner",21,"presence"]	{"type":"bus.bus/im_status_updated","payload":{"presence_status":"online","im_status":"online","partner_id":21}}	2026-05-12 08:47:35.476591	2026-05-12 08:47:35.476591
3133	19	19	["RELSUM_DB","res.partner",21,"presence"]	{"type":"bus.bus/im_status_updated","payload":{"presence_status":"offline","im_status":"offline","partner_id":21}}	2026-05-12 08:47:35.5794	2026-05-12 08:47:35.5794
3134	19	19	["RELSUM_DB","res.partner",21]	{"type":"bus.bus/im_status_updated","payload":{"presence_status":"offline","im_status":"offline","partner_id":21}}	2026-05-12 08:47:36.006238	2026-05-12 08:47:36.006238
3135	19	19	["RELSUM_DB","res.partner",21,"presence"]	{"type":"bus.bus/im_status_updated","payload":{"presence_status":"online","im_status":"online","partner_id":21}}	2026-05-12 08:47:36.061505	2026-05-12 08:47:36.061505
3136	19	19	["RELSUM_DB","res.partner",21,"presence"]	{"type":"bus.bus/im_status_updated","payload":{"presence_status":"offline","im_status":"offline","partner_id":21}}	2026-05-12 08:47:36.195643	2026-05-12 08:47:36.195643
3137	19	19	["RELSUM_DB","res.partner",21]	{"type":"bus.bus/im_status_updated","payload":{"presence_status":"offline","im_status":"offline","partner_id":21}}	2026-05-12 08:47:37.838491	2026-05-12 08:47:37.838491
3138	19	19	["RELSUM_DB","res.partner",21,"presence"]	{"type":"bus.bus/im_status_updated","payload":{"presence_status":"online","im_status":"online","partner_id":21}}	2026-05-12 08:47:37.896311	2026-05-12 08:47:37.896311
3139	19	19	["RELSUM_DB","res.partner",21,"presence"]	{"type":"bus.bus/im_status_updated","payload":{"presence_status":"offline","im_status":"offline","partner_id":21}}	2026-05-12 08:48:04.777236	2026-05-12 08:48:04.777236
3140	19	19	["RELSUM_DB","res.partner",21,"presence"]	{"type":"bus.bus/im_status_updated","payload":{"presence_status":"online","im_status":"online","partner_id":21}}	2026-05-12 08:48:05.326237	2026-05-12 08:48:05.326237
3141	19	19	["RELSUM_DB","res.partner",21,"presence"]	{"type":"bus.bus/im_status_updated","payload":{"presence_status":"offline","im_status":"offline","partner_id":21}}	2026-05-12 08:48:18.677657	2026-05-12 08:48:18.677657
3142	19	19	["RELSUM_DB","res.partner",21,"presence"]	{"type":"bus.bus/im_status_updated","payload":{"presence_status":"online","im_status":"online","partner_id":21}}	2026-05-12 08:48:27.241474	2026-05-12 08:48:27.241474
3143	2	2	["RELSUM_DB","res.partner",3,"presence"]	{"type":"bus.bus/im_status_updated","payload":{"presence_status":"offline","im_status":"offline","partner_id":3}}	2026-05-12 08:52:56.624451	2026-05-12 08:52:56.624451
3144	2	2	["RELSUM_DB","broadcast"]	{"type":"bundle_changed","payload":{"server_version":"18.0-20260508"}}	2026-05-12 08:52:56.659768	2026-05-12 08:52:56.659768
3145	23	23	["RELSUM_DB","broadcast"]	{"type":"bundle_changed","payload":{"server_version":"18.0-20260508"}}	2026-05-12 08:52:56.63965	2026-05-12 08:52:56.63965
3146	2	2	["RELSUM_DB","broadcast"]	{"type":"bundle_changed","payload":{"server_version":"18.0-20260508"}}	2026-05-12 08:52:56.682664	2026-05-12 08:52:56.682664
3147	2	2	["RELSUM_DB","res.partner",3,"presence"]	{"type":"bus.bus/im_status_updated","payload":{"presence_status":"online","im_status":"online","partner_id":3}}	2026-05-12 08:53:05.28404	2026-05-12 08:53:05.28404
3148	23	23	["RELSUM_DB","broadcast"]	{"type":"bundle_changed","payload":{"server_version":"18.0-20260508"}}	2026-05-12 08:53:31.782607	2026-05-12 08:53:31.782607
3149	19	19	["RELSUM_DB","res.partner",21,"presence"]	{"type":"bus.bus/im_status_updated","payload":{"presence_status":"offline","im_status":"offline","partner_id":21}}	2026-05-12 08:54:07.882012	2026-05-12 08:54:07.882012
3151	16	16	["RELSUM_DB","broadcast"]	{"type":"bundle_changed","payload":{"server_version":"18.0-20260508"}}	2026-05-12 08:56:02.650992	2026-05-12 08:56:02.650992
3152	6	6	["RELSUM_DB","res.partner",7,"presence"]	{"type":"bus.bus/im_status_updated","payload":{"presence_status":"away","im_status":"away","partner_id":7}}	2026-05-12 09:01:05.277703	2026-05-12 09:01:05.277703
3153	19	19	["RELSUM_DB","res.partner",21,"presence"]	{"type":"bus.bus/im_status_updated","payload":{"presence_status":"offline","im_status":"offline","partner_id":21}}	2026-05-12 09:04:56.777203	2026-05-12 09:04:56.777203
3154	19	19	["RELSUM_DB","res.partner",21,"presence"]	{"type":"bus.bus/im_status_updated","payload":{"presence_status":"online","im_status":"online","partner_id":21}}	2026-05-12 09:04:57.676268	2026-05-12 09:04:57.676268
3155	6	6	["RELSUM_DB","res.partner",7,"presence"]	{"type":"bus.bus/im_status_updated","payload":{"presence_status":"online","im_status":"online","partner_id":7}}	2026-05-12 09:08:02.452655	2026-05-12 09:08:02.452655
3156	6	6	["RELSUM_DB","res.partner",7,"presence"]	{"type":"bus.bus/im_status_updated","payload":{"presence_status":"offline","im_status":"offline","partner_id":7}}	2026-05-12 09:12:41.449725	2026-05-12 09:12:41.449725
3157	6	6	["RELSUM_DB","res.partner",7,"presence"]	{"type":"bus.bus/im_status_updated","payload":{"presence_status":"online","im_status":"online","partner_id":7}}	2026-05-12 09:12:41.826613	2026-05-12 09:12:41.826613
3159	19	19	["RELSUM_DB","res.partner",21,"presence"]	{"type":"bus.bus/im_status_updated","payload":{"presence_status":"online","im_status":"online","partner_id":21}}	2026-05-12 09:13:01.56786	2026-05-12 09:13:01.56786
3160	18	18	["RELSUM_DB","res.partner",20,"presence"]	{"type":"bus.bus/im_status_updated","payload":{"presence_status":"offline","im_status":"offline","partner_id":20}}	2026-05-12 09:13:34.153975	2026-05-12 09:13:34.153975
3161	18	18	["RELSUM_DB","res.partner",20,"presence"]	{"type":"bus.bus/im_status_updated","payload":{"presence_status":"online","im_status":"online","partner_id":20}}	2026-05-12 09:13:35.090249	2026-05-12 09:13:35.090249
3150	19	19	["RELSUM_DB","res.partner",21,"presence"]	{"type":"bus.bus/im_status_updated","payload":{"presence_status":"online","im_status":"online","partner_id":21}}	2026-05-12 08:54:09.391849	2026-05-12 08:54:09.391849
3158	19	19	["RELSUM_DB","res.partner",21,"presence"]	{"type":"bus.bus/im_status_updated","payload":{"presence_status":"offline","im_status":"offline","partner_id":21}}	2026-05-12 09:13:00.796146	2026-05-12 09:13:00.796146
3162	16	16	["RELSUM_DB","res.partner",18,"presence"]	{"type":"bus.bus/im_status_updated","payload":{"presence_status":"offline","im_status":"offline","partner_id":18}}	2026-05-12 09:16:53.153912	2026-05-12 09:16:53.153912
3163	6	6	["RELSUM_DB","res.partner",7,"presence"]	{"type":"bus.bus/im_status_updated","payload":{"presence_status":"away","im_status":"away","partner_id":7}}	2026-05-12 09:17:25.614456	2026-05-12 09:17:25.614456
3164	6	6	["RELSUM_DB","res.partner",7,"presence"]	{"type":"bus.bus/im_status_updated","payload":{"presence_status":"online","im_status":"online","partner_id":7}}	2026-05-12 09:17:25.969432	2026-05-12 09:17:25.969432
3165	16	16	["RELSUM_DB","broadcast"]	{"type":"bundle_changed","payload":{"server_version":"18.0-20260508"}}	2026-05-12 09:17:29.305478	2026-05-12 09:17:29.305478
3166	16	16	["RELSUM_DB","res.partner",18,"presence"]	{"type":"bus.bus/im_status_updated","payload":{"presence_status":"online","im_status":"online","partner_id":18}}	2026-05-12 09:17:32.747854	2026-05-12 09:17:32.747854
3167	25	25	["RELSUM_DB","res.partner",32,"presence"]	{"type":"bus.bus/im_status_updated","payload":{"presence_status":"online","im_status":"online","partner_id":32}}	2026-05-12 09:19:02.848536	2026-05-12 09:19:02.848536
3168	25	25	["RELSUM_DB","res.partner",32]	{"type":"bus.bus/im_status_updated","payload":{"presence_status":"online","im_status":"online","partner_id":32}}	2026-05-12 09:19:23.512755	2026-05-12 09:19:23.512755
3169	25	25	["RELSUM_DB","res.partner",32]	{"type":"bus.bus/im_status_updated","payload":{"presence_status":"online","im_status":"online","partner_id":32}}	2026-05-12 09:19:25.244855	2026-05-12 09:19:25.244855
3170	48	48	["RELSUM_DB","res.partner",61,"presence"]	{"type":"bus.bus/im_status_updated","payload":{"presence_status":"offline","im_status":"offline","partner_id":61}}	2026-05-12 09:20:15.775749	2026-05-12 09:20:15.775749
3171	48	48	["RELSUM_DB","res.partner",61,"presence"]	{"type":"bus.bus/im_status_updated","payload":{"presence_status":"away","im_status":"away","partner_id":61}}	2026-05-12 09:20:16.921796	2026-05-12 09:20:16.921796
3172	48	48	["RELSUM_DB","res.partner",61,"presence"]	{"type":"bus.bus/im_status_updated","payload":{"presence_status":"offline","im_status":"offline","partner_id":61}}	2026-05-12 09:21:21.363969	2026-05-12 09:21:21.363969
3173	18	18	["RELSUM_DB","res.partner",20,"presence"]	{"type":"bus.bus/im_status_updated","payload":{"presence_status":"away","im_status":"away","partner_id":20}}	2026-05-12 09:23:21.417722	2026-05-12 09:23:21.417722
3174	23	23	["RELSUM_DB","res.partner",28,"presence"]	{"type":"bus.bus/im_status_updated","payload":{"presence_status":"away","im_status":"away","partner_id":28}}	2026-05-12 09:25:16.517931	2026-05-12 09:25:16.517931
3175	23	23	["RELSUM_DB","res.partner",28,"presence"]	{"type":"bus.bus/im_status_updated","payload":{"presence_status":"online","im_status":"online","partner_id":28}}	2026-05-12 09:25:40.426791	2026-05-12 09:25:40.426791
3176	25	25	["RELSUM_DB","res.partner",32,"presence"]	{"type":"bus.bus/im_status_updated","payload":{"presence_status":"offline","im_status":"offline","partner_id":32}}	2026-05-12 09:26:40.506445	2026-05-12 09:26:40.506445
3177	25	25	["RELSUM_DB","res.partner",32,"presence"]	{"type":"bus.bus/im_status_updated","payload":{"presence_status":"online","im_status":"online","partner_id":32}}	2026-05-12 09:26:42.02619	2026-05-12 09:26:42.02619
3178	27	27	["RELSUM_DB","res.partner",35,"presence"]	{"type":"bus.bus/im_status_updated","payload":{"presence_status":"offline","im_status":"offline","partner_id":35}}	2026-05-12 09:32:45.731599	2026-05-12 09:32:45.731599
3179	27	27	["RELSUM_DB","res.partner",35,"presence"]	{"type":"bus.bus/im_status_updated","payload":{"presence_status":"away","im_status":"away","partner_id":35}}	2026-05-12 09:32:47.066951	2026-05-12 09:32:47.066951
3180	6	6	["RELSUM_DB","res.partner",7,"presence"]	{"type":"bus.bus/im_status_updated","payload":{"presence_status":"away","im_status":"away","partner_id":7}}	2026-05-12 09:41:12.832782	2026-05-12 09:41:12.832782
3181	6	6	["RELSUM_DB","res.partner",7,"presence"]	{"type":"bus.bus/im_status_updated","payload":{"presence_status":"online","im_status":"online","partner_id":7}}	2026-05-12 09:41:13.226473	2026-05-12 09:41:13.226473
3182	24	24	["RELSUM_DB","res.partner",29,"presence"]	{"type":"bus.bus/im_status_updated","payload":{"presence_status":"offline","im_status":"offline","partner_id":29}}	2026-05-12 09:42:15.771829	2026-05-12 09:42:15.771829
3183	24	24	["RELSUM_DB","res.partner",29,"presence"]	{"type":"bus.bus/im_status_updated","payload":{"presence_status":"away","im_status":"away","partner_id":29}}	2026-05-12 09:42:17.025132	2026-05-12 09:42:17.025132
3184	15	15	["RELSUM_DB","res.partner",17,"presence"]	{"type":"bus.bus/im_status_updated","payload":{"presence_status":"offline","im_status":"offline","partner_id":17}}	2026-05-12 09:46:34.352197	2026-05-12 09:46:34.352197
3185	6	6	["RELSUM_DB","res.partner",7,"presence"]	{"type":"bus.bus/im_status_updated","payload":{"presence_status":"away","im_status":"away","partner_id":7}}	2026-05-12 09:47:33.533728	2026-05-12 09:47:33.533728
3186	23	23	["RELSUM_DB","res.partner",28,"presence"]	{"type":"bus.bus/im_status_updated","payload":{"presence_status":"offline","im_status":"offline","partner_id":28}}	2026-05-12 09:47:48.624816	2026-05-12 09:47:48.624816
3187	23	23	["RELSUM_DB","res.partner",28,"presence"]	{"type":"bus.bus/im_status_updated","payload":{"presence_status":"online","im_status":"online","partner_id":28}}	2026-05-12 09:47:49.908972	2026-05-12 09:47:49.908972
3188	25	25	["RELSUM_DB","res.partner",32,"presence"]	{"type":"bus.bus/im_status_updated","payload":{"presence_status":"away","im_status":"away","partner_id":32}}	2026-05-12 09:50:03.539634	2026-05-12 09:50:03.539634
3189	18	18	["RELSUM_DB","res.partner",20,"presence"]	{"type":"bus.bus/im_status_updated","payload":{"presence_status":"offline","im_status":"offline","partner_id":20}}	2026-05-12 09:50:47.658293	2026-05-12 09:50:47.658293
3190	8	8	["RELSUM_DB","res.partner",10,"presence"]	{"type":"bus.bus/im_status_updated","payload":{"presence_status":"offline","im_status":"offline","partner_id":10}}	2026-05-12 09:51:30.661342	2026-05-12 09:51:30.661342
3191	8	8	["RELSUM_DB","res.partner",10,"presence"]	{"type":"bus.bus/im_status_updated","payload":{"presence_status":"away","im_status":"away","partner_id":10}}	2026-05-12 09:51:31.419629	2026-05-12 09:51:31.419629
3192	16	16	["RELSUM_DB","res.partner",18,"presence"]	{"type":"bus.bus/im_status_updated","payload":{"presence_status":"away","im_status":"away","partner_id":18}}	2026-05-12 09:51:35.688264	2026-05-12 09:51:35.688264
3193	19	19	["RELSUM_DB","res.partner",21,"presence"]	{"type":"bus.bus/im_status_updated","payload":{"presence_status":"away","im_status":"away","partner_id":21}}	2026-05-12 09:52:44.051102	2026-05-12 09:52:44.051102
3194	16	16	["RELSUM_DB","res.partner",18,"presence"]	{"type":"bus.bus/im_status_updated","payload":{"presence_status":"offline","im_status":"offline","partner_id":18}}	2026-05-12 09:53:36.316347	2026-05-12 09:53:36.316347
3195	2	2	["RELSUM_DB","res.partner",3,"presence"]	{"type":"bus.bus/im_status_updated","payload":{"presence_status":"offline","im_status":"offline","partner_id":3}}	2026-05-12 09:54:36.999201	2026-05-12 09:54:36.999201
3196	2	2	["RELSUM_DB","res.partner",3,"presence"]	{"type":"bus.bus/im_status_updated","payload":{"presence_status":"away","im_status":"away","partner_id":3}}	2026-05-12 09:54:38.428889	2026-05-12 09:54:38.428889
3197	27	27	["RELSUM_DB","res.partner",35,"presence"]	{"type":"bus.bus/im_status_updated","payload":{"presence_status":"offline","im_status":"offline","partner_id":35}}	2026-05-12 09:54:45.228469	2026-05-12 09:54:45.228469
3198	23	23	["RELSUM_DB","res.partner",28,"presence"]	{"type":"bus.bus/im_status_updated","payload":{"presence_status":"away","im_status":"away","partner_id":28}}	2026-05-12 09:55:40.843713	2026-05-12 09:55:40.843713
3199	24	24	["RELSUM_DB","res.partner",29,"presence"]	{"type":"bus.bus/im_status_updated","payload":{"presence_status":"offline","im_status":"offline","partner_id":29}}	2026-05-12 09:55:46.031459	2026-05-12 09:55:46.031459
3200	8	8	["RELSUM_DB","res.partner",10,"presence"]	{"type":"bus.bus/im_status_updated","payload":{"presence_status":"offline","im_status":"offline","partner_id":10}}	2026-05-12 09:56:16.512138	2026-05-12 09:56:16.512138
3201	6	6	["RELSUM_DB","res.partner",7,"presence"]	{"type":"bus.bus/im_status_updated","payload":{"presence_status":"offline","im_status":"offline","partner_id":7}}	2026-05-12 09:56:42.695311	2026-05-12 09:56:42.695311
3202	6	6	["RELSUM_DB","res.partner",7,"presence"]	{"type":"bus.bus/im_status_updated","payload":{"presence_status":"away","im_status":"away","partner_id":7}}	2026-05-12 09:56:43.073764	2026-05-12 09:56:43.073764
3203	23	23	["RELSUM_DB","res.partner",28,"presence"]	{"type":"bus.bus/im_status_updated","payload":{"presence_status":"offline","im_status":"offline","partner_id":28}}	2026-05-12 09:57:44.180971	2026-05-12 09:57:44.180971
3204	6	6	["RELSUM_DB","res.partner",7,"presence"]	{"type":"bus.bus/im_status_updated","payload":{"presence_status":"offline","im_status":"offline","partner_id":7}}	2026-05-12 10:14:00.207282	2026-05-12 10:14:00.207282
3205	6	6	["RELSUM_DB","res.partner",7,"presence"]	{"type":"bus.bus/im_status_updated","payload":{"presence_status":"away","im_status":"away","partner_id":7}}	2026-05-12 10:14:01.072976	2026-05-12 10:14:01.072976
3206	19	19	["RELSUM_DB","res.partner",21,"presence"]	{"type":"bus.bus/im_status_updated","payload":{"presence_status":"online","im_status":"online","partner_id":21}}	2026-05-12 10:14:34.506126	2026-05-12 10:14:34.506126
3207	17	17	["RELSUM_DB","res.partner",19,"presence"]	{"type":"bus.bus/im_status_updated","payload":{"presence_status":"online","im_status":"online","partner_id":19}}	2026-05-12 10:14:41.500273	2026-05-12 10:14:41.500273
3208	19	19	["RELSUM_DB","res.partner",21,"presence"]	{"type":"bus.bus/im_status_updated","payload":{"presence_status":"offline","im_status":"offline","partner_id":21}}	2026-05-12 10:19:20.62749	2026-05-12 10:19:20.62749
3209	19	19	["RELSUM_DB","res.partner",21,"presence"]	{"type":"bus.bus/im_status_updated","payload":{"presence_status":"online","im_status":"online","partner_id":21}}	2026-05-12 10:19:21.310305	2026-05-12 10:19:21.310305
3210	16	16	["RELSUM_DB","res.partner",18,"presence"]	{"type":"bus.bus/im_status_updated","payload":{"presence_status":"away","im_status":"away","partner_id":18}}	2026-05-12 10:20:11.561171	2026-05-12 10:20:11.561171
3211	16	16	["RELSUM_DB","res.partner",18,"presence"]	{"type":"bus.bus/im_status_updated","payload":{"presence_status":"online","im_status":"online","partner_id":18}}	2026-05-12 10:20:57.1199	2026-05-12 10:20:57.1199
3212	23	23	["RELSUM_DB","res.partner",28,"presence"]	{"type":"bus.bus/im_status_updated","payload":{"presence_status":"away","im_status":"away","partner_id":28}}	2026-05-12 10:21:55.064477	2026-05-12 10:21:55.064477
3213	23	23	["RELSUM_DB","res.partner",28,"presence"]	{"type":"bus.bus/im_status_updated","payload":{"presence_status":"online","im_status":"online","partner_id":28}}	2026-05-12 10:22:27.11014	2026-05-12 10:22:27.11014
3214	27	27	["RELSUM_DB","res.partner",35,"presence"]	{"type":"bus.bus/im_status_updated","payload":{"presence_status":"away","im_status":"away","partner_id":35}}	2026-05-12 10:22:33.610504	2026-05-12 10:22:33.610504
3215	8	8	["RELSUM_DB","res.partner",10,"presence"]	{"type":"bus.bus/im_status_updated","payload":{"presence_status":"online","im_status":"online","partner_id":10}}	2026-05-12 10:22:44.734123	2026-05-12 10:22:44.734123
3216	18	18	["RELSUM_DB","res.partner",20,"presence"]	{"type":"bus.bus/im_status_updated","payload":{"presence_status":"away","im_status":"away","partner_id":20}}	2026-05-12 10:23:01.426553	2026-05-12 10:23:01.426553
3217	17	17	["RELSUM_DB","res.partner",19,"presence"]	{"type":"bus.bus/im_status_updated","payload":{"presence_status":"offline","im_status":"offline","partner_id":19}}	2026-05-12 10:23:55.918064	2026-05-12 10:23:55.918064
3218	17	17	["RELSUM_DB","res.partner",19,"presence"]	{"type":"bus.bus/im_status_updated","payload":{"presence_status":"online","im_status":"online","partner_id":19}}	2026-05-12 10:24:17.129694	2026-05-12 10:24:17.129694
3219	24	24	["RELSUM_DB","res.partner",29,"presence"]	{"type":"bus.bus/im_status_updated","payload":{"presence_status":"away","im_status":"away","partner_id":29}}	2026-05-12 10:29:25.693508	2026-05-12 10:29:25.693508
3220	19	19	["RELSUM_DB","res.partner",21,"presence"]	{"type":"bus.bus/im_status_updated","payload":{"presence_status":"away","im_status":"away","partner_id":21}}	2026-05-12 10:30:37.456391	2026-05-12 10:30:37.456391
3221	19	19	["RELSUM_DB","res.partner",21,"presence"]	{"type":"bus.bus/im_status_updated","payload":{"presence_status":"online","im_status":"online","partner_id":21}}	2026-05-12 10:30:37.874351	2026-05-12 10:30:37.874351
3222	19	19	["RELSUM_DB","res.partner",21,"presence"]	{"type":"bus.bus/im_status_updated","payload":{"presence_status":"offline","im_status":"offline","partner_id":21}}	2026-05-12 10:31:13.648092	2026-05-12 10:31:13.648092
3223	19	19	["RELSUM_DB","res.partner",21,"presence"]	{"type":"bus.bus/im_status_updated","payload":{"presence_status":"away","im_status":"away","partner_id":21}}	2026-05-12 10:31:14.51147	2026-05-12 10:31:14.51147
3224	19	19	["RELSUM_DB","res.partner",21,"presence"]	{"type":"bus.bus/im_status_updated","payload":{"presence_status":"online","im_status":"online","partner_id":21}}	2026-05-12 10:31:25.965499	2026-05-12 10:31:25.965499
3225	16	16	["RELSUM_DB","res.partner",18,"presence"]	{"type":"bus.bus/im_status_updated","payload":{"presence_status":"offline","im_status":"offline","partner_id":18}}	2026-05-12 10:31:29.686541	2026-05-12 10:31:29.686541
3226	19	19	["RELSUM_DB","res.partner",21,"presence"]	{"type":"bus.bus/im_status_updated","payload":{"presence_status":"offline","im_status":"offline","partner_id":21}}	2026-05-12 10:31:37.346458	2026-05-12 10:31:37.346458
3227	19	19	["RELSUM_DB","res.partner",21,"presence"]	{"type":"bus.bus/im_status_updated","payload":{"presence_status":"away","im_status":"away","partner_id":21}}	2026-05-12 10:31:37.786074	2026-05-12 10:31:37.786074
3228	19	19	["RELSUM_DB","res.partner",21,"presence"]	{"type":"bus.bus/im_status_updated","payload":{"presence_status":"online","im_status":"online","partner_id":21}}	2026-05-12 10:31:37.907558	2026-05-12 10:31:37.907558
3229	6	6	["RELSUM_DB","res.partner",7,"presence"]	{"type":"bus.bus/im_status_updated","payload":{"presence_status":"online","im_status":"online","partner_id":7}}	2026-05-12 10:32:35.458886	2026-05-12 10:32:35.458886
3230	11	11	["RELSUM_DB","res.partner",13,"presence"]	{"type":"bus.bus/im_status_updated","payload":{"presence_status":"online","im_status":"online","partner_id":13}}	2026-05-12 10:32:36.273274	2026-05-12 10:32:36.273274
3231	16	16	["RELSUM_DB","res.partner",18,"presence"]	{"type":"bus.bus/im_status_updated","payload":{"presence_status":"online","im_status":"online","partner_id":18}}	2026-05-12 10:35:00.066078	2026-05-12 10:35:00.066078
3232	11	11	["RELSUM_DB","res.partner",13,"presence"]	{"type":"bus.bus/im_status_updated","payload":{"presence_status":"offline","im_status":"offline","partner_id":13}}	2026-05-12 10:35:37.423426	2026-05-12 10:35:37.423426
3233	22	22	["RELSUM_DB","res.partner",27,"presence"]	{"type":"bus.bus/im_status_updated","payload":{"presence_status":"online","im_status":"online","partner_id":27}}	2026-05-12 10:36:01.6647	2026-05-12 10:36:01.6647
3234	17	17	["RELSUM_DB","res.partner",19,"presence"]	{"type":"bus.bus/im_status_updated","payload":{"presence_status":"offline","im_status":"offline","partner_id":19}}	2026-05-12 10:38:56.609223	2026-05-12 10:38:56.609223
3235	8	8	["RELSUM_DB","res.partner",10,"presence"]	{"type":"bus.bus/im_status_updated","payload":{"presence_status":"offline","im_status":"offline","partner_id":10}}	2026-05-12 10:39:54.905532	2026-05-12 10:39:54.905532
3236	8	8	["RELSUM_DB","res.partner",10,"presence"]	{"type":"bus.bus/im_status_updated","payload":{"presence_status":"online","im_status":"online","partner_id":10}}	2026-05-12 10:39:56.613444	2026-05-12 10:39:56.613444
3237	11	11	["RELSUM_DB","res.partner",13,"presence"]	{"type":"bus.bus/im_status_updated","payload":{"presence_status":"online","im_status":"online","partner_id":13}}	2026-05-12 10:41:02.67062	2026-05-12 10:41:02.67062
3238	17	17	["RELSUM_DB","res.partner",19,"presence"]	{"type":"bus.bus/im_status_updated","payload":{"presence_status":"online","im_status":"online","partner_id":19}}	2026-05-12 10:41:06.759258	2026-05-12 10:41:06.759258
3239	8	8	["RELSUM_DB","res.partner",10,"presence"]	{"type":"bus.bus/im_status_updated","payload":{"presence_status":"offline","im_status":"offline","partner_id":10}}	2026-05-12 10:42:09.875547	2026-05-12 10:42:09.875547
3240	8	8	["RELSUM_DB","res.partner",10,"presence"]	{"type":"bus.bus/im_status_updated","payload":{"presence_status":"online","im_status":"online","partner_id":10}}	2026-05-12 10:43:32.629701	2026-05-12 10:43:32.629701
3241	8	8	["RELSUM_DB","discuss.channel",10]	{"type":"mail.record/insert","payload":{"discuss.channel.member":[{"create_date":"2026-04-15 10:22:12","fetched_message_id":383,"id":40,"isTyping":true,"is_typing_dt":"2026-05-12 10:44:01","last_seen_dt":"2026-04-15 10:22:21","persona":{"id":10,"type":"partner"},"seen_message_id":383,"thread":{"id":10,"model":"discuss.channel"}}],"res.partner":[{"active":true,"avatar_128_access_token":"e3b1661a981dcba7a1699643dd3a5be819f64fa9d87a549f44b339677d98e4b2o0x6a2d6351","email":"fp.egatarinlasam@salesianosdosa.com","id":10,"im_status":"online","isInternalUser":true,"is_company":false,"name":"GATARIN LASAM ENRIQUE","userId":8,"write_date":"2026-05-12 08:53:11"}]}}	2026-05-12 10:44:01.803703	2026-05-12 10:44:01.803703
3242	8	8	["RELSUM_DB","discuss.channel",10]	{"type":"mail.record/insert","payload":{"discuss.channel.member":[{"create_date":"2026-04-15 10:22:12","fetched_message_id":383,"id":40,"isTyping":false,"is_typing_dt":"2026-05-12 10:44:05","last_seen_dt":"2026-04-15 10:22:21","persona":{"id":10,"type":"partner"},"seen_message_id":383,"thread":{"id":10,"model":"discuss.channel"}}],"res.partner":[{"active":true,"avatar_128_access_token":"e3b1661a981dcba7a1699643dd3a5be819f64fa9d87a549f44b339677d98e4b2o0x6a2d6351","email":"fp.egatarinlasam@salesianosdosa.com","id":10,"im_status":"online","isInternalUser":true,"is_company":false,"name":"GATARIN LASAM ENRIQUE","userId":8,"write_date":"2026-05-12 08:53:11"}]}}	2026-05-12 10:44:05.790472	2026-05-12 10:44:05.790472
3243	8	8	["RELSUM_DB","discuss.channel",10]	{"type":"mail.record/insert","payload":{"discuss.channel":[{"id":10,"last_interest_dt":"2026-05-12 10:44:05"}]}}	2026-05-12 10:44:05.935788	2026-05-12 10:44:05.935788
3244	8	8	["RELSUM_DB","discuss.channel",10,"members"]	{"type":"mail.record/insert","payload":{"discuss.channel":[{"id":10,"is_pinned":true}]}}	2026-05-12 10:44:05.935788	2026-05-12 10:44:05.935788
3245	8	8	["RELSUM_DB","discuss.channel",10]	{"type":"discuss.channel/new_message","payload":{"data":{"mail.message":[{"attachment_ids":[],"author":{"id":2,"type":"partner"},"body":"<p>\\u00a1Excelente! \\ud83d\\udc4d<br>Para acceder a comandos especiales <b>empiece su oraci\\u00f3n con</b> <span class=\\"o_odoobot_command\\">/</span>. Intente pedir ayuda.</p>","create_date":"2026-05-12 10:44:05","date":"2026-05-12 10:44:05","default_subject":"OdooBot, GATARIN LASAM ENRIQUE","email_from":"\\"OdooBot\\" <odoobot@example.com>","id":2403,"is_discussion":true,"is_note":false,"linkPreviews":[],"message_type":"comment","model":"discuss.channel","notifications":[],"parentMessage":false,"pinned_at":false,"rating_id":false,"reactions":[],"recipients":[],"record_name":"OdooBot, GATARIN LASAM ENRIQUE","res_id":10,"scheduledDatetime":false,"subject":false,"subtype_description":false,"thread":{"id":10,"model":"discuss.channel"},"write_date":"2026-05-12 10:44:05"}],"mail.thread":[{"id":10,"model":"discuss.channel","module_icon":"/mail/static/description/icon.png"}],"res.partner":[{"avatar_128_access_token":"81c8dcfdbd41a2c64b622a7f1d4af2985e1b3850192ec4d09c6d7ac1116de365o0x6a2cc951","id":2,"isInternalUser":true,"is_company":false,"name":"OdooBot","userId":1,"write_date":"2026-05-12 08:53:11"}]},"id":10,"temporary_id":383.01,"silent":true}}	2026-05-12 10:44:05.935788	2026-05-12 10:44:05.935788
3246	8	8	["RELSUM_DB","res.partner",10]	{"type":"mail.record/insert","payload":{"discuss.channel.member":[{"id":40,"message_unread_counter":1,"message_unread_counter_bus_id":3242,"new_message_separator":2403,"persona":{"id":10,"type":"partner"},"syncUnread":true,"thread":{"id":10,"model":"discuss.channel"}}],"res.partner":[{"id":10,"name":"GATARIN LASAM ENRIQUE"}]}}	2026-05-12 10:44:05.935788	2026-05-12 10:44:05.935788
3247	8	8	["RELSUM_DB","discuss.channel",10,"members"]	{"type":"mail.record/insert","payload":{"discuss.channel":[{"id":10,"is_pinned":true}]}}	2026-05-12 10:44:05.935788	2026-05-12 10:44:05.935788
3248	8	8	["RELSUM_DB","discuss.channel",10]	{"type":"discuss.channel/new_message","payload":{"data":{"mail.message":[{"attachment_ids":[],"author":{"id":10,"type":"partner"},"body":"<p>hola \\ud83d\\ude0a</p>","create_date":"2026-05-12 10:44:05","date":"2026-05-12 10:44:05","default_subject":"OdooBot, GATARIN LASAM ENRIQUE","email_from":"\\"GATARIN LASAM ENRIQUE\\" <fp.egatarinlasam@salesianosdosa.com>","id":2402,"is_discussion":true,"is_note":false,"linkPreviews":[],"message_type":"comment","model":"discuss.channel","notifications":[],"parentMessage":false,"pinned_at":false,"rating_id":false,"reactions":[],"recipients":[],"record_name":"OdooBot, GATARIN LASAM ENRIQUE","res_id":10,"scheduledDatetime":false,"subject":false,"subtype_description":false,"thread":{"id":10,"model":"discuss.channel"},"write_date":"2026-05-12 10:44:05"}],"mail.thread":[{"id":10,"model":"discuss.channel","module_icon":"/mail/static/description/icon.png"}],"res.partner":[{"avatar_128_access_token":"e3b1661a981dcba7a1699643dd3a5be819f64fa9d87a549f44b339677d98e4b2o0x6a2d6351","id":10,"isInternalUser":true,"is_company":false,"name":"GATARIN LASAM ENRIQUE","userId":8,"write_date":"2026-05-12 08:53:11"}]},"id":10,"temporary_id":383.01}}	2026-05-12 10:44:05.935788	2026-05-12 10:44:05.935788
3249	8	8	["RELSUM_DB","discuss.channel",10]	{"type":"mail.record/insert","payload":{"discuss.channel.member":[{"id":40,"persona":{"id":10,"type":"partner"},"seen_message_id":2403,"thread":{"id":10,"model":"discuss.channel"}}],"res.partner":[{"id":10,"name":"GATARIN LASAM ENRIQUE"}]}}	2026-05-12 10:44:06.073072	2026-05-12 10:44:06.073072
3250	8	8	["RELSUM_DB","res.partner",10]	{"type":"mail.record/insert","payload":{"discuss.channel.member":[{"id":40,"message_unread_counter":0,"message_unread_counter_bus_id":3248,"new_message_separator":2404,"persona":{"id":10,"type":"partner"},"syncUnread":false,"thread":{"id":10,"model":"discuss.channel"}}],"res.partner":[{"id":10,"name":"GATARIN LASAM ENRIQUE"}]}}	2026-05-12 10:44:06.073072	2026-05-12 10:44:06.073072
3251	8	8	["RELSUM_DB","discuss.channel",10]	{"type":"mail.record/insert","payload":{"discuss.channel.member":[{"create_date":"2026-04-15 10:22:12","fetched_message_id":2403,"id":40,"isTyping":true,"is_typing_dt":"2026-05-12 10:44:14","last_seen_dt":"2026-05-12 10:44:06","persona":{"id":10,"type":"partner"},"seen_message_id":2403,"thread":{"id":10,"model":"discuss.channel"}}],"res.partner":[{"active":true,"avatar_128_access_token":"e3b1661a981dcba7a1699643dd3a5be819f64fa9d87a549f44b339677d98e4b2o0x6a2d6351","email":"fp.egatarinlasam@salesianosdosa.com","id":10,"im_status":"online","isInternalUser":true,"is_company":false,"name":"GATARIN LASAM ENRIQUE","userId":8,"write_date":"2026-05-12 08:53:11"}]}}	2026-05-12 10:44:14.61592	2026-05-12 10:44:14.61592
3303	2	2	["RELSUM_DB","res.partner",3,"presence"]	{"type":"bus.bus/im_status_updated","payload":{"presence_status":"offline","im_status":"offline","partner_id":3}}	2026-05-12 11:07:01.904433	2026-05-12 11:07:01.904433
3252	8	8	["RELSUM_DB","discuss.channel",10]	{"type":"mail.record/insert","payload":{"discuss.channel.member":[{"create_date":"2026-04-15 10:22:12","fetched_message_id":2403,"id":40,"isTyping":false,"is_typing_dt":"2026-05-12 10:44:15","last_seen_dt":"2026-05-12 10:44:06","persona":{"id":10,"type":"partner"},"seen_message_id":2403,"thread":{"id":10,"model":"discuss.channel"}}],"res.partner":[{"active":true,"avatar_128_access_token":"e3b1661a981dcba7a1699643dd3a5be819f64fa9d87a549f44b339677d98e4b2o0x6a2d6351","email":"fp.egatarinlasam@salesianosdosa.com","id":10,"im_status":"online","isInternalUser":true,"is_company":false,"name":"GATARIN LASAM ENRIQUE","userId":8,"write_date":"2026-05-12 08:53:11"}]}}	2026-05-12 10:44:15.615554	2026-05-12 10:44:15.615554
3253	8	8	["RELSUM_DB","discuss.channel",10]	{"type":"mail.record/insert","payload":{"discuss.channel":[{"id":10,"last_interest_dt":"2026-05-12 10:44:15"}]}}	2026-05-12 10:44:15.686544	2026-05-12 10:44:15.686544
3254	8	8	["RELSUM_DB","discuss.channel",10,"members"]	{"type":"mail.record/insert","payload":{"discuss.channel":[{"id":10,"is_pinned":true}]}}	2026-05-12 10:44:15.686544	2026-05-12 10:44:15.686544
3255	8	8	["RELSUM_DB","discuss.channel",10]	{"type":"discuss.channel/new_message","payload":{"data":{"mail.message":[{"attachment_ids":[],"author":{"id":2,"type":"partner"},"body":"<p>No estoy seguro de qu\\u00e9 est\\u00e1 haciendo, escriba  <span class=\\"o_odoobot_command\\">/</span> y espere la propuesta. Seleccione <span class=\\"o_odoobot_command\\">ayuda</span> y presione enter.</p>","create_date":"2026-05-12 10:44:15","date":"2026-05-12 10:44:15","default_subject":"OdooBot, GATARIN LASAM ENRIQUE","email_from":"\\"OdooBot\\" <odoobot@example.com>","id":2405,"is_discussion":true,"is_note":false,"linkPreviews":[],"message_type":"comment","model":"discuss.channel","notifications":[],"parentMessage":false,"pinned_at":false,"rating_id":false,"reactions":[],"recipients":[],"record_name":"OdooBot, GATARIN LASAM ENRIQUE","res_id":10,"scheduledDatetime":false,"subject":false,"subtype_description":false,"thread":{"id":10,"model":"discuss.channel"},"write_date":"2026-05-12 10:44:15"}],"mail.thread":[{"id":10,"model":"discuss.channel","module_icon":"/mail/static/description/icon.png"}],"res.partner":[{"avatar_128_access_token":"81c8dcfdbd41a2c64b622a7f1d4af2985e1b3850192ec4d09c6d7ac1116de365o0x6a2cc951","id":2,"isInternalUser":true,"is_company":false,"name":"OdooBot","userId":1,"write_date":"2026-05-12 08:53:11"}]},"id":10,"temporary_id":2403.01,"silent":true}}	2026-05-12 10:44:15.686544	2026-05-12 10:44:15.686544
3256	8	8	["RELSUM_DB","res.partner",10]	{"type":"mail.record/insert","payload":{"discuss.channel.member":[{"id":40,"message_unread_counter":1,"message_unread_counter_bus_id":3252,"new_message_separator":2405,"persona":{"id":10,"type":"partner"},"syncUnread":true,"thread":{"id":10,"model":"discuss.channel"}}],"res.partner":[{"id":10,"name":"GATARIN LASAM ENRIQUE"}]}}	2026-05-12 10:44:15.686544	2026-05-12 10:44:15.686544
3257	8	8	["RELSUM_DB","discuss.channel",10,"members"]	{"type":"mail.record/insert","payload":{"discuss.channel":[{"id":10,"is_pinned":true}]}}	2026-05-12 10:44:15.686544	2026-05-12 10:44:15.686544
3258	8	8	["RELSUM_DB","discuss.channel",10]	{"type":"discuss.channel/new_message","payload":{"data":{"mail.message":[{"attachment_ids":[],"author":{"id":10,"type":"partner"},"body":"<p>no/</p>","create_date":"2026-05-12 10:44:15","date":"2026-05-12 10:44:15","default_subject":"OdooBot, GATARIN LASAM ENRIQUE","email_from":"\\"GATARIN LASAM ENRIQUE\\" <fp.egatarinlasam@salesianosdosa.com>","id":2404,"is_discussion":true,"is_note":false,"linkPreviews":[],"message_type":"comment","model":"discuss.channel","notifications":[],"parentMessage":false,"pinned_at":false,"rating_id":false,"reactions":[],"recipients":[],"record_name":"OdooBot, GATARIN LASAM ENRIQUE","res_id":10,"scheduledDatetime":false,"subject":false,"subtype_description":false,"thread":{"id":10,"model":"discuss.channel"},"write_date":"2026-05-12 10:44:15"}],"mail.thread":[{"id":10,"model":"discuss.channel","module_icon":"/mail/static/description/icon.png"}],"res.partner":[{"avatar_128_access_token":"e3b1661a981dcba7a1699643dd3a5be819f64fa9d87a549f44b339677d98e4b2o0x6a2d6351","id":10,"isInternalUser":true,"is_company":false,"name":"GATARIN LASAM ENRIQUE","userId":8,"write_date":"2026-05-12 08:53:11"}]},"id":10,"temporary_id":2403.01}}	2026-05-12 10:44:15.686544	2026-05-12 10:44:15.686544
3259	8	8	["RELSUM_DB","discuss.channel",10]	{"type":"mail.record/insert","payload":{"discuss.channel.member":[{"id":40,"persona":{"id":10,"type":"partner"},"seen_message_id":2405,"thread":{"id":10,"model":"discuss.channel"}}],"res.partner":[{"id":10,"name":"GATARIN LASAM ENRIQUE"}]}}	2026-05-12 10:44:15.783291	2026-05-12 10:44:15.783291
3260	8	8	["RELSUM_DB","res.partner",10]	{"type":"mail.record/insert","payload":{"discuss.channel.member":[{"id":40,"message_unread_counter":0,"message_unread_counter_bus_id":3258,"new_message_separator":2406,"persona":{"id":10,"type":"partner"},"syncUnread":false,"thread":{"id":10,"model":"discuss.channel"}}],"res.partner":[{"id":10,"name":"GATARIN LASAM ENRIQUE"}]}}	2026-05-12 10:44:15.783291	2026-05-12 10:44:15.783291
3261	8	8	["RELSUM_DB","discuss.channel",10]	{"type":"mail.record/insert","payload":{"discuss.channel.member":[{"create_date":"2026-04-15 10:22:12","fetched_message_id":2405,"id":40,"isTyping":true,"is_typing_dt":"2026-05-12 10:44:18","last_seen_dt":"2026-05-12 10:44:15","persona":{"id":10,"type":"partner"},"seen_message_id":2405,"thread":{"id":10,"model":"discuss.channel"}}],"res.partner":[{"active":true,"avatar_128_access_token":"e3b1661a981dcba7a1699643dd3a5be819f64fa9d87a549f44b339677d98e4b2o0x6a2d6351","email":"fp.egatarinlasam@salesianosdosa.com","id":10,"im_status":"online","isInternalUser":true,"is_company":false,"name":"GATARIN LASAM ENRIQUE","userId":8,"write_date":"2026-05-12 08:53:11"}]}}	2026-05-12 10:44:18.68037	2026-05-12 10:44:18.68037
3262	8	8	["RELSUM_DB","discuss.channel",10]	{"type":"mail.record/insert","payload":{"discuss.channel.member":[{"create_date":"2026-04-15 10:22:12","fetched_message_id":2405,"id":40,"isTyping":false,"is_typing_dt":"2026-05-12 10:44:19","last_seen_dt":"2026-05-12 10:44:15","persona":{"id":10,"type":"partner"},"seen_message_id":2405,"thread":{"id":10,"model":"discuss.channel"}}],"res.partner":[{"active":true,"avatar_128_access_token":"e3b1661a981dcba7a1699643dd3a5be819f64fa9d87a549f44b339677d98e4b2o0x6a2d6351","email":"fp.egatarinlasam@salesianosdosa.com","id":10,"im_status":"online","isInternalUser":true,"is_company":false,"name":"GATARIN LASAM ENRIQUE","userId":8,"write_date":"2026-05-12 08:53:11"}]}}	2026-05-12 10:44:19.491343	2026-05-12 10:44:19.491343
3263	8	8	["RELSUM_DB","discuss.channel",10]	{"type":"mail.record/insert","payload":{"discuss.channel":[{"id":10,"last_interest_dt":"2026-05-12 10:44:19"}]}}	2026-05-12 10:44:19.524114	2026-05-12 10:44:19.524114
3264	8	8	["RELSUM_DB","discuss.channel",10,"members"]	{"type":"mail.record/insert","payload":{"discuss.channel":[{"id":10,"is_pinned":true}]}}	2026-05-12 10:44:19.524114	2026-05-12 10:44:19.524114
3269	8	8	["RELSUM_DB","discuss.channel",10]	{"type":"mail.record/insert","payload":{"discuss.channel.member":[{"id":40,"persona":{"id":10,"type":"partner"},"seen_message_id":2407,"thread":{"id":10,"model":"discuss.channel"}}],"res.partner":[{"id":10,"name":"GATARIN LASAM ENRIQUE"}]}}	2026-05-12 10:44:19.647179	2026-05-12 10:44:19.647179
3270	8	8	["RELSUM_DB","res.partner",10]	{"type":"mail.record/insert","payload":{"discuss.channel.member":[{"id":40,"message_unread_counter":0,"message_unread_counter_bus_id":3268,"new_message_separator":2408,"persona":{"id":10,"type":"partner"},"syncUnread":false,"thread":{"id":10,"model":"discuss.channel"}}],"res.partner":[{"id":10,"name":"GATARIN LASAM ENRIQUE"}]}}	2026-05-12 10:44:19.647179	2026-05-12 10:44:19.647179
3304	24	24	["RELSUM_DB","res.partner",29,"presence"]	{"type":"bus.bus/im_status_updated","payload":{"presence_status":"offline","im_status":"offline","partner_id":29}}	2026-05-12 11:07:26.820672	2026-05-12 11:07:26.820672
3265	8	8	["RELSUM_DB","discuss.channel",10]	{"type":"discuss.channel/new_message","payload":{"data":{"mail.message":[{"attachment_ids":[],"author":{"id":2,"type":"partner"},"body":"<p>Desafortunadamente, solo soy un bot \\ud83d\\ude1e \\u00a1No entiendo! Si necesita ayuda para descubrir nuestro producto, revise <a href=\\"https://www.odoo.com/documentation\\" target=\\"_blank\\">nuestra documentaci\\u00f3n</a> o <a href=\\"https://www.odoo.com/slides\\" target=\\"_blank\\">nuestros v\\u00eddeos</a>.</p>","create_date":"2026-05-12 10:44:19","date":"2026-05-12 10:44:19","default_subject":"OdooBot, GATARIN LASAM ENRIQUE","email_from":"\\"OdooBot\\" <odoobot@example.com>","id":2407,"is_discussion":true,"is_note":false,"linkPreviews":[],"message_type":"comment","model":"discuss.channel","notifications":[],"parentMessage":false,"pinned_at":false,"rating_id":false,"reactions":[],"recipients":[],"record_name":"OdooBot, GATARIN LASAM ENRIQUE","res_id":10,"scheduledDatetime":false,"subject":false,"subtype_description":false,"thread":{"id":10,"model":"discuss.channel"},"write_date":"2026-05-12 10:44:19"}],"mail.thread":[{"id":10,"model":"discuss.channel","module_icon":"/mail/static/description/icon.png"}],"res.partner":[{"avatar_128_access_token":"81c8dcfdbd41a2c64b622a7f1d4af2985e1b3850192ec4d09c6d7ac1116de365o0x6a2cc951","id":2,"isInternalUser":true,"is_company":false,"name":"OdooBot","userId":1,"write_date":"2026-05-12 08:53:11"}]},"id":10,"temporary_id":2405.01,"silent":true}}	2026-05-12 10:44:19.524114	2026-05-12 10:44:19.524114
3266	8	8	["RELSUM_DB","res.partner",10]	{"type":"mail.record/insert","payload":{"discuss.channel.member":[{"id":40,"message_unread_counter":1,"message_unread_counter_bus_id":3262,"new_message_separator":2407,"persona":{"id":10,"type":"partner"},"syncUnread":true,"thread":{"id":10,"model":"discuss.channel"}}],"res.partner":[{"id":10,"name":"GATARIN LASAM ENRIQUE"}]}}	2026-05-12 10:44:19.524114	2026-05-12 10:44:19.524114
3267	8	8	["RELSUM_DB","discuss.channel",10,"members"]	{"type":"mail.record/insert","payload":{"discuss.channel":[{"id":10,"is_pinned":true}]}}	2026-05-12 10:44:19.524114	2026-05-12 10:44:19.524114
3268	8	8	["RELSUM_DB","discuss.channel",10]	{"type":"discuss.channel/new_message","payload":{"data":{"mail.message":[{"attachment_ids":[],"author":{"id":10,"type":"partner"},"body":"<p>ayuda</p>","create_date":"2026-05-12 10:44:19","date":"2026-05-12 10:44:19","default_subject":"OdooBot, GATARIN LASAM ENRIQUE","email_from":"\\"GATARIN LASAM ENRIQUE\\" <fp.egatarinlasam@salesianosdosa.com>","id":2406,"is_discussion":true,"is_note":false,"linkPreviews":[],"message_type":"comment","model":"discuss.channel","notifications":[],"parentMessage":false,"pinned_at":false,"rating_id":false,"reactions":[],"recipients":[],"record_name":"OdooBot, GATARIN LASAM ENRIQUE","res_id":10,"scheduledDatetime":false,"subject":false,"subtype_description":false,"thread":{"id":10,"model":"discuss.channel"},"write_date":"2026-05-12 10:44:19"}],"mail.thread":[{"id":10,"model":"discuss.channel","module_icon":"/mail/static/description/icon.png"}],"res.partner":[{"avatar_128_access_token":"e3b1661a981dcba7a1699643dd3a5be819f64fa9d87a549f44b339677d98e4b2o0x6a2d6351","id":10,"isInternalUser":true,"is_company":false,"name":"GATARIN LASAM ENRIQUE","userId":8,"write_date":"2026-05-12 08:53:11"}]},"id":10,"temporary_id":2405.01}}	2026-05-12 10:44:19.524114	2026-05-12 10:44:19.524114
3273	8	8	["RELSUM_DB","discuss.channel",10]	{"type":"mail.record/insert","payload":{"discuss.channel":[{"id":10,"last_interest_dt":"2026-05-12 10:44:23"}]}}	2026-05-12 10:44:23.410081	2026-05-12 10:44:23.410081
3274	8	8	["RELSUM_DB","discuss.channel",10,"members"]	{"type":"mail.record/insert","payload":{"discuss.channel":[{"id":10,"is_pinned":true}]}}	2026-05-12 10:44:23.410081	2026-05-12 10:44:23.410081
3275	8	8	["RELSUM_DB","discuss.channel",10]	{"type":"discuss.channel/new_message","payload":{"data":{"mail.message":[{"attachment_ids":[],"author":{"id":2,"type":"partner"},"body":"<p>Desafortunadamente, solo soy un bot \\ud83d\\ude1e \\u00a1No entiendo! Si necesita ayuda para descubrir nuestro producto, revise <a href=\\"https://www.odoo.com/documentation\\" target=\\"_blank\\">nuestra documentaci\\u00f3n</a> o <a href=\\"https://www.odoo.com/slides\\" target=\\"_blank\\">nuestros v\\u00eddeos</a>.</p>","create_date":"2026-05-12 10:44:23","date":"2026-05-12 10:44:23","default_subject":"OdooBot, GATARIN LASAM ENRIQUE","email_from":"\\"OdooBot\\" <odoobot@example.com>","id":2409,"is_discussion":true,"is_note":false,"linkPreviews":[],"message_type":"comment","model":"discuss.channel","notifications":[],"parentMessage":false,"pinned_at":false,"rating_id":false,"reactions":[],"recipients":[],"record_name":"OdooBot, GATARIN LASAM ENRIQUE","res_id":10,"scheduledDatetime":false,"subject":false,"subtype_description":false,"thread":{"id":10,"model":"discuss.channel"},"write_date":"2026-05-12 10:44:23"}],"mail.thread":[{"id":10,"model":"discuss.channel","module_icon":"/mail/static/description/icon.png"}],"res.partner":[{"avatar_128_access_token":"81c8dcfdbd41a2c64b622a7f1d4af2985e1b3850192ec4d09c6d7ac1116de365o0x6a2cc951","id":2,"isInternalUser":true,"is_company":false,"name":"OdooBot","userId":1,"write_date":"2026-05-12 08:53:11"}]},"id":10,"temporary_id":2407.01,"silent":true}}	2026-05-12 10:44:23.410081	2026-05-12 10:44:23.410081
3276	8	8	["RELSUM_DB","res.partner",10]	{"type":"mail.record/insert","payload":{"discuss.channel.member":[{"id":40,"message_unread_counter":1,"message_unread_counter_bus_id":3272,"new_message_separator":2409,"persona":{"id":10,"type":"partner"},"syncUnread":true,"thread":{"id":10,"model":"discuss.channel"}}],"res.partner":[{"id":10,"name":"GATARIN LASAM ENRIQUE"}]}}	2026-05-12 10:44:23.410081	2026-05-12 10:44:23.410081
3277	8	8	["RELSUM_DB","discuss.channel",10,"members"]	{"type":"mail.record/insert","payload":{"discuss.channel":[{"id":10,"is_pinned":true}]}}	2026-05-12 10:44:23.410081	2026-05-12 10:44:23.410081
3278	8	8	["RELSUM_DB","discuss.channel",10]	{"type":"discuss.channel/new_message","payload":{"data":{"mail.message":[{"attachment_ids":[],"author":{"id":10,"type":"partner"},"body":"<p>hola</p>","create_date":"2026-05-12 10:44:23","date":"2026-05-12 10:44:23","default_subject":"OdooBot, GATARIN LASAM ENRIQUE","email_from":"\\"GATARIN LASAM ENRIQUE\\" <fp.egatarinlasam@salesianosdosa.com>","id":2408,"is_discussion":true,"is_note":false,"linkPreviews":[],"message_type":"comment","model":"discuss.channel","notifications":[],"parentMessage":false,"pinned_at":false,"rating_id":false,"reactions":[],"recipients":[],"record_name":"OdooBot, GATARIN LASAM ENRIQUE","res_id":10,"scheduledDatetime":false,"subject":false,"subtype_description":false,"thread":{"id":10,"model":"discuss.channel"},"write_date":"2026-05-12 10:44:23"}],"mail.thread":[{"id":10,"model":"discuss.channel","module_icon":"/mail/static/description/icon.png"}],"res.partner":[{"avatar_128_access_token":"e3b1661a981dcba7a1699643dd3a5be819f64fa9d87a549f44b339677d98e4b2o0x6a2d6351","id":10,"isInternalUser":true,"is_company":false,"name":"GATARIN LASAM ENRIQUE","userId":8,"write_date":"2026-05-12 08:53:11"}]},"id":10,"temporary_id":2407.01}}	2026-05-12 10:44:23.410081	2026-05-12 10:44:23.410081
3289	16	16	["RELSUM_DB","res.partner",18,"presence"]	{"type":"bus.bus/im_status_updated","payload":{"presence_status":"online","im_status":"online","partner_id":18}}	2026-05-12 10:52:44.552897	2026-05-12 10:52:44.552897
3271	8	8	["RELSUM_DB","discuss.channel",10]	{"type":"mail.record/insert","payload":{"discuss.channel.member":[{"create_date":"2026-04-15 10:22:12","fetched_message_id":2407,"id":40,"isTyping":true,"is_typing_dt":"2026-05-12 10:44:22","last_seen_dt":"2026-05-12 10:44:19","persona":{"id":10,"type":"partner"},"seen_message_id":2407,"thread":{"id":10,"model":"discuss.channel"}}],"res.partner":[{"active":true,"avatar_128_access_token":"e3b1661a981dcba7a1699643dd3a5be819f64fa9d87a549f44b339677d98e4b2o0x6a2d6351","email":"fp.egatarinlasam@salesianosdosa.com","id":10,"im_status":"online","isInternalUser":true,"is_company":false,"name":"GATARIN LASAM ENRIQUE","userId":8,"write_date":"2026-05-12 08:53:11"}]}}	2026-05-12 10:44:22.600455	2026-05-12 10:44:22.600455
3272	8	8	["RELSUM_DB","discuss.channel",10]	{"type":"mail.record/insert","payload":{"discuss.channel.member":[{"create_date":"2026-04-15 10:22:12","fetched_message_id":2407,"id":40,"isTyping":false,"is_typing_dt":"2026-05-12 10:44:23","last_seen_dt":"2026-05-12 10:44:19","persona":{"id":10,"type":"partner"},"seen_message_id":2407,"thread":{"id":10,"model":"discuss.channel"}}],"res.partner":[{"active":true,"avatar_128_access_token":"e3b1661a981dcba7a1699643dd3a5be819f64fa9d87a549f44b339677d98e4b2o0x6a2d6351","email":"fp.egatarinlasam@salesianosdosa.com","id":10,"im_status":"online","isInternalUser":true,"is_company":false,"name":"GATARIN LASAM ENRIQUE","userId":8,"write_date":"2026-05-12 08:53:11"}]}}	2026-05-12 10:44:23.381961	2026-05-12 10:44:23.381961
3279	8	8	["RELSUM_DB","discuss.channel",10]	{"type":"mail.record/insert","payload":{"discuss.channel.member":[{"id":40,"persona":{"id":10,"type":"partner"},"seen_message_id":2409,"thread":{"id":10,"model":"discuss.channel"}}],"res.partner":[{"id":10,"name":"GATARIN LASAM ENRIQUE"}]}}	2026-05-12 10:44:23.493821	2026-05-12 10:44:23.493821
3280	8	8	["RELSUM_DB","res.partner",10]	{"type":"mail.record/insert","payload":{"discuss.channel.member":[{"id":40,"message_unread_counter":0,"message_unread_counter_bus_id":3278,"new_message_separator":2410,"persona":{"id":10,"type":"partner"},"syncUnread":false,"thread":{"id":10,"model":"discuss.channel"}}],"res.partner":[{"id":10,"name":"GATARIN LASAM ENRIQUE"}]}}	2026-05-12 10:44:23.493821	2026-05-12 10:44:23.493821
3281	8	8	["RELSUM_DB","discuss.channel",10]	{"type":"mail.record/insert","payload":{"discuss.channel.member":[{"create_date":"2026-04-15 10:22:12","fetched_message_id":2409,"id":40,"isTyping":true,"is_typing_dt":"2026-05-12 10:44:26","last_seen_dt":"2026-05-12 10:44:23","persona":{"id":10,"type":"partner"},"seen_message_id":2409,"thread":{"id":10,"model":"discuss.channel"}}],"res.partner":[{"active":true,"avatar_128_access_token":"e3b1661a981dcba7a1699643dd3a5be819f64fa9d87a549f44b339677d98e4b2o0x6a2d6351","email":"fp.egatarinlasam@salesianosdosa.com","id":10,"im_status":"online","isInternalUser":true,"is_company":false,"name":"GATARIN LASAM ENRIQUE","userId":8,"write_date":"2026-05-12 08:53:11"}]}}	2026-05-12 10:44:26.328038	2026-05-12 10:44:26.328038
3282	8	8	["RELSUM_DB","discuss.channel",10]	{"type":"mail.record/insert","payload":{"discuss.channel.member":[{"create_date":"2026-04-15 10:22:12","fetched_message_id":2409,"id":40,"isTyping":false,"is_typing_dt":"2026-05-12 10:44:31","last_seen_dt":"2026-05-12 10:44:23","persona":{"id":10,"type":"partner"},"seen_message_id":2409,"thread":{"id":10,"model":"discuss.channel"}}],"res.partner":[{"active":true,"avatar_128_access_token":"e3b1661a981dcba7a1699643dd3a5be819f64fa9d87a549f44b339677d98e4b2o0x6a2d6351","email":"fp.egatarinlasam@salesianosdosa.com","id":10,"im_status":"online","isInternalUser":true,"is_company":false,"name":"GATARIN LASAM ENRIQUE","userId":8,"write_date":"2026-05-12 08:53:11"}]}}	2026-05-12 10:44:31.836178	2026-05-12 10:44:31.836178
3283	8	8	["RELSUM_DB","discuss.channel",10]	{"type":"mail.record/insert","payload":{"mail.message":[{"attachment_ids":[],"body":"<span class=\\"o-mail-Message-edited\\"></span>","id":2405,"pinned_at":false,"recipients":[],"translationValue":false,"write_date":"2026-05-12 10:44:33"}]}}	2026-05-12 10:44:33.279954	2026-05-12 10:44:33.279954
3284	8	8	["RELSUM_DB","res.partner",10,"presence"]	{"type":"bus.bus/im_status_updated","payload":{"presence_status":"offline","im_status":"offline","partner_id":10}}	2026-05-12 10:46:03.634643	2026-05-12 10:46:03.634643
3285	8	8	["RELSUM_DB","res.partner",10,"presence"]	{"type":"bus.bus/im_status_updated","payload":{"presence_status":"online","im_status":"online","partner_id":10}}	2026-05-12 10:46:04.593153	2026-05-12 10:46:04.593153
3286	25	25	["RELSUM_DB","res.partner",32,"presence"]	{"type":"bus.bus/im_status_updated","payload":{"presence_status":"offline","im_status":"offline","partner_id":32}}	2026-05-12 10:46:34.691859	2026-05-12 10:46:34.691859
3287	25	25	["RELSUM_DB","res.partner",32,"presence"]	{"type":"bus.bus/im_status_updated","payload":{"presence_status":"away","im_status":"away","partner_id":32}}	2026-05-12 10:46:35.977498	2026-05-12 10:46:35.977498
3288	16	16	["RELSUM_DB","res.partner",18,"presence"]	{"type":"bus.bus/im_status_updated","payload":{"presence_status":"offline","im_status":"offline","partner_id":18}}	2026-05-12 10:48:47.921631	2026-05-12 10:48:47.921631
3290	16	16	["RELSUM_DB","res.partner",18,"presence"]	{"type":"bus.bus/im_status_updated","payload":{"presence_status":"offline","im_status":"offline","partner_id":18}}	2026-05-12 10:54:11.872796	2026-05-12 10:54:11.872796
3291	17	17	["RELSUM_DB","res.partner",19,"presence"]	{"type":"bus.bus/im_status_updated","payload":{"presence_status":"offline","im_status":"offline","partner_id":19}}	2026-05-12 10:56:22.918324	2026-05-12 10:56:22.918324
3292	17	17	["RELSUM_DB","res.partner",19,"presence"]	{"type":"bus.bus/im_status_updated","payload":{"presence_status":"online","im_status":"online","partner_id":19}}	2026-05-12 10:56:29.14109	2026-05-12 10:56:29.14109
3293	17	17	["RELSUM_DB","res.partner",19,"presence"]	{"type":"bus.bus/im_status_updated","payload":{"presence_status":"offline","im_status":"offline","partner_id":19}}	2026-05-12 10:59:34.699738	2026-05-12 10:59:34.699738
3294	17	17	["RELSUM_DB","res.partner",19,"presence"]	{"type":"bus.bus/im_status_updated","payload":{"presence_status":"online","im_status":"online","partner_id":19}}	2026-05-12 10:59:44.987005	2026-05-12 10:59:44.987005
3295	17	17	["RELSUM_DB","res.partner",19,"presence"]	{"type":"bus.bus/im_status_updated","payload":{"presence_status":"offline","im_status":"offline","partner_id":19}}	2026-05-12 11:00:20.609144	2026-05-12 11:00:20.609144
3296	17	17	["RELSUM_DB","res.partner",19,"presence"]	{"type":"bus.bus/im_status_updated","payload":{"presence_status":"online","im_status":"online","partner_id":19}}	2026-05-12 11:00:49.461973	2026-05-12 11:00:49.461973
3297	17	17	["RELSUM_DB","res.partner",19,"presence"]	{"type":"bus.bus/im_status_updated","payload":{"presence_status":"offline","im_status":"offline","partner_id":19}}	2026-05-12 11:01:44.141451	2026-05-12 11:01:44.141451
3298	17	17	["RELSUM_DB","res.partner",19,"presence"]	{"type":"bus.bus/im_status_updated","payload":{"presence_status":"online","im_status":"online","partner_id":19}}	2026-05-12 11:02:08.58574	2026-05-12 11:02:08.58574
3299	16	16	["RELSUM_DB","res.partner",18,"presence"]	{"type":"bus.bus/im_status_updated","payload":{"presence_status":"online","im_status":"online","partner_id":18}}	2026-05-12 11:03:57.192697	2026-05-12 11:03:57.192697
3300	16	16	["RELSUM_DB","res.partner",18,"presence"]	{"type":"bus.bus/im_status_updated","payload":{"presence_status":"offline","im_status":"offline","partner_id":18}}	2026-05-12 11:04:44.26233	2026-05-12 11:04:44.26233
3301	16	16	["RELSUM_DB","res.partner",18,"presence"]	{"type":"bus.bus/im_status_updated","payload":{"presence_status":"online","im_status":"online","partner_id":18}}	2026-05-12 11:04:50.137313	2026-05-12 11:04:50.137313
3302	22	22	["RELSUM_DB","res.partner",27,"presence"]	{"type":"bus.bus/im_status_updated","payload":{"presence_status":"away","im_status":"away","partner_id":27}}	2026-05-12 11:06:04.931774	2026-05-12 11:06:04.931774
3305	27	27	["RELSUM_DB","res.partner",35,"presence"]	{"type":"bus.bus/im_status_updated","payload":{"presence_status":"offline","im_status":"offline","partner_id":35}}	2026-05-12 11:07:34.695388	2026-05-12 11:07:34.695388
3306	19	19	["RELSUM_DB","res.partner",21,"presence"]	{"type":"bus.bus/im_status_updated","payload":{"presence_status":"offline","im_status":"offline","partner_id":21}}	2026-05-12 11:07:39.242054	2026-05-12 11:07:39.242054
3307	6	6	["RELSUM_DB","res.partner",7,"presence"]	{"type":"bus.bus/im_status_updated","payload":{"presence_status":"offline","im_status":"offline","partner_id":7}}	2026-05-12 11:07:42.416662	2026-05-12 11:07:42.416662
3308	11	11	["RELSUM_DB","res.partner",13,"presence"]	{"type":"bus.bus/im_status_updated","payload":{"presence_status":"offline","im_status":"offline","partner_id":13}}	2026-05-12 11:07:49.710831	2026-05-12 11:07:49.710831
3309	16	16	["RELSUM_DB","res.partner",18,"presence"]	{"type":"bus.bus/im_status_updated","payload":{"presence_status":"offline","im_status":"offline","partner_id":18}}	2026-05-12 11:07:51.40487	2026-05-12 11:07:51.40487
3310	17	17	["RELSUM_DB","res.partner",19,"presence"]	{"type":"bus.bus/im_status_updated","payload":{"presence_status":"offline","im_status":"offline","partner_id":19}}	2026-05-12 11:07:55.006246	2026-05-12 11:07:55.006246
3311	18	18	["RELSUM_DB","res.partner",20,"presence"]	{"type":"bus.bus/im_status_updated","payload":{"presence_status":"offline","im_status":"offline","partner_id":20}}	2026-05-12 11:08:02.530113	2026-05-12 11:08:02.530113
3312	2	2	["RELSUM_DB","res.partner",3,"presence"]	{"type":"bus.bus/im_status_updated","payload":{"presence_status":"away","im_status":"away","partner_id":3}}	2026-05-12 11:08:39.910508	2026-05-12 11:08:39.910508
3313	22	22	["RELSUM_DB","res.partner",27,"presence"]	{"type":"bus.bus/im_status_updated","payload":{"presence_status":"offline","im_status":"offline","partner_id":27}}	2026-05-12 11:08:55.958874	2026-05-12 11:08:55.958874
3314	8	8	["RELSUM_DB","res.partner",10,"presence"]	{"type":"bus.bus/im_status_updated","payload":{"presence_status":"offline","im_status":"offline","partner_id":10}}	2026-05-12 11:08:55.957022	2026-05-12 11:08:55.957022
3315	16	16	["RELSUM_DB","res.partner",18,"presence"]	{"type":"bus.bus/im_status_updated","payload":{"presence_status":"online","im_status":"online","partner_id":18}}	2026-05-12 11:09:18.770177	2026-05-12 11:09:18.770177
3316	27	27	["RELSUM_DB","res.partner",35,"presence"]	{"type":"bus.bus/im_status_updated","payload":{"presence_status":"online","im_status":"online","partner_id":35}}	2026-05-12 11:09:19.071287	2026-05-12 11:09:19.071287
3317	18	18	["RELSUM_DB","res.partner",20,"presence"]	{"type":"bus.bus/im_status_updated","payload":{"presence_status":"away","im_status":"away","partner_id":20}}	2026-05-12 11:09:19.316299	2026-05-12 11:09:19.316299
3318	6	6	["RELSUM_DB","res.partner",7,"presence"]	{"type":"bus.bus/im_status_updated","payload":{"presence_status":"online","im_status":"online","partner_id":7}}	2026-05-12 11:09:21.039479	2026-05-12 11:09:21.039479
3319	8	8	["RELSUM_DB","res.partner",10]	{"type":"bus.bus/im_status_updated","payload":{"presence_status":"online","im_status":"online","partner_id":7}}	2026-05-12 11:09:21.791623	2026-05-12 11:09:21.791623
3320	8	8	["RELSUM_DB","res.partner",10,"presence"]	{"type":"bus.bus/im_status_updated","payload":{"presence_status":"online","im_status":"online","partner_id":10}}	2026-05-12 11:09:22.152668	2026-05-12 11:09:22.152668
3321	24	24	["RELSUM_DB","res.partner",29,"presence"]	{"type":"bus.bus/im_status_updated","payload":{"presence_status":"online","im_status":"online","partner_id":29}}	2026-05-12 11:09:24.677093	2026-05-12 11:09:24.677093
3322	19	19	["RELSUM_DB","res.partner",21,"presence"]	{"type":"bus.bus/im_status_updated","payload":{"presence_status":"away","im_status":"away","partner_id":21}}	2026-05-12 11:09:25.536125	2026-05-12 11:09:25.536125
3323	22	22	["RELSUM_DB","res.partner",27,"presence"]	{"type":"bus.bus/im_status_updated","payload":{"presence_status":"away","im_status":"away","partner_id":27}}	2026-05-12 11:09:32.706511	2026-05-12 11:09:32.706511
3324	25	25	["RELSUM_DB","res.partner",32,"presence"]	{"type":"bus.bus/im_status_updated","payload":{"presence_status":"offline","im_status":"offline","partner_id":32}}	2026-05-12 11:10:33.829419	2026-05-12 11:10:33.829419
3325	23	23	["RELSUM_DB","res.partner",28,"presence"]	{"type":"bus.bus/im_status_updated","payload":{"presence_status":"offline","im_status":"offline","partner_id":28}}	2026-05-12 11:10:33.840281	2026-05-12 11:10:33.840281
3326	25	25	["RELSUM_DB","res.partner",32,"presence"]	{"type":"bus.bus/im_status_updated","payload":{"presence_status":"away","im_status":"away","partner_id":32}}	2026-05-12 11:10:34.238422	2026-05-12 11:10:34.238422
3327	23	23	["RELSUM_DB","res.partner",28,"presence"]	{"type":"bus.bus/im_status_updated","payload":{"presence_status":"online","im_status":"online","partner_id":28}}	2026-05-12 11:10:35.53816	2026-05-12 11:10:35.53816
3328	19	19	["RELSUM_DB","res.partner",21,"presence"]	{"type":"bus.bus/im_status_updated","payload":{"presence_status":"online","im_status":"online","partner_id":21}}	2026-05-12 11:12:39.361549	2026-05-12 11:12:39.361549
3329	16	16	["RELSUM_DB","res.partner",18,"presence"]	{"type":"bus.bus/im_status_updated","payload":{"presence_status":"offline","im_status":"offline","partner_id":18}}	2026-05-12 11:14:07.417279	2026-05-12 11:14:07.417279
3330	2	2	["RELSUM_DB","res.partner",3,"presence"]	{"type":"bus.bus/im_status_updated","payload":{"presence_status":"online","im_status":"online","partner_id":3}}	2026-05-12 11:15:41.112431	2026-05-12 11:15:41.112431
3331	16	16	["RELSUM_DB","res.partner",18,"presence"]	{"type":"bus.bus/im_status_updated","payload":{"presence_status":"online","im_status":"online","partner_id":18}}	2026-05-12 11:15:54.330113	2026-05-12 11:15:54.330113
3332	11	11	["RELSUM_DB","res.partner",13,"presence"]	{"type":"bus.bus/im_status_updated","payload":{"presence_status":"online","im_status":"online","partner_id":13}}	2026-05-12 11:17:41.711764	2026-05-12 11:17:41.711764
3333	27	27	["RELSUM_DB","res.partner",35,"presence"]	{"type":"bus.bus/im_status_updated","payload":{"presence_status":"away","im_status":"away","partner_id":35}}	2026-05-12 11:18:18.435485	2026-05-12 11:18:18.435485
3334	17	17	["RELSUM_DB","res.partner",19,"presence"]	{"type":"bus.bus/im_status_updated","payload":{"presence_status":"online","im_status":"online","partner_id":19}}	2026-05-12 11:21:27.472215	2026-05-12 11:21:27.472215
3335	6	6	["RELSUM_DB","res.partner",7,"presence"]	{"type":"bus.bus/im_status_updated","payload":{"presence_status":"away","im_status":"away","partner_id":7}}	2026-05-12 11:22:24.979158	2026-05-12 11:22:24.979158
3336	6	6	["RELSUM_DB","res.partner",7,"presence"]	{"type":"bus.bus/im_status_updated","payload":{"presence_status":"online","im_status":"online","partner_id":7}}	2026-05-12 11:22:25.365306	2026-05-12 11:22:25.365306
3337	18	18	["RELSUM_DB","res.partner",20,"presence"]	{"type":"bus.bus/im_status_updated","payload":{"presence_status":"offline","im_status":"offline","partner_id":20}}	2026-05-12 11:23:26.221637	2026-05-12 11:23:26.221637
3338	17	17	["RELSUM_DB","res.partner",19,"presence"]	{"type":"bus.bus/im_status_updated","payload":{"presence_status":"offline","im_status":"offline","partner_id":19}}	2026-05-12 11:24:29.110881	2026-05-12 11:24:29.110881
3339	17	17	["RELSUM_DB","res.partner",19,"presence"]	{"type":"bus.bus/im_status_updated","payload":{"presence_status":"online","im_status":"online","partner_id":19}}	2026-05-12 11:25:37.161676	2026-05-12 11:25:37.161676
3340	15	15	["RELSUM_DB","res.partner",17,"presence"]	{"type":"bus.bus/im_status_updated","payload":{"presence_status":"online","im_status":"online","partner_id":17}}	2026-05-12 11:27:12.813185	2026-05-12 11:27:12.813185
3341	15	15	["RELSUM_DB","res.partner",17]	{"type":"bus.bus/im_status_updated","payload":{"presence_status":"online","im_status":"online","partner_id":17}}	2026-05-12 11:27:13.141146	2026-05-12 11:27:13.141146
3342	19	19	["RELSUM_DB","res.partner",21,"presence"]	{"type":"bus.bus/im_status_updated","payload":{"presence_status":"offline","im_status":"offline","partner_id":21}}	2026-05-12 11:27:37.550247	2026-05-12 11:27:37.550247
3343	19	19	["RELSUM_DB","res.partner",21,"presence"]	{"type":"bus.bus/im_status_updated","payload":{"presence_status":"online","im_status":"online","partner_id":21}}	2026-05-12 11:27:37.938416	2026-05-12 11:27:37.938416
3344	11	11	["RELSUM_DB","res.partner",13,"presence"]	{"type":"bus.bus/im_status_updated","payload":{"presence_status":"away","im_status":"away","partner_id":13}}	2026-05-12 11:31:24.552125	2026-05-12 11:31:24.552125
3345	22	22	["RELSUM_DB","res.partner",27,"presence"]	{"type":"bus.bus/im_status_updated","payload":{"presence_status":"offline","im_status":"offline","partner_id":27}}	2026-05-12 11:36:57.545187	2026-05-12 11:36:57.545187
3346	8	8	["RELSUM_DB","res.partner",10,"presence"]	{"type":"bus.bus/im_status_updated","payload":{"presence_status":"away","im_status":"away","partner_id":10}}	2026-05-12 11:37:00.936777	2026-05-12 11:37:00.936777
3347	6	6	["RELSUM_DB","res.partner",7,"presence"]	{"type":"bus.bus/im_status_updated","payload":{"presence_status":"offline","im_status":"offline","partner_id":7}}	2026-05-12 11:39:21.437392	2026-05-12 11:39:21.437392
3348	6	6	["RELSUM_DB","res.partner",7,"presence"]	{"type":"bus.bus/im_status_updated","payload":{"presence_status":"away","im_status":"away","partner_id":7}}	2026-05-12 11:39:21.787429	2026-05-12 11:39:21.787429
3349	11	11	["RELSUM_DB","res.partner",13,"presence"]	{"type":"bus.bus/im_status_updated","payload":{"presence_status":"online","im_status":"online","partner_id":13}}	2026-05-12 11:39:51.741065	2026-05-12 11:39:51.741065
3350	6	6	["RELSUM_DB","res.partner",7,"presence"]	{"type":"bus.bus/im_status_updated","payload":{"presence_status":"online","im_status":"online","partner_id":7}}	2026-05-12 11:40:31.056162	2026-05-12 11:40:31.056162
3351	23	23	["RELSUM_DB","res.partner",28,"presence"]	{"type":"bus.bus/im_status_updated","payload":{"presence_status":"away","im_status":"away","partner_id":28}}	2026-05-12 11:44:25.900696	2026-05-12 11:44:25.900696
3352	8	8	["RELSUM_DB","res.partner",10,"presence"]	{"type":"bus.bus/im_status_updated","payload":{"presence_status":"online","im_status":"online","partner_id":10}}	2026-05-12 11:45:57.271158	2026-05-12 11:45:57.271158
3353	27	27	["RELSUM_DB","res.partner",35,"presence"]	{"type":"bus.bus/im_status_updated","payload":{"presence_status":"offline","im_status":"offline","partner_id":35}}	2026-05-12 11:46:55.194211	2026-05-12 11:46:55.194211
3354	8	8	["RELSUM_DB","res.partner",10,"presence"]	{"type":"bus.bus/im_status_updated","payload":{"presence_status":"offline","im_status":"offline","partner_id":10}}	2026-05-12 11:47:03.983142	2026-05-12 11:47:03.983142
3355	24	24	["RELSUM_DB","res.partner",29,"presence"]	{"type":"bus.bus/im_status_updated","payload":{"presence_status":"offline","im_status":"offline","partner_id":29}}	2026-05-12 11:47:41.186643	2026-05-12 11:47:41.186643
3356	25	25	["RELSUM_DB","res.partner",32,"presence"]	{"type":"bus.bus/im_status_updated","payload":{"presence_status":"offline","im_status":"offline","partner_id":32}}	2026-05-12 11:49:49.835812	2026-05-12 11:49:49.835812
3357	19	19	["RELSUM_DB","res.partner",21,"presence"]	{"type":"bus.bus/im_status_updated","payload":{"presence_status":"offline","im_status":"offline","partner_id":21}}	2026-05-12 11:49:53.845921	2026-05-12 11:49:53.845921
3358	16	16	["RELSUM_DB","res.partner",18,"presence"]	{"type":"bus.bus/im_status_updated","payload":{"presence_status":"offline","im_status":"offline","partner_id":18}}	2026-05-12 11:50:04.592759	2026-05-12 11:50:04.592759
3359	6	6	["RELSUM_DB","res.partner",7,"presence"]	{"type":"bus.bus/im_status_updated","payload":{"presence_status":"offline","im_status":"offline","partner_id":7}}	2026-05-12 11:50:06.828296	2026-05-12 11:50:06.828296
3360	17	17	["RELSUM_DB","res.partner",19,"presence"]	{"type":"bus.bus/im_status_updated","payload":{"presence_status":"offline","im_status":"offline","partner_id":19}}	2026-05-12 11:50:07.070488	2026-05-12 11:50:07.070488
3361	6	6	["RELSUM_DB","res.partner",7,"presence"]	{"type":"bus.bus/im_status_updated","payload":{"presence_status":"away","im_status":"away","partner_id":7}}	2026-05-12 11:50:07.178723	2026-05-12 11:50:07.178723
3362	23	23	["RELSUM_DB","res.partner",28,"presence"]	{"type":"bus.bus/im_status_updated","payload":{"presence_status":"offline","im_status":"offline","partner_id":28}}	2026-05-12 11:50:32.387748	2026-05-12 11:50:32.387748
3363	15	15	["RELSUM_DB","res.partner",17,"presence"]	{"type":"bus.bus/im_status_updated","payload":{"presence_status":"offline","im_status":"offline","partner_id":17}}	2026-05-12 11:50:41.396576	2026-05-12 11:50:41.396576
3364	6	6	["RELSUM_DB","res.partner",7,"presence"]	{"type":"bus.bus/im_status_updated","payload":{"presence_status":"online","im_status":"online","partner_id":7}}	2026-05-13 07:00:07.446475	2026-05-13 07:00:07.446475
3365	6	6	["RELSUM_DB","res.partner",7]	{"type":"bus.bus/im_status_updated","payload":{"presence_status":"online","im_status":"online","partner_id":7}}	2026-05-13 07:00:10.666514	2026-05-13 07:00:10.666514
3366	6	6	["RELSUM_DB","res.partner",7,"presence"]	{"type":"bus.bus/im_status_updated","payload":{"presence_status":"offline","im_status":"offline","partner_id":7}}	2026-05-13 07:01:27.754951	2026-05-13 07:01:27.754951
3367	6	6	["RELSUM_DB","res.partner",7,"presence"]	{"type":"bus.bus/im_status_updated","payload":{"presence_status":"online","im_status":"online","partner_id":7}}	2026-05-13 07:01:32.009827	2026-05-13 07:01:32.009827
3368	2	2	["RELSUM_DB","res.partner",3,"presence"]	{"type":"bus.bus/im_status_updated","payload":{"presence_status":"away","im_status":"away","partner_id":3}}	2026-05-13 07:01:34.194205	2026-05-13 07:01:34.194205
3369	2	2	["RELSUM_DB","res.partner",3,"presence"]	{"type":"bus.bus/im_status_updated","payload":{"presence_status":"online","im_status":"online","partner_id":3}}	2026-05-13 07:01:44.537384	2026-05-13 07:01:44.537384
3370	19	19	["RELSUM_DB","res.partner",21,"presence"]	{"type":"bus.bus/im_status_updated","payload":{"presence_status":"online","im_status":"online","partner_id":21}}	2026-05-13 07:03:55.431604	2026-05-13 07:03:55.431604
3371	17	17	["RELSUM_DB","res.partner",19,"presence"]	{"type":"bus.bus/im_status_updated","payload":{"presence_status":"online","im_status":"online","partner_id":19}}	2026-05-13 07:04:57.994989	2026-05-13 07:04:57.994989
3372	16	16	["RELSUM_DB","res.partner",18,"presence"]	{"type":"bus.bus/im_status_updated","payload":{"presence_status":"online","im_status":"online","partner_id":18}}	2026-05-13 07:05:46.521635	2026-05-13 07:05:46.521635
\.


--
-- Data for Name: bus_presence; Type: TABLE DATA; Schema: public; Owner: odoo
--

COPY public.bus_presence (id, user_id, status, last_poll, last_presence, guest_id) FROM stdin;
109	23	offline	2026-05-12 11:44:25	2026-05-12 11:14:24.85	\N
112	15	offline	2026-05-12 11:27:13	2026-05-12 11:27:11.901	\N
115	6	online	2026-05-13 07:01:32	2026-05-13 07:00:12.274	\N
101	2	online	2026-05-13 07:01:48	2026-05-13 07:01:47.999	\N
104	19	online	2026-05-13 07:03:55	2026-05-13 07:03:54.37	\N
113	17	online	2026-05-13 07:04:58	2026-05-13 07:04:57.02	\N
110	16	online	2026-05-13 07:05:46	2026-05-13 07:05:44.819	\N
114	18	offline	2026-05-12 11:09:19	2026-05-12 08:53:20.565	\N
108	20	offline	2026-05-12 07:54:29	2026-05-12 07:24:28.438	\N
117	22	offline	2026-05-12 11:09:32	2026-05-12 10:36:03.481	\N
116	11	online	2026-05-12 11:39:51	2026-05-12 11:39:50.999	\N
107	48	offline	2026-05-12 09:20:16	2026-05-12 07:14:23.95	\N
111	27	offline	2026-05-12 11:18:18	2026-05-12 10:48:17.629	\N
106	8	offline	2026-05-12 11:45:57	2026-05-12 11:45:56.999	\N
105	24	offline	2026-05-12 11:27:23	2026-05-12 11:18:36.401	\N
103	25	offline	2026-05-12 11:10:34	2026-05-12 09:20:02.632	\N
\.


--
-- Data for Name: calendar_alarm; Type: TABLE DATA; Schema: public; Owner: odoo
--

COPY public.calendar_alarm (id, duration, duration_minutes, mail_template_id, create_uid, write_uid, alarm_type, "interval", name, body, create_date, write_date, sms_template_id, sms_notify_responsible) FROM stdin;
1	15	15	\N	1	1	notification	minutes	{"en_US": "Notification - 15 Minutes", "es_ES": "Notificación - 15 minutos", "pt_PT": "Notificação - 15 minutos"}	\N	2026-04-08 08:38:54.40235	2026-04-08 08:38:56.871515	\N	\N
2	30	30	\N	1	1	notification	minutes	{"en_US": "Notification - 30 Minutes", "es_ES": "Notificación - 30 minutos", "pt_PT": "Notificação - 30 minutos"}	\N	2026-04-08 08:38:54.40235	2026-04-08 08:38:56.871515	\N	\N
3	1	60	\N	1	1	notification	hours	{"en_US": "Notification - 1 Hours", "es_ES": "Notificación - 1 hora", "pt_PT": "Notificação - 1 hora"}	\N	2026-04-08 08:38:54.40235	2026-04-08 08:38:56.871515	\N	\N
4	2	120	\N	1	1	notification	hours	{"en_US": "Notification - 2 Hours", "es_ES": "Notificación - 2 horas", "pt_PT": "Notificação - 2 horas"}	\N	2026-04-08 08:38:54.40235	2026-04-08 08:38:56.871515	\N	\N
5	1	1440	\N	1	1	notification	days	{"en_US": "Notification - 1 Days", "es_ES": "Notificación - 1 día", "pt_PT": "Notificação - 1 dia"}	\N	2026-04-08 08:38:54.40235	2026-04-08 08:38:56.871515	\N	\N
6	3	180	26	1	1	email	hours	{"en_US": "Email - 3 Hours", "es_ES": "Correo electrónico - 3 Horas", "pt_PT": "E-mail - 3 horas"}	\N	2026-04-08 08:38:54.40235	2026-04-08 08:38:56.871515	\N	\N
7	6	360	26	1	1	email	hours	{"en_US": "Email - 6 Hours", "es_ES": "Correo electrónico - 6 Horas", "pt_PT": "E-mail - 6 horas"}	\N	2026-04-08 08:38:54.40235	2026-04-08 08:38:56.871515	\N	\N
\.


--
-- Data for Name: calendar_alarm_calendar_event_rel; Type: TABLE DATA; Schema: public; Owner: odoo
--

COPY public.calendar_alarm_calendar_event_rel (calendar_event_id, calendar_alarm_id) FROM stdin;
\.


--
-- Data for Name: calendar_attendee; Type: TABLE DATA; Schema: public; Owner: odoo
--

COPY public.calendar_attendee (id, event_id, partner_id, create_uid, write_uid, common_name, access_token, state, availability, create_date, write_date) FROM stdin;
\.


--
-- Data for Name: calendar_event; Type: TABLE DATA; Schema: public; Owner: odoo
--

COPY public.calendar_event (id, user_id, videocall_channel_id, res_id, res_model_id, recurrence_id, create_uid, write_uid, name, location, videocall_location, access_token, privacy, show_as, res_model, start_date, stop_date, description, active, allday, recurrency, follow_recurrence, start, stop, create_date, write_date, duration) FROM stdin;
\.


--
-- Data for Name: calendar_event_res_partner_rel; Type: TABLE DATA; Schema: public; Owner: odoo
--

COPY public.calendar_event_res_partner_rel (res_partner_id, calendar_event_id) FROM stdin;
\.


--
-- Data for Name: calendar_event_type; Type: TABLE DATA; Schema: public; Owner: odoo
--

COPY public.calendar_event_type (id, color, create_uid, write_uid, name, create_date, write_date) FROM stdin;
\.


--
-- Data for Name: calendar_filters; Type: TABLE DATA; Schema: public; Owner: odoo
--

COPY public.calendar_filters (id, user_id, partner_id, create_uid, write_uid, active, partner_checked, create_date, write_date) FROM stdin;
\.


--
-- Data for Name: calendar_popover_delete_wizard; Type: TABLE DATA; Schema: public; Owner: odoo
--

COPY public.calendar_popover_delete_wizard (id, record, create_uid, write_uid, delete, create_date, write_date) FROM stdin;
\.


--
-- Data for Name: calendar_provider_config; Type: TABLE DATA; Schema: public; Owner: odoo
--

COPY public.calendar_provider_config (id, create_uid, write_uid, external_calendar_provider, cal_client_id, cal_client_secret, microsoft_outlook_client_identifier, microsoft_outlook_client_secret, cal_sync_paused, microsoft_outlook_sync_paused, create_date, write_date) FROM stdin;
\.


--
-- Data for Name: calendar_recurrence; Type: TABLE DATA; Schema: public; Owner: odoo
--

COPY public.calendar_recurrence (id, base_event_id, "interval", count, day, trigger_id, create_uid, write_uid, name, event_tz, rrule, rrule_type, end_type, month_by, weekday, byday, until, mon, tue, wed, thu, fri, sat, sun, create_date, write_date) FROM stdin;
\.


--
-- Data for Name: certificate_certificate; Type: TABLE DATA; Schema: public; Owner: odoo
--

COPY public.certificate_certificate (id, private_key_id, public_key_id, company_id, create_uid, write_uid, name, pkcs12_password, scope, content_format, subject_common_name, serial_number, loading_error, active, date_start, date_end, create_date, write_date) FROM stdin;
\.


--
-- Data for Name: certificate_key; Type: TABLE DATA; Schema: public; Owner: odoo
--

COPY public.certificate_key (id, company_id, create_uid, write_uid, name, password, loading_error, public, active, create_date, write_date) FROM stdin;
\.


--
-- Data for Name: change_password_own; Type: TABLE DATA; Schema: public; Owner: odoo
--

COPY public.change_password_own (id, create_uid, write_uid, new_password, confirm_password, create_date, write_date) FROM stdin;
\.


--
-- Data for Name: change_password_user; Type: TABLE DATA; Schema: public; Owner: odoo
--

COPY public.change_password_user (id, wizard_id, user_id, create_uid, write_uid, user_login, new_passwd, create_date, write_date) FROM stdin;
\.


--
-- Data for Name: change_password_wizard; Type: TABLE DATA; Schema: public; Owner: odoo
--

COPY public.change_password_wizard (id, create_uid, write_uid, create_date, write_date) FROM stdin;
\.


--
-- Data for Name: confirm_stock_sms; Type: TABLE DATA; Schema: public; Owner: odoo
--

COPY public.confirm_stock_sms (id, create_uid, write_uid, create_date, write_date) FROM stdin;
\.


--
-- Data for Name: crm_tag; Type: TABLE DATA; Schema: public; Owner: odoo
--

COPY public.crm_tag (id, color, create_uid, write_uid, name, create_date, write_date) FROM stdin;
\.


--
-- Data for Name: crm_team; Type: TABLE DATA; Schema: public; Owner: odoo
--

COPY public.crm_team (id, sequence, company_id, user_id, color, create_uid, write_uid, name, active, create_date, write_date, invoiced_target) FROM stdin;
3	10	\N	\N	\N	1	1	{"en_US": "Point of Sale", "es_ES": "Punto de venta", "pt_PT": "Ponto de Venda"}	f	2026-04-08 08:34:38.229338	2026-04-08 08:38:57.179101	\N
1	0	\N	\N	\N	1	1	{"en_US": "Sales", "es_ES": "Ventas", "pt_PT": "Vendas"}	t	2026-04-08 08:34:38.229338	2026-04-08 08:38:57.179101	\N
2	10	\N	\N	\N	1	1	{"en_US": "Website", "es_ES": "Sitio web", "pt_PT": "Website"}	f	2026-04-08 08:34:38.229338	2026-04-08 08:38:57.179101	\N
\.


--
-- Data for Name: crm_team_member; Type: TABLE DATA; Schema: public; Owner: odoo
--

COPY public.crm_team_member (id, crm_team_id, user_id, create_uid, write_uid, active, create_date, write_date) FROM stdin;
1	1	2	1	1	t	2026-04-08 08:34:38.229338	2026-04-08 08:34:38.229338
\.


--
-- Data for Name: decimal_precision; Type: TABLE DATA; Schema: public; Owner: odoo
--

COPY public.decimal_precision (id, digits, create_uid, write_uid, name, create_date, write_date) FROM stdin;
1	2	1	1	Percentage Analytic	2026-04-08 08:34:32.743761	2026-04-08 08:34:32.743761
2	2	1	1	Product Price	2026-04-08 08:34:36.29858	2026-04-08 08:34:36.29858
3	2	1	1	Discount	2026-04-08 08:34:36.29858	2026-04-08 08:34:36.29858
4	2	1	1	Stock Weight	2026-04-08 08:34:36.29858	2026-04-08 08:34:36.29858
5	2	1	1	Volume	2026-04-08 08:34:36.29858	2026-04-08 08:34:36.29858
6	2	1	1	Product Unit of Measure	2026-04-08 08:34:36.29858	2026-04-08 08:34:36.29858
7	6	1	1	Payment Terms	2026-04-08 08:34:46.340378	2026-04-08 08:34:46.340378
\.


--
-- Data for Name: digest_digest; Type: TABLE DATA; Schema: public; Owner: odoo
--

COPY public.digest_digest (id, company_id, create_uid, write_uid, periodicity, state, next_run_date, name, kpi_res_users_connected, kpi_mail_message_total, create_date, write_date, kpi_account_total_revenue, kpi_all_sale_total, kpi_project_task_opened) FROM stdin;
1	1	1	1	weekly	activated	2026-05-15	{"en_US": "Your Odoo Periodic Digest", "es_ES": "Su resumen periódico de Odoo", "pt_PT": "Seu boletim periódico do Odoo"}	t	t	2026-04-08 08:34:42.757453	2026-05-08 10:34:51.394932	t	t	t
\.


--
-- Data for Name: digest_digest_res_users_rel; Type: TABLE DATA; Schema: public; Owner: odoo
--

COPY public.digest_digest_res_users_rel (digest_digest_id, res_users_id) FROM stdin;
1	2
1	7
1	8
1	11
1	13
1	14
1	15
1	16
1	17
1	18
1	19
1	20
1	21
1	22
1	23
1	24
1	25
1	27
1	46
1	47
1	48
\.


--
-- Data for Name: digest_tip; Type: TABLE DATA; Schema: public; Owner: odoo
--

COPY public.digest_tip (id, sequence, group_id, create_uid, write_uid, name, tip_description, create_date, write_date) FROM stdin;
36	1500	91	1	1	{"en_US": "Tip: Engage with visitors to convert them into leads", "es_ES": "Consejo: interactúe con sus visitantes para convertirlos en leads", "pt_PT": "Dica: envolva os visitantes para convertê-los em leads"}	{"en_US": "<div>\\n    <p class=\\"tip_title\\">Tip: Engage with visitors to convert them into leads</p>\\n    <p class=\\"tip_content\\">Monitor your visitors while they are browsing your website with the Odoo Social app. Engage with them in just a click using a live chat request or a push notification. If they have completed one of your forms, you can send them an SMS, or call them right away while they are browsing your website.</p>\\n    <img src=\\"https://download.odoocdn.com/digests/website/static/src/img/milk-website-visitors.gif\\" width=\\"540\\" class=\\"illustration_border\\">\\n</div>\\n            ", "es_ES": "<div>\\n    <p class=\\"tip_title\\">Consejo: interactúe con sus visitantes para convertirlos en leads</p>\\n    <p class=\\"tip_content\\">Supervise a sus visitantes mientras navegan en su sitio web con la aplicación Marketing social de Odoo. Interactúe con ellos con solo un clic gracias al chat en directo o con una notificación emergente. Si han completado uno de sus formularios, también puede enviarles un SMS o llamarles mientras navegan por su sitio web.</p>\\n    <img src=\\"https://download.odoocdn.com/digests/website/static/src/img/milk-website-visitors.gif\\" width=\\"540\\" class=\\"illustration_border\\">\\n</div>\\n            ", "pt_PT": "<div>\\n    <p class=\\"tip_title\\">Dica: envolva os visitantes para convertê-los em leads</p>\\n    <p class=\\"tip_content\\">Monitore seus visitantes enquanto eles navegam em seu site com o aplicativo Odoo Redes Sociais. Interaja com eles com apenas um clique usando uma solicitação de chat ao vivo ou uma notificação push. Se ele tiver preenchido um dos seus formulários, você pode enviar um SMS ou ligar imediatamente enquanto ele estiver navegando em seu site.</p>\\n    <img src=\\"https://download.odoocdn.com/digests/website/static/src/img/milk-website-visitors.gif\\" width=\\"540\\" class=\\"illustration_border\\">\\n</div>\\n            "}	2026-05-12 08:53:11.316986	2026-05-12 08:53:11.316986
37	1400	91	1	1	{"en_US": "Tip: Use royalty-free photos", "es_ES": "Consejo: utilice fotos sin derechos de autor", "pt_PT": "Dica: use fotos sem direitos autorais"}	{"en_US": "<div>\\n    <p class=\\"tip_title\\">Tip: Use royalty-free photos</p>\\n    <p class=\\"tip_content\\">Search in the media dialogue when you need photos to illustrate your website. Odoo's integration with Unsplash, featuring millions of royalty free and high quality photos, makes it possible for you to get the perfect picture, in just a few clicks.</p>\\n    <img src=\\"https://download.odoocdn.com/digests/website/static/src/img/milk-image-search.gif\\" width=\\"540\\" class=\\"illustration_border\\">\\n</div>\\n            ", "es_ES": "<div>\\n    <p class=\\"tip_title\\">Consejo: utilice fotos sin derechos de autor</p>\\n    <p class=\\"tip_content\\">Busque en el cuadro de diálogo de medios cuando necesite fotos para ilustrar su sitio web. La integración de Odoo con Unsplash, con millones de fotos de calidad y libres de derechos de autor, hace que sea posible obtener la imagen perfecta en tan solo unos clics.</p>\\n    <img src=\\"https://download.odoocdn.com/digests/website/static/src/img/milk-image-search.gif\\" width=\\"540\\" class=\\"illustration_border\\">\\n</div>\\n            ", "pt_PT": "<div>\\n    <p class=\\"tip_title\\">Dica: use fotos sem direitos autorais</p>\\n    <p class=\\"tip_content\\">Pesquise no diálogo da mídia quando precisar de fotos para ilustrar o seu site. A integração do Odoo com o Unsplash, com milhões de fotos livres de royalties e de alta qualidade, permite que você obtenha a imagem perfeita com apenas alguns cliques.</p>\\n    <img src=\\"https://download.odoocdn.com/digests/website/static/src/img/milk-image-search.gif\\" width=\\"540\\" class=\\"illustration_border\\">\\n</div>\\n            "}	2026-05-12 08:53:11.316986	2026-05-12 08:53:11.316986
4	2400	1	1	1	{"en_US": "Tip: How to ping users in internal notes?", "es_ES": "Consejo: ¿Cómo notificar usuarios en las notas internas?", "pt_PT": "Dica: como marcar usuários em notas internas?"}	{"en_US": "<div>\\n    <p class=\\"tip_title\\">Tip: How to ping users in internal notes?</p>\\n    <p class=\\"tip_content\\">Type \\"@\\" to notify someone in a message, or \\"#\\" to link to a channel. Try to notify @OdooBot to test the feature.</p>\\n    <img src=\\"https://download.odoocdn.com/digests/digest/static/src/img/milk-notifications.png\\" width=\\"540\\" class=\\"illustration_border\\">\\n</div>\\n            ", "es_ES": "<div>\\n    <p class=\\"tip_title\\">Consejo: ¿Cómo notificar usuarios en las notas internas?</p>\\n    <p class=\\"tip_content\\">Escriba \\"@\\" para enviar una notificación a alguien por medio de un mensaje, o \\"#\\" para vincular un canal. Intente enviar una notificación a @OdooBot para probar esta función.</p>\\n    <img src=\\"https://download.odoocdn.com/digests/digest/static/src/img/milk-notifications.png\\" width=\\"540\\" class=\\"illustration_border\\">\\n</div>\\n            ", "pt_PT": "<div>\\n    <p class=\\"tip_title\\">Dica: Como marcar usuários em notas internas?</p>\\n    <p class=\\"tip_content\\">Digite \\"@\\" para notificar alguém em uma mensagem ou \\"#\\" para vincular um canal. Tente notificar @OdooBot para testar o recurso.</p>\\n    <img src=\\"https://download.odoocdn.com/digests/digest/static/src/img/milk-notifications.png\\" width=\\"540\\" class=\\"illustration_border\\">\\n</div>\\n            "}	2026-04-08 08:34:42.757453	2026-04-08 08:34:42.757453
6	3300	1	1	1	{"en_US": "Tip: Join the Dark Side", "es_ES": "Consejo: únase al lado oscuro"}	{"en_US": "<div>\\n    <p class=\\"tip_title\\">Tip: Join the Dark Side</p>\\n    <p class=\\"tip_content\\">Feeling eye strain? Give your eyes a break by switching to Dark Mode.</p>\\n    <img src=\\"https://download.odoocdn.com/digests/digest/static/src/img/18-web-dark-theme.gif\\" width=\\"540\\" class=\\"illustration_border\\">\\n</div>\\n            ", "es_ES": "<div>\\n    <p class=\\"tip_title\\">Consejo: únase al lado oscuro</p>\\n    <p class=\\"tip_content\\">¿Necesita descansar su vista? Use el modo oscuro.</p>\\n    <img src=\\"https://download.odoocdn.com/digests/digest/static/src/img/18-web-dark-theme.gif\\" width=\\"540\\" class=\\"illustration_border\\">\\n</div>\\n            "}	2026-04-08 08:34:42.757453	2026-04-08 08:34:42.757453
7	3800	1	1	1	{"en_US": "Tip: Personalize your Home Menu", "es_ES": "Consejo: personalice su menú principal"}	{"en_US": "<div>\\n    <p class=\\"tip_title\\">Tip: Personalize your Home Menu</p>\\n    <p class=\\"tip_content\\">Click and hold on a Menu Item to reorder your Apps to your liking.</p>\\n    <img src=\\"https://download.odoocdn.com/digests/digest/static/src/img/18-web-app-order.gif\\" width=\\"540\\" class=\\"illustration_border\\">\\n</div>\\n            ", "es_ES": "<div>\\n    <p class=\\"tip_title\\">Consejo: personalice su menú principal</p>\\n    <p class=\\"tip_content\\">Haga clic y mantenga presionado un elemento del menú para reordenar sus aplicaciones a su gusto.</p>\\n    <img src=\\"https://download.odoocdn.com/digests/digest/static/src/img/18-web-app-order.gif\\" width=\\"540\\" class=\\"illustration_border\\">\\n</div>\\n            "}	2026-04-08 08:34:42.757453	2026-04-08 08:34:42.757453
38	1600	91	1	1	{"en_US": "Tip: Search Engine Optimization (SEO)", "es_ES": "Consejo: Optimización del motor de búsqueda (SEO)", "pt_PT": "Dica: Search Engine Optimization (SEO)"}	{"en_US": "<div>\\n    <p class=\\"tip_title\\">Tip: Search Engine Optimization (SEO)</p>\\n    <p class=\\"tip_content\\">To get more visitors, you should target keywords that are often searched in Google. With the built-in SEO tool, once you define a few keywords, Odoo will recommend you the best keywords to target. Then adapt your title and description accordingly to boost your traffic.</p>\\n    <img src=\\"https://download.odoocdn.com/digests/website/static/src/img/milk-SEO-keywords.gif\\" width=\\"540\\" class=\\"illustration_border\\">\\n</div>\\n            ", "es_ES": "<div>\\n    <p class=\\"tip_title\\">Consejo: Optimización del motor de búsqueda (SEO)</p>\\n    <p class=\\"tip_content\\">Use las palabras claves que se buscan con frecuencia en Google para obtener más visitantes. Con la herramienta de SEO integrada, Odoo le recomendará las mejores palabras clave una vez que defina algunas. Luego adapte su título y descripción de acuerdo a ellas para mejorar su tráfico.</p>\\n    <img src=\\"https://download.odoocdn.com/digests/website/static/src/img/milk-SEO-keywords.gif\\" width=\\"540\\" class=\\"illustration_border\\">\\n</div>\\n            ", "pt_PT": "<div>\\n    <p class=\\"tip_title\\">Dica: Search Engine Optimization (SEO)</p>\\n    <p class=\\"tip_content\\">Para conseguir mais visitantes, você deve direcionar as palavras-chave que são frequentemente pesquisadas no Google. Com a ferramenta interna de SEO, depois de definir algumas palavras-chave, o Odoo recomendará as melhores palavras-chave. Em seguida, adapte o título e a descrição para aumentar o tráfego.</p>\\n    <img src=\\"https://download.odoocdn.com/digests/website/static/src/img/milk-SEO-keywords.gif\\" width=\\"540\\" class=\\"illustration_border\\">\\n</div>\\n            "}	2026-05-12 08:53:11.316986	2026-05-12 08:53:11.316986
39	300	91	1	1	{"en_US": "Tip: Use illustrations to spice up your website", "es_ES": "Consejo: utilice ilustraciones para darle vida a su sitio web", "pt_PT": "Dica: use ilustrações para enriquecer o seu site"}	{"en_US": "<div>\\n    <p class=\\"tip_title\\">Tip: Use illustrations to spice up your website</p>\\n    <p class=\\"tip_content\\">Not only can you search for royalty-free illustrations, their colors are also converted so that they always fit your Theme.</p>\\n    <img src=\\"https://download.odoocdn.com/digests/website/static/src/img/milk-website-illustrations.gif\\" width=\\"540\\" class=\\"illustration_border\\">\\n</div>\\n            ", "es_ES": "<div>\\n    <p class=\\"tip_title\\">Consejo: utilice ilustraciones para darle vida a su sitio web</p>\\n    <p class=\\"tip_content\\">No solo puede buscar ilustraciones libres de derechos de autor, se cambian sus colores para que siempre combinen con su tema.</p>\\n    <img src=\\"https://download.odoocdn.com/digests/website/static/src/img/milk-website-illustrations.gif\\" width=\\"540\\" class=\\"illustration_border\\">\\n</div>\\n            ", "pt_PT": "<div>\\n    <p class=\\"tip_title\\">Dica: use ilustrações para enriquecer o seu site</p>\\n    <p class=\\"tip_content\\">Você pode buscar ilustrações sem royalties e as cores serão convertidas para que sempre combinem com o seu tema.</p>\\n    <img src=\\"https://download.odoocdn.com/digests/website/static/src/img/milk-website-illustrations.gif\\" width=\\"540\\" class=\\"illustration_border\\">\\n</div>\\n            "}	2026-05-12 08:53:11.316986	2026-05-12 08:53:11.316986
40	400	91	1	1	{"en_US": "Tip: Add shapes to energize your Website", "es_ES": "Consejo: añada formas para energizar su sitio web", "pt_PT": "Dica: adicione formas para dar vida ao seu site"}	{"en_US": "<div>\\n    <p class=\\"tip_title\\">Tip: Add shapes to energize your Website</p>\\n    <p class=\\"tip_content\\">More than 90 shapes exist and their colors are picked to match your Theme.</p>\\n    <img src=\\"https://download.odoocdn.com/digests/website/static/src/img/milk-website-shapes.gif\\" width=\\"540\\" class=\\"illustration_border\\">\\n</div>\\n            ", "es_ES": "<div>\\n    <p class=\\"tip_title\\">Consejo: añada formas para energizar su sitio web</p>\\n    <p class=\\"tip_content\\">Existen más de 90 formas y sus colores son elegidos para que coincidan con su Tema.</p>\\n    <img src=\\"https://download.odoocdn.com/digests/website/static/src/img/milk-website-shapes.gif\\" width=\\"540\\" class=\\"illustration_border\\">\\n</div>\\n            ", "pt_PT": "<div>\\n    <p class=\\"tip_title\\">Dica: adicione formas para dar vida ao seu site</p>\\n    <p class=\\"tip_content\\">Mais de 90 formas e suas cores são selecionadas combinando com o seu tema.</p>\\n    <img src=\\"https://download.odoocdn.com/digests/website/static/src/img/milk-website-shapes.gif\\" width=\\"540\\" class=\\"illustration_border\\">\\n</div>\\n            "}	2026-05-12 08:53:11.316986	2026-05-12 08:53:11.316986
8	700	26	1	1	{"en_US": "Tip: No need to print, put in an envelop and post your invoices", "es_ES": "Consejo: no es necesario que imprima, ponga en un sobre y envíe sus facturas", "pt_PT": "Dica: Não é necessário imprimir, colocar num envelope e publicar as faturas"}	{"en_US": "<div>\\n    <p class=\\"tip_title\\">Tip: No need to print, put in an envelop and post your invoices</p>\\n    <p class=\\"tip_content\\">Use the “<i>Send by Post</i>” option to post invoices automatically. For the cost of a local stamp, we do all the manual work: your invoice will be printed in the right country, put in an envelop and sent by snail mail. Use this feature from the list view to post hundreds of invoices in bulk.</p>\\n    <img src=\\"https://download.odoocdn.com/digests/account/static/src/img/invoice-stamps.png\\" width=\\"540\\" class=\\"illustration_border\\">\\n</div>\\n            ", "es_ES": "<div>\\n    <p class=\\"tip_title\\">Consejo: no es necesario que imprima, ponga en un sobre y envíe sus facturas</p>\\n    <p class=\\"tip_content\\">Utilice la opción \\"<i>Enviar por correo electrónico</i>\\" para registrar facturas automáticamente. Por el coste de un sello local, hacemos todo el trabajo manual: su factura se imprimirá en el país correcto, se colocará en un sobre y se enviará por correo postal. Utilice esta función de la vista de lista para registrar cientos de facturas de forma masiva.</p>\\n    <img src=\\"https://download.odoocdn.com/digests/account/static/src/img/invoice-stamps.png\\" width=\\"540\\" class=\\"illustration_border\\">\\n</div>\\n            ", "pt_PT": "<div>\\n    <p class=\\"tip_title\\">Dica: Não é necessário imprimir, colocar num envelope e publicar as faturas</p>\\n    <p class=\\"tip_content\\">Use a opção \\"<i>Enviar por correio</i>\\" para publicar faturas automaticamente. Pelo custo de um selo local, fazemos todo o trabalho manual: a fatura será impressa no país certo, colocada num envelope e enviada por correio. Use este recurso da visualização de lista para publicar centenas de faturas em massa.</p>\\n    <img src=\\"https://download.odoocdn.com/digests/account/static/src/img/invoice-stamps.png\\" width=\\"540\\" class=\\"illustration_border\\">\\n</div>\\n            "}	2026-04-08 08:34:46.340378	2026-04-10 10:35:10.35607
14	1300	48	1	1	{"en_US": "Tip: Create tasks from incoming emails", "es_ES": "Consejo: cree tareas desde sus correos electrónicos", "pt_PT": "Dica: Crie tarefas a partir de e-mails recebidos"}	{"en_US": "<div>\\n    <t t-set=\\"project_record\\" t-value=\\"object.env['project.project'].search([('alias_name', '!=', False), ('alias_domain_id', '!=', False)], limit=1, order='sequence asc')\\"></t>\\n    <p class=\\"tip_title\\">Tip: Create tasks from incoming emails</p>\\n    <t t-if=\\"project_record.alias_email\\">\\n        <p class=\\"tip_content\\">Emails sent to <a t-attf-href=\\"mailto:{{project_record.alias_email}}\\" target=\\"_blank\\" style=\\"color: #714B67; text-decoration: none;\\"><t t-out=\\"project_record.alias_email\\"></t></a> will generate tasks in your <t t-out=\\"project_record.name\\"></t> project.</p>\\n    </t>\\n    <t t-else=\\"\\">\\n        <p class=\\"tip_content\\">Create tasks by sending an email to the email address of your project.</p>\\n    </t>\\n</div>\\n            ", "es_ES": "<div>\\n    <t t-set=\\"project_record\\" t-value=\\"object.env['project.project'].search([('alias_name', '!=', False), ('alias_domain_id', '!=', False)], limit=1, order='sequence asc')\\"></t>\\n    <p class=\\"tip_title\\">Consejo: cree tareas desde sus correos electrónicos</p>\\n    <t t-if=\\"project_record.alias_email\\">\\n        <p class=\\"tip_content\\">Correos electrónicos enviados a <a t-attf-href=\\"mailto:{{project_record.alias_email}}\\" target=\\"_blank\\" style=\\"color: #714B67; text-decoration: none;\\"><t t-out=\\"project_record.alias_email\\"></t></a> generarán tareas en su proyecto <t t-out=\\"project_record.name\\"></t> .</p>\\n    </t>\\n    <t t-else=\\"\\">\\n        <p class=\\"tip_content\\">Cree tareas al enviar un correo electrónico a la dirección de correo electrónico de su proyecto.</p>\\n    </t>\\n</div>\\n            ", "pt_PT": "<div>\\n    <t t-set=\\"project_record\\" t-value=\\"object.env['project.project'].search([('alias_name', '!=', False), ('alias_domain_id', '!=', False)], limit=1, order='sequence asc')\\"></t>\\n    <p class=\\"tip_title\\">Dica: Crie tarefas a partir de e-mails recebidos</p>\\n    <t t-if=\\"project_record.alias_email\\">\\n        <p class=\\"tip_content\\">Emails enviados para <a t-attf-href=\\"mailto:{{project_record.alias_email}}\\" target=\\"_blank\\" style=\\"color: #714B67; text-decoration: none;\\"><t t-out=\\"project_record.alias_email\\"></t></a> gerará tarefas em seu <t t-out=\\"project_record.name\\"></t> projeto.</p>\\n    </t>\\n    <t t-else=\\"\\">\\n        <p class=\\"tip_content\\">Crie tarefas enviando um e-mail para o endereço de e-mail de seu projeto.</p>\\n    </t>\\n</div>\\n            "}	2026-04-08 08:35:22.624638	2026-04-08 08:35:22.624638
25	1000	60	1	1	{"en_US": "Tip: Speed up inventory operations with barcodes", "es_ES": "Consejo: acelere las operaciones de inventario con códigos de barras", "pt_PT": "Dica: acelere as operações de estoque com códigos de barras"}	{"en_US": "<div>\\n    <p class=\\"tip_title\\">Tip: Speed up inventory operations with barcodes</p>\\n    <table class=\\"tip_twocol\\">\\n        <tr>\\n            <td class=\\"tip_twocol_left\\" style=\\"width: 45%;\\">\\n                <img src=\\"https://download.odoocdn.com/digests/stock/static/src/img/barcode.gif\\" class=\\"tip_twocol_img\\" width=\\"240\\">\\n            </td>\\n            <td style=\\"width: 55%;\\">\\n                <p class=\\"tip_content\\" style=\\"margin: 0;\\">Enjoy a quick-paced experience with the Odoo barcode app. It is blazing fast and works even without a stable internet connection. It supports all flows: inventory adjustments, batch picking, moving lots or pallets, low inventory checks, etc. Go to the \\"Apps\\" menu to activate the barcode interface.</p>\\n            </td>\\n        </tr>\\n    </table>\\n    <div style=\\"clear: both;\\"></div>\\n</div>\\n            ", "es_ES": "<div>\\n    <p class=\\"tip_title\\">Consejo: acelere las operaciones de inventario con códigos de barras</p>\\n    <table class=\\"tip_twocol\\">\\n        <tr>\\n            <td class=\\"tip_twocol_left\\" style=\\"width: 45%;\\">\\n                <img src=\\"https://download.odoocdn.com/digests/stock/static/src/img/barcode.gif\\" class=\\"tip_twocol_img\\" width=\\"240\\">\\n            </td>\\n            <td style=\\"width: 55%;\\">\\n                <p class=\\"tip_content\\" style=\\"margin: 0;\\">Disfrute de una experiencia de ritmo rápido con la aplicación de código de barras Odoo. Es increíblemente rápido y funciona incluso sin una conexión a Internet estable. Admite todos los flujos: ajustes de inventario, picking por lotes, mover lotes o paletas, controles de inventario bajo, etc. Vaya al menú \\"Aplicaciones\\" para activar la interfaz de código de barras.</p>\\n            </td>\\n        </tr>\\n    </table>\\n    <div style=\\"clear: both;\\"></div>\\n</div>\\n            ", "pt_PT": "<div>\\n    <p class=\\"tip_title\\">Dica: acelere as operações de estoque com códigos de barras</p>\\n    <table class=\\"tip_twocol\\">\\n        <tr>\\n            <td class=\\"tip_twocol_left\\" style=\\"width: 45%;\\">\\n                <img src=\\"https://download.odoocdn.com/digests/stock/static/src/img/barcode.gif\\" class=\\"tip_twocol_img\\" width=\\"240\\">\\n            </td>\\n            <td style=\\"width: 55%;\\">\\n                <p class=\\"tip_content\\" style=\\"margin: 0;\\">Desfrute de uma experiência rápida com o aplicativo de código de barras Odoo. É extremamente rápido e funciona mesmo sem uma conexão de internet estável. Suporta todos os fluxos: ajustes de estoque, separação de lotes, movimentação de lotes ou paletes, verificação de estoque baixo, etc. Vá ao menu \\"aplicativos\\" para ativar a interface do código de barras.</p>\\n            </td>\\n        </tr>\\n    </table>\\n    <div style=\\"clear: both;\\"></div>\\n</div>\\n            "}	2026-04-08 08:46:08.412603	2026-05-01 10:35:07.370498
27	3500	74	1	1	{"en_US": "Tip: Where's Bryan?", "es_ES": "Consejo: ¿Dónde está Brian?", "pt_PT": "Dica: Onde está o Bryan?"}	{"en_US": "<div>\\n    <p class=\\"tip_title\\">Tip: Where's Bryan?</p>\\n    <p class=\\"tip_content\\">Activate Remote Work to let Employees specify where they are working from.</p>\\n    <img src=\\"https://download.odoocdn.com/digests/hr/static/src/img/18-hr-work-location.gif\\" width=\\"540\\" class=\\"illustration_border\\">\\n</div>\\n            ", "es_ES": "<div>\\n    <p class=\\"tip_title\\">Consejo: ¿Dónde está Brian?</p>\\n    <p class=\\"tip_content\\">Habilite la función de teletrabajo para permitir que los empleados especifiquen desde dónde están trabajando.</p>\\n    <img src=\\"https://download.odoocdn.com/digests/hr/static/src/img/18-hr-work-location.gif\\" width=\\"540\\" class=\\"illustration_border\\">\\n</div>\\n            ", "pt_PT": "<div>\\n    <p class=\\"tip_title\\">Dica: Onde está o Bryan?</p>\\n    <p class=\\"tip_content\\">Ative o trabalho remoto para permitir que os funcionários especifiquem de onde estão a trabalhar.</p>\\n    <img src=\\"https://download.odoocdn.com/digests/hr/static/src/img/18-hr-work-location.gif\\" width=\\"540\\" class=\\"illustration_border\\">\\n</div>\\n            "}	2026-04-08 08:50:55.821924	2026-04-08 08:50:55.821924
29	100	82	1	1	{"en_US": "Tip: How to keep late receipts under control?", "es_ES": "Consejo: ¿Cómo mantener bajo control los recibos atrasados?", "pt_PT": "Dica: como manter os recebimentos atrasados sob controle?"}	{"en_US": "<div>\\n    <p class=\\"tip_title\\">Tip: How to keep late receipts under control?</p>\\n    <p class=\\"tip_content\\">When creating a purchase order, have a look at the vendor's <i>On Time Delivery</i> rate: the percentage of products shipped on time. If it is too low, activate the <i>automated reminders</i>. A few days before the due shipment, Odoo will send the vendor an email to ask confirmation of shipment dates and keep you informed in case of any delays. To get the vendor's performance statistics, click on the OTD rate.</p>\\n    <img src=\\"https://download.odoocdn.com/digests/purchase/static/src/img/milk-OTDPurchase.gif\\" width=\\"540\\" class=\\"illustration_border\\">\\n</div>\\n            ", "es_ES": "<div>\\n    <p class=\\"tip_title\\">Consejo: ¿Cómo mantener bajo control los recibos atrasados?</p>\\n    <p class=\\"tip_content\\">Al crear un pedido de compra, observe la tasa de <i>entrega a tiempo</i> del proveedor, la cual muestra el porcentaje de productos que este proveedor ha entregado a tiempo. Si es demasiado bajo, active los <i>recordatorios automáticos</i> . Unos días antes del vencimiento del envío, Odoo enviará al proveedor un correo electrónico para solicitar la confirmación de las fechas de envío y mantenerlo informado en caso de retrasos. Para obtener las estadísticas de rendimiento del proveedor, haga clic en la tasa de entrega justo a tiempo.</p>\\n    <img src=\\"https://download.odoocdn.com/digests/purchase/static/src/img/milk-OTDPurchase.gif\\" width=\\"540\\" class=\\"illustration_border\\">\\n</div>\\n            ", "pt_PT": "<div>\\n    <p class=\\"tip_title\\">Dica: como manter os recebimentos atrasados sob controle?</p>\\n    <p class=\\"tip_content\\">Ao criar um pedido de compra, confira a taxa de <i>entrega dentro do prazo</i> do fornecedor: a percentagem de artigos enviados dentro do prazo. Se estiver muito baixa, ative os <i>lembretes automáticos</i>. Poucos dias antes do prazo de envio, o Odoo enviará ao fornecedor um e-mail para solicitar a confirmação das datas de envio e para mantê-lo informado em caso de atrasos. Para obter as estatísticas de desempenho do fornecedor, clique na taxa de EDP.</p>\\n    <img src=\\"https://download.odoocdn.com/digests/purchase/static/src/img/milk-OTDPurchase.gif\\" width=\\"540\\" class=\\"illustration_border\\">\\n</div>\\n            "}	2026-04-14 08:54:03.289914	2026-05-08 10:34:51.394932
1	800	1	1	1	{"en_US": "Tip: Speed up your workflow with shortcuts", "es_ES": "Consejo: acelere su flujo de trabajo con accesos rápidos", "pt_PT": "Dica: acelere seu fluxo de trabalho com atalhos"}	{"en_US": "<div>\\n    <p class=\\"tip_title\\">Tip: Speed up your workflow with shortcuts</p>\\n    <p class=\\"tip_content\\">Press ALT in any screen to highlight shortcuts for every button in the screen. It is useful to process multiple documents in batch.</p>\\n    <img src=\\"https://download.odoocdn.com/digests/digest/static/src/img/milk-alt-shortcuts.gif\\" width=\\"540\\" class=\\"illustration_border\\">\\n</div>\\n            ", "es_ES": "<div>\\n    <p class=\\"tip_title\\">Consejo: acelere su flujo de trabajo con accesos rápidos</p>\\n    <p class=\\"tip_content\\">Presiona ALT en cualquier pantalla para resaltar accesos rápidos para cada botón en la pantalla. Es útil para procesar múltiples documentos en lote. </p>\\n    <img src=\\"https://download.odoocdn.com/digests/digest/static/src/img/milk-alt-shortcuts.gif\\" width=\\"540\\" class=\\"illustration_border\\">\\n</div>\\n            ", "pt_PT": "<div>\\n    <p class=\\"tip_title\\">Dica: acelere seu fluxo de trabalho com atalhos</p>\\n    <p class=\\"tip_content\\">Pressione ALT em qualquer tela para destacar os atalhos para cada botão na tela. Isso pode ser útil para processar vários documentos em lote.</p>\\n    <img src=\\"https://download.odoocdn.com/digests/digest/static/src/img/milk-alt-shortcuts.gif\\" width=\\"540\\" class=\\"illustration_border\\">\\n</div>\\n            "}	2026-04-08 08:34:42.757453	2026-05-01 10:35:07.370498
26	4000	60	1	1	{"en_US": "Tip: Monitor Lot details", "es_ES": "Consejo: supervise los detalles del lote", "pt_PT": "Dica: Monitore os detalhes do lote"}	{"en_US": "<div>\\n    <p class=\\"tip_title\\">Tip: Monitor Lot details</p>\\n    <p class=\\"tip_content\\">Store and retrieve information regarding every Lot/Serial Number (condition, product info, ...).</p>\\n    <img src=\\"https://download.odoocdn.com/digests/stock/static/src/img/18-stock-property-fields.gif\\" width=\\"540\\" class=\\"illustration_border\\">\\n</div>\\n            ", "es_ES": "<div>\\n    <p class=\\"tip_title\\">Consejo: supervise los detalles del lote</p>\\n    <p class=\\"tip_content\\">Almacene y consulte la información relacionada con el número de serie o lote (condición, información del producto...)</p>\\n    <img src=\\"https://download.odoocdn.com/digests/stock/static/src/img/18-stock-property-fields.gif\\" width=\\"540\\" class=\\"illustration_border\\">\\n</div>\\n            ", "pt_PT": "<div>\\n    <p class=\\"tip_title\\">Dica: Monitore os detalhes do lote</p>\\n    <p class=\\"tip_content\\">Armazenar e recuperar informações sobre cada número de lote/série (condição, informações sobre o produto, etc.).</p>\\n    <img src=\\"https://download.odoocdn.com/digests/stock/static/src/img/18-stock-property-fields.gif\\" width=\\"540\\" class=\\"illustration_border\\">\\n</div>\\n            "}	2026-04-08 08:46:08.412603	2026-04-08 08:46:08.412603
2	2100	1	1	1	{"en_US": "Tip: Click on an avatar to chat with a user", "es_ES": "Consejo: Haga clic en un avatar para chatear con el usuario", "pt_PT": "Dica: clique em um avatar para conversar com um usuário"}	{"en_US": "<div>\\n    <p class=\\"tip_title\\">Tip: Click on an avatar to chat with a user</p>\\n    <p class=\\"tip_content\\">Have a question about a document? Click on the responsible user's picture to start a conversation. If his avatar has a green dot, he is online.</p>\\n    <img src=\\"https://download.odoocdn.com/digests/digest/static/src/img/milk-avatar.gif\\" width=\\"540\\" class=\\"illustration_border\\">\\n</div>\\n            ", "es_ES": "<div>\\n    <p class=\\"tip_title\\">Consejo: Haga clic en un avatar para chatear con un usuario</p>\\n    <p class=\\"tip_content\\">¿Tienes una pregunta sobre el documento? Haga clic en la fotografía del usuario responsable para iniciar una conversación. Si el avatar tiene un punto verde, está en línea.</p>\\n    <img src=\\"https://download.odoocdn.com/digests/digest/static/src/img/milk-avatar.gif\\" width=\\"540\\" class=\\"illustration_border\\">\\n</div>\\n            ", "pt_PT": "<div>\\n    <p class=\\"tip_title\\">Dica: clique em um avatar para conversar com um usuário</p>\\n    <p class=\\"tip_content\\">Tem uma pergunta sobre um documento? Clique na foto do usuário responsável para iniciar uma conversa. Se seu avatar tiver um ponto verde, ele está online.</p>\\n    <img src=\\"https://download.odoocdn.com/digests/digest/static/src/img/milk-avatar.gif\\" width=\\"540\\" class=\\"illustration_border\\">\\n</div>\\n            "}	2026-04-08 08:34:42.757453	2026-05-01 10:35:07.370498
3	2300	1	1	1	{"en_US": "Tip: A calculator in Odoo", "es_ES": "Consejo: una calculadora en Odoo", "pt_PT": "Dica: uma calculadora no Odoo"}	{"en_US": "<div>\\n    <p class=\\"tip_title\\">Tip: A calculator in Odoo</p>\\n    <p class=\\"tip_content\\">When editing a number, you can use formulae by typing the `=` character. This is useful when computing a margin or a discount on a quotation, sale order or invoice.</p>\\n    <img src=\\"https://download.odoocdn.com/digests/digest/static/src/img/milk-calculator.gif\\" width=\\"540\\" class=\\"illustration_border\\">\\n</div>\\n            ", "es_ES": "<div>\\n    <p class=\\"tip_title\\">Consejo: una calculadora en Odoo</p>\\n    <p class=\\"tip_content\\">Cuando edite un número, puede utilizar fórmulas al escribir el carácter `=`. Esto es útil cuando calcula un margen o un descuento en un presupuesto, pedido de venta o factura.</p>\\n    <img src=\\"https://download.odoocdn.com/digests/digest/static/src/img/milk-calculator.gif\\" width=\\"540\\" class=\\"illustration_border\\">\\n</div>\\n            ", "pt_PT": "<div>\\n    <p class=\\"tip_title\\">Dica: uma calculadora no Odoo</p>\\n    <p class=\\"tip_content\\">Ao editar um número, você pode usar fórmulas digitando o caractere `=`. Isso é útil ao calcular uma margem ou desconto em uma cotação, pedido de venda ou fatura.</p>\\n    <img src=\\"https://download.odoocdn.com/digests/digest/static/src/img/milk-calculator.gif\\" width=\\"540\\" class=\\"illustration_border\\">\\n</div>\\n            "}	2026-04-08 08:34:42.757453	2026-05-01 10:35:07.370498
5	2500	1	1	1	{"en_US": "Tip: Knowledge is power", "es_ES": "Consejo: el conocimiento es poder", "pt_PT": "Dica: conhecimento é poder"}	{"en_US": "<div>\\n    <p class=\\"tip_title\\">Tip: Knowledge is power</p>\\n    <p class=\\"tip_content\\">When following documents, use the pencil icon to fine-tune the information you want to receive.\\nFollow a project / sales team to keep track of this project's tasks / this team's opportunities.</p>\\n    <img src=\\"https://download.odoocdn.com/digests/digest/static/src/img/milk-following.png\\" width=\\"540\\" class=\\"illustration_border\\">\\n</div>\\n            ", "es_ES": "<div>\\n    <p class=\\"tip_title\\">Consejo: el conocimiento es poder</p>\\n    <p class=\\"tip_content\\">Cuando siga documentos, use el icono de lápiz para ajustar la información que desea recibir.\\nSiga un proyecto o un equipo de ventas para llevar el seguimiento de las tareas de este proyecto o las oportunidades de este equipo.</p>\\n    <img src=\\"https://download.odoocdn.com/digests/digest/static/src/img/milk-following.png\\" width=\\"540\\" class=\\"illustration_border\\">\\n</div>\\n            ", "pt_PT": "<div>\\n    <p class=\\"tip_title\\">Dica: conhecimento é poder</p>\\n    <p class=\\"tip_content\\">Ao seguir documentos, use o ícone de lápis para ajustar as informações que deseja receber.\\nSiga um projeto/equipe de vendas para acompanhar as tarefas deste projeto/oportunidades desta equipe.</p>\\n    <img src=\\"https://download.odoocdn.com/digests/digest/static/src/img/milk-following.png\\" width=\\"540\\" class=\\"illustration_border\\">\\n</div>\\n            "}	2026-04-08 08:34:42.757453	2026-04-08 08:34:42.757453
9	3100	26	1	1	{"en_US": "Tip: Stop chasing the Documents you need", "es_ES": "Consejo: deje de buscar los documentos que necesita", "pt_PT": "Dica: Pare de perseguir os documentos que precisa"}	{"en_US": "<div>\\n    <p class=\\"tip_title\\">Tip: Stop chasing the Documents you need</p>\\n    <p class=\\"tip_content\\">Missing a document for a banking statement? Use the Documents apps to request it and let the owner upload it at the right place.</p>\\n    <img src=\\"https://download.odoocdn.com/digests/account/static/src/img/18-invoice-request-document.gif\\" width=\\"540\\" class=\\"illustration_border\\">\\n</div>\\n            ", "es_ES": "<div>\\n    <p class=\\"tip_title\\">Consejo: deje de buscar los documentos que necesita</p>\\n    <p class=\\"tip_content\\">¿Falta un documento para un extracto bancario? Use la aplicación Documentos para solicitarlo y permita que el propietario lo suba al lugar correcto.</p>\\n    <img src=\\"https://download.odoocdn.com/digests/account/static/src/img/18-invoice-request-document.gif\\" width=\\"540\\" class=\\"illustration_border\\">\\n</div>\\n            ", "pt_PT": "<div>\\n    <p class=\\"tip_title\\">Dica: Pare de perseguir os documentos que precisa</p>\\n    <p class=\\"tip_content\\">Está a faltar um documento para um extrato bancário? Use os aplicativos Documentos para solicitá-lo e deixe que o proprietário o carregue no lugar certo.</p>\\n    <img src=\\"https://download.odoocdn.com/digests/account/static/src/img/18-invoice-request-document.gif\\" width=\\"540\\" class=\\"illustration_border\\">\\n</div>\\n            "}	2026-04-08 08:34:46.340378	2026-04-08 08:34:46.340378
30	2000	82	1	1	{"en_US": "Tip: Never miss a purchase order", "es_ES": "Consejo: Nunca pierda un pedido de compra", "pt_PT": "Dica: nunca perca uma nota de encomenda"}	{"en_US": "<div>\\n    <p class=\\"tip_title\\">Tip: Never miss a purchase order</p>\\n    <p class=\\"tip_content\\">When sending a purchase order by email, Odoo asks the vendor to acknowledge the reception of the order. When the vendor acknowledges the order by clicking on a button in the email, the information is added on the purchase order. Use filters to track orders that have not been acknowledged.</p>\\n</div>\\n            ", "es_ES": "<div>\\n    <p class=\\"tip_title\\">Consejo: Nunca pierda un pedido de compra</p>\\n    <p class=\\"tip_content\\">Al enviar un pedido de compra por correo electrónico, Odoo le pide al proveedor que reconozca la recepción del mismo. Cuando el proveedor reconoce el pedido haciendo clic en un botón en el correo electrónico, la información se añade en el pedido de compra. Utilice filtros para realizar un seguimiento de los pedidos que no han sido confirmados.</p>\\n</div>\\n            ", "pt_PT": "<div>\\n    <p class=\\"tip_title\\">Dica: nunca perca uma nota de encomenda</p>\\n    <p class=\\"tip_content\\">Ao enviar um pedido de compra por e-mail, o Odoo pede ao fornecedor que confirme o recebimento do pedido. Quando o fornecedor confirma o recebimento do pedido clicando em um botão do e-mail, a informação é adicionada ao pedido de compra. Use filtros para rastrear pedidos cujo recebimento não foi confirmado.</p>\\n</div>\\n            "}	2026-04-14 08:54:03.289914	2026-04-24 06:52:20.713829
10	2200	23	1	1	{"en_US": "Tip: Odoo supports configurable products", "es_ES": "Consejo: Odoo admite productos configurables", "pt_PT": "Dica: o Odoo oferece suporte a produtos configuráveis"}	{"en_US": "<div>\\n    <p class=\\"tip_title\\">Tip: Odoo supports configurable products</p>\\n    <p class=\\"tip_content\\">Struggling with a complex product catalog? Try out the Product Configurator to help sales configure a product with different options: colors, size, capacity, etc. Make sale orders encoding easier and error-proof.</p>\\n    <img src=\\"https://download.odoocdn.com/digests/sale_management/static/src/img/milk-Sales-configure-products.gif\\" width=\\"540\\" class=\\"illustration_border\\">\\n</div>\\n            ", "es_ES": "<div>\\n    <p class=\\"tip_title\\">Consejo: Odoo admite productos configurables</p>\\n    <p class=\\"tip_content\\">¿Tiene problemas con un catálogo de productos complejo? Pruebe el Configurador de productos para ayudar a las ventas a configurar un producto con diferentes opciones: colores, tamaño, capacidad, etc. Haga que la codificación de los pedidos de venta sea más fácil y sin errores.</p>\\n    <img src=\\"https://download.odoocdn.com/digests/sale_management/static/src/img/milk-Sales-configure-products.gif\\" width=\\"540\\" class=\\"illustration_border\\">\\n</div>\\n            ", "pt_PT": "<div>\\n    <p class=\\"tip_title\\">Dica: o Odoo oferece suporte a produtos configuráveis</p>\\n    <p class=\\"tip_content\\">Está tendo dificuldades com um catálogo de produtos complexo? Teste o configurador de produtos para ajudar os vendedores a configurar um produto com diferentes opções: cores, tamanho, capacidade etc. Torne a codificação dos pedidos de venda mais fácil e à prova de erros.</p>\\n    <img src=\\"https://download.odoocdn.com/digests/sale_management/static/src/img/milk-Sales-configure-products.gif\\" width=\\"540\\" class=\\"illustration_border\\">\\n</div>\\n            "}	2026-04-08 08:35:05.349582	2026-04-08 08:35:05.349582
11	2700	23	1	1	{"en_US": "Tip: Sell or buy products in bulk with matrixes", "es_ES": "Consejo: Vender o comprar productos al por mayor con matrices", "pt_PT": "Dica: venda ou compre produtos em lote com matrizes"}	{"en_US": "<div>\\n    <p class=\\"tip_title\\">Tip: Sell or buy products in bulk with matrixes</p>\\n    <p class=\\"tip_content\\">Selling the same product in different sizes or colors? Try the product grid and populate your orders with multiple quantities of each variant. This feature also exists in the Purchase application.</p>\\n    <img src=\\"https://download.odoocdn.com/digests/sale_management/static/src/img/milk-t-shirts.png\\" width=\\"540\\" class=\\"illustration_border\\">\\n</div>\\n            ", "es_ES": "<div>\\n    <p class=\\"tip_title\\">Consejo: Vender o comprar productos al por mayor con matrices</p>\\n    <p class=\\"tip_content\\">¿Vender el mismo producto en diferentes tamaños o colores? Pruebe la tabla de productos y cree pedidos con diversas variantes. Esta función también existe en la aplicación de Compras.</p>\\n    <img src=\\"https://download.odoocdn.com/digests/sale_management/static/src/img/milk-t-shirts.png\\" width=\\"540\\" class=\\"illustration_border\\">\\n</div>\\n            ", "pt_PT": "<div>\\n    <p class=\\"tip_title\\">Dica: venda ou compre produtos em lote com matrizes</p>\\n    <p class=\\"tip_content\\">Vende o mesmo produto em tamanhos ou cores diferentes? Experimente a grade de produtos e preencha seus pedidos com várias quantidades de cada variante. Esse recurso também existe no aplicativo de compra.</p>\\n    <img src=\\"https://download.odoocdn.com/digests/sale_management/static/src/img/milk-t-shirts.png\\" width=\\"540\\" class=\\"illustration_border\\">\\n</div>\\n            "}	2026-04-08 08:35:05.349582	2026-04-08 08:35:05.349582
13	1200	48	1	1	{"en_US": "Tip: Use task states to keep track of your tasks' progression", "es_ES": "Consejo: use los estados en las tareas para llevar seguimiento del avance de sus tareas", "pt_PT": "Dica: use a situação das tarefas para acompanhar a progressão das suas tarefas"}	{"en_US": "<div>\\n                <p class=\\"tip_title\\">Tip: Use task states to keep track of your tasks' progression</p>\\n                <p class=\\"tip_content\\">\\n                Quickly check the status of tasks for approvals or change requests and identify those on hold until dependencies are resolved with the hourglass icon.\\n                </p>\\n                <img src=\\"https://download.odoocdn.com/digests/project/static/src/img/task-state-img.png\\" width=\\"720\\" class=\\"illustration_border\\">\\n            </div>\\n            ", "es_ES": "<div>\\n                <p class=\\"tip_title\\">Consejo: use los estados en las tareas para llevar seguimiento del avance de sus tareas</p>\\n                <p class=\\"tip_content\\">\\n                Revise el estado de las tareas para aprobarlas o cambiar sus solicitudes. Con el icono de reloj de arena puede identificar las que están en pausa hasta que se resuelvan las dependencias.\\n                </p>\\n                <img src=\\"https://download.odoocdn.com/digests/project/static/src/img/task-state-img.png\\" width=\\"720\\" class=\\"illustration_border\\">\\n            </div>\\n            ", "pt_PT": "<div>\\n                <p class=\\"tip_title\\">Dica: use a situação das tarefas para acompanhar a progressão das suas tarefas</p>\\n                <p class=\\"tip_content\\">\\n                Verifique rapidamente o status das tarefas para aprovações ou solicitações de alteração e identifique aquelas em espera até que as dependências sejam resolvidas com o ícone de ampulheta.\\n                </p>\\n                <img src=\\"https://download.odoocdn.com/digests/project/static/src/img/task-state-img.png\\" width=\\"720\\" class=\\"illustration_border\\">\\n            </div>\\n            "}	2026-04-08 08:35:22.624638	2026-05-01 10:35:07.370498
15	3200	48	1	1	{"en_US": "Tip: Your Own Personal Kanban", "es_ES": "Consejo: use su propia vista de kanban", "pt_PT": "Dica: Seu próprio Kanban pessoal"}	{"en_US": "<div>\\n    <p class=\\"tip_title\\">Tip: Your Own Personal Kanban</p>\\n    <p class=\\"tip_content\\">Use personal stages to organize your tasks and create your own workflow.</p>\\n    <img src=\\"https://download.odoocdn.com/digests/project/static/src/img/18-project-personal-stages.gif\\" width=\\"540\\" class=\\"illustration_border\\">\\n</div>\\n            ", "es_ES": "<div>\\n    <p class=\\"tip_title\\">Consejo: use su propia vista de kanban</p>\\n    <p class=\\"tip_content\\">Utilice etapas personales para organizar sus tareas y crear su propio flujo de trabajo.</p>\\n    <img src=\\"https://download.odoocdn.com/digests/project/static/src/img/18-project-personal-stages.gif\\" width=\\"540\\" class=\\"illustration_border\\">\\n</div>\\n            ", "pt_PT": "<div>\\n    <p class=\\"tip_title\\">Dica: Seu próprio Kanban pessoal</p>\\n    <p class=\\"tip_content\\">Use estágios pessoais para organizar suas tarefas e criar seu próprio fluxo de trabalho.</p>\\n    <img src=\\"https://download.odoocdn.com/digests/project/static/src/img/18-project-personal-stages.gif\\" width=\\"540\\" class=\\"illustration_border\\">\\n</div>\\n            "}	2026-04-08 08:35:22.624638	2026-04-08 08:35:22.624638
16	3900	49	1	1	{"en_US": "Tip: Project-Specific Fields", "es_ES": "Consejo: campos específicos para sus proyectos", "pt_PT": "Dica: Campos específicos do projeto"}	{"en_US": "<div>\\n    <p class=\\"tip_title\\">Tip: Project-Specific Fields</p>\\n    <p class=\\"tip_content\\">Add project-specific property fields on tasks to customize your project management process.</p>\\n    <img src=\\"https://download.odoocdn.com/digests/project/static/src/img/18-project-property-fields.gif\\" width=\\"540\\" class=\\"illustration_border\\">\\n</div>\\n            ", "es_ES": "<div>\\n    <p class=\\"tip_title\\">Consejo: campos específicos para sus proyectos</p>\\n    <p class=\\"tip_content\\">Añada campos de propiedad específicos al proyecto a las tareas para personalizar su proceso de gestión de proyectos.</p>\\n    <img src=\\"https://download.odoocdn.com/digests/project/static/src/img/18-project-property-fields.gif\\" width=\\"540\\" class=\\"illustration_border\\">\\n</div>\\n            ", "pt_PT": "<div>\\n    <p class=\\"tip_title\\">Dica: Campos específicos do projeto</p>\\n    <p class=\\"tip_content\\">Adicione campos de propriedade específicos do projeto nas tarefas para personalizar seu processo de gerenciamento de projetos.</p>\\n    <img src=\\"https://download.odoocdn.com/digests/project/static/src/img/18-project-property-fields.gif\\" width=\\"540\\" class=\\"illustration_border\\">\\n</div>\\n            "}	2026-04-08 08:35:22.624638	2026-04-08 08:35:22.624638
\.


--
-- Data for Name: digest_tip_res_users_rel; Type: TABLE DATA; Schema: public; Owner: odoo
--

COPY public.digest_tip_res_users_rel (digest_tip_id, res_users_id) FROM stdin;
1	15
8	2
1	18
25	15
1	17
8	8
8	11
1	20
8	13
1	21
1	16
1	19
8	7
1	14
29	2
29	18
29	15
29	17
29	8
1	27
29	23
29	22
29	20
1	13
29	21
29	11
29	16
29	19
29	24
29	7
25	14
1	2
25	18
30	15
25	17
1	25
1	8
2	27
25	20
25	13
25	21
1	11
25	16
25	19
1	7
25	2
2	15
25	25
25	8
3	27
13	13
25	11
25	7
29	48
29	46
29	13
29	47
\.


--
-- Data for Name: discuss_channel; Type: TABLE DATA; Schema: public; Owner: odoo
--

COPY public.discuss_channel (id, parent_channel_id, from_message_id, group_public_id, create_uid, write_uid, name, channel_type, default_display_mode, sfu_channel_uuid, sfu_server_url, uuid, description, active, allow_public_upload, last_interest_dt, create_date, write_date) FROM stdin;
2	\N	\N	4	1	1	Administrators	channel	\N	\N	\N	wxWtPdGwbg	General channel for administrators.	t	f	\N	2026-04-08 08:34:27.650619	2026-04-08 08:34:27.650619
1	\N	\N	1	1	1	general	channel	\N	\N	\N	dmNVv5KZCe	General announcements for all employees.	t	f	\N	2026-04-08 08:34:27.650619	2026-04-08 08:34:27.650619
3	\N	\N	\N	2	2	OdooBot, Administrator	chat	\N	\N	\N	myV64Rk338	\N	t	f	2026-04-08 08:35:37	2026-04-08 08:35:37.297423	2026-04-08 08:35:37.297423
4	\N	\N	\N	6	6	OdooBot, José Ángel Jiménez Medrano	chat	\N	\N	\N	fi7bqudya8	\N	t	f	2026-04-08 08:37:27	2026-04-08 08:37:27.824743	2026-04-08 08:37:27.824743
5	\N	\N	\N	18	18	OdooBot, CAMACHO VARGAS ADRIÁN	chat	\N	\N	\N	katR6GpSL3	\N	t	f	2026-04-14 11:41:49	2026-04-14 11:41:49.538889	2026-04-14 11:41:49.538889
6	\N	\N	\N	19	19	OdooBot, SAGUAR HERNÁIZ VÍCTOR	chat	\N	\N	\N	8usoYmusiH	\N	t	f	2026-04-15 08:20:08	2026-04-15 08:20:08.772012	2026-04-15 08:20:08.772012
7	\N	\N	\N	11	11	OdooBot, Luis Enrique Paz Sánchez	chat	\N	\N	\N	hJ7yGTBPaF	\N	t	f	2026-04-15 10:08:35	2026-04-15 10:08:35.416084	2026-04-15 10:08:35.416084
23	\N	\N	\N	46	46	OdooBot, Sergio Martín Gómez	chat	\N	\N	\N	QTMyoTjjWk	\N	t	f	2026-05-04 08:50:04	2026-05-04 08:50:04.85055	2026-05-04 08:50:04.85055
8	\N	\N	\N	13	13	OdooBot, NOVOA CATUCUAMBA SANTIAGO	chat	\N	\N	\N	vtiPkbdT7j	\N	t	f	2026-04-15 10:15:27	2026-04-15 10:15:27.322262	2026-04-15 10:15:27.322262
9	\N	\N	\N	20	20	OdooBot, NAVARRO GÓMEZ PABLO	chat	\N	\N	\N	bwzI7xxb4C	\N	t	f	2026-04-15 10:20:28	2026-04-15 10:20:28.396198	2026-04-15 10:20:28.396198
24	\N	\N	\N	25	6	JIMÉNEZ MEDRANO JOSÉ ÁNGEL, FERNÁNDEZ MORÍN ÓSCAR	chat	\N	\N	\N	z4InMLtQWm	\N	t	f	\N	2026-05-04 09:00:19.126927	2026-05-04 09:00:19.126927
11	\N	\N	\N	2	23	LÓPEZ PAIVA RUBÉN MATHIAS, Administrator	chat	\N	\N	\N	RQYR83qnRD	\N	t	f	\N	2026-04-15 10:28:36.951456	2026-04-15 10:28:36.951456
12	\N	\N	\N	23	23	OdooBot, LÓPEZ PAIVA RUBÉN MATHIAS	chat	\N	\N	\N	qCwWdFHhuM	\N	t	f	2026-04-15 10:33:50	2026-04-15 10:33:50.413718	2026-04-15 10:33:50.413718
22	\N	\N	\N	\N	\N	OdooBot, Ballesteros Álvaro Nicolas	chat	\N	\N	\N	tegBUYLAXy	\N	t	f	2026-05-04 08:46:43	2026-05-04 08:46:43.954078	2026-05-04 08:46:43.954078
13	\N	\N	\N	25	25	OdooBot, Óscar Fenández Morín	chat	\N	\N	\N	mkC5RAS4M8	\N	t	f	2026-04-15 10:50:05	2026-04-15 10:50:05.229655	2026-04-15 10:50:05.229655
14	\N	\N	\N	21	21	OdooBot, OVIEDO FLEITAS ALEXIS JAVIER	chat	\N	\N	\N	GSGKohyWL4	\N	t	f	2026-04-15 11:08:49	2026-04-15 11:08:49.741794	2026-04-15 11:08:49.741794
15	\N	\N	\N	22	22	OdooBot, MÓSQUEZ BERMEO CARLOS ALBERTO	chat	\N	\N	\N	FeN8SMajMj	\N	t	f	2026-04-16 10:15:35	2026-04-16 10:15:35.557119	2026-04-16 10:15:35.557119
25	\N	\N	\N	48	48	OdooBot, BALLESTEROS ÁLVARO NICOLÁS	chat	\N	\N	\N	ydpqEMy52h	\N	t	f	2026-05-04 10:23:55	2026-05-04 10:23:55.358199	2026-05-04 10:23:55.358199
16	\N	\N	\N	14	14	OdooBot, ÁLVAREZ GIORDANO LUCIANO ALFREDO	chat	\N	\N	\N	hB3NHEKwuk	\N	t	f	2026-04-16 10:19:53	2026-04-16 10:19:53.017524	2026-04-16 10:19:53.017524
17	\N	\N	\N	17	17	OdooBot, DIEZ ROJAS ARIEL	chat	\N	\N	\N	fWwu4c5bHK	\N	t	f	2026-04-16 10:31:53	2026-04-16 10:31:53.485408	2026-04-16 10:31:53.485408
18	\N	\N	\N	24	24	OdooBot, SECO CUMBREÑO DIEGO	chat	\N	\N	\N	A3dV57XPpI	\N	t	f	2026-04-16 12:17:36	2026-04-16 12:17:36.436204	2026-04-16 12:17:36.436204
19	\N	\N	\N	27	27	OdooBot, GONZALEZ ROJAS RANDALL	chat	\N	\N	\N	TFushRAjt5	\N	t	f	2026-04-21 07:44:24	2026-04-21 07:44:24.012129	2026-04-21 07:44:24.012129
10	\N	\N	\N	8	8	OdooBot, GATARIN LASAM ENRIQUE	chat	\N	\N	\N	R8DTjD2TnV	\N	t	f	2026-05-12 10:44:23	2026-04-15 10:22:12.282492	2026-05-12 10:44:23.410081
20	\N	\N	\N	16	16	OdooBot, ROMÁN CIPRIANO ANDRÉS	chat	\N	\N	\N	rYUMdyMIjP	\N	t	f	2026-04-22 10:19:13	2026-04-22 10:19:13.385282	2026-04-22 10:19:13.385282
21	\N	\N	\N	15	15	OdooBot, COSTEA CELI DAVID	chat	\N	\N	\N	knjfRjbPDf	\N	t	f	2026-04-22 10:26:54	2026-04-22 10:26:54.360849	2026-04-22 10:26:54.360849
\.


--
-- Data for Name: discuss_channel_hr_department_rel; Type: TABLE DATA; Schema: public; Owner: odoo
--

COPY public.discuss_channel_hr_department_rel (discuss_channel_id, hr_department_id) FROM stdin;
\.


--
-- Data for Name: discuss_channel_member; Type: TABLE DATA; Schema: public; Owner: odoo
--

COPY public.discuss_channel_member (id, partner_id, guest_id, channel_id, fetched_message_id, seen_message_id, new_message_separator, rtc_inviting_session_id, create_uid, write_uid, custom_channel_name, fold_state, custom_notifications, mute_until_dt, unpin_dt, last_interest_dt, last_seen_dt, create_date, write_date) FROM stdin;
1	3	\N	2	\N	\N	0	\N	1	1	\N	closed	\N	\N	\N	2026-04-08 08:34:30	\N	2026-04-08 08:34:27.650619	2026-04-08 08:34:27.650619
2	7	\N	2	\N	\N	0	\N	1	1	\N	closed	\N	\N	\N	2026-04-08 08:34:30	\N	2026-04-08 08:34:27.650619	2026-04-08 08:34:27.650619
5	2	\N	3	\N	\N	0	\N	2	2	\N	closed	\N	\N	2026-04-08 08:35:37	2026-04-08 08:35:07	\N	2026-04-08 08:35:37.297423	2026-04-08 08:35:37.297423
7	2	\N	4	\N	\N	0	\N	6	6	\N	closed	\N	\N	2026-04-08 08:37:27	2026-04-08 08:36:57	\N	2026-04-08 08:37:27.824743	2026-04-08 08:37:27.824743
9	9	\N	1	\N	\N	0	\N	2	2	\N	closed	\N	\N	\N	2026-04-08 08:37:48	\N	2026-04-08 08:37:47.862683	2026-04-08 08:37:47.862683
10	9	\N	2	\N	\N	0	\N	2	2	\N	closed	\N	\N	\N	2026-04-08 08:37:48	\N	2026-04-08 08:37:47.862683	2026-04-08 08:37:47.862683
6	3	\N	3	31	31	32	\N	2	2	\N	closed	\N	\N	\N	2026-04-08 08:35:37	2026-04-08 08:39:15	2026-04-08 08:35:37.297423	2026-04-08 08:39:15.551944
12	10	\N	2	\N	\N	0	\N	6	6	\N	closed	\N	\N	\N	2026-04-08 08:39:17	\N	2026-04-08 08:39:17.205602	2026-04-08 08:39:17.205602
16	13	\N	2	\N	\N	0	\N	2	2	\N	closed	\N	\N	\N	2026-04-08 08:42:37	\N	2026-04-08 08:42:37.057811	2026-04-08 08:42:37.057811
3	3	\N	1	1	1	2	\N	1	2	\N	closed	\N	\N	\N	2026-04-08 08:34:30	\N	2026-04-08 08:34:27.650619	2026-04-08 08:44:18.562348
17	15	\N	1	\N	\N	0	\N	6	6	\N	closed	\N	\N	\N	2026-04-08 08:44:25	\N	2026-04-08 08:44:25.120354	2026-04-08 08:44:25.120354
19	17	\N	1	\N	\N	0	\N	6	6	\N	closed	\N	\N	\N	2026-04-08 08:47:17	\N	2026-04-08 08:47:17.270394	2026-04-08 08:47:17.270394
22	20	\N	1	\N	\N	0	\N	6	6	\N	closed	\N	\N	\N	2026-04-08 08:53:57	\N	2026-04-08 08:53:57.272195	2026-04-08 08:53:57.272195
29	2	\N	5	\N	\N	0	\N	18	18	\N	closed	\N	\N	2026-04-14 11:41:49	2026-04-14 11:41:19	\N	2026-04-14 11:41:49.538889	2026-04-14 11:41:49.538889
31	2	\N	6	\N	\N	0	\N	19	19	\N	closed	\N	\N	2026-04-15 08:20:08	2026-04-15 08:19:38	\N	2026-04-15 08:20:08.772012	2026-04-15 08:20:08.772012
23	21	\N	1	1	1	2	\N	6	19	\N	closed	\N	\N	\N	2026-04-08 08:55:07	2026-04-15 08:20:17	2026-04-08 08:55:07.483208	2026-04-15 08:20:16.989007
32	21	\N	6	358	358	359	\N	19	19	\N	closed	\N	\N	\N	2026-04-15 08:20:08	2026-04-15 08:20:33	2026-04-15 08:20:08.772012	2026-04-15 08:20:33.611279
8	7	\N	4	33	33	34	\N	6	6	\N	closed	\N	\N	\N	2026-04-08 08:37:27	2026-04-15 08:50:23	2026-04-08 08:37:27.824743	2026-04-15 08:50:23.5016
4	7	\N	1	1	1	2	\N	1	6	\N	closed	\N	\N	\N	2026-04-08 08:34:30	2026-04-15 08:50:29	2026-04-08 08:34:27.650619	2026-04-15 08:50:29.62516
33	2	\N	7	\N	\N	0	\N	11	11	\N	closed	\N	\N	2026-04-15 10:08:35	2026-04-15 10:08:05	\N	2026-04-15 10:08:35.416084	2026-04-15 10:08:35.416084
35	2	\N	8	\N	\N	0	\N	13	13	\N	closed	\N	\N	2026-04-15 10:15:27	2026-04-15 10:14:57	\N	2026-04-15 10:15:27.322262	2026-04-15 10:15:27.322262
36	15	\N	8	\N	\N	0	\N	13	13	\N	closed	\N	\N	\N	2026-04-15 10:15:27	\N	2026-04-15 10:15:27.322262	2026-04-15 10:15:27.322262
37	2	\N	9	\N	\N	0	\N	20	20	\N	closed	\N	\N	2026-04-15 10:20:28	2026-04-15 10:19:58	\N	2026-04-15 10:20:28.396198	2026-04-15 10:20:28.396198
39	2	\N	10	\N	\N	0	\N	8	8	\N	closed	\N	\N	2026-04-15 10:22:12	2026-04-15 10:21:42	\N	2026-04-15 10:22:12.282492	2026-04-15 10:22:12.282492
42	28	\N	11	\N	\N	0	\N	2	2	\N	closed	\N	\N	2026-04-15 10:28:36	2026-04-15 10:28:06	\N	2026-04-15 10:28:36.951456	2026-04-15 10:28:36.951456
59	29	\N	18	469	469	470	\N	24	24	\N	closed	\N	\N	\N	2026-04-16 12:17:36	2026-04-16 12:17:42	2026-04-16 12:17:36.436204	2026-04-16 12:17:42.435584
43	3	\N	11	\N	\N	0	\N	2	2	\N	closed	\N	\N	\N	2026-04-15 10:28:36	\N	2026-04-15 10:28:36.951456	2026-04-15 10:29:22.443325
44	2	\N	12	\N	\N	0	\N	23	23	\N	closed	\N	\N	2026-04-15 10:33:50	2026-04-15 10:33:20	\N	2026-04-15 10:33:50.413718	2026-04-15 10:33:50.413718
45	28	\N	12	393	393	394	\N	23	23	\N	closed	\N	\N	\N	2026-04-15 10:33:50	2026-04-15 10:33:56	2026-04-15 10:33:50.413718	2026-04-15 10:33:56.355535
24	22	\N	1	1	1	2	\N	6	20	\N	closed	\N	\N	\N	2026-04-08 08:56:50	2026-04-15 10:34:02	2026-04-08 08:56:50.352891	2026-04-15 10:34:02.019395
27	28	\N	1	1	1	2	\N	6	23	\N	closed	\N	\N	\N	2026-04-14 08:43:52	2026-04-15 10:34:03	2026-04-14 08:43:52.517716	2026-04-15 10:34:03.595021
38	22	\N	9	379	379	380	\N	20	20	\N	closed	\N	\N	\N	2026-04-15 10:20:28	2026-04-15 10:46:29	2026-04-15 10:20:28.396198	2026-04-15 10:46:29.630017
46	2	\N	13	\N	\N	0	\N	25	25	\N	closed	\N	\N	2026-04-15 10:50:05	2026-04-15 10:49:35	\N	2026-04-15 10:50:05.229655	2026-04-15 10:50:05.229655
48	2	\N	14	\N	\N	0	\N	21	21	\N	closed	\N	\N	2026-04-15 11:08:49	2026-04-15 11:08:19	\N	2026-04-15 11:08:49.741794	2026-04-15 11:08:49.741794
52	2	\N	15	\N	\N	0	\N	22	22	\N	closed	\N	\N	2026-04-16 10:15:35	2026-04-16 10:15:05	\N	2026-04-16 10:15:35.557119	2026-04-16 10:15:35.557119
53	27	\N	15	441	441	442	\N	22	22	\N	closed	\N	\N	\N	2026-04-16 10:15:35	2026-04-16 10:15:41	2026-04-16 10:15:35.557119	2026-04-16 10:15:41.893556
26	27	\N	1	1	1	2	\N	2	22	\N	closed	\N	\N	\N	2026-04-14 08:39:57	2026-04-16 10:15:54	2026-04-14 08:39:57.616861	2026-04-16 10:15:54.072542
54	2	\N	16	\N	\N	0	\N	14	14	\N	closed	\N	\N	2026-04-16 10:19:53	2026-04-16 10:19:23	\N	2026-04-16 10:19:53.017524	2026-04-16 10:19:53.017524
55	16	\N	16	\N	\N	0	\N	14	14	\N	closed	\N	\N	\N	2026-04-16 10:19:53	\N	2026-04-16 10:19:53.017524	2026-04-16 10:19:53.017524
56	2	\N	17	\N	\N	0	\N	17	17	\N	closed	\N	\N	2026-04-16 10:31:53	2026-04-16 10:31:23	\N	2026-04-16 10:31:53.485408	2026-04-16 10:31:53.485408
58	2	\N	18	\N	\N	0	\N	24	24	\N	closed	\N	\N	2026-04-16 12:17:36	2026-04-16 12:17:06	\N	2026-04-16 12:17:36.436204	2026-04-16 12:17:36.436204
28	29	\N	1	1	1	2	\N	6	24	\N	closed	\N	\N	\N	2026-04-14 09:09:50	2026-04-16 12:19:44	2026-04-14 09:09:50.351378	2026-04-16 12:19:44.119452
60	2	\N	19	\N	\N	0	\N	27	27	\N	closed	\N	\N	2026-04-21 07:44:24	2026-04-21 07:43:54	\N	2026-04-21 07:44:24.012129	2026-04-21 07:44:24.012129
61	35	\N	19	493	493	494	\N	27	27	\N	closed	\N	\N	\N	2026-04-21 07:44:24	2026-04-21 07:44:30	2026-04-21 07:44:24.012129	2026-04-21 07:44:30.246506
62	2	\N	20	\N	\N	0	\N	16	16	\N	closed	\N	\N	2026-04-22 10:19:13	2026-04-22 10:18:43	\N	2026-04-22 10:19:13.385282	2026-04-22 10:19:13.385282
63	18	\N	20	495	495	496	\N	16	16	\N	closed	\N	\N	\N	2026-04-22 10:19:13	2026-04-22 10:19:59	2026-04-22 10:19:13.385282	2026-04-22 10:19:59.455025
20	18	\N	1	1	1	2	\N	6	16	\N	closed	\N	\N	\N	2026-04-08 08:49:09	2026-04-22 10:20:05	2026-04-08 08:49:08.872772	2026-04-22 10:20:05.228719
57	19	\N	17	464	464	465	\N	17	17	\N	closed	\N	\N	\N	2026-04-16 10:31:53	2026-04-24 11:49:10	2026-04-16 10:31:53.485408	2026-04-24 11:49:13.752208
64	2	\N	21	\N	\N	0	\N	15	15	\N	closed	\N	\N	2026-04-22 10:26:54	2026-04-22 10:26:24	\N	2026-04-22 10:26:54.360849	2026-04-22 10:26:54.360849
65	17	\N	21	\N	\N	0	\N	15	15	\N	closed	\N	\N	\N	2026-04-22 10:26:54	\N	2026-04-22 10:26:54.360849	2026-04-22 10:26:54.360849
34	13	\N	7	365	365	366	\N	11	11	\N	closed	\N	\N	\N	2026-04-15 10:08:35	2026-04-28 07:24:29	2026-04-15 10:08:35.416084	2026-04-28 07:24:29.145627
21	19	\N	1	1	1	2	\N	6	17	\N	closed	\N	\N	\N	2026-04-08 08:52:14	2026-04-22 10:25:54	2026-04-08 08:52:14.496662	2026-04-24 11:49:08.480066
15	13	\N	1	1	1	2	\N	2	11	\N	closed	\N	\N	\N	2026-04-08 08:42:37	2026-04-28 07:24:37	2026-04-08 08:42:37.057811	2026-04-28 07:24:37.21033
49	23	\N	14	402	402	403	\N	21	21	\N	closed	\N	\N	\N	2026-04-15 11:08:49	2026-05-04 08:23:50	2026-04-15 11:08:49.741794	2026-05-04 08:23:50.838086
25	23	\N	1	1	1	2	\N	6	21	\N	closed	\N	\N	\N	2026-04-08 08:57:52	2026-05-04 08:23:54	2026-04-08 08:57:52.341903	2026-05-04 08:23:54.057546
70	2	\N	23	\N	\N	0	\N	46	46	\N	closed	\N	\N	2026-05-04 08:50:04	2026-05-04 08:49:34	\N	2026-05-04 08:50:04.85055	2026-05-04 08:50:04.85055
71	55	\N	23	\N	\N	0	\N	46	46	\N	closed	\N	\N	\N	2026-05-04 08:50:04	\N	2026-05-04 08:50:04.85055	2026-05-04 08:50:04.85055
41	32	\N	1	1	1	2	\N	6	25	\N	closed	\N	\N	\N	2026-04-15 10:23:29	2026-05-04 08:57:29	2026-04-15 10:23:29.432239	2026-05-04 08:57:28.996403
11	10	\N	1	1	1	2	\N	6	8	\N	closed	\N	\N	\N	2026-04-08 08:38:36	2026-05-04 08:54:07	2026-04-08 08:38:35.913819	2026-05-04 08:54:09.622669
47	32	\N	13	398	398	399	\N	25	25	\N	closed	\N	\N	\N	2026-04-15 10:50:05	2026-05-04 08:59:40	2026-04-15 10:50:05.229655	2026-05-04 08:59:40.750805
72	7	\N	24	\N	\N	0	\N	25	25	\N	closed	\N	\N	2026-05-04 09:00:19	2026-05-04 08:59:49	\N	2026-05-04 09:00:19.126927	2026-05-04 09:00:19.126927
73	32	\N	24	\N	\N	0	\N	25	25	\N	closed	\N	\N	2026-05-04 09:00:23	2026-05-04 09:00:19	\N	2026-05-04 09:00:19.126927	2026-05-04 09:00:23.056526
18	16	\N	1	1	1	2	\N	6	14	\N	closed	\N	\N	\N	2026-04-08 08:45:41	2026-05-04 09:02:31	2026-04-08 08:45:41.005601	2026-05-04 09:02:31.572989
74	58	\N	1	\N	\N	0	\N	11	11	\N	closed	\N	\N	\N	2026-05-04 09:24:47	\N	2026-05-04 09:24:47.147655	2026-05-04 09:24:47.147655
75	58	\N	2	\N	\N	0	\N	11	11	\N	closed	\N	\N	\N	2026-05-04 09:24:47	\N	2026-05-04 09:24:47.147655	2026-05-04 09:24:47.147655
77	2	\N	25	\N	\N	0	\N	48	48	\N	closed	\N	\N	2026-05-04 10:23:55	2026-05-04 10:23:25	\N	2026-05-04 10:23:55.358199	2026-05-04 10:23:55.358199
68	2	\N	22	\N	\N	0	\N	\N	\N	\N	closed	\N	\N	2026-05-04 08:46:43	2026-05-04 08:46:13	\N	2026-05-04 08:46:43.954078	2026-05-04 08:46:43.954078
76	61	\N	1	1	1	2	\N	6	48	\N	closed	\N	\N	\N	2026-05-04 10:22:25	2026-05-04 10:23:58	2026-05-04 10:22:25.018913	2026-05-04 10:23:57.987216
67	55	\N	1	1	1	2	\N	6	46	\N	closed	\N	\N	\N	2026-05-04 08:39:22	2026-05-04 10:25:19	2026-05-04 08:39:22.00411	2026-05-04 10:25:19.674211
78	61	\N	25	658	658	659	\N	48	48	\N	closed	\N	\N	\N	2026-05-04 10:23:55	2026-05-04 10:36:04	2026-05-04 10:23:55.358199	2026-05-04 10:36:04.904791
30	20	\N	5	357	357	358	\N	18	18	\N	closed	\N	\N	\N	2026-04-14 11:41:49	2026-05-07 08:36:11	2026-04-14 11:41:49.538889	2026-05-07 08:36:11.66818
79	28	\N	2	\N	\N	0	\N	2	2	\N	closed	\N	\N	\N	2026-05-07 08:37:37	\N	2026-05-07 08:37:37.065713	2026-05-07 08:37:37.065713
80	27	\N	2	\N	\N	0	\N	8	8	\N	closed	\N	\N	\N	2026-05-08 09:29:23	\N	2026-05-08 09:29:22.947199	2026-05-08 09:29:22.947199
51	35	\N	1	1	1	2	\N	6	27	\N	closed	\N	\N	\N	2026-04-16 09:02:33	2026-05-08 10:46:41	2026-04-16 09:02:32.839478	2026-05-08 10:46:41.834041
81	21	\N	2	\N	\N	0	\N	8	8	\N	closed	\N	\N	\N	2026-05-08 11:03:24	\N	2026-05-08 11:03:24.514484	2026-05-08 11:03:24.514484
40	10	\N	10	2409	2409	2410	\N	8	8	\N	closed	\N	\N	\N	2026-04-15 10:22:12	2026-05-12 10:44:23	2026-04-15 10:22:12.282492	2026-05-12 10:44:23.493821
\.


--
