-- Data for Name: account_tax_filiation_rel; Type: TABLE DATA; Schema: public; Owner: odoo
--

COPY public.account_tax_filiation_rel (parent_tax, child_tax) FROM stdin;
164	52
164	84
165	52
165	87
166	52
166	60
\.


--
-- Data for Name: account_tax_group; Type: TABLE DATA; Schema: public; Owner: odoo
--

COPY public.account_tax_group (id, sequence, company_id, tax_payable_account_id, tax_receivable_account_id, advance_tax_payment_account_id, country_id, create_uid, write_uid, pos_receipt_label, name, preceding_subtotal, create_date, write_date) FROM stdin;
1	10	1	229	220	\N	68	1	1	\N	{"en_US": "Withholding 0%", "es_ES": "Retenciones 0%"}	\N	2026-04-08 08:35:31.66018	2026-04-08 08:35:31.66018
2	10	1	229	220	\N	68	1	1	\N	{"en_US": "Withholding 1%", "es_ES": "Retenciones 1%"}	\N	2026-04-08 08:35:31.66018	2026-04-08 08:35:31.66018
3	10	1	229	220	\N	68	1	1	\N	{"en_US": "Withholding 2%", "es_ES": "Retenciones 2%"}	\N	2026-04-08 08:35:31.66018	2026-04-08 08:35:31.66018
4	10	1	229	220	\N	68	1	1	\N	{"en_US": "Withholding 7%", "es_ES": "Retenciones 7%"}	\N	2026-04-08 08:35:31.66018	2026-04-08 08:35:31.66018
5	10	1	229	220	\N	68	1	1	\N	{"en_US": "Withholding 9%", "es_ES": "Retenciones 9%"}	\N	2026-04-08 08:35:31.66018	2026-04-08 08:35:31.66018
6	10	1	229	220	\N	68	1	1	\N	{"en_US": "Withholding 15%", "es_ES": "Retenciones 15%"}	\N	2026-04-08 08:35:31.66018	2026-04-08 08:35:31.66018
7	10	1	229	220	\N	68	1	1	\N	{"en_US": "Withholding 18%", "es_ES": "Retenciones 18%"}	\N	2026-04-08 08:35:31.66018	2026-04-08 08:35:31.66018
8	10	1	229	220	\N	68	1	1	\N	{"en_US": "Withholding 19%", "es_ES": "Retenciones 19%"}	\N	2026-04-08 08:35:31.66018	2026-04-08 08:35:31.66018
9	10	1	229	220	\N	68	1	1	\N	{"en_US": "Withholding 19.5%", "es_ES": "Retenciones 19,5%"}	\N	2026-04-08 08:35:31.66018	2026-04-08 08:35:31.66018
10	10	1	229	220	\N	68	1	1	\N	{"en_US": "Withholding 20%", "es_ES": "Retenciones 20%"}	\N	2026-04-08 08:35:31.66018	2026-04-08 08:35:31.66018
11	10	1	229	220	\N	68	1	1	\N	{"en_US": "Withholding 21%", "es_ES": "Retenciones 21%"}	\N	2026-04-08 08:35:31.66018	2026-04-08 08:35:31.66018
12	10	1	229	220	\N	68	1	1	\N	{"en_US": "Withholding 24%", "es_ES": "Retenciones 24%"}	\N	2026-04-08 08:35:31.66018	2026-04-08 08:35:31.66018
13	10	1	229	220	\N	68	1	1	\N	{"en_US": "Withholding 35%", "es_ES": "Retenciones 35%"}	\N	2026-04-08 08:35:31.66018	2026-04-08 08:35:31.66018
14	10	1	229	220	\N	68	1	1	\N	{"en_US": "Exempt DUA", "es_ES": "DUA exento"}	\N	2026-04-08 08:35:31.66018	2026-04-08 08:35:31.66018
15	10	1	229	220	\N	68	1	1	\N	{"en_US": "Subtract Base Amount", "es_ES": "Resta Base"}	\N	2026-04-08 08:35:31.66018	2026-04-08 08:35:31.66018
16	10	1	229	220	\N	68	1	1	\N	{"en_US": "VAT 0%", "es_ES": "IVA 0%"}	\N	2026-04-08 08:35:31.66018	2026-04-08 08:35:31.66018
17	10	1	229	220	\N	68	1	1	\N	{"en_US": "VAT equivalence surcharge 0%", "es_ES": "Recargo de Equivalencia 0%"}	\N	2026-04-08 08:35:31.66018	2026-04-08 08:35:31.66018
18	10	1	229	220	\N	68	1	1	\N	{"en_US": "VAT equivalence surcharge 0.26%", "es_ES": "Recargo de Equivalencia 0,26%"}	\N	2026-04-08 08:35:31.66018	2026-04-08 08:35:31.66018
19	10	1	229	220	\N	68	1	1	\N	{"en_US": "VAT equivalence surcharge 0.5%", "es_ES": "Recargo de Equivalencia 0,5%"}	\N	2026-04-08 08:35:31.66018	2026-04-08 08:35:31.66018
20	10	1	229	220	\N	68	1	1	\N	{"en_US": "VAT equivalence surcharge 0.62%", "es_ES": "Recargo de Equivalencia 0,62%"}	\N	2026-04-08 08:35:31.66018	2026-04-08 08:35:31.66018
21	10	1	229	220	\N	68	1	1	\N	{"en_US": "VAT equivalence surcharge 1%", "es_ES": "Recargo de Equivalencia 1%"}	\N	2026-04-08 08:35:31.66018	2026-04-08 08:35:31.66018
22	10	1	229	220	\N	68	1	1	\N	{"en_US": "VAT equivalence surcharge 1.4%", "es_ES": "Recargo de Equivalencia 1,4%"}	\N	2026-04-08 08:35:31.66018	2026-04-08 08:35:31.66018
23	10	1	229	220	\N	68	1	1	\N	{"en_US": "VAT 2%", "es_ES": "IVA 2%"}	\N	2026-04-08 08:35:31.66018	2026-04-08 08:35:31.66018
24	10	1	229	220	\N	68	1	1	\N	{"en_US": "VAT 4%", "es_ES": "IVA 4%"}	\N	2026-04-08 08:35:31.66018	2026-04-08 08:35:31.66018
25	10	1	229	220	\N	68	1	1	\N	{"en_US": "VAT 5%", "es_ES": "IVA 5%"}	\N	2026-04-08 08:35:31.66018	2026-04-08 08:35:31.66018
26	10	1	229	220	\N	68	1	1	\N	{"en_US": "VAT 7.5%", "es_ES": "IVA 7,5%"}	\N	2026-04-08 08:35:31.66018	2026-04-08 08:35:31.66018
27	10	1	229	220	\N	68	1	1	\N	{"en_US": "VAT equivalence surcharge 5.2%", "es_ES": "Recargo de Equivalencia 5,2%"}	\N	2026-04-08 08:35:31.66018	2026-04-08 08:35:31.66018
28	10	1	229	220	\N	68	1	1	\N	{"en_US": "VAT 10%", "es_ES": "IVA 10%"}	\N	2026-04-08 08:35:31.66018	2026-04-08 08:35:31.66018
29	10	1	229	220	\N	68	1	1	\N	{"en_US": "VAT 12%", "es_ES": "IVA 12%"}	\N	2026-04-08 08:35:31.66018	2026-04-08 08:35:31.66018
30	10	1	229	220	\N	68	1	1	\N	{"en_US": "VAT 21%", "es_ES": "IVA 21%"}	\N	2026-04-08 08:35:31.66018	2026-04-08 08:35:31.66018
31	10	1	229	220	\N	68	1	1	\N	{"en_US": "VAT 10,5% REAGYP", "es_ES": "IVA 10,5% REAGYP"}	\N	2026-04-08 08:35:31.66018	2026-04-08 08:35:31.66018
32	10	1	229	220	\N	68	1	1	\N	{"en_US": "VAT exempt", "es_ES": "IVA no deducible"}	\N	2026-04-08 08:35:31.66018	2026-04-08 08:35:31.66018
\.


--
-- Data for Name: account_tax_purchase_order_line_rel; Type: TABLE DATA; Schema: public; Owner: odoo
--

COPY public.account_tax_purchase_order_line_rel (purchase_order_line_id, account_tax_id) FROM stdin;
1824	55
1825	55
1826	55
1827	55
1828	55
1829	55
1830	55
1831	55
1832	55
1833	55
1834	55
1835	55
1836	55
1837	55
1838	55
1839	55
1840	55
1841	55
1842	55
1843	55
1844	55
1845	55
1846	55
1847	55
1848	55
1849	55
1850	55
1851	55
1852	55
1853	55
1854	55
1855	55
1856	55
1857	55
1858	55
1859	55
1860	55
1861	55
1862	55
1863	55
1864	55
1865	55
1866	55
1867	55
1868	55
1869	55
1870	55
1871	55
1872	55
1873	55
1874	55
1875	55
1876	55
1877	55
1878	55
1879	55
1880	55
1881	55
1882	55
1883	55
1884	55
1885	55
1886	55
1887	55
1888	55
1889	55
1890	55
1891	55
1892	55
1893	55
1894	55
1895	55
1896	55
1897	55
1898	55
1899	55
1900	55
1901	55
1902	55
1903	55
1904	55
1905	55
1906	55
1907	55
1908	55
1909	55
1910	55
1911	55
1912	55
1913	55
1914	55
1915	55
1916	55
1917	55
1918	55
1919	55
1920	55
1921	55
1922	55
1923	55
1924	55
1925	55
1926	55
1927	55
1928	55
1929	55
1930	55
1931	55
1932	55
1933	55
1934	55
1935	55
1936	55
1937	55
1938	55
1939	55
1940	55
1941	55
1942	55
1943	55
1944	55
1945	55
1946	55
1947	55
1948	55
1949	55
1950	55
1951	55
1952	55
1953	55
1954	55
1955	55
1956	55
1957	55
1958	55
1959	55
1960	55
1961	55
1962	55
1963	55
1964	55
1965	55
1966	55
1967	55
1968	55
1969	55
1970	55
1971	55
1972	55
1973	55
1974	55
1975	55
1976	55
1977	55
1978	55
1979	55
1980	55
1981	55
1982	55
1983	55
1984	55
1985	55
1986	55
1987	55
1988	55
1989	55
1990	55
1991	55
1992	55
1993	55
1994	55
1995	55
1996	55
1997	55
1998	55
1999	55
2000	55
2001	55
2002	55
2003	55
2004	55
2005	55
2006	55
2007	55
2008	55
2009	55
2010	55
2011	55
2012	55
2013	55
2014	55
2015	55
2016	55
2017	55
2018	55
2019	55
2020	55
2021	55
2022	55
2023	55
2024	55
2025	55
2026	55
2027	55
2028	55
2029	55
2030	55
2031	55
2032	55
2033	55
2034	55
2035	55
2036	55
2037	55
2038	55
2039	55
2040	55
2041	55
2042	55
2043	55
2044	55
2045	55
2046	55
2047	55
2048	55
2049	55
2050	55
2051	55
2052	55
2053	55
2054	55
2055	55
2056	55
2057	55
2058	55
2059	55
2060	55
2061	55
2062	55
2063	55
2064	55
2065	55
2066	55
2067	55
2068	55
2069	55
2070	55
2071	55
2072	55
2073	55
2074	55
2075	55
2076	55
2077	55
2078	55
2079	55
2080	55
2081	55
2082	55
2083	55
2084	55
2085	55
2086	55
2087	55
2088	55
2089	55
2090	55
2091	55
2092	55
2093	55
2094	55
2095	55
2096	55
2097	55
2098	55
2099	55
2100	55
2101	55
2102	55
2103	55
2104	55
2105	55
2106	55
2107	55
2108	55
2109	55
2110	55
2111	55
2112	55
2113	55
2114	55
2115	55
2116	55
2117	55
2118	55
2119	55
2120	55
2121	55
2122	55
2123	55
2124	55
2125	55
2126	55
2127	55
2128	55
2129	55
2130	55
2131	55
2132	55
2133	55
2134	55
2135	55
2136	55
2137	55
2138	55
2139	55
2140	55
2141	55
2142	55
2143	55
2144	55
2145	55
2146	55
2147	55
2148	55
2149	55
2150	55
2151	55
2152	55
2153	55
2154	55
2155	55
2156	55
2157	55
2158	55
2159	55
2160	55
2161	55
2162	55
2163	55
2164	55
2165	55
2166	55
2167	55
2168	55
2169	55
2170	55
2171	55
2172	55
2173	55
2174	55
2175	55
2176	55
2177	55
2178	55
2179	55
2180	55
2181	55
2182	55
2183	55
2184	55
2185	55
2186	55
2187	55
2188	55
2189	55
2190	55
2191	55
2192	55
2193	55
2194	55
2195	55
2196	55
2197	55
2198	55
2199	55
2200	55
2201	55
2202	55
2203	55
2204	55
2205	55
2206	55
2207	55
2208	55
2209	55
2210	55
2211	55
2212	55
2213	55
2214	55
2215	55
2216	55
2217	55
2218	55
2219	55
2220	55
2221	55
2222	55
2223	55
2224	55
2225	55
2226	55
2227	55
2228	55
2229	55
2230	55
2231	55
2232	55
2233	55
2234	55
2235	55
2236	55
2237	55
2238	55
2239	55
2240	55
2241	55
2242	55
2243	55
2244	55
2245	55
2246	55
2247	55
2248	55
2249	55
2250	55
2251	55
2252	55
2253	55
2254	55
2255	55
2256	55
2257	55
2258	55
2259	55
2260	55
2261	55
2262	55
2263	55
2264	55
2265	55
2266	55
2267	55
2268	55
2269	55
2270	55
2271	55
2272	55
2273	55
2274	55
2275	55
2276	55
2277	55
2278	55
2279	55
2280	55
2281	55
2282	55
2283	55
2284	55
2285	55
2286	55
2287	55
2288	55
2289	55
2290	55
2291	55
2292	55
2293	55
2294	55
2295	55
2296	55
2297	55
2298	55
2299	55
2300	55
2301	55
2302	55
2303	55
2304	55
\.


--
-- Data for Name: account_tax_repartition_line; Type: TABLE DATA; Schema: public; Owner: odoo
--

COPY public.account_tax_repartition_line (id, account_id, tax_id, company_id, sequence, create_uid, write_uid, repartition_type, document_type, factor_percent, use_in_tax_closing, create_date, write_date) FROM stdin;
1	\N	1	1	1	1	1	base	invoice	100.000000000000	f	2026-04-08 08:35:31.66018	2026-04-08 08:35:31.66018
2	225	1	1	1	1	1	tax	invoice	100.000000000000	t	2026-04-08 08:35:31.66018	2026-04-08 08:35:31.66018
3	\N	1	1	1	1	1	base	refund	100.000000000000	f	2026-04-08 08:35:31.66018	2026-04-08 08:35:31.66018
4	225	1	1	1	1	1	tax	refund	100.000000000000	t	2026-04-08 08:35:31.66018	2026-04-08 08:35:31.66018
5	\N	2	1	1	1	1	base	invoice	100.000000000000	f	2026-04-08 08:35:31.66018	2026-04-08 08:35:31.66018
6	225	2	1	1	1	1	tax	invoice	100.000000000000	t	2026-04-08 08:35:31.66018	2026-04-08 08:35:31.66018
7	\N	2	1	1	1	1	base	refund	100.000000000000	f	2026-04-08 08:35:31.66018	2026-04-08 08:35:31.66018
8	225	2	1	1	1	1	tax	refund	100.000000000000	t	2026-04-08 08:35:31.66018	2026-04-08 08:35:31.66018
9	\N	3	1	1	1	1	base	invoice	100.000000000000	f	2026-04-08 08:35:31.66018	2026-04-08 08:35:31.66018
10	225	3	1	1	1	1	tax	invoice	100.000000000000	t	2026-04-08 08:35:31.66018	2026-04-08 08:35:31.66018
11	\N	3	1	1	1	1	base	refund	100.000000000000	f	2026-04-08 08:35:31.66018	2026-04-08 08:35:31.66018
12	225	3	1	1	1	1	tax	refund	100.000000000000	t	2026-04-08 08:35:31.66018	2026-04-08 08:35:31.66018
13	\N	4	1	1	1	1	base	invoice	100.000000000000	f	2026-04-08 08:35:31.66018	2026-04-08 08:35:31.66018
14	225	4	1	1	1	1	tax	invoice	100.000000000000	t	2026-04-08 08:35:31.66018	2026-04-08 08:35:31.66018
15	\N	4	1	1	1	1	base	refund	100.000000000000	f	2026-04-08 08:35:31.66018	2026-04-08 08:35:31.66018
16	225	4	1	1	1	1	tax	refund	100.000000000000	t	2026-04-08 08:35:31.66018	2026-04-08 08:35:31.66018
17	\N	5	1	1	1	1	base	invoice	100.000000000000	f	2026-04-08 08:35:31.66018	2026-04-08 08:35:31.66018
18	225	5	1	1	1	1	tax	invoice	100.000000000000	t	2026-04-08 08:35:31.66018	2026-04-08 08:35:31.66018
19	\N	5	1	1	1	1	base	refund	100.000000000000	f	2026-04-08 08:35:31.66018	2026-04-08 08:35:31.66018
20	225	5	1	1	1	1	tax	refund	100.000000000000	t	2026-04-08 08:35:31.66018	2026-04-08 08:35:31.66018
21	\N	6	1	1	1	1	base	invoice	100.000000000000	f	2026-04-08 08:35:31.66018	2026-04-08 08:35:31.66018
22	230	6	1	1	1	1	tax	invoice	100.000000000000	t	2026-04-08 08:35:31.66018	2026-04-08 08:35:31.66018
23	\N	6	1	1	1	1	base	refund	100.000000000000	f	2026-04-08 08:35:31.66018	2026-04-08 08:35:31.66018
24	230	6	1	1	1	1	tax	refund	100.000000000000	t	2026-04-08 08:35:31.66018	2026-04-08 08:35:31.66018
25	\N	7	1	1	1	1	base	invoice	100.000000000000	f	2026-04-08 08:35:31.66018	2026-04-08 08:35:31.66018
26	230	7	1	1	1	1	tax	invoice	100.000000000000	t	2026-04-08 08:35:31.66018	2026-04-08 08:35:31.66018
27	\N	7	1	1	1	1	base	refund	100.000000000000	f	2026-04-08 08:35:31.66018	2026-04-08 08:35:31.66018
28	230	7	1	1	1	1	tax	refund	100.000000000000	t	2026-04-08 08:35:31.66018	2026-04-08 08:35:31.66018
29	\N	8	1	1	1	1	base	invoice	100.000000000000	f	2026-04-08 08:35:31.66018	2026-04-08 08:35:31.66018
30	230	8	1	1	1	1	tax	invoice	100.000000000000	t	2026-04-08 08:35:31.66018	2026-04-08 08:35:31.66018
31	\N	8	1	1	1	1	base	refund	100.000000000000	f	2026-04-08 08:35:31.66018	2026-04-08 08:35:31.66018
32	230	8	1	1	1	1	tax	refund	100.000000000000	t	2026-04-08 08:35:31.66018	2026-04-08 08:35:31.66018
33	\N	9	1	1	1	1	base	invoice	100.000000000000	f	2026-04-08 08:35:31.66018	2026-04-08 08:35:31.66018
34	230	9	1	1	1	1	tax	invoice	100.000000000000	t	2026-04-08 08:35:31.66018	2026-04-08 08:35:31.66018
35	\N	9	1	1	1	1	base	refund	100.000000000000	f	2026-04-08 08:35:31.66018	2026-04-08 08:35:31.66018
36	230	9	1	1	1	1	tax	refund	100.000000000000	t	2026-04-08 08:35:31.66018	2026-04-08 08:35:31.66018
37	\N	10	1	1	1	1	base	invoice	100.000000000000	f	2026-04-08 08:35:31.66018	2026-04-08 08:35:31.66018
38	230	10	1	1	1	1	tax	invoice	100.000000000000	t	2026-04-08 08:35:31.66018	2026-04-08 08:35:31.66018
39	\N	10	1	1	1	1	base	refund	100.000000000000	f	2026-04-08 08:35:31.66018	2026-04-08 08:35:31.66018
40	230	10	1	1	1	1	tax	refund	100.000000000000	t	2026-04-08 08:35:31.66018	2026-04-08 08:35:31.66018
41	\N	11	1	1	1	1	base	invoice	100.000000000000	f	2026-04-08 08:35:31.66018	2026-04-08 08:35:31.66018
42	230	11	1	1	1	1	tax	invoice	100.000000000000	t	2026-04-08 08:35:31.66018	2026-04-08 08:35:31.66018
43	\N	11	1	1	1	1	base	refund	100.000000000000	f	2026-04-08 08:35:31.66018	2026-04-08 08:35:31.66018
44	230	11	1	1	1	1	tax	refund	100.000000000000	t	2026-04-08 08:35:31.66018	2026-04-08 08:35:31.66018
45	\N	12	1	1	1	1	base	invoice	100.000000000000	f	2026-04-08 08:35:31.66018	2026-04-08 08:35:31.66018
46	230	12	1	1	1	1	tax	invoice	100.000000000000	t	2026-04-08 08:35:31.66018	2026-04-08 08:35:31.66018
47	\N	12	1	1	1	1	base	refund	100.000000000000	f	2026-04-08 08:35:31.66018	2026-04-08 08:35:31.66018
48	230	12	1	1	1	1	tax	refund	100.000000000000	t	2026-04-08 08:35:31.66018	2026-04-08 08:35:31.66018
49	\N	13	1	1	1	1	base	invoice	100.000000000000	f	2026-04-08 08:35:31.66018	2026-04-08 08:35:31.66018
50	230	13	1	1	1	1	tax	invoice	100.000000000000	t	2026-04-08 08:35:31.66018	2026-04-08 08:35:31.66018
51	\N	13	1	1	1	1	base	refund	100.000000000000	f	2026-04-08 08:35:31.66018	2026-04-08 08:35:31.66018
52	230	13	1	1	1	1	tax	refund	100.000000000000	t	2026-04-08 08:35:31.66018	2026-04-08 08:35:31.66018
53	\N	14	1	1	1	1	base	invoice	100.000000000000	f	2026-04-08 08:35:31.66018	2026-04-08 08:35:31.66018
54	230	14	1	1	1	1	tax	invoice	100.000000000000	t	2026-04-08 08:35:31.66018	2026-04-08 08:35:31.66018
55	\N	14	1	1	1	1	base	refund	100.000000000000	f	2026-04-08 08:35:31.66018	2026-04-08 08:35:31.66018
56	230	14	1	1	1	1	tax	refund	100.000000000000	t	2026-04-08 08:35:31.66018	2026-04-08 08:35:31.66018
57	\N	15	1	1	1	1	base	invoice	100.000000000000	f	2026-04-08 08:35:31.66018	2026-04-08 08:35:31.66018
58	225	15	1	1	1	1	tax	invoice	100.000000000000	t	2026-04-08 08:35:31.66018	2026-04-08 08:35:31.66018
59	\N	15	1	1	1	1	base	refund	100.000000000000	f	2026-04-08 08:35:31.66018	2026-04-08 08:35:31.66018
60	225	15	1	1	1	1	tax	refund	100.000000000000	t	2026-04-08 08:35:31.66018	2026-04-08 08:35:31.66018
61	\N	16	1	1	1	1	base	invoice	100.000000000000	f	2026-04-08 08:35:31.66018	2026-04-08 08:35:31.66018
62	225	16	1	1	1	1	tax	invoice	100.000000000000	t	2026-04-08 08:35:31.66018	2026-04-08 08:35:31.66018
63	\N	16	1	1	1	1	base	refund	100.000000000000	f	2026-04-08 08:35:31.66018	2026-04-08 08:35:31.66018
64	225	16	1	1	1	1	tax	refund	100.000000000000	t	2026-04-08 08:35:31.66018	2026-04-08 08:35:31.66018
65	\N	17	1	1	1	1	base	invoice	100.000000000000	f	2026-04-08 08:35:31.66018	2026-04-08 08:35:31.66018
66	225	17	1	1	1	1	tax	invoice	100.000000000000	t	2026-04-08 08:35:31.66018	2026-04-08 08:35:31.66018
67	\N	17	1	1	1	1	base	refund	100.000000000000	f	2026-04-08 08:35:31.66018	2026-04-08 08:35:31.66018
68	225	17	1	1	1	1	tax	refund	100.000000000000	t	2026-04-08 08:35:31.66018	2026-04-08 08:35:31.66018
69	\N	18	1	1	1	1	base	invoice	100.000000000000	f	2026-04-08 08:35:31.66018	2026-04-08 08:35:31.66018
70	225	18	1	1	1	1	tax	invoice	100.000000000000	t	2026-04-08 08:35:31.66018	2026-04-08 08:35:31.66018
71	\N	18	1	1	1	1	base	refund	100.000000000000	f	2026-04-08 08:35:31.66018	2026-04-08 08:35:31.66018
72	225	18	1	1	1	1	tax	refund	100.000000000000	t	2026-04-08 08:35:31.66018	2026-04-08 08:35:31.66018
73	\N	19	1	1	1	1	base	invoice	100.000000000000	f	2026-04-08 08:35:31.66018	2026-04-08 08:35:31.66018
74	225	19	1	1	1	1	tax	invoice	100.000000000000	t	2026-04-08 08:35:31.66018	2026-04-08 08:35:31.66018
75	\N	19	1	1	1	1	base	refund	100.000000000000	f	2026-04-08 08:35:31.66018	2026-04-08 08:35:31.66018
76	225	19	1	1	1	1	tax	refund	100.000000000000	t	2026-04-08 08:35:31.66018	2026-04-08 08:35:31.66018
77	\N	20	1	1	1	1	base	invoice	100.000000000000	f	2026-04-08 08:35:31.66018	2026-04-08 08:35:31.66018
78	225	20	1	1	1	1	tax	invoice	100.000000000000	t	2026-04-08 08:35:31.66018	2026-04-08 08:35:31.66018
79	\N	20	1	1	1	1	base	refund	100.000000000000	f	2026-04-08 08:35:31.66018	2026-04-08 08:35:31.66018
80	225	20	1	1	1	1	tax	refund	100.000000000000	t	2026-04-08 08:35:31.66018	2026-04-08 08:35:31.66018
81	\N	21	1	1	1	1	base	invoice	100.000000000000	f	2026-04-08 08:35:31.66018	2026-04-08 08:35:31.66018
82	225	21	1	1	1	1	tax	invoice	100.000000000000	t	2026-04-08 08:35:31.66018	2026-04-08 08:35:31.66018
83	\N	21	1	1	1	1	base	refund	100.000000000000	f	2026-04-08 08:35:31.66018	2026-04-08 08:35:31.66018
84	225	21	1	1	1	1	tax	refund	100.000000000000	t	2026-04-08 08:35:31.66018	2026-04-08 08:35:31.66018
85	\N	22	1	1	1	1	base	invoice	100.000000000000	f	2026-04-08 08:35:31.66018	2026-04-08 08:35:31.66018
86	225	22	1	1	1	1	tax	invoice	100.000000000000	t	2026-04-08 08:35:31.66018	2026-04-08 08:35:31.66018
87	\N	22	1	1	1	1	base	refund	100.000000000000	f	2026-04-08 08:35:31.66018	2026-04-08 08:35:31.66018
88	225	22	1	1	1	1	tax	refund	100.000000000000	t	2026-04-08 08:35:31.66018	2026-04-08 08:35:31.66018
89	\N	23	1	1	1	1	base	invoice	100.000000000000	f	2026-04-08 08:35:31.66018	2026-04-08 08:35:31.66018
90	225	23	1	1	1	1	tax	invoice	100.000000000000	t	2026-04-08 08:35:31.66018	2026-04-08 08:35:31.66018
91	\N	23	1	1	1	1	base	refund	100.000000000000	f	2026-04-08 08:35:31.66018	2026-04-08 08:35:31.66018
92	225	23	1	1	1	1	tax	refund	100.000000000000	t	2026-04-08 08:35:31.66018	2026-04-08 08:35:31.66018
93	\N	24	1	1	1	1	base	invoice	100.000000000000	f	2026-04-08 08:35:31.66018	2026-04-08 08:35:31.66018
94	225	24	1	1	1	1	tax	invoice	100.000000000000	t	2026-04-08 08:35:31.66018	2026-04-08 08:35:31.66018
95	\N	24	1	1	1	1	base	refund	100.000000000000	f	2026-04-08 08:35:31.66018	2026-04-08 08:35:31.66018
96	225	24	1	1	1	1	tax	refund	100.000000000000	t	2026-04-08 08:35:31.66018	2026-04-08 08:35:31.66018
97	\N	25	1	1	1	1	base	invoice	100.000000000000	f	2026-04-08 08:35:31.66018	2026-04-08 08:35:31.66018
98	230	25	1	1	1	1	tax	invoice	100.000000000000	t	2026-04-08 08:35:31.66018	2026-04-08 08:35:31.66018
99	\N	25	1	1	1	1	base	refund	100.000000000000	f	2026-04-08 08:35:31.66018	2026-04-08 08:35:31.66018
100	230	25	1	1	1	1	tax	refund	100.000000000000	t	2026-04-08 08:35:31.66018	2026-04-08 08:35:31.66018
101	\N	26	1	1	1	1	base	invoice	100.000000000000	f	2026-04-08 08:35:31.66018	2026-04-08 08:35:31.66018
102	230	26	1	1	1	1	tax	invoice	100.000000000000	t	2026-04-08 08:35:31.66018	2026-04-08 08:35:31.66018
103	\N	26	1	1	1	1	base	refund	100.000000000000	f	2026-04-08 08:35:31.66018	2026-04-08 08:35:31.66018
104	230	26	1	1	1	1	tax	refund	100.000000000000	t	2026-04-08 08:35:31.66018	2026-04-08 08:35:31.66018
105	\N	27	1	1	1	1	base	invoice	100.000000000000	f	2026-04-08 08:35:31.66018	2026-04-08 08:35:31.66018
106	230	27	1	1	1	1	tax	invoice	100.000000000000	t	2026-04-08 08:35:31.66018	2026-04-08 08:35:31.66018
107	\N	27	1	1	1	1	base	refund	100.000000000000	f	2026-04-08 08:35:31.66018	2026-04-08 08:35:31.66018
108	230	27	1	1	1	1	tax	refund	100.000000000000	t	2026-04-08 08:35:31.66018	2026-04-08 08:35:31.66018
109	\N	28	1	1	1	1	base	invoice	100.000000000000	f	2026-04-08 08:35:31.66018	2026-04-08 08:35:31.66018
110	230	28	1	1	1	1	tax	invoice	100.000000000000	t	2026-04-08 08:35:31.66018	2026-04-08 08:35:31.66018
111	\N	28	1	1	1	1	base	refund	100.000000000000	f	2026-04-08 08:35:31.66018	2026-04-08 08:35:31.66018
112	230	28	1	1	1	1	tax	refund	100.000000000000	t	2026-04-08 08:35:31.66018	2026-04-08 08:35:31.66018
113	\N	29	1	1	1	1	base	invoice	100.000000000000	f	2026-04-08 08:35:31.66018	2026-04-08 08:35:31.66018
114	230	29	1	1	1	1	tax	invoice	100.000000000000	t	2026-04-08 08:35:31.66018	2026-04-08 08:35:31.66018
115	\N	29	1	1	1	1	base	refund	100.000000000000	f	2026-04-08 08:35:31.66018	2026-04-08 08:35:31.66018
116	230	29	1	1	1	1	tax	refund	100.000000000000	t	2026-04-08 08:35:31.66018	2026-04-08 08:35:31.66018
117	\N	30	1	1	1	1	base	invoice	100.000000000000	f	2026-04-08 08:35:31.66018	2026-04-08 08:35:31.66018
118	230	30	1	1	1	1	tax	invoice	100.000000000000	t	2026-04-08 08:35:31.66018	2026-04-08 08:35:31.66018
119	\N	30	1	1	1	1	base	refund	100.000000000000	f	2026-04-08 08:35:31.66018	2026-04-08 08:35:31.66018
120	230	30	1	1	1	1	tax	refund	100.000000000000	t	2026-04-08 08:35:31.66018	2026-04-08 08:35:31.66018
121	\N	31	1	1	1	1	base	invoice	100.000000000000	f	2026-04-08 08:35:31.66018	2026-04-08 08:35:31.66018
122	230	31	1	1	1	1	tax	invoice	100.000000000000	t	2026-04-08 08:35:31.66018	2026-04-08 08:35:31.66018
123	\N	31	1	1	1	1	base	refund	100.000000000000	f	2026-04-08 08:35:31.66018	2026-04-08 08:35:31.66018
124	230	31	1	1	1	1	tax	refund	100.000000000000	t	2026-04-08 08:35:31.66018	2026-04-08 08:35:31.66018
125	\N	32	1	1	1	1	base	invoice	100.000000000000	f	2026-04-08 08:35:31.66018	2026-04-08 08:35:31.66018
126	230	32	1	1	1	1	tax	invoice	100.000000000000	t	2026-04-08 08:35:31.66018	2026-04-08 08:35:31.66018
127	\N	32	1	1	1	1	base	refund	100.000000000000	f	2026-04-08 08:35:31.66018	2026-04-08 08:35:31.66018
128	230	32	1	1	1	1	tax	refund	100.000000000000	t	2026-04-08 08:35:31.66018	2026-04-08 08:35:31.66018
129	\N	33	1	1	1	1	base	invoice	100.000000000000	f	2026-04-08 08:35:31.66018	2026-04-08 08:35:31.66018
130	230	33	1	1	1	1	tax	invoice	100.000000000000	t	2026-04-08 08:35:31.66018	2026-04-08 08:35:31.66018
131	\N	33	1	1	1	1	base	refund	100.000000000000	f	2026-04-08 08:35:31.66018	2026-04-08 08:35:31.66018
132	230	33	1	1	1	1	tax	refund	100.000000000000	t	2026-04-08 08:35:31.66018	2026-04-08 08:35:31.66018
133	\N	34	1	1	1	1	base	invoice	100.000000000000	f	2026-04-08 08:35:31.66018	2026-04-08 08:35:31.66018
134	230	34	1	1	1	1	tax	invoice	100.000000000000	t	2026-04-08 08:35:31.66018	2026-04-08 08:35:31.66018
135	\N	34	1	1	1	1	base	refund	100.000000000000	f	2026-04-08 08:35:31.66018	2026-04-08 08:35:31.66018
136	230	34	1	1	1	1	tax	refund	100.000000000000	t	2026-04-08 08:35:31.66018	2026-04-08 08:35:31.66018
137	\N	35	1	1	1	1	base	invoice	100.000000000000	f	2026-04-08 08:35:31.66018	2026-04-08 08:35:31.66018
138	230	35	1	1	1	1	tax	invoice	100.000000000000	t	2026-04-08 08:35:31.66018	2026-04-08 08:35:31.66018
139	\N	35	1	1	1	1	base	refund	100.000000000000	f	2026-04-08 08:35:31.66018	2026-04-08 08:35:31.66018
140	230	35	1	1	1	1	tax	refund	100.000000000000	t	2026-04-08 08:35:31.66018	2026-04-08 08:35:31.66018
141	\N	36	1	1	1	1	base	invoice	100.000000000000	f	2026-04-08 08:35:31.66018	2026-04-08 08:35:31.66018
142	230	36	1	1	1	1	tax	invoice	100.000000000000	t	2026-04-08 08:35:31.66018	2026-04-08 08:35:31.66018
143	\N	36	1	1	1	1	base	refund	100.000000000000	f	2026-04-08 08:35:31.66018	2026-04-08 08:35:31.66018
144	230	36	1	1	1	1	tax	refund	100.000000000000	t	2026-04-08 08:35:31.66018	2026-04-08 08:35:31.66018
145	\N	37	1	1	1	1	base	invoice	100.000000000000	f	2026-04-08 08:35:31.66018	2026-04-08 08:35:31.66018
146	230	37	1	1	1	1	tax	invoice	100.000000000000	t	2026-04-08 08:35:31.66018	2026-04-08 08:35:31.66018
147	\N	37	1	1	1	1	base	refund	100.000000000000	f	2026-04-08 08:35:31.66018	2026-04-08 08:35:31.66018
148	230	37	1	1	1	1	tax	refund	100.000000000000	t	2026-04-08 08:35:31.66018	2026-04-08 08:35:31.66018
149	\N	38	1	1	1	1	base	invoice	100.000000000000	f	2026-04-08 08:35:31.66018	2026-04-08 08:35:31.66018
150	230	38	1	1	1	1	tax	invoice	100.000000000000	t	2026-04-08 08:35:31.66018	2026-04-08 08:35:31.66018
151	\N	38	1	1	1	1	base	refund	100.000000000000	f	2026-04-08 08:35:31.66018	2026-04-08 08:35:31.66018
152	230	38	1	1	1	1	tax	refund	100.000000000000	t	2026-04-08 08:35:31.66018	2026-04-08 08:35:31.66018
153	\N	39	1	1	1	1	base	invoice	100.000000000000	f	2026-04-08 08:35:31.66018	2026-04-08 08:35:31.66018
154	230	39	1	1	1	1	tax	invoice	100.000000000000	t	2026-04-08 08:35:31.66018	2026-04-08 08:35:31.66018
155	\N	39	1	1	1	1	base	refund	100.000000000000	f	2026-04-08 08:35:31.66018	2026-04-08 08:35:31.66018
156	230	39	1	1	1	1	tax	refund	100.000000000000	t	2026-04-08 08:35:31.66018	2026-04-08 08:35:31.66018
157	\N	40	1	1	1	1	base	invoice	100.000000000000	f	2026-04-08 08:35:31.66018	2026-04-08 08:35:31.66018
158	230	40	1	1	1	1	tax	invoice	100.000000000000	t	2026-04-08 08:35:31.66018	2026-04-08 08:35:31.66018
159	\N	40	1	1	1	1	base	refund	100.000000000000	f	2026-04-08 08:35:31.66018	2026-04-08 08:35:31.66018
160	230	40	1	1	1	1	tax	refund	100.000000000000	t	2026-04-08 08:35:31.66018	2026-04-08 08:35:31.66018
161	\N	41	1	1	1	1	base	invoice	100.000000000000	f	2026-04-08 08:35:31.66018	2026-04-08 08:35:31.66018
162	230	41	1	1	1	1	tax	invoice	100.000000000000	t	2026-04-08 08:35:31.66018	2026-04-08 08:35:31.66018
163	\N	41	1	1	1	1	base	refund	100.000000000000	f	2026-04-08 08:35:31.66018	2026-04-08 08:35:31.66018
164	230	41	1	1	1	1	tax	refund	100.000000000000	t	2026-04-08 08:35:31.66018	2026-04-08 08:35:31.66018
165	\N	42	1	1	1	1	base	invoice	100.000000000000	f	2026-04-08 08:35:31.66018	2026-04-08 08:35:31.66018
166	225	42	1	1	1	1	tax	invoice	100.000000000000	t	2026-04-08 08:35:31.66018	2026-04-08 08:35:31.66018
167	\N	42	1	1	1	1	base	refund	100.000000000000	f	2026-04-08 08:35:31.66018	2026-04-08 08:35:31.66018
168	225	42	1	1	1	1	tax	refund	100.000000000000	t	2026-04-08 08:35:31.66018	2026-04-08 08:35:31.66018
169	\N	43	1	1	1	1	base	invoice	100.000000000000	f	2026-04-08 08:35:31.66018	2026-04-08 08:35:31.66018
170	230	43	1	1	1	1	tax	invoice	100.000000000000	t	2026-04-08 08:35:31.66018	2026-04-08 08:35:31.66018
171	\N	43	1	1	1	1	base	refund	100.000000000000	f	2026-04-08 08:35:31.66018	2026-04-08 08:35:31.66018
172	230	43	1	1	1	1	tax	refund	100.000000000000	t	2026-04-08 08:35:31.66018	2026-04-08 08:35:31.66018
173	\N	44	1	1	1	1	base	invoice	100.000000000000	f	2026-04-08 08:35:31.66018	2026-04-08 08:35:31.66018
174	225	44	1	1	1	1	tax	invoice	100.000000000000	t	2026-04-08 08:35:31.66018	2026-04-08 08:35:31.66018
175	\N	44	1	1	1	1	base	refund	100.000000000000	f	2026-04-08 08:35:31.66018	2026-04-08 08:35:31.66018
176	225	44	1	1	1	1	tax	refund	100.000000000000	t	2026-04-08 08:35:31.66018	2026-04-08 08:35:31.66018
177	\N	45	1	1	1	1	base	invoice	100.000000000000	f	2026-04-08 08:35:31.66018	2026-04-08 08:35:31.66018
178	230	45	1	1	1	1	tax	invoice	100.000000000000	t	2026-04-08 08:35:31.66018	2026-04-08 08:35:31.66018
179	\N	45	1	1	1	1	base	refund	100.000000000000	f	2026-04-08 08:35:31.66018	2026-04-08 08:35:31.66018
180	230	45	1	1	1	1	tax	refund	100.000000000000	t	2026-04-08 08:35:31.66018	2026-04-08 08:35:31.66018
181	\N	46	1	1	1	1	base	invoice	100.000000000000	f	2026-04-08 08:35:31.66018	2026-04-08 08:35:31.66018
182	225	46	1	1	1	1	tax	invoice	100.000000000000	t	2026-04-08 08:35:31.66018	2026-04-08 08:35:31.66018
183	\N	46	1	1	1	1	base	refund	100.000000000000	f	2026-04-08 08:35:31.66018	2026-04-08 08:35:31.66018
184	225	46	1	1	1	1	tax	refund	100.000000000000	t	2026-04-08 08:35:31.66018	2026-04-08 08:35:31.66018
185	\N	47	1	1	1	1	base	invoice	100.000000000000	f	2026-04-08 08:35:31.66018	2026-04-08 08:35:31.66018
186	230	47	1	1	1	1	tax	invoice	100.000000000000	t	2026-04-08 08:35:31.66018	2026-04-08 08:35:31.66018
187	\N	47	1	1	1	1	base	refund	100.000000000000	f	2026-04-08 08:35:31.66018	2026-04-08 08:35:31.66018
188	230	47	1	1	1	1	tax	refund	100.000000000000	t	2026-04-08 08:35:31.66018	2026-04-08 08:35:31.66018
189	\N	48	1	1	1	1	base	invoice	100.000000000000	f	2026-04-08 08:35:31.66018	2026-04-08 08:35:31.66018
190	225	48	1	1	1	1	tax	invoice	100.000000000000	t	2026-04-08 08:35:31.66018	2026-04-08 08:35:31.66018
191	\N	48	1	1	1	1	base	refund	100.000000000000	f	2026-04-08 08:35:31.66018	2026-04-08 08:35:31.66018
192	225	48	1	1	1	1	tax	refund	100.000000000000	t	2026-04-08 08:35:31.66018	2026-04-08 08:35:31.66018
193	\N	49	1	1	1	1	base	invoice	100.000000000000	f	2026-04-08 08:35:31.66018	2026-04-08 08:35:31.66018
194	230	49	1	1	1	1	tax	invoice	100.000000000000	t	2026-04-08 08:35:31.66018	2026-04-08 08:35:31.66018
195	\N	49	1	1	1	1	base	refund	100.000000000000	f	2026-04-08 08:35:31.66018	2026-04-08 08:35:31.66018
196	230	49	1	1	1	1	tax	refund	100.000000000000	t	2026-04-08 08:35:31.66018	2026-04-08 08:35:31.66018
197	\N	50	1	1	1	1	base	invoice	100.000000000000	f	2026-04-08 08:35:31.66018	2026-04-08 08:35:31.66018
198	\N	50	1	1	1	1	tax	invoice	100.000000000000	f	2026-04-08 08:35:31.66018	2026-04-08 08:35:31.66018
199	\N	50	1	1	1	1	base	refund	100.000000000000	f	2026-04-08 08:35:31.66018	2026-04-08 08:35:31.66018
200	\N	50	1	1	1	1	tax	refund	100.000000000000	f	2026-04-08 08:35:31.66018	2026-04-08 08:35:31.66018
201	\N	51	1	1	1	1	base	invoice	100.000000000000	f	2026-04-08 08:35:31.66018	2026-04-08 08:35:31.66018
202	\N	51	1	1	1	1	tax	invoice	100.000000000000	f	2026-04-08 08:35:31.66018	2026-04-08 08:35:31.66018
203	\N	51	1	1	1	1	base	refund	100.000000000000	f	2026-04-08 08:35:31.66018	2026-04-08 08:35:31.66018
204	\N	51	1	1	1	1	tax	refund	100.000000000000	f	2026-04-08 08:35:31.66018	2026-04-08 08:35:31.66018
205	\N	52	1	1	1	1	base	invoice	100.000000000000	f	2026-04-08 08:35:31.66018	2026-04-08 08:35:31.66018
206	\N	52	1	1	1	1	tax	invoice	100.000000000000	f	2026-04-08 08:35:31.66018	2026-04-08 08:35:31.66018
207	\N	52	1	1	1	1	base	refund	100.000000000000	f	2026-04-08 08:35:31.66018	2026-04-08 08:35:31.66018
208	\N	52	1	1	1	1	tax	refund	100.000000000000	f	2026-04-08 08:35:31.66018	2026-04-08 08:35:31.66018
209	\N	53	1	1	1	1	base	invoice	100.000000000000	f	2026-04-08 08:35:31.66018	2026-04-08 08:35:31.66018
210	235	53	1	1	1	1	tax	invoice	100.000000000000	t	2026-04-08 08:35:31.66018	2026-04-08 08:35:31.66018
211	\N	53	1	1	1	1	base	refund	100.000000000000	f	2026-04-08 08:35:31.66018	2026-04-08 08:35:31.66018
212	235	53	1	1	1	1	tax	refund	100.000000000000	t	2026-04-08 08:35:31.66018	2026-04-08 08:35:31.66018
213	\N	54	1	1	1	1	base	invoice	100.000000000000	f	2026-04-08 08:35:31.66018	2026-04-08 08:35:31.66018
214	235	54	1	1	1	1	tax	invoice	100.000000000000	t	2026-04-08 08:35:31.66018	2026-04-08 08:35:31.66018
215	\N	54	1	1	1	1	base	refund	100.000000000000	f	2026-04-08 08:35:31.66018	2026-04-08 08:35:31.66018
216	235	54	1	1	1	1	tax	refund	100.000000000000	t	2026-04-08 08:35:31.66018	2026-04-08 08:35:31.66018
217	\N	55	1	1	1	1	base	invoice	100.000000000000	f	2026-04-08 08:35:31.66018	2026-04-08 08:35:31.66018
218	224	55	1	1	1	1	tax	invoice	100.000000000000	t	2026-04-08 08:35:31.66018	2026-04-08 08:35:31.66018
219	\N	55	1	1	1	1	base	refund	100.000000000000	f	2026-04-08 08:35:31.66018	2026-04-08 08:35:31.66018
220	224	55	1	1	1	1	tax	refund	100.000000000000	t	2026-04-08 08:35:31.66018	2026-04-08 08:35:31.66018
221	\N	56	1	1	1	1	base	invoice	100.000000000000	f	2026-04-08 08:35:31.66018	2026-04-08 08:35:31.66018
222	224	56	1	1	1	1	tax	invoice	100.000000000000	t	2026-04-08 08:35:31.66018	2026-04-08 08:35:31.66018
223	\N	56	1	1	1	1	base	refund	100.000000000000	f	2026-04-08 08:35:31.66018	2026-04-08 08:35:31.66018
224	224	56	1	1	1	1	tax	refund	100.000000000000	t	2026-04-08 08:35:31.66018	2026-04-08 08:35:31.66018
225	\N	57	1	1	1	1	base	invoice	100.000000000000	f	2026-04-08 08:35:31.66018	2026-04-08 08:35:31.66018
226	224	57	1	1	1	1	tax	invoice	100.000000000000	t	2026-04-08 08:35:31.66018	2026-04-08 08:35:31.66018
227	235	57	1	1	1	1	tax	invoice	-100.000000000000	t	2026-04-08 08:35:31.66018	2026-04-08 08:35:31.66018
228	\N	57	1	1	1	1	base	refund	100.000000000000	f	2026-04-08 08:35:31.66018	2026-04-08 08:35:31.66018
229	224	57	1	1	1	1	tax	refund	100.000000000000	t	2026-04-08 08:35:31.66018	2026-04-08 08:35:31.66018
230	235	57	1	1	1	1	tax	refund	-100.000000000000	t	2026-04-08 08:35:31.66018	2026-04-08 08:35:31.66018
231	\N	58	1	1	1	1	base	invoice	100.000000000000	f	2026-04-08 08:35:31.66018	2026-04-08 08:35:31.66018
232	224	58	1	1	1	1	tax	invoice	100.000000000000	t	2026-04-08 08:35:31.66018	2026-04-08 08:35:31.66018
233	235	58	1	1	1	1	tax	invoice	-100.000000000000	t	2026-04-08 08:35:31.66018	2026-04-08 08:35:31.66018
234	\N	58	1	1	1	1	base	refund	100.000000000000	f	2026-04-08 08:35:31.66018	2026-04-08 08:35:31.66018
235	224	58	1	1	1	1	tax	refund	100.000000000000	t	2026-04-08 08:35:31.66018	2026-04-08 08:35:31.66018
236	235	58	1	1	1	1	tax	refund	-100.000000000000	t	2026-04-08 08:35:31.66018	2026-04-08 08:35:31.66018
237	\N	59	1	1	1	1	base	invoice	100.000000000000	f	2026-04-08 08:35:31.66018	2026-04-08 08:35:31.66018
238	224	59	1	1	1	1	tax	invoice	100.000000000000	t	2026-04-08 08:35:31.66018	2026-04-08 08:35:31.66018
239	235	59	1	1	1	1	tax	invoice	-100.000000000000	t	2026-04-08 08:35:31.66018	2026-04-08 08:35:31.66018
240	\N	59	1	1	1	1	base	refund	100.000000000000	f	2026-04-08 08:35:31.66018	2026-04-08 08:35:31.66018
241	224	59	1	1	1	1	tax	refund	100.000000000000	t	2026-04-08 08:35:31.66018	2026-04-08 08:35:31.66018
242	235	59	1	1	1	1	tax	refund	-100.000000000000	t	2026-04-08 08:35:31.66018	2026-04-08 08:35:31.66018
243	\N	60	1	1	1	1	base	invoice	100.000000000000	f	2026-04-08 08:35:31.66018	2026-04-08 08:35:31.66018
244	224	60	1	1	1	1	tax	invoice	100.000000000000	t	2026-04-08 08:35:31.66018	2026-04-08 08:35:31.66018
245	\N	60	1	1	1	1	base	refund	100.000000000000	f	2026-04-08 08:35:31.66018	2026-04-08 08:35:31.66018
246	224	60	1	1	1	1	tax	refund	100.000000000000	t	2026-04-08 08:35:31.66018	2026-04-08 08:35:31.66018
247	\N	61	1	1	1	1	base	invoice	100.000000000000	f	2026-04-08 08:35:31.66018	2026-04-08 08:35:31.66018
248	224	61	1	1	1	1	tax	invoice	100.000000000000	t	2026-04-08 08:35:31.66018	2026-04-08 08:35:31.66018
249	\N	61	1	1	1	1	base	refund	100.000000000000	f	2026-04-08 08:35:31.66018	2026-04-08 08:35:31.66018
250	224	61	1	1	1	1	tax	refund	100.000000000000	t	2026-04-08 08:35:31.66018	2026-04-08 08:35:31.66018
251	\N	62	1	1	1	1	base	invoice	100.000000000000	f	2026-04-08 08:35:31.66018	2026-04-08 08:35:31.66018
252	224	62	1	1	1	1	tax	invoice	100.000000000000	t	2026-04-08 08:35:31.66018	2026-04-08 08:35:31.66018
253	235	62	1	1	1	1	tax	invoice	-100.000000000000	t	2026-04-08 08:35:31.66018	2026-04-08 08:35:31.66018
254	\N	62	1	1	1	1	base	refund	100.000000000000	f	2026-04-08 08:35:31.66018	2026-04-08 08:35:31.66018
255	224	62	1	1	1	1	tax	refund	100.000000000000	t	2026-04-08 08:35:31.66018	2026-04-08 08:35:31.66018
256	235	62	1	1	1	1	tax	refund	-100.000000000000	t	2026-04-08 08:35:31.66018	2026-04-08 08:35:31.66018
257	\N	63	1	1	1	1	base	invoice	100.000000000000	f	2026-04-08 08:35:31.66018	2026-04-08 08:35:31.66018
258	224	63	1	1	1	1	tax	invoice	100.000000000000	t	2026-04-08 08:35:31.66018	2026-04-08 08:35:31.66018
259	235	63	1	1	1	1	tax	invoice	-100.000000000000	t	2026-04-08 08:35:31.66018	2026-04-08 08:35:31.66018
260	\N	63	1	1	1	1	base	refund	100.000000000000	f	2026-04-08 08:35:31.66018	2026-04-08 08:35:31.66018
261	224	63	1	1	1	1	tax	refund	100.000000000000	t	2026-04-08 08:35:31.66018	2026-04-08 08:35:31.66018
262	235	63	1	1	1	1	tax	refund	-100.000000000000	t	2026-04-08 08:35:31.66018	2026-04-08 08:35:31.66018
263	\N	64	1	1	1	1	base	invoice	100.000000000000	f	2026-04-08 08:35:31.66018	2026-04-08 08:35:31.66018
264	224	64	1	1	1	1	tax	invoice	100.000000000000	t	2026-04-08 08:35:31.66018	2026-04-08 08:35:31.66018
265	235	64	1	1	1	1	tax	invoice	-100.000000000000	t	2026-04-08 08:35:31.66018	2026-04-08 08:35:31.66018
266	\N	64	1	1	1	1	base	refund	100.000000000000	f	2026-04-08 08:35:31.66018	2026-04-08 08:35:31.66018
267	224	64	1	1	1	1	tax	refund	100.000000000000	t	2026-04-08 08:35:31.66018	2026-04-08 08:35:31.66018
268	235	64	1	1	1	1	tax	refund	-100.000000000000	t	2026-04-08 08:35:31.66018	2026-04-08 08:35:31.66018
269	\N	65	1	1	1	1	base	invoice	100.000000000000	f	2026-04-08 08:35:31.66018	2026-04-08 08:35:31.66018
270	224	65	1	1	1	1	tax	invoice	100.000000000000	t	2026-04-08 08:35:31.66018	2026-04-08 08:35:31.66018
271	235	65	1	1	1	1	tax	invoice	-100.000000000000	t	2026-04-08 08:35:31.66018	2026-04-08 08:35:31.66018
272	\N	65	1	1	1	1	base	refund	100.000000000000	f	2026-04-08 08:35:31.66018	2026-04-08 08:35:31.66018
273	224	65	1	1	1	1	tax	refund	100.000000000000	t	2026-04-08 08:35:31.66018	2026-04-08 08:35:31.66018
274	235	65	1	1	1	1	tax	refund	-100.000000000000	t	2026-04-08 08:35:31.66018	2026-04-08 08:35:31.66018
275	\N	66	1	1	1	1	base	invoice	100.000000000000	f	2026-04-08 08:35:31.66018	2026-04-08 08:35:31.66018
276	224	66	1	1	1	1	tax	invoice	100.000000000000	t	2026-04-08 08:35:31.66018	2026-04-08 08:35:31.66018
277	235	66	1	1	1	1	tax	invoice	-100.000000000000	t	2026-04-08 08:35:31.66018	2026-04-08 08:35:31.66018
278	\N	66	1	1	1	1	base	refund	100.000000000000	f	2026-04-08 08:35:31.66018	2026-04-08 08:35:31.66018
279	224	66	1	1	1	1	tax	refund	100.000000000000	t	2026-04-08 08:35:31.66018	2026-04-08 08:35:31.66018
280	235	66	1	1	1	1	tax	refund	-100.000000000000	t	2026-04-08 08:35:31.66018	2026-04-08 08:35:31.66018
281	\N	67	1	1	1	1	base	invoice	100.000000000000	f	2026-04-08 08:35:31.66018	2026-04-08 08:35:31.66018
282	224	67	1	1	1	1	tax	invoice	100.000000000000	t	2026-04-08 08:35:31.66018	2026-04-08 08:35:31.66018
283	235	67	1	1	1	1	tax	invoice	-100.000000000000	t	2026-04-08 08:35:31.66018	2026-04-08 08:35:31.66018
284	\N	67	1	1	1	1	base	refund	100.000000000000	f	2026-04-08 08:35:31.66018	2026-04-08 08:35:31.66018
285	224	67	1	1	1	1	tax	refund	100.000000000000	t	2026-04-08 08:35:31.66018	2026-04-08 08:35:31.66018
286	235	67	1	1	1	1	tax	refund	-100.000000000000	t	2026-04-08 08:35:31.66018	2026-04-08 08:35:31.66018
287	\N	68	1	1	1	1	base	invoice	100.000000000000	f	2026-04-08 08:35:31.66018	2026-04-08 08:35:31.66018
288	224	68	1	1	1	1	tax	invoice	100.000000000000	t	2026-04-08 08:35:31.66018	2026-04-08 08:35:31.66018
289	235	68	1	1	1	1	tax	invoice	-100.000000000000	t	2026-04-08 08:35:31.66018	2026-04-08 08:35:31.66018
290	\N	68	1	1	1	1	base	refund	100.000000000000	f	2026-04-08 08:35:31.66018	2026-04-08 08:35:31.66018
291	224	68	1	1	1	1	tax	refund	100.000000000000	t	2026-04-08 08:35:31.66018	2026-04-08 08:35:31.66018
292	235	68	1	1	1	1	tax	refund	-100.000000000000	t	2026-04-08 08:35:31.66018	2026-04-08 08:35:31.66018
293	\N	69	1	1	1	1	base	invoice	100.000000000000	f	2026-04-08 08:35:31.66018	2026-04-08 08:35:31.66018
294	224	69	1	1	1	1	tax	invoice	100.000000000000	t	2026-04-08 08:35:31.66018	2026-04-08 08:35:31.66018
295	235	69	1	1	1	1	tax	invoice	-100.000000000000	t	2026-04-08 08:35:31.66018	2026-04-08 08:35:31.66018
296	\N	69	1	1	1	1	base	refund	100.000000000000	f	2026-04-08 08:35:31.66018	2026-04-08 08:35:31.66018
297	224	69	1	1	1	1	tax	refund	100.000000000000	t	2026-04-08 08:35:31.66018	2026-04-08 08:35:31.66018
298	235	69	1	1	1	1	tax	refund	-100.000000000000	t	2026-04-08 08:35:31.66018	2026-04-08 08:35:31.66018
299	\N	70	1	1	1	1	base	invoice	100.000000000000	f	2026-04-08 08:35:31.66018	2026-04-08 08:35:31.66018
300	224	70	1	1	1	1	tax	invoice	100.000000000000	t	2026-04-08 08:35:31.66018	2026-04-08 08:35:31.66018
301	235	70	1	1	1	1	tax	invoice	-100.000000000000	t	2026-04-08 08:35:31.66018	2026-04-08 08:35:31.66018
302	\N	70	1	1	1	1	base	refund	100.000000000000	f	2026-04-08 08:35:31.66018	2026-04-08 08:35:31.66018
303	224	70	1	1	1	1	tax	refund	100.000000000000	t	2026-04-08 08:35:31.66018	2026-04-08 08:35:31.66018
304	235	70	1	1	1	1	tax	refund	-100.000000000000	t	2026-04-08 08:35:31.66018	2026-04-08 08:35:31.66018
305	\N	71	1	1	1	1	base	invoice	100.000000000000	f	2026-04-08 08:35:31.66018	2026-04-08 08:35:31.66018
306	224	71	1	1	1	1	tax	invoice	100.000000000000	t	2026-04-08 08:35:31.66018	2026-04-08 08:35:31.66018
307	235	71	1	1	1	1	tax	invoice	-100.000000000000	t	2026-04-08 08:35:31.66018	2026-04-08 08:35:31.66018
308	\N	71	1	1	1	1	base	refund	100.000000000000	f	2026-04-08 08:35:31.66018	2026-04-08 08:35:31.66018
309	224	71	1	1	1	1	tax	refund	100.000000000000	t	2026-04-08 08:35:31.66018	2026-04-08 08:35:31.66018
310	235	71	1	1	1	1	tax	refund	-100.000000000000	t	2026-04-08 08:35:31.66018	2026-04-08 08:35:31.66018
311	\N	72	1	1	1	1	base	invoice	100.000000000000	f	2026-04-08 08:35:31.66018	2026-04-08 08:35:31.66018
312	224	72	1	1	1	1	tax	invoice	100.000000000000	t	2026-04-08 08:35:31.66018	2026-04-08 08:35:31.66018
313	235	72	1	1	1	1	tax	invoice	-100.000000000000	t	2026-04-08 08:35:31.66018	2026-04-08 08:35:31.66018
314	\N	72	1	1	1	1	base	refund	100.000000000000	f	2026-04-08 08:35:31.66018	2026-04-08 08:35:31.66018
315	224	72	1	1	1	1	tax	refund	100.000000000000	t	2026-04-08 08:35:31.66018	2026-04-08 08:35:31.66018
316	235	72	1	1	1	1	tax	refund	-100.000000000000	t	2026-04-08 08:35:31.66018	2026-04-08 08:35:31.66018
317	\N	73	1	1	1	1	base	invoice	100.000000000000	f	2026-04-08 08:35:31.66018	2026-04-08 08:35:31.66018
318	224	73	1	1	1	1	tax	invoice	100.000000000000	t	2026-04-08 08:35:31.66018	2026-04-08 08:35:31.66018
319	235	73	1	1	1	1	tax	invoice	-100.000000000000	t	2026-04-08 08:35:31.66018	2026-04-08 08:35:31.66018
320	\N	73	1	1	1	1	base	refund	100.000000000000	f	2026-04-08 08:35:31.66018	2026-04-08 08:35:31.66018
321	224	73	1	1	1	1	tax	refund	100.000000000000	t	2026-04-08 08:35:31.66018	2026-04-08 08:35:31.66018
322	235	73	1	1	1	1	tax	refund	-100.000000000000	t	2026-04-08 08:35:31.66018	2026-04-08 08:35:31.66018
323	\N	74	1	1	1	1	base	invoice	100.000000000000	f	2026-04-08 08:35:31.66018	2026-04-08 08:35:31.66018
324	224	74	1	1	1	1	tax	invoice	100.000000000000	t	2026-04-08 08:35:31.66018	2026-04-08 08:35:31.66018
325	235	74	1	1	1	1	tax	invoice	-100.000000000000	t	2026-04-08 08:35:31.66018	2026-04-08 08:35:31.66018
326	\N	74	1	1	1	1	base	refund	100.000000000000	f	2026-04-08 08:35:31.66018	2026-04-08 08:35:31.66018
327	224	74	1	1	1	1	tax	refund	100.000000000000	t	2026-04-08 08:35:31.66018	2026-04-08 08:35:31.66018
328	235	74	1	1	1	1	tax	refund	-100.000000000000	t	2026-04-08 08:35:31.66018	2026-04-08 08:35:31.66018
329	\N	75	1	1	1	1	base	invoice	100.000000000000	f	2026-04-08 08:35:31.66018	2026-04-08 08:35:31.66018
330	224	75	1	1	1	1	tax	invoice	100.000000000000	t	2026-04-08 08:35:31.66018	2026-04-08 08:35:31.66018
331	235	75	1	1	1	1	tax	invoice	-100.000000000000	t	2026-04-08 08:35:31.66018	2026-04-08 08:35:31.66018
332	\N	75	1	1	1	1	base	refund	100.000000000000	f	2026-04-08 08:35:31.66018	2026-04-08 08:35:31.66018
333	224	75	1	1	1	1	tax	refund	100.000000000000	t	2026-04-08 08:35:31.66018	2026-04-08 08:35:31.66018
334	235	75	1	1	1	1	tax	refund	-100.000000000000	t	2026-04-08 08:35:31.66018	2026-04-08 08:35:31.66018
335	\N	76	1	1	1	1	base	invoice	100.000000000000	f	2026-04-08 08:35:31.66018	2026-04-08 08:35:31.66018
336	\N	76	1	1	1	1	tax	invoice	100.000000000000	f	2026-04-08 08:35:31.66018	2026-04-08 08:35:31.66018
337	\N	76	1	1	1	1	base	refund	100.000000000000	f	2026-04-08 08:35:31.66018	2026-04-08 08:35:31.66018
338	\N	76	1	1	1	1	tax	refund	100.000000000000	f	2026-04-08 08:35:31.66018	2026-04-08 08:35:31.66018
339	\N	77	1	1	1	1	base	invoice	100.000000000000	f	2026-04-08 08:35:31.66018	2026-04-08 08:35:31.66018
340	\N	77	1	1	1	1	tax	invoice	100.000000000000	f	2026-04-08 08:35:31.66018	2026-04-08 08:35:31.66018
341	\N	77	1	1	1	1	base	refund	100.000000000000	f	2026-04-08 08:35:31.66018	2026-04-08 08:35:31.66018
342	\N	77	1	1	1	1	tax	refund	100.000000000000	f	2026-04-08 08:35:31.66018	2026-04-08 08:35:31.66018
343	\N	78	1	1	1	1	base	invoice	100.000000000000	f	2026-04-08 08:35:31.66018	2026-04-08 08:35:31.66018
344	\N	78	1	1	1	1	tax	invoice	100.000000000000	f	2026-04-08 08:35:31.66018	2026-04-08 08:35:31.66018
345	\N	78	1	1	1	1	base	refund	100.000000000000	f	2026-04-08 08:35:31.66018	2026-04-08 08:35:31.66018
346	\N	78	1	1	1	1	tax	refund	100.000000000000	f	2026-04-08 08:35:31.66018	2026-04-08 08:35:31.66018
347	\N	79	1	1	1	1	base	invoice	100.000000000000	f	2026-04-08 08:35:31.66018	2026-04-08 08:35:31.66018
348	\N	79	1	1	1	1	tax	invoice	100.000000000000	f	2026-04-08 08:35:31.66018	2026-04-08 08:35:31.66018
349	\N	79	1	1	1	1	base	refund	100.000000000000	f	2026-04-08 08:35:31.66018	2026-04-08 08:35:31.66018
350	\N	79	1	1	1	1	tax	refund	100.000000000000	f	2026-04-08 08:35:31.66018	2026-04-08 08:35:31.66018
351	\N	80	1	1	1	1	base	invoice	100.000000000000	f	2026-04-08 08:35:31.66018	2026-04-08 08:35:31.66018
352	\N	80	1	1	1	1	tax	invoice	100.000000000000	f	2026-04-08 08:35:31.66018	2026-04-08 08:35:31.66018
353	\N	80	1	1	1	1	base	refund	100.000000000000	f	2026-04-08 08:35:31.66018	2026-04-08 08:35:31.66018
354	\N	80	1	1	1	1	tax	refund	100.000000000000	f	2026-04-08 08:35:31.66018	2026-04-08 08:35:31.66018
355	\N	81	1	1	1	1	base	invoice	100.000000000000	f	2026-04-08 08:35:31.66018	2026-04-08 08:35:31.66018
356	\N	81	1	1	1	1	tax	invoice	100.000000000000	f	2026-04-08 08:35:31.66018	2026-04-08 08:35:31.66018
357	\N	81	1	1	1	1	base	refund	100.000000000000	f	2026-04-08 08:35:31.66018	2026-04-08 08:35:31.66018
358	\N	81	1	1	1	1	tax	refund	100.000000000000	f	2026-04-08 08:35:31.66018	2026-04-08 08:35:31.66018
359	\N	82	1	1	1	1	base	invoice	100.000000000000	f	2026-04-08 08:35:31.66018	2026-04-08 08:35:31.66018
360	\N	82	1	1	1	1	tax	invoice	100.000000000000	f	2026-04-08 08:35:31.66018	2026-04-08 08:35:31.66018
361	\N	82	1	1	1	1	base	refund	100.000000000000	f	2026-04-08 08:35:31.66018	2026-04-08 08:35:31.66018
362	\N	82	1	1	1	1	tax	refund	100.000000000000	f	2026-04-08 08:35:31.66018	2026-04-08 08:35:31.66018
363	\N	83	1	1	1	1	base	invoice	100.000000000000	f	2026-04-08 08:35:31.66018	2026-04-08 08:35:31.66018
364	\N	83	1	1	1	1	tax	invoice	100.000000000000	f	2026-04-08 08:35:31.66018	2026-04-08 08:35:31.66018
365	\N	83	1	1	1	1	base	refund	100.000000000000	f	2026-04-08 08:35:31.66018	2026-04-08 08:35:31.66018
366	\N	83	1	1	1	1	tax	refund	100.000000000000	f	2026-04-08 08:35:31.66018	2026-04-08 08:35:31.66018
367	\N	84	1	1	1	1	base	invoice	100.000000000000	f	2026-04-08 08:35:31.66018	2026-04-08 08:35:31.66018
368	224	84	1	1	1	1	tax	invoice	100.000000000000	t	2026-04-08 08:35:31.66018	2026-04-08 08:35:31.66018
369	\N	84	1	1	1	1	base	refund	100.000000000000	f	2026-04-08 08:35:31.66018	2026-04-08 08:35:31.66018
370	224	84	1	1	1	1	tax	refund	100.000000000000	t	2026-04-08 08:35:31.66018	2026-04-08 08:35:31.66018
371	\N	85	1	1	1	1	base	invoice	100.000000000000	f	2026-04-08 08:35:31.66018	2026-04-08 08:35:31.66018
372	224	85	1	1	1	1	tax	invoice	100.000000000000	t	2026-04-08 08:35:31.66018	2026-04-08 08:35:31.66018
373	\N	85	1	1	1	1	base	refund	100.000000000000	f	2026-04-08 08:35:31.66018	2026-04-08 08:35:31.66018
374	224	85	1	1	1	1	tax	refund	100.000000000000	t	2026-04-08 08:35:31.66018	2026-04-08 08:35:31.66018
375	\N	86	1	1	1	1	base	invoice	100.000000000000	f	2026-04-08 08:35:31.66018	2026-04-08 08:35:31.66018
376	224	86	1	1	1	1	tax	invoice	100.000000000000	t	2026-04-08 08:35:31.66018	2026-04-08 08:35:31.66018
377	\N	86	1	1	1	1	base	refund	100.000000000000	f	2026-04-08 08:35:31.66018	2026-04-08 08:35:31.66018
378	224	86	1	1	1	1	tax	refund	100.000000000000	t	2026-04-08 08:35:31.66018	2026-04-08 08:35:31.66018
379	\N	87	1	1	1	1	base	invoice	100.000000000000	f	2026-04-08 08:35:31.66018	2026-04-08 08:35:31.66018
380	224	87	1	1	1	1	tax	invoice	100.000000000000	t	2026-04-08 08:35:31.66018	2026-04-08 08:35:31.66018
381	\N	87	1	1	1	1	base	refund	100.000000000000	f	2026-04-08 08:35:31.66018	2026-04-08 08:35:31.66018
382	224	87	1	1	1	1	tax	refund	100.000000000000	t	2026-04-08 08:35:31.66018	2026-04-08 08:35:31.66018
383	\N	88	1	1	1	1	base	invoice	100.000000000000	f	2026-04-08 08:35:31.66018	2026-04-08 08:35:31.66018
384	224	88	1	1	1	1	tax	invoice	100.000000000000	t	2026-04-08 08:35:31.66018	2026-04-08 08:35:31.66018
385	\N	88	1	1	1	1	base	refund	100.000000000000	f	2026-04-08 08:35:31.66018	2026-04-08 08:35:31.66018
386	224	88	1	1	1	1	tax	refund	100.000000000000	t	2026-04-08 08:35:31.66018	2026-04-08 08:35:31.66018
387	\N	89	1	1	1	1	base	invoice	100.000000000000	f	2026-04-08 08:35:31.66018	2026-04-08 08:35:31.66018
388	224	89	1	1	1	1	tax	invoice	100.000000000000	t	2026-04-08 08:35:31.66018	2026-04-08 08:35:31.66018
389	\N	89	1	1	1	1	base	refund	100.000000000000	f	2026-04-08 08:35:31.66018	2026-04-08 08:35:31.66018
390	224	89	1	1	1	1	tax	refund	100.000000000000	t	2026-04-08 08:35:31.66018	2026-04-08 08:35:31.66018
391	\N	90	1	1	1	1	base	invoice	100.000000000000	f	2026-04-08 08:35:31.66018	2026-04-08 08:35:31.66018
392	224	90	1	1	1	1	tax	invoice	100.000000000000	t	2026-04-08 08:35:31.66018	2026-04-08 08:35:31.66018
393	235	90	1	1	1	1	tax	invoice	-100.000000000000	t	2026-04-08 08:35:31.66018	2026-04-08 08:35:31.66018
394	\N	90	1	1	1	1	base	refund	100.000000000000	f	2026-04-08 08:35:31.66018	2026-04-08 08:35:31.66018
395	224	90	1	1	1	1	tax	refund	100.000000000000	t	2026-04-08 08:35:31.66018	2026-04-08 08:35:31.66018
396	235	90	1	1	1	1	tax	refund	-100.000000000000	t	2026-04-08 08:35:31.66018	2026-04-08 08:35:31.66018
397	\N	91	1	1	1	1	base	invoice	100.000000000000	f	2026-04-08 08:35:31.66018	2026-04-08 08:35:31.66018
398	224	91	1	1	1	1	tax	invoice	100.000000000000	t	2026-04-08 08:35:31.66018	2026-04-08 08:35:31.66018
399	\N	91	1	1	1	1	base	refund	100.000000000000	f	2026-04-08 08:35:31.66018	2026-04-08 08:35:31.66018
400	224	91	1	1	1	1	tax	refund	100.000000000000	t	2026-04-08 08:35:31.66018	2026-04-08 08:35:31.66018
401	\N	92	1	1	1	1	base	invoice	100.000000000000	f	2026-04-08 08:35:31.66018	2026-04-08 08:35:31.66018
402	224	92	1	1	1	1	tax	invoice	100.000000000000	t	2026-04-08 08:35:31.66018	2026-04-08 08:35:31.66018
403	235	92	1	1	1	1	tax	invoice	-100.000000000000	t	2026-04-08 08:35:31.66018	2026-04-08 08:35:31.66018
404	\N	92	1	1	1	1	base	refund	100.000000000000	f	2026-04-08 08:35:31.66018	2026-04-08 08:35:31.66018
405	224	92	1	1	1	1	tax	refund	100.000000000000	t	2026-04-08 08:35:31.66018	2026-04-08 08:35:31.66018
406	235	92	1	1	1	1	tax	refund	-100.000000000000	t	2026-04-08 08:35:31.66018	2026-04-08 08:35:31.66018
407	\N	93	1	1	1	1	base	invoice	100.000000000000	f	2026-04-08 08:35:31.66018	2026-04-08 08:35:31.66018
408	224	93	1	1	1	1	tax	invoice	100.000000000000	t	2026-04-08 08:35:31.66018	2026-04-08 08:35:31.66018
409	\N	93	1	1	1	1	base	refund	100.000000000000	f	2026-04-08 08:35:31.66018	2026-04-08 08:35:31.66018
410	224	93	1	1	1	1	tax	refund	100.000000000000	t	2026-04-08 08:35:31.66018	2026-04-08 08:35:31.66018
411	\N	94	1	1	1	1	base	invoice	100.000000000000	f	2026-04-08 08:35:31.66018	2026-04-08 08:35:31.66018
412	224	94	1	1	1	1	tax	invoice	100.000000000000	t	2026-04-08 08:35:31.66018	2026-04-08 08:35:31.66018
413	235	94	1	1	1	1	tax	invoice	-100.000000000000	t	2026-04-08 08:35:31.66018	2026-04-08 08:35:31.66018
414	\N	94	1	1	1	1	base	refund	100.000000000000	f	2026-04-08 08:35:31.66018	2026-04-08 08:35:31.66018
415	224	94	1	1	1	1	tax	refund	100.000000000000	t	2026-04-08 08:35:31.66018	2026-04-08 08:35:31.66018
416	235	94	1	1	1	1	tax	refund	-100.000000000000	t	2026-04-08 08:35:31.66018	2026-04-08 08:35:31.66018
417	\N	95	1	1	1	1	base	invoice	100.000000000000	f	2026-04-08 08:35:31.66018	2026-04-08 08:35:31.66018
418	\N	95	1	1	1	1	tax	invoice	100.000000000000	f	2026-04-08 08:35:31.66018	2026-04-08 08:35:31.66018
419	\N	95	1	1	1	1	base	refund	100.000000000000	f	2026-04-08 08:35:31.66018	2026-04-08 08:35:31.66018
420	\N	95	1	1	1	1	tax	refund	100.000000000000	f	2026-04-08 08:35:31.66018	2026-04-08 08:35:31.66018
421	\N	96	1	1	1	1	base	invoice	100.000000000000	f	2026-04-08 08:35:31.66018	2026-04-08 08:35:31.66018
422	\N	96	1	1	1	1	tax	invoice	100.000000000000	f	2026-04-08 08:35:31.66018	2026-04-08 08:35:31.66018
423	\N	96	1	1	1	1	base	refund	100.000000000000	f	2026-04-08 08:35:31.66018	2026-04-08 08:35:31.66018
424	\N	96	1	1	1	1	tax	refund	100.000000000000	f	2026-04-08 08:35:31.66018	2026-04-08 08:35:31.66018
425	\N	97	1	1	1	1	base	invoice	100.000000000000	f	2026-04-08 08:35:31.66018	2026-04-08 08:35:31.66018
426	\N	97	1	1	1	1	tax	invoice	100.000000000000	f	2026-04-08 08:35:31.66018	2026-04-08 08:35:31.66018
427	\N	97	1	1	1	1	base	refund	100.000000000000	f	2026-04-08 08:35:31.66018	2026-04-08 08:35:31.66018
428	\N	97	1	1	1	1	tax	refund	100.000000000000	f	2026-04-08 08:35:31.66018	2026-04-08 08:35:31.66018
429	\N	98	1	1	1	1	base	invoice	100.000000000000	f	2026-04-08 08:35:31.66018	2026-04-08 08:35:31.66018
430	\N	98	1	1	1	1	tax	invoice	100.000000000000	f	2026-04-08 08:35:31.66018	2026-04-08 08:35:31.66018
431	\N	98	1	1	1	1	base	refund	100.000000000000	f	2026-04-08 08:35:31.66018	2026-04-08 08:35:31.66018
432	\N	98	1	1	1	1	tax	refund	100.000000000000	f	2026-04-08 08:35:31.66018	2026-04-08 08:35:31.66018
433	\N	99	1	1	1	1	base	invoice	100.000000000000	f	2026-04-08 08:35:31.66018	2026-04-08 08:35:31.66018
434	224	99	1	1	1	1	tax	invoice	100.000000000000	t	2026-04-08 08:35:31.66018	2026-04-08 08:35:31.66018
435	\N	99	1	1	1	1	base	refund	100.000000000000	f	2026-04-08 08:35:31.66018	2026-04-08 08:35:31.66018
436	224	99	1	1	1	1	tax	refund	100.000000000000	t	2026-04-08 08:35:31.66018	2026-04-08 08:35:31.66018
437	\N	100	1	1	1	1	base	invoice	100.000000000000	f	2026-04-08 08:35:31.66018	2026-04-08 08:35:31.66018
438	224	100	1	1	1	1	tax	invoice	100.000000000000	t	2026-04-08 08:35:31.66018	2026-04-08 08:35:31.66018
439	\N	100	1	1	1	1	base	refund	100.000000000000	f	2026-04-08 08:35:31.66018	2026-04-08 08:35:31.66018
440	224	100	1	1	1	1	tax	refund	100.000000000000	t	2026-04-08 08:35:31.66018	2026-04-08 08:35:31.66018
441	\N	101	1	1	1	1	base	invoice	100.000000000000	f	2026-04-08 08:35:31.66018	2026-04-08 08:35:31.66018
442	224	101	1	1	1	1	tax	invoice	100.000000000000	t	2026-04-08 08:35:31.66018	2026-04-08 08:35:31.66018
443	\N	101	1	1	1	1	base	refund	100.000000000000	f	2026-04-08 08:35:31.66018	2026-04-08 08:35:31.66018
444	224	101	1	1	1	1	tax	refund	100.000000000000	t	2026-04-08 08:35:31.66018	2026-04-08 08:35:31.66018
445	\N	102	1	1	1	1	base	invoice	100.000000000000	f	2026-04-08 08:35:31.66018	2026-04-08 08:35:31.66018
446	224	102	1	1	1	1	tax	invoice	100.000000000000	t	2026-04-08 08:35:31.66018	2026-04-08 08:35:31.66018
447	\N	102	1	1	1	1	base	refund	100.000000000000	f	2026-04-08 08:35:31.66018	2026-04-08 08:35:31.66018
448	224	102	1	1	1	1	tax	refund	100.000000000000	t	2026-04-08 08:35:31.66018	2026-04-08 08:35:31.66018
449	\N	103	1	1	1	1	base	invoice	100.000000000000	f	2026-04-08 08:35:31.66018	2026-04-08 08:35:31.66018
450	224	103	1	1	1	1	tax	invoice	100.000000000000	t	2026-04-08 08:35:31.66018	2026-04-08 08:35:31.66018
451	\N	103	1	1	1	1	base	refund	100.000000000000	f	2026-04-08 08:35:31.66018	2026-04-08 08:35:31.66018
452	224	103	1	1	1	1	tax	refund	100.000000000000	t	2026-04-08 08:35:31.66018	2026-04-08 08:35:31.66018
453	\N	104	1	1	1	1	base	invoice	100.000000000000	f	2026-04-08 08:35:31.66018	2026-04-08 08:35:31.66018
454	224	104	1	1	1	1	tax	invoice	100.000000000000	t	2026-04-08 08:35:31.66018	2026-04-08 08:35:31.66018
455	\N	104	1	1	1	1	base	refund	100.000000000000	f	2026-04-08 08:35:31.66018	2026-04-08 08:35:31.66018
456	224	104	1	1	1	1	tax	refund	100.000000000000	t	2026-04-08 08:35:31.66018	2026-04-08 08:35:31.66018
457	\N	105	1	1	1	1	base	invoice	100.000000000000	f	2026-04-08 08:35:31.66018	2026-04-08 08:35:31.66018
458	224	105	1	1	1	1	tax	invoice	100.000000000000	t	2026-04-08 08:35:31.66018	2026-04-08 08:35:31.66018
459	\N	105	1	1	1	1	base	refund	100.000000000000	f	2026-04-08 08:35:31.66018	2026-04-08 08:35:31.66018
460	224	105	1	1	1	1	tax	refund	100.000000000000	t	2026-04-08 08:35:31.66018	2026-04-08 08:35:31.66018
461	\N	106	1	1	1	1	base	invoice	100.000000000000	f	2026-04-08 08:35:31.66018	2026-04-08 08:35:31.66018
462	224	106	1	1	1	1	tax	invoice	100.000000000000	t	2026-04-08 08:35:31.66018	2026-04-08 08:35:31.66018
463	\N	106	1	1	1	1	base	refund	100.000000000000	f	2026-04-08 08:35:31.66018	2026-04-08 08:35:31.66018
464	224	106	1	1	1	1	tax	refund	100.000000000000	t	2026-04-08 08:35:31.66018	2026-04-08 08:35:31.66018
465	\N	107	1	1	1	1	base	invoice	100.000000000000	f	2026-04-08 08:35:31.66018	2026-04-08 08:35:31.66018
466	224	107	1	1	1	1	tax	invoice	100.000000000000	t	2026-04-08 08:35:31.66018	2026-04-08 08:35:31.66018
467	\N	107	1	1	1	1	base	refund	100.000000000000	f	2026-04-08 08:35:31.66018	2026-04-08 08:35:31.66018
468	224	107	1	1	1	1	tax	refund	100.000000000000	t	2026-04-08 08:35:31.66018	2026-04-08 08:35:31.66018
469	\N	108	1	1	1	1	base	invoice	100.000000000000	f	2026-04-08 08:35:31.66018	2026-04-08 08:35:31.66018
470	224	108	1	1	1	1	tax	invoice	100.000000000000	t	2026-04-08 08:35:31.66018	2026-04-08 08:35:31.66018
471	\N	108	1	1	1	1	base	refund	100.000000000000	f	2026-04-08 08:35:31.66018	2026-04-08 08:35:31.66018
472	224	108	1	1	1	1	tax	refund	100.000000000000	t	2026-04-08 08:35:31.66018	2026-04-08 08:35:31.66018
473	\N	109	1	1	1	1	base	invoice	100.000000000000	f	2026-04-08 08:35:31.66018	2026-04-08 08:35:31.66018
474	224	109	1	1	1	1	tax	invoice	100.000000000000	t	2026-04-08 08:35:31.66018	2026-04-08 08:35:31.66018
475	\N	109	1	1	1	1	base	refund	100.000000000000	f	2026-04-08 08:35:31.66018	2026-04-08 08:35:31.66018
476	224	109	1	1	1	1	tax	refund	100.000000000000	t	2026-04-08 08:35:31.66018	2026-04-08 08:35:31.66018
477	\N	110	1	1	1	1	base	invoice	100.000000000000	f	2026-04-08 08:35:31.66018	2026-04-08 08:35:31.66018
478	224	110	1	1	1	1	tax	invoice	100.000000000000	t	2026-04-08 08:35:31.66018	2026-04-08 08:35:31.66018
479	\N	110	1	1	1	1	base	refund	100.000000000000	f	2026-04-08 08:35:31.66018	2026-04-08 08:35:31.66018
480	224	110	1	1	1	1	tax	refund	100.000000000000	t	2026-04-08 08:35:31.66018	2026-04-08 08:35:31.66018
481	\N	111	1	1	1	1	base	invoice	100.000000000000	f	2026-04-08 08:35:31.66018	2026-04-08 08:35:31.66018
482	224	111	1	1	1	1	tax	invoice	100.000000000000	t	2026-04-08 08:35:31.66018	2026-04-08 08:35:31.66018
483	\N	111	1	1	1	1	base	refund	100.000000000000	f	2026-04-08 08:35:31.66018	2026-04-08 08:35:31.66018
484	224	111	1	1	1	1	tax	refund	100.000000000000	t	2026-04-08 08:35:31.66018	2026-04-08 08:35:31.66018
485	\N	112	1	1	1	1	base	invoice	100.000000000000	f	2026-04-08 08:35:31.66018	2026-04-08 08:35:31.66018
486	224	112	1	1	1	1	tax	invoice	100.000000000000	t	2026-04-08 08:35:31.66018	2026-04-08 08:35:31.66018
487	\N	112	1	1	1	1	base	refund	100.000000000000	f	2026-04-08 08:35:31.66018	2026-04-08 08:35:31.66018
488	224	112	1	1	1	1	tax	refund	100.000000000000	t	2026-04-08 08:35:31.66018	2026-04-08 08:35:31.66018
489	\N	113	1	1	1	1	base	invoice	100.000000000000	f	2026-04-08 08:35:31.66018	2026-04-08 08:35:31.66018
490	224	113	1	1	1	1	tax	invoice	100.000000000000	t	2026-04-08 08:35:31.66018	2026-04-08 08:35:31.66018
491	\N	113	1	1	1	1	base	refund	100.000000000000	f	2026-04-08 08:35:31.66018	2026-04-08 08:35:31.66018
492	224	113	1	1	1	1	tax	refund	100.000000000000	t	2026-04-08 08:35:31.66018	2026-04-08 08:35:31.66018
493	\N	114	1	1	1	1	base	invoice	100.000000000000	f	2026-04-08 08:35:31.66018	2026-04-08 08:35:31.66018
494	224	114	1	1	1	1	tax	invoice	100.000000000000	t	2026-04-08 08:35:31.66018	2026-04-08 08:35:31.66018
495	\N	114	1	1	1	1	base	refund	100.000000000000	f	2026-04-08 08:35:31.66018	2026-04-08 08:35:31.66018
496	224	114	1	1	1	1	tax	refund	100.000000000000	t	2026-04-08 08:35:31.66018	2026-04-08 08:35:31.66018
497	\N	115	1	1	1	1	base	invoice	100.000000000000	f	2026-04-08 08:35:31.66018	2026-04-08 08:35:31.66018
498	224	115	1	1	1	1	tax	invoice	100.000000000000	t	2026-04-08 08:35:31.66018	2026-04-08 08:35:31.66018
499	\N	115	1	1	1	1	base	refund	100.000000000000	f	2026-04-08 08:35:31.66018	2026-04-08 08:35:31.66018
500	224	115	1	1	1	1	tax	refund	100.000000000000	t	2026-04-08 08:35:31.66018	2026-04-08 08:35:31.66018
501	\N	116	1	1	1	1	base	invoice	100.000000000000	f	2026-04-08 08:35:31.66018	2026-04-08 08:35:31.66018
502	\N	116	1	1	1	1	tax	invoice	100.000000000000	f	2026-04-08 08:35:31.66018	2026-04-08 08:35:31.66018
503	\N	116	1	1	1	1	base	refund	100.000000000000	f	2026-04-08 08:35:31.66018	2026-04-08 08:35:31.66018
504	\N	116	1	1	1	1	tax	refund	100.000000000000	f	2026-04-08 08:35:31.66018	2026-04-08 08:35:31.66018
505	\N	117	1	1	1	1	base	invoice	100.000000000000	f	2026-04-08 08:35:31.66018	2026-04-08 08:35:31.66018
506	\N	117	1	1	1	1	tax	invoice	100.000000000000	f	2026-04-08 08:35:31.66018	2026-04-08 08:35:31.66018
507	\N	117	1	1	1	1	base	refund	100.000000000000	f	2026-04-08 08:35:31.66018	2026-04-08 08:35:31.66018
508	\N	117	1	1	1	1	tax	refund	100.000000000000	f	2026-04-08 08:35:31.66018	2026-04-08 08:35:31.66018
509	\N	118	1	1	1	1	base	invoice	100.000000000000	f	2026-04-08 08:35:31.66018	2026-04-08 08:35:31.66018
510	\N	118	1	1	1	1	tax	invoice	100.000000000000	f	2026-04-08 08:35:31.66018	2026-04-08 08:35:31.66018
511	\N	118	1	1	1	1	base	refund	100.000000000000	f	2026-04-08 08:35:31.66018	2026-04-08 08:35:31.66018
512	\N	118	1	1	1	1	tax	refund	100.000000000000	f	2026-04-08 08:35:31.66018	2026-04-08 08:35:31.66018
513	\N	119	1	1	1	1	base	invoice	100.000000000000	f	2026-04-08 08:35:31.66018	2026-04-08 08:35:31.66018
514	235	119	1	1	1	1	tax	invoice	100.000000000000	t	2026-04-08 08:35:31.66018	2026-04-08 08:35:31.66018
515	\N	119	1	1	1	1	base	refund	100.000000000000	f	2026-04-08 08:35:31.66018	2026-04-08 08:35:31.66018
516	235	119	1	1	1	1	tax	refund	100.000000000000	t	2026-04-08 08:35:31.66018	2026-04-08 08:35:31.66018
517	\N	120	1	1	1	1	base	invoice	100.000000000000	f	2026-04-08 08:35:31.66018	2026-04-08 08:35:31.66018
518	235	120	1	1	1	1	tax	invoice	100.000000000000	t	2026-04-08 08:35:31.66018	2026-04-08 08:35:31.66018
519	\N	120	1	1	1	1	base	refund	100.000000000000	f	2026-04-08 08:35:31.66018	2026-04-08 08:35:31.66018
520	235	120	1	1	1	1	tax	refund	100.000000000000	t	2026-04-08 08:35:31.66018	2026-04-08 08:35:31.66018
521	\N	121	1	1	1	1	base	invoice	100.000000000000	f	2026-04-08 08:35:31.66018	2026-04-08 08:35:31.66018
522	235	121	1	1	1	1	tax	invoice	100.000000000000	t	2026-04-08 08:35:31.66018	2026-04-08 08:35:31.66018
523	\N	121	1	1	1	1	base	refund	100.000000000000	f	2026-04-08 08:35:31.66018	2026-04-08 08:35:31.66018
524	235	121	1	1	1	1	tax	refund	100.000000000000	t	2026-04-08 08:35:31.66018	2026-04-08 08:35:31.66018
525	\N	122	1	1	1	1	base	invoice	100.000000000000	f	2026-04-08 08:35:31.66018	2026-04-08 08:35:31.66018
526	235	122	1	1	1	1	tax	invoice	100.000000000000	t	2026-04-08 08:35:31.66018	2026-04-08 08:35:31.66018
527	\N	122	1	1	1	1	base	refund	100.000000000000	f	2026-04-08 08:35:31.66018	2026-04-08 08:35:31.66018
528	235	122	1	1	1	1	tax	refund	100.000000000000	t	2026-04-08 08:35:31.66018	2026-04-08 08:35:31.66018
529	\N	123	1	1	1	1	base	invoice	100.000000000000	f	2026-04-08 08:35:31.66018	2026-04-08 08:35:31.66018
530	235	123	1	1	1	1	tax	invoice	100.000000000000	t	2026-04-08 08:35:31.66018	2026-04-08 08:35:31.66018
531	\N	123	1	1	1	1	base	refund	100.000000000000	f	2026-04-08 08:35:31.66018	2026-04-08 08:35:31.66018
532	235	123	1	1	1	1	tax	refund	100.000000000000	t	2026-04-08 08:35:31.66018	2026-04-08 08:35:31.66018
533	\N	124	1	1	1	1	base	invoice	100.000000000000	f	2026-04-08 08:35:31.66018	2026-04-08 08:35:31.66018
534	235	124	1	1	1	1	tax	invoice	100.000000000000	t	2026-04-08 08:35:31.66018	2026-04-08 08:35:31.66018
535	\N	124	1	1	1	1	base	refund	100.000000000000	f	2026-04-08 08:35:31.66018	2026-04-08 08:35:31.66018
536	235	124	1	1	1	1	tax	refund	100.000000000000	t	2026-04-08 08:35:31.66018	2026-04-08 08:35:31.66018
537	\N	125	1	1	1	1	base	invoice	100.000000000000	f	2026-04-08 08:35:31.66018	2026-04-08 08:35:31.66018
538	\N	125	1	1	1	1	tax	invoice	100.000000000000	f	2026-04-08 08:35:31.66018	2026-04-08 08:35:31.66018
539	\N	125	1	1	1	1	base	refund	100.000000000000	f	2026-04-08 08:35:31.66018	2026-04-08 08:35:31.66018
540	\N	125	1	1	1	1	tax	refund	100.000000000000	f	2026-04-08 08:35:31.66018	2026-04-08 08:35:31.66018
541	\N	126	1	1	1	1	base	invoice	100.000000000000	f	2026-04-08 08:35:31.66018	2026-04-08 08:35:31.66018
542	\N	126	1	1	1	1	tax	invoice	100.000000000000	f	2026-04-08 08:35:31.66018	2026-04-08 08:35:31.66018
543	\N	126	1	1	1	1	base	refund	100.000000000000	f	2026-04-08 08:35:31.66018	2026-04-08 08:35:31.66018
544	\N	126	1	1	1	1	tax	refund	100.000000000000	f	2026-04-08 08:35:31.66018	2026-04-08 08:35:31.66018
545	\N	127	1	1	1	1	base	invoice	100.000000000000	f	2026-04-08 08:35:31.66018	2026-04-08 08:35:31.66018
546	\N	127	1	1	1	1	tax	invoice	100.000000000000	f	2026-04-08 08:35:31.66018	2026-04-08 08:35:31.66018
547	\N	127	1	1	1	1	base	refund	100.000000000000	f	2026-04-08 08:35:31.66018	2026-04-08 08:35:31.66018
548	\N	127	1	1	1	1	tax	refund	100.000000000000	f	2026-04-08 08:35:31.66018	2026-04-08 08:35:31.66018
549	\N	128	1	1	1	1	base	invoice	100.000000000000	f	2026-04-08 08:35:31.66018	2026-04-08 08:35:31.66018
550	\N	128	1	1	1	1	tax	invoice	100.000000000000	f	2026-04-08 08:35:31.66018	2026-04-08 08:35:31.66018
551	\N	128	1	1	1	1	base	refund	100.000000000000	f	2026-04-08 08:35:31.66018	2026-04-08 08:35:31.66018
552	\N	128	1	1	1	1	tax	refund	100.000000000000	f	2026-04-08 08:35:31.66018	2026-04-08 08:35:31.66018
553	\N	129	1	1	1	1	base	invoice	100.000000000000	f	2026-04-08 08:35:31.66018	2026-04-08 08:35:31.66018
554	\N	129	1	1	1	1	tax	invoice	100.000000000000	f	2026-04-08 08:35:31.66018	2026-04-08 08:35:31.66018
555	\N	129	1	1	1	1	base	refund	100.000000000000	f	2026-04-08 08:35:31.66018	2026-04-08 08:35:31.66018
556	\N	129	1	1	1	1	tax	refund	100.000000000000	f	2026-04-08 08:35:31.66018	2026-04-08 08:35:31.66018
557	\N	130	1	1	1	1	base	invoice	100.000000000000	f	2026-04-08 08:35:31.66018	2026-04-08 08:35:31.66018
558	\N	130	1	1	1	1	tax	invoice	100.000000000000	f	2026-04-08 08:35:31.66018	2026-04-08 08:35:31.66018
559	\N	130	1	1	1	1	base	refund	100.000000000000	f	2026-04-08 08:35:31.66018	2026-04-08 08:35:31.66018
560	\N	130	1	1	1	1	tax	refund	100.000000000000	f	2026-04-08 08:35:31.66018	2026-04-08 08:35:31.66018
561	\N	131	1	1	1	1	base	invoice	100.000000000000	f	2026-04-08 08:35:31.66018	2026-04-08 08:35:31.66018
562	\N	131	1	1	1	1	tax	invoice	100.000000000000	f	2026-04-08 08:35:31.66018	2026-04-08 08:35:31.66018
563	\N	131	1	1	1	1	base	refund	100.000000000000	f	2026-04-08 08:35:31.66018	2026-04-08 08:35:31.66018
564	\N	131	1	1	1	1	tax	refund	100.000000000000	f	2026-04-08 08:35:31.66018	2026-04-08 08:35:31.66018
565	\N	132	1	1	1	1	base	invoice	100.000000000000	f	2026-04-08 08:35:31.66018	2026-04-08 08:35:31.66018
566	\N	132	1	1	1	1	tax	invoice	100.000000000000	f	2026-04-08 08:35:31.66018	2026-04-08 08:35:31.66018
567	\N	132	1	1	1	1	base	refund	100.000000000000	f	2026-04-08 08:35:31.66018	2026-04-08 08:35:31.66018
568	\N	132	1	1	1	1	tax	refund	100.000000000000	f	2026-04-08 08:35:31.66018	2026-04-08 08:35:31.66018
569	\N	133	1	1	1	1	base	invoice	100.000000000000	f	2026-04-08 08:35:31.66018	2026-04-08 08:35:31.66018
570	235	133	1	1	1	1	tax	invoice	100.000000000000	t	2026-04-08 08:35:31.66018	2026-04-08 08:35:31.66018
571	\N	133	1	1	1	1	base	refund	100.000000000000	f	2026-04-08 08:35:31.66018	2026-04-08 08:35:31.66018
572	235	133	1	1	1	1	tax	refund	100.000000000000	t	2026-04-08 08:35:31.66018	2026-04-08 08:35:31.66018
573	\N	134	1	1	1	1	base	invoice	100.000000000000	f	2026-04-08 08:35:31.66018	2026-04-08 08:35:31.66018
574	235	134	1	1	1	1	tax	invoice	100.000000000000	t	2026-04-08 08:35:31.66018	2026-04-08 08:35:31.66018
575	\N	134	1	1	1	1	base	refund	100.000000000000	f	2026-04-08 08:35:31.66018	2026-04-08 08:35:31.66018
576	235	134	1	1	1	1	tax	refund	100.000000000000	t	2026-04-08 08:35:31.66018	2026-04-08 08:35:31.66018
577	\N	135	1	1	1	1	base	invoice	100.000000000000	f	2026-04-08 08:35:31.66018	2026-04-08 08:35:31.66018
578	235	135	1	1	1	1	tax	invoice	100.000000000000	t	2026-04-08 08:35:31.66018	2026-04-08 08:35:31.66018
579	\N	135	1	1	1	1	base	refund	100.000000000000	f	2026-04-08 08:35:31.66018	2026-04-08 08:35:31.66018
580	235	135	1	1	1	1	tax	refund	100.000000000000	t	2026-04-08 08:35:31.66018	2026-04-08 08:35:31.66018
581	\N	136	1	1	1	1	base	invoice	100.000000000000	f	2026-04-08 08:35:31.66018	2026-04-08 08:35:31.66018
582	235	136	1	1	1	1	tax	invoice	100.000000000000	t	2026-04-08 08:35:31.66018	2026-04-08 08:35:31.66018
583	\N	136	1	1	1	1	base	refund	100.000000000000	f	2026-04-08 08:35:31.66018	2026-04-08 08:35:31.66018
584	235	136	1	1	1	1	tax	refund	100.000000000000	t	2026-04-08 08:35:31.66018	2026-04-08 08:35:31.66018
585	\N	137	1	1	1	1	base	invoice	100.000000000000	f	2026-04-08 08:35:31.66018	2026-04-08 08:35:31.66018
586	235	137	1	1	1	1	tax	invoice	100.000000000000	t	2026-04-08 08:35:31.66018	2026-04-08 08:35:31.66018
587	\N	137	1	1	1	1	base	refund	100.000000000000	f	2026-04-08 08:35:31.66018	2026-04-08 08:35:31.66018
588	235	137	1	1	1	1	tax	refund	100.000000000000	t	2026-04-08 08:35:31.66018	2026-04-08 08:35:31.66018
589	\N	138	1	1	1	1	base	invoice	100.000000000000	f	2026-04-08 08:35:31.66018	2026-04-08 08:35:31.66018
590	235	138	1	1	1	1	tax	invoice	100.000000000000	t	2026-04-08 08:35:31.66018	2026-04-08 08:35:31.66018
591	\N	138	1	1	1	1	base	refund	100.000000000000	f	2026-04-08 08:35:31.66018	2026-04-08 08:35:31.66018
592	235	138	1	1	1	1	tax	refund	100.000000000000	t	2026-04-08 08:35:31.66018	2026-04-08 08:35:31.66018
593	\N	139	1	1	1	1	base	invoice	100.000000000000	f	2026-04-08 08:35:31.66018	2026-04-08 08:35:31.66018
594	235	139	1	1	1	1	tax	invoice	100.000000000000	t	2026-04-08 08:35:31.66018	2026-04-08 08:35:31.66018
595	\N	139	1	1	1	1	base	refund	100.000000000000	f	2026-04-08 08:35:31.66018	2026-04-08 08:35:31.66018
596	235	139	1	1	1	1	tax	refund	100.000000000000	t	2026-04-08 08:35:31.66018	2026-04-08 08:35:31.66018
597	\N	140	1	1	1	1	base	invoice	100.000000000000	f	2026-04-08 08:35:31.66018	2026-04-08 08:35:31.66018
598	235	140	1	1	1	1	tax	invoice	100.000000000000	t	2026-04-08 08:35:31.66018	2026-04-08 08:35:31.66018
599	\N	140	1	1	1	1	base	refund	100.000000000000	f	2026-04-08 08:35:31.66018	2026-04-08 08:35:31.66018
600	235	140	1	1	1	1	tax	refund	100.000000000000	t	2026-04-08 08:35:31.66018	2026-04-08 08:35:31.66018
601	\N	141	1	1	1	1	base	invoice	100.000000000000	f	2026-04-08 08:35:31.66018	2026-04-08 08:35:31.66018
602	235	141	1	1	1	1	tax	invoice	100.000000000000	t	2026-04-08 08:35:31.66018	2026-04-08 08:35:31.66018
603	\N	141	1	1	1	1	base	refund	100.000000000000	f	2026-04-08 08:35:31.66018	2026-04-08 08:35:31.66018
604	235	141	1	1	1	1	tax	refund	100.000000000000	t	2026-04-08 08:35:31.66018	2026-04-08 08:35:31.66018
605	\N	142	1	1	1	1	base	invoice	100.000000000000	f	2026-04-08 08:35:31.66018	2026-04-08 08:35:31.66018
606	235	142	1	1	1	1	tax	invoice	100.000000000000	t	2026-04-08 08:35:31.66018	2026-04-08 08:35:31.66018
607	\N	142	1	1	1	1	base	refund	100.000000000000	f	2026-04-08 08:35:31.66018	2026-04-08 08:35:31.66018
608	235	142	1	1	1	1	tax	refund	100.000000000000	t	2026-04-08 08:35:31.66018	2026-04-08 08:35:31.66018
609	\N	143	1	1	1	1	base	invoice	100.000000000000	f	2026-04-08 08:35:31.66018	2026-04-08 08:35:31.66018
610	\N	143	1	1	1	1	tax	invoice	100.000000000000	f	2026-04-08 08:35:31.66018	2026-04-08 08:35:31.66018
611	\N	143	1	1	1	1	base	refund	100.000000000000	f	2026-04-08 08:35:31.66018	2026-04-08 08:35:31.66018
612	\N	143	1	1	1	1	tax	refund	100.000000000000	f	2026-04-08 08:35:31.66018	2026-04-08 08:35:31.66018
613	\N	144	1	1	1	1	base	invoice	100.000000000000	f	2026-04-08 08:35:31.66018	2026-04-08 08:35:31.66018
614	\N	144	1	1	1	1	tax	invoice	100.000000000000	f	2026-04-08 08:35:31.66018	2026-04-08 08:35:31.66018
615	\N	144	1	1	1	1	base	refund	100.000000000000	f	2026-04-08 08:35:31.66018	2026-04-08 08:35:31.66018
616	\N	144	1	1	1	1	tax	refund	100.000000000000	f	2026-04-08 08:35:31.66018	2026-04-08 08:35:31.66018
617	\N	145	1	1	1	1	base	invoice	100.000000000000	f	2026-04-08 08:35:31.66018	2026-04-08 08:35:31.66018
618	\N	145	1	1	1	1	tax	invoice	100.000000000000	f	2026-04-08 08:35:31.66018	2026-04-08 08:35:31.66018
619	\N	145	1	1	1	1	base	refund	100.000000000000	f	2026-04-08 08:35:31.66018	2026-04-08 08:35:31.66018
620	\N	145	1	1	1	1	tax	refund	100.000000000000	f	2026-04-08 08:35:31.66018	2026-04-08 08:35:31.66018
621	\N	146	1	1	1	1	base	invoice	100.000000000000	f	2026-04-08 08:35:31.66018	2026-04-08 08:35:31.66018
622	224	146	1	1	1	1	tax	invoice	100.000000000000	t	2026-04-08 08:35:31.66018	2026-04-08 08:35:31.66018
623	\N	146	1	1	1	1	base	refund	100.000000000000	f	2026-04-08 08:35:31.66018	2026-04-08 08:35:31.66018
624	224	146	1	1	1	1	tax	refund	100.000000000000	t	2026-04-08 08:35:31.66018	2026-04-08 08:35:31.66018
625	\N	147	1	1	1	1	base	invoice	100.000000000000	f	2026-04-08 08:35:31.66018	2026-04-08 08:35:31.66018
626	224	147	1	1	1	1	tax	invoice	100.000000000000	t	2026-04-08 08:35:31.66018	2026-04-08 08:35:31.66018
627	\N	147	1	1	1	1	base	refund	100.000000000000	f	2026-04-08 08:35:31.66018	2026-04-08 08:35:31.66018
628	224	147	1	1	1	1	tax	refund	100.000000000000	t	2026-04-08 08:35:31.66018	2026-04-08 08:35:31.66018
629	\N	148	1	1	1	1	base	invoice	100.000000000000	f	2026-04-08 08:35:31.66018	2026-04-08 08:35:31.66018
630	224	148	1	1	1	1	tax	invoice	100.000000000000	t	2026-04-08 08:35:31.66018	2026-04-08 08:35:31.66018
631	\N	148	1	1	1	1	base	refund	100.000000000000	f	2026-04-08 08:35:31.66018	2026-04-08 08:35:31.66018
632	224	148	1	1	1	1	tax	refund	100.000000000000	t	2026-04-08 08:35:31.66018	2026-04-08 08:35:31.66018
633	\N	149	1	1	1	1	base	invoice	100.000000000000	f	2026-04-08 08:35:31.66018	2026-04-08 08:35:31.66018
634	\N	149	1	1	1	1	tax	invoice	100.000000000000	f	2026-04-08 08:35:31.66018	2026-04-08 08:35:31.66018
635	\N	149	1	1	1	1	base	refund	100.000000000000	f	2026-04-08 08:35:31.66018	2026-04-08 08:35:31.66018
636	\N	149	1	1	1	1	tax	refund	100.000000000000	f	2026-04-08 08:35:31.66018	2026-04-08 08:35:31.66018
637	\N	150	1	1	1	1	base	invoice	100.000000000000	f	2026-04-08 08:35:31.66018	2026-04-08 08:35:31.66018
638	224	150	1	1	1	1	tax	invoice	100.000000000000	t	2026-04-08 08:35:31.66018	2026-04-08 08:35:31.66018
639	\N	150	1	1	1	1	base	refund	100.000000000000	f	2026-04-08 08:35:31.66018	2026-04-08 08:35:31.66018
640	224	150	1	1	1	1	tax	refund	100.000000000000	t	2026-04-08 08:35:31.66018	2026-04-08 08:35:31.66018
641	\N	151	1	1	1	1	base	invoice	100.000000000000	f	2026-04-08 08:35:31.66018	2026-04-08 08:35:31.66018
642	224	151	1	1	1	1	tax	invoice	100.000000000000	t	2026-04-08 08:35:31.66018	2026-04-08 08:35:31.66018
643	\N	151	1	1	1	1	base	refund	100.000000000000	f	2026-04-08 08:35:31.66018	2026-04-08 08:35:31.66018
644	224	151	1	1	1	1	tax	refund	100.000000000000	t	2026-04-08 08:35:31.66018	2026-04-08 08:35:31.66018
645	\N	152	1	1	1	1	base	invoice	100.000000000000	f	2026-04-08 08:35:31.66018	2026-04-08 08:35:31.66018
646	224	152	1	1	1	1	tax	invoice	100.000000000000	t	2026-04-08 08:35:31.66018	2026-04-08 08:35:31.66018
647	\N	152	1	1	1	1	base	refund	100.000000000000	f	2026-04-08 08:35:31.66018	2026-04-08 08:35:31.66018
648	224	152	1	1	1	1	tax	refund	100.000000000000	t	2026-04-08 08:35:31.66018	2026-04-08 08:35:31.66018
649	\N	153	1	1	1	1	base	invoice	100.000000000000	f	2026-04-08 08:35:31.66018	2026-04-08 08:35:31.66018
650	224	153	1	1	1	1	tax	invoice	100.000000000000	t	2026-04-08 08:35:31.66018	2026-04-08 08:35:31.66018
651	\N	153	1	1	1	1	base	refund	100.000000000000	f	2026-04-08 08:35:31.66018	2026-04-08 08:35:31.66018
652	224	153	1	1	1	1	tax	refund	100.000000000000	t	2026-04-08 08:35:31.66018	2026-04-08 08:35:31.66018
653	\N	154	1	1	1	1	base	invoice	100.000000000000	f	2026-04-08 08:35:31.66018	2026-04-08 08:35:31.66018
654	224	154	1	1	1	1	tax	invoice	100.000000000000	t	2026-04-08 08:35:31.66018	2026-04-08 08:35:31.66018
655	\N	154	1	1	1	1	base	refund	100.000000000000	f	2026-04-08 08:35:31.66018	2026-04-08 08:35:31.66018
656	224	154	1	1	1	1	tax	refund	100.000000000000	t	2026-04-08 08:35:31.66018	2026-04-08 08:35:31.66018
657	\N	155	1	1	1	1	base	invoice	100.000000000000	f	2026-04-08 08:35:31.66018	2026-04-08 08:35:31.66018
658	224	155	1	1	1	1	tax	invoice	100.000000000000	t	2026-04-08 08:35:31.66018	2026-04-08 08:35:31.66018
659	235	155	1	1	1	1	tax	invoice	-100.000000000000	t	2026-04-08 08:35:31.66018	2026-04-08 08:35:31.66018
660	\N	155	1	1	1	1	base	refund	100.000000000000	f	2026-04-08 08:35:31.66018	2026-04-08 08:35:31.66018
661	224	155	1	1	1	1	tax	refund	100.000000000000	t	2026-04-08 08:35:31.66018	2026-04-08 08:35:31.66018
662	235	155	1	1	1	1	tax	refund	-100.000000000000	t	2026-04-08 08:35:31.66018	2026-04-08 08:35:31.66018
663	\N	156	1	1	1	1	base	invoice	100.000000000000	f	2026-04-08 08:35:31.66018	2026-04-08 08:35:31.66018
664	224	156	1	1	1	1	tax	invoice	100.000000000000	t	2026-04-08 08:35:31.66018	2026-04-08 08:35:31.66018
665	235	156	1	1	1	1	tax	invoice	-100.000000000000	t	2026-04-08 08:35:31.66018	2026-04-08 08:35:31.66018
666	\N	156	1	1	1	1	base	refund	100.000000000000	f	2026-04-08 08:35:31.66018	2026-04-08 08:35:31.66018
667	224	156	1	1	1	1	tax	refund	100.000000000000	t	2026-04-08 08:35:31.66018	2026-04-08 08:35:31.66018
668	235	156	1	1	1	1	tax	refund	-100.000000000000	t	2026-04-08 08:35:31.66018	2026-04-08 08:35:31.66018
669	\N	157	1	1	1	1	base	invoice	100.000000000000	f	2026-04-08 08:35:31.66018	2026-04-08 08:35:31.66018
670	\N	157	1	1	1	1	tax	invoice	100.000000000000	f	2026-04-08 08:35:31.66018	2026-04-08 08:35:31.66018
671	\N	157	1	1	1	1	base	refund	100.000000000000	f	2026-04-08 08:35:31.66018	2026-04-08 08:35:31.66018
672	\N	157	1	1	1	1	tax	refund	100.000000000000	f	2026-04-08 08:35:31.66018	2026-04-08 08:35:31.66018
673	\N	158	1	1	1	1	base	invoice	100.000000000000	f	2026-04-08 08:35:31.66018	2026-04-08 08:35:31.66018
674	224	158	1	1	1	1	tax	invoice	100.000000000000	t	2026-04-08 08:35:31.66018	2026-04-08 08:35:31.66018
675	235	158	1	1	1	1	tax	invoice	-100.000000000000	t	2026-04-08 08:35:31.66018	2026-04-08 08:35:31.66018
676	\N	158	1	1	1	1	base	refund	100.000000000000	f	2026-04-08 08:35:31.66018	2026-04-08 08:35:31.66018
677	224	158	1	1	1	1	tax	refund	100.000000000000	t	2026-04-08 08:35:31.66018	2026-04-08 08:35:31.66018
678	235	158	1	1	1	1	tax	refund	-100.000000000000	t	2026-04-08 08:35:31.66018	2026-04-08 08:35:31.66018
679	\N	159	1	1	1	1	base	invoice	100.000000000000	f	2026-04-08 08:35:31.66018	2026-04-08 08:35:31.66018
680	224	159	1	1	1	1	tax	invoice	100.000000000000	t	2026-04-08 08:35:31.66018	2026-04-08 08:35:31.66018
681	235	159	1	1	1	1	tax	invoice	-100.000000000000	t	2026-04-08 08:35:31.66018	2026-04-08 08:35:31.66018
682	\N	159	1	1	1	1	base	refund	100.000000000000	f	2026-04-08 08:35:31.66018	2026-04-08 08:35:31.66018
683	224	159	1	1	1	1	tax	refund	100.000000000000	t	2026-04-08 08:35:31.66018	2026-04-08 08:35:31.66018
684	235	159	1	1	1	1	tax	refund	-100.000000000000	t	2026-04-08 08:35:31.66018	2026-04-08 08:35:31.66018
685	\N	160	1	1	1	1	base	invoice	100.000000000000	f	2026-04-08 08:35:31.66018	2026-04-08 08:35:31.66018
686	224	160	1	1	1	1	tax	invoice	100.000000000000	t	2026-04-08 08:35:31.66018	2026-04-08 08:35:31.66018
687	235	160	1	1	1	1	tax	invoice	-100.000000000000	t	2026-04-08 08:35:31.66018	2026-04-08 08:35:31.66018
688	\N	160	1	1	1	1	base	refund	100.000000000000	f	2026-04-08 08:35:31.66018	2026-04-08 08:35:31.66018
689	224	160	1	1	1	1	tax	refund	100.000000000000	t	2026-04-08 08:35:31.66018	2026-04-08 08:35:31.66018
690	235	160	1	1	1	1	tax	refund	-100.000000000000	t	2026-04-08 08:35:31.66018	2026-04-08 08:35:31.66018
691	\N	161	1	1	1	1	base	invoice	100.000000000000	f	2026-04-08 08:35:31.66018	2026-04-08 08:35:31.66018
692	224	161	1	1	1	1	tax	invoice	100.000000000000	t	2026-04-08 08:35:31.66018	2026-04-08 08:35:31.66018
693	235	161	1	1	1	1	tax	invoice	-100.000000000000	t	2026-04-08 08:35:31.66018	2026-04-08 08:35:31.66018
694	\N	161	1	1	1	1	base	refund	100.000000000000	f	2026-04-08 08:35:31.66018	2026-04-08 08:35:31.66018
695	224	161	1	1	1	1	tax	refund	100.000000000000	t	2026-04-08 08:35:31.66018	2026-04-08 08:35:31.66018
696	235	161	1	1	1	1	tax	refund	-100.000000000000	t	2026-04-08 08:35:31.66018	2026-04-08 08:35:31.66018
697	\N	162	1	1	1	1	base	invoice	100.000000000000	f	2026-04-08 08:35:31.66018	2026-04-08 08:35:31.66018
698	224	162	1	1	1	1	tax	invoice	100.000000000000	t	2026-04-08 08:35:31.66018	2026-04-08 08:35:31.66018
699	235	162	1	1	1	1	tax	invoice	-100.000000000000	t	2026-04-08 08:35:31.66018	2026-04-08 08:35:31.66018
700	\N	162	1	1	1	1	base	refund	100.000000000000	f	2026-04-08 08:35:31.66018	2026-04-08 08:35:31.66018
701	224	162	1	1	1	1	tax	refund	100.000000000000	t	2026-04-08 08:35:31.66018	2026-04-08 08:35:31.66018
702	235	162	1	1	1	1	tax	refund	-100.000000000000	t	2026-04-08 08:35:31.66018	2026-04-08 08:35:31.66018
703	\N	163	1	1	1	1	base	invoice	100.000000000000	f	2026-04-08 08:35:31.66018	2026-04-08 08:35:31.66018
704	224	163	1	1	1	1	tax	invoice	100.000000000000	t	2026-04-08 08:35:31.66018	2026-04-08 08:35:31.66018
705	235	163	1	1	1	1	tax	invoice	-100.000000000000	t	2026-04-08 08:35:31.66018	2026-04-08 08:35:31.66018
706	\N	163	1	1	1	1	base	refund	100.000000000000	f	2026-04-08 08:35:31.66018	2026-04-08 08:35:31.66018
707	224	163	1	1	1	1	tax	refund	100.000000000000	t	2026-04-08 08:35:31.66018	2026-04-08 08:35:31.66018
708	235	163	1	1	1	1	tax	refund	-100.000000000000	t	2026-04-08 08:35:31.66018	2026-04-08 08:35:31.66018
709	\N	164	1	1	1	1	base	invoice	100.000000000000	f	2026-04-08 08:35:31.66018	2026-04-08 08:35:31.66018
710	\N	164	1	1	1	1	tax	invoice	100.000000000000	f	2026-04-08 08:35:31.66018	2026-04-08 08:35:31.66018
711	\N	164	1	1	1	1	base	refund	100.000000000000	f	2026-04-08 08:35:31.66018	2026-04-08 08:35:31.66018
712	\N	164	1	1	1	1	tax	refund	100.000000000000	f	2026-04-08 08:35:31.66018	2026-04-08 08:35:31.66018
713	\N	165	1	1	1	1	base	invoice	100.000000000000	f	2026-04-08 08:35:31.66018	2026-04-08 08:35:31.66018
714	\N	165	1	1	1	1	tax	invoice	100.000000000000	f	2026-04-08 08:35:31.66018	2026-04-08 08:35:31.66018
715	\N	165	1	1	1	1	base	refund	100.000000000000	f	2026-04-08 08:35:31.66018	2026-04-08 08:35:31.66018
716	\N	165	1	1	1	1	tax	refund	100.000000000000	f	2026-04-08 08:35:31.66018	2026-04-08 08:35:31.66018
717	\N	166	1	1	1	1	base	invoice	100.000000000000	f	2026-04-08 08:35:31.66018	2026-04-08 08:35:31.66018
718	\N	166	1	1	1	1	tax	invoice	100.000000000000	f	2026-04-08 08:35:31.66018	2026-04-08 08:35:31.66018
719	\N	166	1	1	1	1	base	refund	100.000000000000	f	2026-04-08 08:35:31.66018	2026-04-08 08:35:31.66018
720	\N	166	1	1	1	1	tax	refund	100.000000000000	f	2026-04-08 08:35:31.66018	2026-04-08 08:35:31.66018
721	\N	167	1	1	1	1	base	invoice	100.000000000000	f	2026-04-08 08:35:31.66018	2026-04-08 08:35:31.66018
722	\N	167	1	1	1	1	tax	invoice	100.000000000000	f	2026-04-08 08:35:31.66018	2026-04-08 08:35:31.66018
723	\N	167	1	1	1	1	base	refund	100.000000000000	f	2026-04-08 08:35:31.66018	2026-04-08 08:35:31.66018
724	\N	167	1	1	1	1	tax	refund	100.000000000000	f	2026-04-08 08:35:31.66018	2026-04-08 08:35:31.66018
725	\N	168	1	1	1	1	base	invoice	100.000000000000	f	2026-04-08 08:35:31.66018	2026-04-08 08:35:31.66018
726	\N	168	1	1	1	1	tax	invoice	100.000000000000	f	2026-04-08 08:35:31.66018	2026-04-08 08:35:31.66018
727	\N	168	1	1	1	1	base	refund	100.000000000000	f	2026-04-08 08:35:31.66018	2026-04-08 08:35:31.66018
728	\N	168	1	1	1	1	tax	refund	100.000000000000	f	2026-04-08 08:35:31.66018	2026-04-08 08:35:31.66018
\.


--
-- Data for Name: account_tax_sale_order_discount_rel; Type: TABLE DATA; Schema: public; Owner: odoo
--

COPY public.account_tax_sale_order_discount_rel (sale_order_discount_id, account_tax_id) FROM stdin;
\.


--
-- Data for Name: account_tax_sale_order_line_rel; Type: TABLE DATA; Schema: public; Owner: odoo
--

COPY public.account_tax_sale_order_line_rel (sale_order_line_id, account_tax_id) FROM stdin;
5836	53
5837	53
5838	53
5839	53
5840	53
5841	53
5842	53
5843	53
5844	53
5845	53
5846	53
5847	53
5848	53
5849	53
5850	53
5851	53
5852	53
5853	53
5854	53
5855	53
5856	53
5857	53
5858	53
5859	53
5860	53
5861	53
5862	53
5863	53
5864	53
5865	53
5866	53
5867	53
5868	53
5869	53
5870	53
5871	53
5872	53
5873	53
5874	53
5875	53
5876	53
5877	53
5878	53
5879	53
5880	53
5881	53
5882	53
5883	53
5884	53
5885	53
5886	53
5887	53
5888	53
5889	53
5890	53
5891	53
5892	53
5893	53
5894	53
5895	53
5896	53
5897	53
5898	53
5899	53
5900	53
5901	53
5902	53
5903	53
5904	53
5905	53
5906	53
5907	53
5908	53
5909	53
5910	53
5911	53
5912	53
5913	53
5914	53
5915	53
5916	53
5917	53
5918	53
5919	53
5920	53
5921	53
5922	53
5923	53
5924	53
5925	53
5926	53
5927	53
5928	53
5929	53
5930	53
5931	53
5932	53
5933	53
5934	53
5935	53
5936	53
5937	53
5938	53
5939	53
5940	53
5941	53
5942	53
5943	53
5944	53
5945	53
5946	53
5947	53
5948	53
5949	53
5950	53
5951	53
5952	53
5953	53
5954	53
5955	53
5956	53
5957	53
5958	53
5959	53
5960	53
5961	53
5962	53
5963	53
5964	53
5965	53
5966	53
5967	53
5968	53
5969	53
5970	53
5971	53
5972	53
5973	53
5974	53
5975	53
5976	53
5977	53
5978	53
5979	53
5980	53
5981	53
5982	53
5983	53
5984	53
5985	53
5986	53
5987	53
5988	53
5989	53
5990	53
5991	53
5992	53
5993	53
5994	53
5995	53
5996	53
5997	53
5998	53
5999	53
6000	53
6001	53
6002	53
6003	53
6004	53
6005	53
6006	53
6007	53
6008	53
6009	53
6010	53
6011	53
6012	53
6013	53
6014	53
6015	53
6016	53
6017	53
6018	53
6019	53
6020	53
6021	53
6022	53
6023	53
6024	53
6025	53
6026	53
6027	53
6028	53
6029	53
6030	53
6031	53
6032	53
6033	53
6034	53
6035	53
6036	53
6037	53
6038	53
6039	53
6040	53
6041	53
6042	53
6043	53
6044	53
6045	53
6046	53
6047	53
6048	53
6049	53
6050	53
6051	53
6052	53
6053	53
6054	53
6055	53
6056	53
6057	53
6058	53
6059	53
6060	53
6061	53
6062	53
6063	53
6064	53
6065	53
6066	53
6067	53
6068	53
6069	53
6070	53
6071	53
6072	53
6073	53
6074	53
6075	53
6076	53
6077	53
6078	53
6079	53
6080	53
6081	53
6082	53
6083	53
6084	53
6085	53
6086	53
6087	53
6088	53
6089	53
6090	53
6091	53
6092	53
6093	53
6094	53
6095	53
6096	53
6097	53
6098	53
6099	53
6100	53
6101	53
6102	53
6103	53
6104	53
6105	53
6106	53
6107	53
6108	53
6109	53
6110	53
6111	53
6112	53
6113	53
6114	53
6115	53
6116	53
6117	53
6118	53
6119	53
6120	53
6121	53
6122	53
6123	53
6124	53
6125	53
6126	53
6127	53
6128	53
6129	53
6130	53
6131	53
6132	53
6133	53
6134	53
6135	53
6136	53
6137	53
6138	53
6139	53
6140	53
6141	53
6142	53
6143	53
6144	53
6145	53
6146	53
6147	53
6148	53
6149	53
6150	53
6151	53
6152	53
6153	53
6154	53
6155	53
6156	53
6157	53
6158	53
6159	53
6160	53
6161	53
6162	53
6163	53
6164	53
6165	53
6166	53
6167	53
6168	53
6169	53
6170	53
6171	53
6172	53
6173	53
6174	53
6175	53
6176	53
6177	53
6178	53
6179	53
6180	53
6181	53
6182	53
6183	53
6184	53
6185	53
6186	53
6187	53
6188	53
6189	53
6190	53
6191	53
6192	53
6193	53
6194	53
6195	53
6196	53
6197	53
6198	53
6199	53
6200	53
6201	53
6202	53
6203	53
6204	53
6205	53
6206	53
6207	53
6208	53
6209	53
6210	53
6211	53
6212	53
6213	53
6214	53
6215	53
6216	53
6217	53
6218	53
6219	53
6220	53
6221	53
6222	53
6223	53
6224	53
6225	53
6226	53
6227	53
6228	53
6229	53
6230	53
6231	53
6232	53
6233	53
6234	53
6235	53
6236	53
6237	53
6238	53
6239	53
6240	53
6241	53
6242	53
6243	53
6244	53
6245	53
6246	53
6247	53
6248	53
6249	53
6250	53
6251	53
6252	53
6253	53
6254	53
6255	53
6256	53
6257	53
6258	53
6259	53
6260	53
6261	53
6262	53
6263	53
6264	53
6265	53
6266	53
6267	53
6268	53
6269	53
6270	53
6271	53
6272	53
6273	53
6274	53
6275	53
6276	53
6277	53
6278	53
6279	53
6280	53
6281	53
6282	53
6283	53
6284	53
6285	53
6286	53
6287	53
6288	53
6289	53
6290	53
6291	53
6292	53
6293	53
6294	53
6295	53
6296	53
6297	53
6298	53
6299	53
6300	53
6301	53
6302	53
6303	53
6304	53
6305	53
6306	53
6307	53
6308	53
6309	53
6310	53
6311	53
6312	53
6313	53
6314	53
6315	53
6316	53
6317	53
6322	53
\.


--
-- Data for Name: activity_attachment_rel; Type: TABLE DATA; Schema: public; Owner: odoo
--

COPY public.activity_attachment_rel (activity_id, attachment_id) FROM stdin;
\.


--
-- Data for Name: auth_totp_device; Type: TABLE DATA; Schema: public; Owner: odoo
--

COPY public.auth_totp_device (id, name, user_id, scope, expiration_date, index, key, create_date) FROM stdin;
\.


--
-- Data for Name: auth_totp_wizard; Type: TABLE DATA; Schema: public; Owner: odoo
--

COPY public.auth_totp_wizard (id, user_id, create_uid, write_uid, secret, url, code, create_date, write_date, qrcode) FROM stdin;
\.


--
-- Data for Name: badge_unlocked_definition_rel; Type: TABLE DATA; Schema: public; Owner: odoo
--

COPY public.badge_unlocked_definition_rel (gamification_badge_id, gamification_goal_definition_id) FROM stdin;
\.


--
-- Data for Name: barcode_nomenclature; Type: TABLE DATA; Schema: public; Owner: odoo
--

COPY public.barcode_nomenclature (id, create_uid, write_uid, name, upc_ean_conv, create_date, write_date, gs1_separator_fnc1, is_gs1_nomenclature) FROM stdin;
1	1	1	Default Nomenclature	always	2026-04-08 08:46:05.988403	2026-04-08 08:46:05.988403	(Alt029|#|\\x1D)	\N
2	1	1	Default GS1 Nomenclature	always	2026-04-08 08:46:07.857169	2026-04-08 08:46:07.857169	(Alt029|#|\\x1D)	t
\.


--
-- Data for Name: barcode_rule; Type: TABLE DATA; Schema: public; Owner: odoo
--

COPY public.barcode_rule (id, barcode_nomenclature_id, sequence, create_uid, write_uid, name, encoding, type, pattern, alias, create_date, write_date, associated_uom_id, gs1_content_type, gs1_decimal_usage) FROM stdin;
1	1	90	1	1	Product Barcodes	any	product	.*	0	2026-04-08 08:46:05.988403	2026-04-08 08:46:05.988403	\N	\N	\N
2	2	100	1	1	Serial Shipping Container Code	gs1-128	package	(00)(\\d{18})	0	2026-04-08 08:46:07.857169	2026-04-08 08:46:07.857169	\N	identifier	\N
3	2	101	1	1	Global Trade Item Number (GTIN)	gs1-128	product	(01)(\\d{14})	0	2026-04-08 08:46:07.857169	2026-04-08 08:46:07.857169	\N	identifier	\N
4	2	102	1	1	GTIN of contained trade items	gs1-128	product	(02)(\\d{14})	0	2026-04-08 08:46:07.857169	2026-04-08 08:46:07.857169	\N	identifier	\N
5	2	110	1	1	Ship to / Deliver to Global Location Number (GLN)	gs1-128	location_dest	(410)(\\d{13})	0	2026-04-08 08:46:07.857169	2026-04-08 08:46:07.857169	\N	identifier	\N
6	2	113	1	1	Ship for / Deliver for - Forward to Global Location Number (GLN)	gs1-128	location_dest	(413)(\\d{13})	0	2026-04-08 08:46:07.857169	2026-04-08 08:46:07.857169	\N	identifier	\N
7	2	114	1	1	Identification of a physical location - Global Location Number (GLN)	gs1-128	location	(414)(\\d{13})	0	2026-04-08 08:46:07.857169	2026-04-08 08:46:07.857169	\N	identifier	\N
8	2	125	1	1	Batch or lot number	gs1-128	lot	(10)([!"%-/0-9:-?A-Z_a-z]{0,20})	0	2026-04-08 08:46:07.857169	2026-04-08 08:46:07.857169	\N	alpha	\N
9	2	126	1	1	Serial number	gs1-128	lot	(21)([!"%-/0-9:-?A-Z_a-z]{0,20})	0	2026-04-08 08:46:07.857169	2026-04-08 08:46:07.857169	\N	alpha	\N
10	2	137	1	1	Pack date (YYMMDD)	gs1-128	pack_date	(13)(\\d{6})	0	2026-04-08 08:46:07.857169	2026-04-08 08:46:07.857169	\N	date	\N
11	2	138	1	1	Best before date (YYMMDD)	gs1-128	use_date	(15)(\\d{6})	0	2026-04-08 08:46:07.857169	2026-04-08 08:46:07.857169	\N	date	\N
12	2	139	1	1	Expiration date (YYMMDD)	gs1-128	expiration_date	(17)(\\d{6})	0	2026-04-08 08:46:07.857169	2026-04-08 08:46:07.857169	\N	date	\N
13	2	300	1	1	Variable count of items (variable measure trade item)	gs1-128	quantity	(30)(\\d{0,8})	0	2026-04-08 08:46:07.857169	2026-04-08 08:46:07.857169	1	measure	f
14	2	305	1	1	Count of trade items or trade item pieces contained in a logistic unit	gs1-128	quantity	(37)(\\d{0,8})	0	2026-04-08 08:46:07.857169	2026-04-08 08:46:07.857169	1	measure	f
15	2	310	1	1	Net weight, kilograms (variable measure trade item)	gs1-128	quantity	(310[0-5])(\\d{6})	0	2026-04-08 08:46:07.857169	2026-04-08 08:46:07.857169	13	measure	t
16	2	311	1	1	Length or first dimension, metres (variable measure trade item)	gs1-128	quantity	(311[0-5])(\\d{6})	0	2026-04-08 08:46:07.857169	2026-04-08 08:46:07.857169	6	measure	t
17	2	314	1	1	Area, square meters (variable measure trade item)	gs1-128	quantity	(314[0-5])(\\d{6})	0	2026-04-08 08:46:07.857169	2026-04-08 08:46:07.857169	10	measure	t
18	2	315	1	1	Net volume, litres (variable measure trade item)	gs1-128	quantity	(315[0-5])(\\d{6})	0	2026-04-08 08:46:07.857169	2026-04-08 08:46:07.857169	11	measure	t
19	2	316	1	1	Net volume, cubic metres (variable measure trade item)	gs1-128	quantity	(316[0-5])(\\d{6})	0	2026-04-08 08:46:07.857169	2026-04-08 08:46:07.857169	12	measure	t
20	2	320	1	1	Net weight, pounds (variable measure trade item)	gs1-128	quantity	(320[0-5])(\\d{6})	0	2026-04-08 08:46:07.857169	2026-04-08 08:46:07.857169	16	measure	t
21	2	321	1	1	Length or first dimension, inches (variable measure trade item)	gs1-128	quantity	(321[0-5])(\\d{6})	0	2026-04-08 08:46:07.857169	2026-04-08 08:46:07.857169	18	measure	t
22	2	322	1	1	Length or first dimension, feet (variable measure trade item)	gs1-128	quantity	(322[0-5])(\\d{6})	0	2026-04-08 08:46:07.857169	2026-04-08 08:46:07.857169	19	measure	t
23	2	323	1	1	Length or first dimension, yards (variable measure trade item)	gs1-128	quantity	(322[0-5])(\\d{6})	0	2026-04-08 08:46:07.857169	2026-04-08 08:46:07.857169	20	measure	t
24	2	351	1	1	Area, square feet (variable measure trade item)	gs1-128	quantity	(351[0-5])(\\d{6})	0	2026-04-08 08:46:07.857169	2026-04-08 08:46:07.857169	22	measure	t
25	2	357	1	1	Net weight (or volume), ounces (variable measure trade item)	gs1-128	quantity	(357[0-5])(\\d{6})	0	2026-04-08 08:46:07.857169	2026-04-08 08:46:07.857169	17	measure	t
26	2	360	1	1	Net volume, quarts (variable measure trade item)	gs1-128	quantity	(360[0-5])(\\d{6})	0	2026-04-08 08:46:07.857169	2026-04-08 08:46:07.857169	24	measure	t
27	2	361	1	1	Net volume, gallons U.S. (variable measure trade item)	gs1-128	quantity	(361[0-5])(\\d{6})	0	2026-04-08 08:46:07.857169	2026-04-08 08:46:07.857169	25	measure	t
28	2	364	1	1	Net volume, cubic inches (variable measure trade item)	gs1-128	quantity	(364[0-5])(\\d{6})	0	2026-04-08 08:46:07.857169	2026-04-08 08:46:07.857169	26	measure	t
29	2	365	1	1	Net volume, cubic feet (variable measure trade item)	gs1-128	quantity	(365[0-5])(\\d{6})	0	2026-04-08 08:46:07.857169	2026-04-08 08:46:07.857169	27	measure	t
30	2	500	1	1	Package type	gs1-128	package_type	(91)([!"%-/0-9:-?A-Z_a-z]{0,90})	0	2026-04-08 08:46:07.857169	2026-04-08 08:46:07.857169	\N	alpha	\N
31	1	36	1	1	Weight Barcodes 3 Decimals	ean13	weight	21.....{NNDDD}	0	2026-04-08 08:46:08.412603	2026-04-08 08:46:08.412603	\N	\N	\N
32	1	70	1	1	Package barcodes	any	package	PACK	0	2026-04-08 08:46:08.412603	2026-04-08 08:46:08.412603	\N	\N	\N
33	1	80	1	1	Lot barcodes	any	lot	10	0	2026-04-08 08:46:08.412603	2026-04-08 08:46:08.412603	\N	\N	\N
34	1	60	1	1	Location barcodes	any	location	414	0	2026-04-08 08:46:08.412603	2026-04-08 08:46:08.412603	\N	\N	\N
\.


--
-- Data for Name: base_document_layout; Type: TABLE DATA; Schema: public; Owner: odoo
--

COPY public.base_document_layout (id, company_id, report_layout_id, create_uid, write_uid, create_date, write_date, from_invoice) FROM stdin;
\.


--
-- Data for Name: base_enable_profiling_wizard; Type: TABLE DATA; Schema: public; Owner: odoo
--

COPY public.base_enable_profiling_wizard (id, create_uid, write_uid, duration, expiration, create_date, write_date) FROM stdin;
\.


--
-- Data for Name: base_import_import; Type: TABLE DATA; Schema: public; Owner: odoo
--

COPY public.base_import_import (id, create_uid, write_uid, res_model, file_name, file_type, create_date, write_date, file) FROM stdin;
\.


--
-- Data for Name: base_import_mapping; Type: TABLE DATA; Schema: public; Owner: odoo
--

COPY public.base_import_mapping (id, create_uid, write_uid, res_model, column_name, field_name, create_date, write_date) FROM stdin;
1	2	2	res.partner	name	name	2026-05-05 10:32:37.266526	2026-05-05 10:32:37.266526
2	2	2	res.partner	company_type	company_type	2026-05-05 10:32:37.266526	2026-05-05 10:32:37.266526
3	2	2	res.partner	customer_rank	customer_rank	2026-05-05 10:32:37.266526	2026-05-05 10:32:37.266526
4	2	2	res.partner	supplier_rank	supplier_rank	2026-05-05 10:32:37.266526	2026-05-05 10:32:37.266526
5	2	2	res.partner	email	email	2026-05-05 10:32:37.266526	2026-05-05 10:32:37.266526
6	2	2	res.partner	lang	lang	2026-05-05 10:32:37.266526	2026-05-05 10:32:37.266526
9	17	17	stock.picking	albarán	id	2026-05-05 11:07:45.263817	2026-05-05 11:07:45.263817
10	17	17	stock.picking	fecha albarán	\N	2026-05-05 11:07:45.263817	2026-05-05 11:07:45.263817
11	17	17	stock.picking	cliente	\N	2026-05-05 11:07:45.263817	2026-05-05 11:07:45.263817
12	17	17	stock.picking	factura	\N	2026-05-05 11:07:45.263817	2026-05-05 11:07:45.263817
13	17	17	stock.picking	pedido	\N	2026-05-05 11:07:45.263817	2026-05-05 11:07:45.263817
14	17	17	stock.picking	planta	\N	2026-05-05 11:07:45.263817	2026-05-05 11:07:45.263817
15	17	17	stock.picking	marca	\N	2026-05-05 11:07:45.263817	2026-05-05 11:07:45.263817
16	17	17	stock.picking	tipo	\N	2026-05-05 11:07:45.263817	2026-05-05 11:07:45.263817
17	17	17	stock.picking	número	\N	2026-05-05 11:07:45.263817	2026-05-05 11:07:45.263817
18	17	17	stock.picking	orden de trabajo	\N	2026-05-05 11:07:45.263817	2026-05-05 11:07:45.263817
19	17	17	stock.picking	comentarios	\N	2026-05-05 11:07:45.263817	2026-05-05 11:07:45.263817
20	17	17	stock.picking	ppto	\N	2026-05-05 11:07:45.263817	2026-05-05 11:07:45.263817
7	2	2	res.partner	country_id/name	country_id	2026-05-05 10:32:37.266526	2026-05-05 11:10:04.864036
8	2	2	res.partner	parent_id/name	parent_id	2026-05-05 10:32:37.266526	2026-05-05 11:10:04.864036
21	17	17	stock.picking	fecha programada	scheduled_date	2026-05-05 11:43:26.261312	2026-05-05 11:43:26.261312
22	17	17	stock.picking	documento de origen	origin	2026-05-05 11:43:26.261312	2026-05-05 11:43:26.261312
23	17	17	stock.picking	notas	note	2026-05-05 11:43:26.261312	2026-05-05 11:43:26.261312
24	2	2	sale.order	name	name	2026-05-07 08:06:51.867257	2026-05-07 08:06:51.867257
25	2	2	sale.order	partner_id	partner_id	2026-05-07 08:06:51.867257	2026-05-07 08:06:51.867257
26	2	2	sale.order	date_order	date_order	2026-05-07 08:06:51.867257	2026-05-07 08:06:51.867257
27	2	2	sale.order	validity_date	validity_date	2026-05-07 08:06:51.867257	2026-05-07 08:06:51.867257
28	2	2	sale.order	client_order_ref	client_order_ref	2026-05-07 08:06:51.867257	2026-05-07 08:06:51.867257
29	2	2	sale.order	note	note	2026-05-07 08:06:51.867257	2026-05-07 08:06:51.867257
30	2	2	sale.order	order_line/name	order_line/name	2026-05-07 08:06:51.867257	2026-05-07 08:06:51.867257
31	2	2	sale.order	order_line/product_uom_qty	order_line/product_uom_qty	2026-05-07 08:06:51.867257	2026-05-07 08:06:51.867257
32	2	2	sale.order	order_line/price_unit	order_line/price_unit	2026-05-07 08:06:51.867257	2026-05-07 08:06:51.867257
33	2	2	purchase.order	order reference	name	2026-05-07 10:15:59.546142	2026-05-07 10:15:59.546142
34	2	2	purchase.order	vendor	partner_id	2026-05-07 10:15:59.546142	2026-05-07 10:15:59.546142
35	2	2	purchase.order	order date	\N	2026-05-07 10:15:59.546142	2026-05-07 10:15:59.546142
36	2	2	purchase.order	vendor reference	partner_ref	2026-05-07 10:15:59.546142	2026-05-07 10:15:59.546142
37	2	2	purchase.order	source document	origin	2026-05-07 10:15:59.546142	2026-05-07 10:15:59.546142
38	2	2	purchase.order	order lines/product	order_line/product_id	2026-05-07 10:15:59.546142	2026-05-07 10:15:59.546142
39	2	2	purchase.order	order lines/description	order_line/name	2026-05-07 10:15:59.546142	2026-05-07 10:15:59.546142
40	2	2	purchase.order	order lines/quantity	order_line/product_qty	2026-05-07 10:15:59.546142	2026-05-07 10:15:59.546142
41	2	2	purchase.order	order lines/unit price	order_line/price_unit	2026-05-07 10:15:59.546142	2026-05-07 10:15:59.546142
42	2	2	purchase.order	order lines/scheduled date	\N	2026-05-07 10:15:59.546142	2026-05-07 10:15:59.546142
43	2	2	purchase.order	date_order	date_order	2026-05-07 10:18:12.424117	2026-05-07 10:18:12.424117
44	2	2	purchase.order	order_line/date_planned	order_line/date_planned	2026-05-07 10:18:12.424117	2026-05-07 10:18:12.424117
45	2	2	sale.order	state	x_estado_importado	2026-05-07 11:56:29.785032	2026-05-07 11:56:29.785032
46	2	2	sale.order	x_ot	x_ot	2026-05-07 11:56:29.785032	2026-05-07 11:56:29.785032
47	2	2	sale.order	x_planta	x_planta	2026-05-07 11:56:29.785032	2026-05-07 11:56:29.785032
48	2	2	sale.order	x_albaran	x_albaran	2026-05-07 11:56:29.785032	2026-05-07 11:56:29.785032
49	2	2	sale.order	x_marca	x_marca	2026-05-07 11:56:29.785032	2026-05-07 11:56:29.785032
50	2	2	sale.order	x_n_serie	x_n_serie	2026-05-07 11:56:29.785032	2026-05-07 11:56:29.785032
51	2	2	sale.order	x_contacto_nombre	x_contacto_nombre	2026-05-07 11:56:29.785032	2026-05-07 11:56:29.785032
52	2	2	sale.order	x_contacto_email	x_contacto_email	2026-05-07 11:56:29.785032	2026-05-07 11:56:29.785032
53	2	2	sale.order	order_line/product_id	order_line/product_id	2026-05-07 11:56:29.785032	2026-05-07 11:56:29.785032
54	2	2	stock.picking	name	\N	2026-05-08 09:01:50.704468	2026-05-08 09:01:50.704468
55	2	2	stock.picking	scheduled date	scheduled_date	2026-05-08 09:01:50.704468	2026-05-08 09:01:50.704468
56	2	2	stock.picking	contact	partner_id	2026-05-08 09:01:50.704468	2026-05-08 09:01:50.704468
57	2	2	stock.picking	source document	origin	2026-05-08 09:01:50.704468	2026-05-08 09:01:50.704468
58	2	2	stock.picking	notes	note	2026-05-08 09:01:50.704468	2026-05-08 09:01:50.704468
\.


--
-- Data for Name: base_import_module; Type: TABLE DATA; Schema: public; Owner: odoo
--

COPY public.base_import_module (id, create_uid, write_uid, state, import_message, modules_dependencies, force, with_demo, create_date, write_date, module_file) FROM stdin;
\.


--
-- Data for Name: base_language_export; Type: TABLE DATA; Schema: public; Owner: odoo
--

COPY public.base_language_export (id, model_id, create_uid, write_uid, name, lang, format, export_type, domain, state, create_date, write_date, data) FROM stdin;
\.


--
-- Data for Name: base_language_import; Type: TABLE DATA; Schema: public; Owner: odoo
--

COPY public.base_language_import (id, create_uid, write_uid, name, code, filename, overwrite, create_date, write_date, data) FROM stdin;
\.


--
-- Data for Name: base_language_install; Type: TABLE DATA; Schema: public; Owner: odoo
--

COPY public.base_language_install (id, create_uid, write_uid, overwrite, create_date, write_date) FROM stdin;
\.


--
-- Data for Name: base_language_install_website_rel; Type: TABLE DATA; Schema: public; Owner: odoo
--

COPY public.base_language_install_website_rel (base_language_install_id, website_id) FROM stdin;
\.


--
-- Data for Name: base_module_install_request; Type: TABLE DATA; Schema: public; Owner: odoo
--

COPY public.base_module_install_request (id, module_id, user_id, create_uid, write_uid, body_html, create_date, write_date) FROM stdin;
\.


--
-- Data for Name: base_module_install_review; Type: TABLE DATA; Schema: public; Owner: odoo
--

COPY public.base_module_install_review (id, module_id, create_uid, write_uid, create_date, write_date) FROM stdin;
\.


--
-- Data for Name: base_module_uninstall; Type: TABLE DATA; Schema: public; Owner: odoo
--

COPY public.base_module_uninstall (id, module_id, create_uid, write_uid, show_all, create_date, write_date) FROM stdin;
\.


--
-- Data for Name: base_module_update; Type: TABLE DATA; Schema: public; Owner: odoo
--

COPY public.base_module_update (id, updated, added, create_uid, write_uid, state, create_date, write_date) FROM stdin;
\.


--
-- Data for Name: base_module_upgrade; Type: TABLE DATA; Schema: public; Owner: odoo
--

COPY public.base_module_upgrade (id, create_uid, write_uid, module_info, create_date, write_date) FROM stdin;
\.


--
-- Data for Name: base_partner_merge_automatic_wizard; Type: TABLE DATA; Schema: public; Owner: odoo
--

COPY public.base_partner_merge_automatic_wizard (id, number_group, current_line_id, dst_partner_id, maximum_group, create_uid, write_uid, state, group_by_email, group_by_name, group_by_is_company, group_by_vat, group_by_parent_id, exclude_contact, exclude_journal_item, create_date, write_date) FROM stdin;
\.


--
-- Data for Name: base_partner_merge_automatic_wizard_res_partner_rel; Type: TABLE DATA; Schema: public; Owner: odoo
--

COPY public.base_partner_merge_automatic_wizard_res_partner_rel (base_partner_merge_automatic_wizard_id, res_partner_id) FROM stdin;
\.


--
-- Data for Name: base_partner_merge_line; Type: TABLE DATA; Schema: public; Owner: odoo
--

COPY public.base_partner_merge_line (id, wizard_id, min_id, create_uid, write_uid, aggr_ids, create_date, write_date) FROM stdin;
\.


--
-- Data for Name: bill_to_po_wizard; Type: TABLE DATA; Schema: public; Owner: odoo
--

COPY public.bill_to_po_wizard (id, purchase_order_id, partner_id, create_uid, write_uid, create_date, write_date) FROM stdin;
\.


--
-- Data for Name: bus_bus; Type: TABLE DATA; Schema: public; Owner: odoo
--

COPY public.bus_bus (id, create_uid, write_uid, channel, message, create_date, write_date) FROM stdin;
5118	23	23	["RELSUM_DB","res.partner",28,"presence"]	{"type":"bus.bus/im_status_updated","payload":{"presence_status":"online","im_status":"online","partner_id":28}}	2026-06-15 08:02:13.154843	2026-06-15 08:02:13.154843
\.


--
-- Data for Name: bus_presence; Type: TABLE DATA; Schema: public; Owner: odoo
--

COPY public.bus_presence (id, user_id, status, last_poll, last_presence, guest_id) FROM stdin;
157	23	online	2026-06-15 08:02:13	2026-06-15 08:02:09.564	\N
\.


--
-- Data for Name: calendar_alarm; Type: TABLE DATA; Schema: public; Owner: odoo
--

COPY public.calendar_alarm (id, duration, duration_minutes, mail_template_id, create_uid, write_uid, alarm_type, "interval", name, body, create_date, write_date, sms_template_id, sms_notify_responsible) FROM stdin;
1	15	15	\N	1	1	notification	minutes	{"en_US": "Notification - 15 Minutes", "es_ES": "Notificación - 15 minutos", "pt_PT": "Notificação - 15 minutos"}	\N	2026-04-08 08:38:54.40235	2026-04-08 08:38:56.871515	\N	\N
2	30	30	\N	1	1	notification	minutes	{"en_US": "Notification - 30 Minutes", "es_ES": "Notificación - 30 minutos", "pt_PT": "Notificação - 30 minutos"}	\N	2026-04-08 08:38:54.40235	2026-04-08 08:38:56.871515	\N	\N
3	1	60	\N	1	1	notification	hours	{"en_US": "Notification - 1 Hours", "es_ES": "Notificación - 1 hora", "pt_PT": "Notificação - 1 hora"}	\N	2026-04-08 08:38:54.40235	2026-04-08 08:38:56.871515	\N	\N
4	2	120	\N	1	1	notification	hours	{"en_US": "Notification - 2 Hours", "es_ES": "Notificación - 2 horas", "pt_PT": "Notificação - 2 horas"}	\N	2026-04-08 08:38:54.40235	2026-04-08 08:38:56.871515	\N	\N
5	1	1440	\N	1	1	notification	days	{"en_US": "Notification - 1 Days", "es_ES": "Notificación - 1 día", "pt_PT": "Notificação - 1 dia"}	\N	2026-04-08 08:38:54.40235	2026-04-08 08:38:56.871515	\N	\N
6	3	180	26	1	1	email	hours	{"en_US": "Email - 3 Hours", "es_ES": "Correo electrónico - 3 Horas", "pt_PT": "E-mail - 3 horas"}	\N	2026-04-08 08:38:54.40235	2026-04-08 08:38:56.871515	\N	\N
7	6	360	26	1	1	email	hours	{"en_US": "Email - 6 Hours", "es_ES": "Correo electrónico - 6 Horas", "pt_PT": "E-mail - 6 horas"}	\N	2026-04-08 08:38:54.40235	2026-04-08 08:38:56.871515	\N	\N
\.


--
-- Data for Name: calendar_alarm_calendar_event_rel; Type: TABLE DATA; Schema: public; Owner: odoo
--

COPY public.calendar_alarm_calendar_event_rel (calendar_event_id, calendar_alarm_id) FROM stdin;
\.


--
-- Data for Name: calendar_attendee; Type: TABLE DATA; Schema: public; Owner: odoo
--

COPY public.calendar_attendee (id, event_id, partner_id, create_uid, write_uid, common_name, access_token, state, availability, create_date, write_date) FROM stdin;
\.


--
-- Data for Name: calendar_event; Type: TABLE DATA; Schema: public; Owner: odoo
--

COPY public.calendar_event (id, user_id, videocall_channel_id, res_id, res_model_id, recurrence_id, create_uid, write_uid, name, location, videocall_location, access_token, privacy, show_as, res_model, start_date, stop_date, description, active, allday, recurrency, follow_recurrence, start, stop, create_date, write_date, duration) FROM stdin;
\.


--
-- Data for Name: calendar_event_res_partner_rel; Type: TABLE DATA; Schema: public; Owner: odoo
--

COPY public.calendar_event_res_partner_rel (res_partner_id, calendar_event_id) FROM stdin;
\.


--
-- Data for Name: calendar_event_type; Type: TABLE DATA; Schema: public; Owner: odoo
--

COPY public.calendar_event_type (id, color, create_uid, write_uid, name, create_date, write_date) FROM stdin;
\.


--
-- Data for Name: calendar_filters; Type: TABLE DATA; Schema: public; Owner: odoo
--

COPY public.calendar_filters (id, user_id, partner_id, create_uid, write_uid, active, partner_checked, create_date, write_date) FROM stdin;
\.


--
-- Data for Name: calendar_popover_delete_wizard; Type: TABLE DATA; Schema: public; Owner: odoo
--

COPY public.calendar_popover_delete_wizard (id, record, create_uid, write_uid, delete, create_date, write_date) FROM stdin;
\.


--
-- Data for Name: calendar_provider_config; Type: TABLE DATA; Schema: public; Owner: odoo
--

COPY public.calendar_provider_config (id, create_uid, write_uid, external_calendar_provider, cal_client_id, cal_client_secret, microsoft_outlook_client_identifier, microsoft_outlook_client_secret, cal_sync_paused, microsoft_outlook_sync_paused, create_date, write_date) FROM stdin;
\.


--
-- Data for Name: calendar_recurrence; Type: TABLE DATA; Schema: public; Owner: odoo
--

COPY public.calendar_recurrence (id, base_event_id, "interval", count, day, trigger_id, create_uid, write_uid, name, event_tz, rrule, rrule_type, end_type, month_by, weekday, byday, until, mon, tue, wed, thu, fri, sat, sun, create_date, write_date) FROM stdin;
\.


--
-- Data for Name: certificate_certificate; Type: TABLE DATA; Schema: public; Owner: odoo
--

COPY public.certificate_certificate (id, private_key_id, public_key_id, company_id, create_uid, write_uid, name, pkcs12_password, scope, content_format, subject_common_name, serial_number, loading_error, active, date_start, date_end, create_date, write_date) FROM stdin;
\.


--
-- Data for Name: certificate_key; Type: TABLE DATA; Schema: public; Owner: odoo
--

COPY public.certificate_key (id, company_id, create_uid, write_uid, name, password, loading_error, public, active, create_date, write_date) FROM stdin;
\.


--
-- Data for Name: change_password_own; Type: TABLE DATA; Schema: public; Owner: odoo
--

COPY public.change_password_own (id, create_uid, write_uid, new_password, confirm_password, create_date, write_date) FROM stdin;
\.


--
-- Data for Name: change_password_user; Type: TABLE DATA; Schema: public; Owner: odoo
--

COPY public.change_password_user (id, wizard_id, user_id, create_uid, write_uid, user_login, new_passwd, create_date, write_date) FROM stdin;
\.


--
-- Data for Name: change_password_wizard; Type: TABLE DATA; Schema: public; Owner: odoo
--

COPY public.change_password_wizard (id, create_uid, write_uid, create_date, write_date) FROM stdin;
\.


--
-- Data for Name: confirm_stock_sms; Type: TABLE DATA; Schema: public; Owner: odoo
--

COPY public.confirm_stock_sms (id, create_uid, write_uid, create_date, write_date) FROM stdin;
\.


--
-- Data for Name: crm_tag; Type: TABLE DATA; Schema: public; Owner: odoo
--

COPY public.crm_tag (id, color, create_uid, write_uid, name, create_date, write_date) FROM stdin;
\.


--
-- Data for Name: crm_team; Type: TABLE DATA; Schema: public; Owner: odoo
--

COPY public.crm_team (id, sequence, company_id, user_id, color, create_uid, write_uid, name, active, create_date, write_date, invoiced_target) FROM stdin;
3	10	\N	\N	\N	1	1	{"en_US": "Point of Sale", "es_ES": "Punto de venta", "pt_PT": "Ponto de Venda"}	f	2026-04-08 08:34:38.229338	2026-04-08 08:38:57.179101	\N
1	0	\N	\N	\N	1	1	{"en_US": "Sales", "es_ES": "Ventas", "pt_PT": "Vendas"}	t	2026-04-08 08:34:38.229338	2026-04-08 08:38:57.179101	\N
2	10	\N	\N	\N	1	1	{"en_US": "Website", "es_ES": "Sitio web", "pt_PT": "Website"}	f	2026-04-08 08:34:38.229338	2026-04-08 08:38:57.179101	\N
\.


--
-- Data for Name: crm_team_member; Type: TABLE DATA; Schema: public; Owner: odoo
--

COPY public.crm_team_member (id, crm_team_id, user_id, create_uid, write_uid, active, create_date, write_date) FROM stdin;
1	1	2	1	1	t	2026-04-08 08:34:38.229338	2026-04-08 08:34:38.229338
\.


--
-- Data for Name: decimal_precision; Type: TABLE DATA; Schema: public; Owner: odoo
--

COPY public.decimal_precision (id, digits, create_uid, write_uid, name, create_date, write_date) FROM stdin;
1	2	1	1	Percentage Analytic	2026-04-08 08:34:32.743761	2026-04-08 08:34:32.743761
2	2	1	1	Product Price	2026-04-08 08:34:36.29858	2026-04-08 08:34:36.29858
3	2	1	1	Discount	2026-04-08 08:34:36.29858	2026-04-08 08:34:36.29858
4	2	1	1	Stock Weight	2026-04-08 08:34:36.29858	2026-04-08 08:34:36.29858
5	2	1	1	Volume	2026-04-08 08:34:36.29858	2026-04-08 08:34:36.29858
6	2	1	1	Product Unit of Measure	2026-04-08 08:34:36.29858	2026-04-08 08:34:36.29858
7	6	1	1	Payment Terms	2026-04-08 08:34:46.340378	2026-04-08 08:34:46.340378
\.


--
-- Data for Name: digest_digest; Type: TABLE DATA; Schema: public; Owner: odoo
--

COPY public.digest_digest (id, company_id, create_uid, write_uid, periodicity, state, next_run_date, name, kpi_res_users_connected, kpi_mail_message_total, create_date, write_date, kpi_account_total_revenue, kpi_all_sale_total, kpi_project_task_opened) FROM stdin;
1	1	1	1	weekly	activated	2026-05-25	{"en_US": "Your Odoo Periodic Digest", "es_ES": "Su resumen periódico de Odoo", "pt_PT": "Seu boletim periódico do Odoo"}	t	t	2026-04-08 08:34:42.757453	2026-05-18 07:06:34.227042	t	t	t
\.


--
-- Data for Name: digest_digest_res_users_rel; Type: TABLE DATA; Schema: public; Owner: odoo
--

COPY public.digest_digest_res_users_rel (digest_digest_id, res_users_id) FROM stdin;
1	2
1	7
1	8
1	11
1	13
1	14
1	15
1	16
1	17
1	18
1	19
1	20
1	21
1	22
1	23
1	24
1	25
1	27
1	46
1	47
1	48
\.


--
-- Data for Name: digest_tip; Type: TABLE DATA; Schema: public; Owner: odoo
--

COPY public.digest_tip (id, sequence, group_id, create_uid, write_uid, name, tip_description, create_date, write_date) FROM stdin;
36	1500	91	1	1	{"en_US": "Tip: Engage with visitors to convert them into leads", "es_ES": "Consejo: interactúe con sus visitantes para convertirlos en leads", "pt_PT": "Dica: envolva os visitantes para convertê-los em leads"}	{"en_US": "<div>\\n    <p class=\\"tip_title\\">Tip: Engage with visitors to convert them into leads</p>\\n    <p class=\\"tip_content\\">Monitor your visitors while they are browsing your website with the Odoo Social app. Engage with them in just a click using a live chat request or a push notification. If they have completed one of your forms, you can send them an SMS, or call them right away while they are browsing your website.</p>\\n    <img src=\\"https://download.odoocdn.com/digests/website/static/src/img/milk-website-visitors.gif\\" width=\\"540\\" class=\\"illustration_border\\">\\n</div>\\n            ", "es_ES": "<div>\\n    <p class=\\"tip_title\\">Consejo: interactúe con sus visitantes para convertirlos en leads</p>\\n    <p class=\\"tip_content\\">Supervise a sus visitantes mientras navegan en su sitio web con la aplicación Marketing social de Odoo. Interactúe con ellos con solo un clic gracias al chat en directo o con una notificación emergente. Si han completado uno de sus formularios, también puede enviarles un SMS o llamarles mientras navegan por su sitio web.</p>\\n    <img src=\\"https://download.odoocdn.com/digests/website/static/src/img/milk-website-visitors.gif\\" width=\\"540\\" class=\\"illustration_border\\">\\n</div>\\n            ", "pt_PT": "<div>\\n    <p class=\\"tip_title\\">Dica: envolva os visitantes para convertê-los em leads</p>\\n    <p class=\\"tip_content\\">Monitore seus visitantes enquanto eles navegam em seu site com o aplicativo Odoo Redes Sociais. Interaja com eles com apenas um clique usando uma solicitação de chat ao vivo ou uma notificação push. Se ele tiver preenchido um dos seus formulários, você pode enviar um SMS ou ligar imediatamente enquanto ele estiver navegando em seu site.</p>\\n    <img src=\\"https://download.odoocdn.com/digests/website/static/src/img/milk-website-visitors.gif\\" width=\\"540\\" class=\\"illustration_border\\">\\n</div>\\n            "}	2026-05-12 08:53:11.316986	2026-05-12 08:53:11.316986
37	1400	91	1	1	{"en_US": "Tip: Use royalty-free photos", "es_ES": "Consejo: utilice fotos sin derechos de autor", "pt_PT": "Dica: use fotos sem direitos autorais"}	{"en_US": "<div>\\n    <p class=\\"tip_title\\">Tip: Use royalty-free photos</p>\\n    <p class=\\"tip_content\\">Search in the media dialogue when you need photos to illustrate your website. Odoo's integration with Unsplash, featuring millions of royalty free and high quality photos, makes it possible for you to get the perfect picture, in just a few clicks.</p>\\n    <img src=\\"https://download.odoocdn.com/digests/website/static/src/img/milk-image-search.gif\\" width=\\"540\\" class=\\"illustration_border\\">\\n</div>\\n            ", "es_ES": "<div>\\n    <p class=\\"tip_title\\">Consejo: utilice fotos sin derechos de autor</p>\\n    <p class=\\"tip_content\\">Busque en el cuadro de diálogo de medios cuando necesite fotos para ilustrar su sitio web. La integración de Odoo con Unsplash, con millones de fotos de calidad y libres de derechos de autor, hace que sea posible obtener la imagen perfecta en tan solo unos clics.</p>\\n    <img src=\\"https://download.odoocdn.com/digests/website/static/src/img/milk-image-search.gif\\" width=\\"540\\" class=\\"illustration_border\\">\\n</div>\\n            ", "pt_PT": "<div>\\n    <p class=\\"tip_title\\">Dica: use fotos sem direitos autorais</p>\\n    <p class=\\"tip_content\\">Pesquise no diálogo da mídia quando precisar de fotos para ilustrar o seu site. A integração do Odoo com o Unsplash, com milhões de fotos livres de royalties e de alta qualidade, permite que você obtenha a imagem perfeita com apenas alguns cliques.</p>\\n    <img src=\\"https://download.odoocdn.com/digests/website/static/src/img/milk-image-search.gif\\" width=\\"540\\" class=\\"illustration_border\\">\\n</div>\\n            "}	2026-05-12 08:53:11.316986	2026-05-12 08:53:11.316986
4	2400	1	1	1	{"en_US": "Tip: How to ping users in internal notes?", "es_ES": "Consejo: ¿Cómo notificar usuarios en las notas internas?", "pt_PT": "Dica: como marcar usuários em notas internas?"}	{"en_US": "<div>\\n    <p class=\\"tip_title\\">Tip: How to ping users in internal notes?</p>\\n    <p class=\\"tip_content\\">Type \\"@\\" to notify someone in a message, or \\"#\\" to link to a channel. Try to notify @OdooBot to test the feature.</p>\\n    <img src=\\"https://download.odoocdn.com/digests/digest/static/src/img/milk-notifications.png\\" width=\\"540\\" class=\\"illustration_border\\">\\n</div>\\n            ", "es_ES": "<div>\\n    <p class=\\"tip_title\\">Consejo: ¿Cómo notificar usuarios en las notas internas?</p>\\n    <p class=\\"tip_content\\">Escriba \\"@\\" para enviar una notificación a alguien por medio de un mensaje, o \\"#\\" para vincular un canal. Intente enviar una notificación a @OdooBot para probar esta función.</p>\\n    <img src=\\"https://download.odoocdn.com/digests/digest/static/src/img/milk-notifications.png\\" width=\\"540\\" class=\\"illustration_border\\">\\n</div>\\n            ", "pt_PT": "<div>\\n    <p class=\\"tip_title\\">Dica: Como marcar usuários em notas internas?</p>\\n    <p class=\\"tip_content\\">Digite \\"@\\" para notificar alguém em uma mensagem ou \\"#\\" para vincular um canal. Tente notificar @OdooBot para testar o recurso.</p>\\n    <img src=\\"https://download.odoocdn.com/digests/digest/static/src/img/milk-notifications.png\\" width=\\"540\\" class=\\"illustration_border\\">\\n</div>\\n            "}	2026-04-08 08:34:42.757453	2026-05-18 07:06:34.227042
6	3300	1	1	1	{"en_US": "Tip: Join the Dark Side", "es_ES": "Consejo: únase al lado oscuro"}	{"en_US": "<div>\\n    <p class=\\"tip_title\\">Tip: Join the Dark Side</p>\\n    <p class=\\"tip_content\\">Feeling eye strain? Give your eyes a break by switching to Dark Mode.</p>\\n    <img src=\\"https://download.odoocdn.com/digests/digest/static/src/img/18-web-dark-theme.gif\\" width=\\"540\\" class=\\"illustration_border\\">\\n</div>\\n            ", "es_ES": "<div>\\n    <p class=\\"tip_title\\">Consejo: únase al lado oscuro</p>\\n    <p class=\\"tip_content\\">¿Necesita descansar su vista? Use el modo oscuro.</p>\\n    <img src=\\"https://download.odoocdn.com/digests/digest/static/src/img/18-web-dark-theme.gif\\" width=\\"540\\" class=\\"illustration_border\\">\\n</div>\\n            "}	2026-04-08 08:34:42.757453	2026-04-08 08:34:42.757453
7	3800	1	1	1	{"en_US": "Tip: Personalize your Home Menu", "es_ES": "Consejo: personalice su menú principal"}	{"en_US": "<div>\\n    <p class=\\"tip_title\\">Tip: Personalize your Home Menu</p>\\n    <p class=\\"tip_content\\">Click and hold on a Menu Item to reorder your Apps to your liking.</p>\\n    <img src=\\"https://download.odoocdn.com/digests/digest/static/src/img/18-web-app-order.gif\\" width=\\"540\\" class=\\"illustration_border\\">\\n</div>\\n            ", "es_ES": "<div>\\n    <p class=\\"tip_title\\">Consejo: personalice su menú principal</p>\\n    <p class=\\"tip_content\\">Haga clic y mantenga presionado un elemento del menú para reordenar sus aplicaciones a su gusto.</p>\\n    <img src=\\"https://download.odoocdn.com/digests/digest/static/src/img/18-web-app-order.gif\\" width=\\"540\\" class=\\"illustration_border\\">\\n</div>\\n            "}	2026-04-08 08:34:42.757453	2026-04-08 08:34:42.757453
38	1600	91	1	1	{"en_US": "Tip: Search Engine Optimization (SEO)", "es_ES": "Consejo: Optimización del motor de búsqueda (SEO)", "pt_PT": "Dica: Search Engine Optimization (SEO)"}	{"en_US": "<div>\\n    <p class=\\"tip_title\\">Tip: Search Engine Optimization (SEO)</p>\\n    <p class=\\"tip_content\\">To get more visitors, you should target keywords that are often searched in Google. With the built-in SEO tool, once you define a few keywords, Odoo will recommend you the best keywords to target. Then adapt your title and description accordingly to boost your traffic.</p>\\n    <img src=\\"https://download.odoocdn.com/digests/website/static/src/img/milk-SEO-keywords.gif\\" width=\\"540\\" class=\\"illustration_border\\">\\n</div>\\n            ", "es_ES": "<div>\\n    <p class=\\"tip_title\\">Consejo: Optimización del motor de búsqueda (SEO)</p>\\n    <p class=\\"tip_content\\">Use las palabras claves que se buscan con frecuencia en Google para obtener más visitantes. Con la herramienta de SEO integrada, Odoo le recomendará las mejores palabras clave una vez que defina algunas. Luego adapte su título y descripción de acuerdo a ellas para mejorar su tráfico.</p>\\n    <img src=\\"https://download.odoocdn.com/digests/website/static/src/img/milk-SEO-keywords.gif\\" width=\\"540\\" class=\\"illustration_border\\">\\n</div>\\n            ", "pt_PT": "<div>\\n    <p class=\\"tip_title\\">Dica: Search Engine Optimization (SEO)</p>\\n    <p class=\\"tip_content\\">Para conseguir mais visitantes, você deve direcionar as palavras-chave que são frequentemente pesquisadas no Google. Com a ferramenta interna de SEO, depois de definir algumas palavras-chave, o Odoo recomendará as melhores palavras-chave. Em seguida, adapte o título e a descrição para aumentar o tráfego.</p>\\n    <img src=\\"https://download.odoocdn.com/digests/website/static/src/img/milk-SEO-keywords.gif\\" width=\\"540\\" class=\\"illustration_border\\">\\n</div>\\n            "}	2026-05-12 08:53:11.316986	2026-05-12 08:53:11.316986
40	400	91	1	1	{"en_US": "Tip: Add shapes to energize your Website", "es_ES": "Consejo: añada formas para energizar su sitio web", "pt_PT": "Dica: adicione formas para dar vida ao seu site"}	{"en_US": "<div>\\n    <p class=\\"tip_title\\">Tip: Add shapes to energize your Website</p>\\n    <p class=\\"tip_content\\">More than 90 shapes exist and their colors are picked to match your Theme.</p>\\n    <img src=\\"https://download.odoocdn.com/digests/website/static/src/img/milk-website-shapes.gif\\" width=\\"540\\" class=\\"illustration_border\\">\\n</div>\\n            ", "es_ES": "<div>\\n    <p class=\\"tip_title\\">Consejo: añada formas para energizar su sitio web</p>\\n    <p class=\\"tip_content\\">Existen más de 90 formas y sus colores son elegidos para que coincidan con su Tema.</p>\\n    <img src=\\"https://download.odoocdn.com/digests/website/static/src/img/milk-website-shapes.gif\\" width=\\"540\\" class=\\"illustration_border\\">\\n</div>\\n            ", "pt_PT": "<div>\\n    <p class=\\"tip_title\\">Dica: adicione formas para dar vida ao seu site</p>\\n    <p class=\\"tip_content\\">Mais de 90 formas e suas cores são selecionadas combinando com o seu tema.</p>\\n    <img src=\\"https://download.odoocdn.com/digests/website/static/src/img/milk-website-shapes.gif\\" width=\\"540\\" class=\\"illustration_border\\">\\n</div>\\n            "}	2026-05-12 08:53:11.316986	2026-05-12 08:53:11.316986
39	300	91	1	1	{"en_US": "Tip: Use illustrations to spice up your website", "es_ES": "Consejo: utilice ilustraciones para darle vida a su sitio web", "pt_PT": "Dica: use ilustrações para enriquecer o seu site"}	{"en_US": "<div>\\n    <p class=\\"tip_title\\">Tip: Use illustrations to spice up your website</p>\\n    <p class=\\"tip_content\\">Not only can you search for royalty-free illustrations, their colors are also converted so that they always fit your Theme.</p>\\n    <img src=\\"https://download.odoocdn.com/digests/website/static/src/img/milk-website-illustrations.gif\\" width=\\"540\\" class=\\"illustration_border\\">\\n</div>\\n            ", "es_ES": "<div>\\n    <p class=\\"tip_title\\">Consejo: utilice ilustraciones para darle vida a su sitio web</p>\\n    <p class=\\"tip_content\\">No solo puede buscar ilustraciones libres de derechos de autor, se cambian sus colores para que siempre combinen con su tema.</p>\\n    <img src=\\"https://download.odoocdn.com/digests/website/static/src/img/milk-website-illustrations.gif\\" width=\\"540\\" class=\\"illustration_border\\">\\n</div>\\n            ", "pt_PT": "<div>\\n    <p class=\\"tip_title\\">Dica: use ilustrações para enriquecer o seu site</p>\\n    <p class=\\"tip_content\\">Você pode buscar ilustrações sem royalties e as cores serão convertidas para que sempre combinem com o seu tema.</p>\\n    <img src=\\"https://download.odoocdn.com/digests/website/static/src/img/milk-website-illustrations.gif\\" width=\\"540\\" class=\\"illustration_border\\">\\n</div>\\n            "}	2026-05-12 08:53:11.316986	2026-05-18 07:06:34.227042
8	700	26	1	1	{"en_US": "Tip: No need to print, put in an envelop and post your invoices", "es_ES": "Consejo: no es necesario que imprima, ponga en un sobre y envíe sus facturas", "pt_PT": "Dica: Não é necessário imprimir, colocar num envelope e publicar as faturas"}	{"en_US": "<div>\\n    <p class=\\"tip_title\\">Tip: No need to print, put in an envelop and post your invoices</p>\\n    <p class=\\"tip_content\\">Use the “<i>Send by Post</i>” option to post invoices automatically. For the cost of a local stamp, we do all the manual work: your invoice will be printed in the right country, put in an envelop and sent by snail mail. Use this feature from the list view to post hundreds of invoices in bulk.</p>\\n    <img src=\\"https://download.odoocdn.com/digests/account/static/src/img/invoice-stamps.png\\" width=\\"540\\" class=\\"illustration_border\\">\\n</div>\\n            ", "es_ES": "<div>\\n    <p class=\\"tip_title\\">Consejo: no es necesario que imprima, ponga en un sobre y envíe sus facturas</p>\\n    <p class=\\"tip_content\\">Utilice la opción \\"<i>Enviar por correo electrónico</i>\\" para registrar facturas automáticamente. Por el coste de un sello local, hacemos todo el trabajo manual: su factura se imprimirá en el país correcto, se colocará en un sobre y se enviará por correo postal. Utilice esta función de la vista de lista para registrar cientos de facturas de forma masiva.</p>\\n    <img src=\\"https://download.odoocdn.com/digests/account/static/src/img/invoice-stamps.png\\" width=\\"540\\" class=\\"illustration_border\\">\\n</div>\\n            ", "pt_PT": "<div>\\n    <p class=\\"tip_title\\">Dica: Não é necessário imprimir, colocar num envelope e publicar as faturas</p>\\n    <p class=\\"tip_content\\">Use a opção \\"<i>Enviar por correio</i>\\" para publicar faturas automaticamente. Pelo custo de um selo local, fazemos todo o trabalho manual: a fatura será impressa no país certo, colocada num envelope e enviada por correio. Use este recurso da visualização de lista para publicar centenas de faturas em massa.</p>\\n    <img src=\\"https://download.odoocdn.com/digests/account/static/src/img/invoice-stamps.png\\" width=\\"540\\" class=\\"illustration_border\\">\\n</div>\\n            "}	2026-04-08 08:34:46.340378	2026-05-18 07:06:34.227042
2	2100	1	1	1	{"en_US": "Tip: Click on an avatar to chat with a user", "es_ES": "Consejo: Haga clic en un avatar para chatear con el usuario", "pt_PT": "Dica: clique em um avatar para conversar com um usuário"}	{"en_US": "<div>\\n    <p class=\\"tip_title\\">Tip: Click on an avatar to chat with a user</p>\\n    <p class=\\"tip_content\\">Have a question about a document? Click on the responsible user's picture to start a conversation. If his avatar has a green dot, he is online.</p>\\n    <img src=\\"https://download.odoocdn.com/digests/digest/static/src/img/milk-avatar.gif\\" width=\\"540\\" class=\\"illustration_border\\">\\n</div>\\n            ", "es_ES": "<div>\\n    <p class=\\"tip_title\\">Consejo: Haga clic en un avatar para chatear con un usuario</p>\\n    <p class=\\"tip_content\\">¿Tienes una pregunta sobre el documento? Haga clic en la fotografía del usuario responsable para iniciar una conversación. Si el avatar tiene un punto verde, está en línea.</p>\\n    <img src=\\"https://download.odoocdn.com/digests/digest/static/src/img/milk-avatar.gif\\" width=\\"540\\" class=\\"illustration_border\\">\\n</div>\\n            ", "pt_PT": "<div>\\n    <p class=\\"tip_title\\">Dica: clique em um avatar para conversar com um usuário</p>\\n    <p class=\\"tip_content\\">Tem uma pergunta sobre um documento? Clique na foto do usuário responsável para iniciar uma conversa. Se seu avatar tiver um ponto verde, ele está online.</p>\\n    <img src=\\"https://download.odoocdn.com/digests/digest/static/src/img/milk-avatar.gif\\" width=\\"540\\" class=\\"illustration_border\\">\\n</div>\\n            "}	2026-04-08 08:34:42.757453	2026-05-18 07:06:34.227042
30	2000	82	1	1	{"en_US": "Tip: Never miss a purchase order", "es_ES": "Consejo: Nunca pierda un pedido de compra", "pt_PT": "Dica: nunca perca uma nota de encomenda"}	{"en_US": "<div>\\n    <p class=\\"tip_title\\">Tip: Never miss a purchase order</p>\\n    <p class=\\"tip_content\\">When sending a purchase order by email, Odoo asks the vendor to acknowledge the reception of the order. When the vendor acknowledges the order by clicking on a button in the email, the information is added on the purchase order. Use filters to track orders that have not been acknowledged.</p>\\n</div>\\n            ", "es_ES": "<div>\\n    <p class=\\"tip_title\\">Consejo: Nunca pierda un pedido de compra</p>\\n    <p class=\\"tip_content\\">Al enviar un pedido de compra por correo electrónico, Odoo le pide al proveedor que reconozca la recepción del mismo. Cuando el proveedor reconoce el pedido haciendo clic en un botón en el correo electrónico, la información se añade en el pedido de compra. Utilice filtros para realizar un seguimiento de los pedidos que no han sido confirmados.</p>\\n</div>\\n            ", "pt_PT": "<div>\\n    <p class=\\"tip_title\\">Dica: nunca perca uma nota de encomenda</p>\\n    <p class=\\"tip_content\\">Ao enviar um pedido de compra por e-mail, o Odoo pede ao fornecedor que confirme o recebimento do pedido. Quando o fornecedor confirma o recebimento do pedido clicando em um botão do e-mail, a informação é adicionada ao pedido de compra. Use filtros para rastrear pedidos cujo recebimento não foi confirmado.</p>\\n</div>\\n            "}	2026-04-14 08:54:03.289914	2026-05-18 07:06:34.227042
13	1200	48	1	1	{"en_US": "Tip: Use task states to keep track of your tasks' progression", "es_ES": "Consejo: use los estados en las tareas para llevar seguimiento del avance de sus tareas", "pt_PT": "Dica: use a situação das tarefas para acompanhar a progressão das suas tarefas"}	{"en_US": "<div>\\n                <p class=\\"tip_title\\">Tip: Use task states to keep track of your tasks' progression</p>\\n                <p class=\\"tip_content\\">\\n                Quickly check the status of tasks for approvals or change requests and identify those on hold until dependencies are resolved with the hourglass icon.\\n                </p>\\n                <img src=\\"https://download.odoocdn.com/digests/project/static/src/img/task-state-img.png\\" width=\\"720\\" class=\\"illustration_border\\">\\n            </div>\\n            ", "es_ES": "<div>\\n                <p class=\\"tip_title\\">Consejo: use los estados en las tareas para llevar seguimiento del avance de sus tareas</p>\\n                <p class=\\"tip_content\\">\\n                Revise el estado de las tareas para aprobarlas o cambiar sus solicitudes. Con el icono de reloj de arena puede identificar las que están en pausa hasta que se resuelvan las dependencias.\\n                </p>\\n                <img src=\\"https://download.odoocdn.com/digests/project/static/src/img/task-state-img.png\\" width=\\"720\\" class=\\"illustration_border\\">\\n            </div>\\n            ", "pt_PT": "<div>\\n                <p class=\\"tip_title\\">Dica: use a situação das tarefas para acompanhar a progressão das suas tarefas</p>\\n                <p class=\\"tip_content\\">\\n                Verifique rapidamente o status das tarefas para aprovações ou solicitações de alteração e identifique aquelas em espera até que as dependências sejam resolvidas com o ícone de ampulheta.\\n                </p>\\n                <img src=\\"https://download.odoocdn.com/digests/project/static/src/img/task-state-img.png\\" width=\\"720\\" class=\\"illustration_border\\">\\n            </div>\\n            "}	2026-04-08 08:35:22.624638	2026-05-18 07:10:46.574676
14	1300	48	1	1	{"en_US": "Tip: Create tasks from incoming emails", "es_ES": "Consejo: cree tareas desde sus correos electrónicos", "pt_PT": "Dica: Crie tarefas a partir de e-mails recebidos"}	{"en_US": "<div>\\n    <t t-set=\\"project_record\\" t-value=\\"object.env['project.project'].search([('alias_name', '!=', False), ('alias_domain_id', '!=', False)], limit=1, order='sequence asc')\\"></t>\\n    <p class=\\"tip_title\\">Tip: Create tasks from incoming emails</p>\\n    <t t-if=\\"project_record.alias_email\\">\\n        <p class=\\"tip_content\\">Emails sent to <a t-attf-href=\\"mailto:{{project_record.alias_email}}\\" target=\\"_blank\\" style=\\"color: #714B67; text-decoration: none;\\"><t t-out=\\"project_record.alias_email\\"></t></a> will generate tasks in your <t t-out=\\"project_record.name\\"></t> project.</p>\\n    </t>\\n    <t t-else=\\"\\">\\n        <p class=\\"tip_content\\">Create tasks by sending an email to the email address of your project.</p>\\n    </t>\\n</div>\\n            ", "es_ES": "<div>\\n    <t t-set=\\"project_record\\" t-value=\\"object.env['project.project'].search([('alias_name', '!=', False), ('alias_domain_id', '!=', False)], limit=1, order='sequence asc')\\"></t>\\n    <p class=\\"tip_title\\">Consejo: cree tareas desde sus correos electrónicos</p>\\n    <t t-if=\\"project_record.alias_email\\">\\n        <p class=\\"tip_content\\">Correos electrónicos enviados a <a t-attf-href=\\"mailto:{{project_record.alias_email}}\\" target=\\"_blank\\" style=\\"color: #714B67; text-decoration: none;\\"><t t-out=\\"project_record.alias_email\\"></t></a> generarán tareas en su proyecto <t t-out=\\"project_record.name\\"></t> .</p>\\n    </t>\\n    <t t-else=\\"\\">\\n        <p class=\\"tip_content\\">Cree tareas al enviar un correo electrónico a la dirección de correo electrónico de su proyecto.</p>\\n    </t>\\n</div>\\n            ", "pt_PT": "<div>\\n    <t t-set=\\"project_record\\" t-value=\\"object.env['project.project'].search([('alias_name', '!=', False), ('alias_domain_id', '!=', False)], limit=1, order='sequence asc')\\"></t>\\n    <p class=\\"tip_title\\">Dica: Crie tarefas a partir de e-mails recebidos</p>\\n    <t t-if=\\"project_record.alias_email\\">\\n        <p class=\\"tip_content\\">Emails enviados para <a t-attf-href=\\"mailto:{{project_record.alias_email}}\\" target=\\"_blank\\" style=\\"color: #714B67; text-decoration: none;\\"><t t-out=\\"project_record.alias_email\\"></t></a> gerará tarefas em seu <t t-out=\\"project_record.name\\"></t> projeto.</p>\\n    </t>\\n    <t t-else=\\"\\">\\n        <p class=\\"tip_content\\">Crie tarefas enviando um e-mail para o endereço de e-mail de seu projeto.</p>\\n    </t>\\n</div>\\n            "}	2026-04-08 08:35:22.624638	2026-05-18 07:10:46.574676
15	3200	48	1	1	{"en_US": "Tip: Your Own Personal Kanban", "es_ES": "Consejo: use su propia vista de kanban", "pt_PT": "Dica: Seu próprio Kanban pessoal"}	{"en_US": "<div>\\n    <p class=\\"tip_title\\">Tip: Your Own Personal Kanban</p>\\n    <p class=\\"tip_content\\">Use personal stages to organize your tasks and create your own workflow.</p>\\n    <img src=\\"https://download.odoocdn.com/digests/project/static/src/img/18-project-personal-stages.gif\\" width=\\"540\\" class=\\"illustration_border\\">\\n</div>\\n            ", "es_ES": "<div>\\n    <p class=\\"tip_title\\">Consejo: use su propia vista de kanban</p>\\n    <p class=\\"tip_content\\">Utilice etapas personales para organizar sus tareas y crear su propio flujo de trabajo.</p>\\n    <img src=\\"https://download.odoocdn.com/digests/project/static/src/img/18-project-personal-stages.gif\\" width=\\"540\\" class=\\"illustration_border\\">\\n</div>\\n            ", "pt_PT": "<div>\\n    <p class=\\"tip_title\\">Dica: Seu próprio Kanban pessoal</p>\\n    <p class=\\"tip_content\\">Use estágios pessoais para organizar suas tarefas e criar seu próprio fluxo de trabalho.</p>\\n    <img src=\\"https://download.odoocdn.com/digests/project/static/src/img/18-project-personal-stages.gif\\" width=\\"540\\" class=\\"illustration_border\\">\\n</div>\\n            "}	2026-04-08 08:35:22.624638	2026-05-18 07:10:46.574676
16	3900	49	1	1	{"en_US": "Tip: Project-Specific Fields", "es_ES": "Consejo: campos específicos para sus proyectos", "pt_PT": "Dica: Campos específicos do projeto"}	{"en_US": "<div>\\n    <p class=\\"tip_title\\">Tip: Project-Specific Fields</p>\\n    <p class=\\"tip_content\\">Add project-specific property fields on tasks to customize your project management process.</p>\\n    <img src=\\"https://download.odoocdn.com/digests/project/static/src/img/18-project-property-fields.gif\\" width=\\"540\\" class=\\"illustration_border\\">\\n</div>\\n            ", "es_ES": "<div>\\n    <p class=\\"tip_title\\">Consejo: campos específicos para sus proyectos</p>\\n    <p class=\\"tip_content\\">Añada campos de propiedad específicos al proyecto a las tareas para personalizar su proceso de gestión de proyectos.</p>\\n    <img src=\\"https://download.odoocdn.com/digests/project/static/src/img/18-project-property-fields.gif\\" width=\\"540\\" class=\\"illustration_border\\">\\n</div>\\n            ", "pt_PT": "<div>\\n    <p class=\\"tip_title\\">Dica: Campos específicos do projeto</p>\\n    <p class=\\"tip_content\\">Adicione campos de propriedade específicos do projeto nas tarefas para personalizar seu processo de gerenciamento de projetos.</p>\\n    <img src=\\"https://download.odoocdn.com/digests/project/static/src/img/18-project-property-fields.gif\\" width=\\"540\\" class=\\"illustration_border\\">\\n</div>\\n            "}	2026-04-08 08:35:22.624638	2026-05-18 07:10:46.574676
41	2200	95	1	1	{"en_US": "Tip: Record your Timesheets faster", "es_ES": "Consejo: Registre sus partes de horas más rápido", "pt_PT": "Dica: registe as suas horas mais rapidamente"}	{"en_US": "<div>\\n    <b class=\\"tip_title\\">Tip: Record your Timesheets faster</b>\\n    <p class=\\"tip_content\\">Record your timesheets in an instant by pressing Shift + the corresponding hotkey to add 15min to your projects.</p>\\n    <img src=\\"https://download.odoocdn.com/digests/hr_timesheet/static/img/digest_tip_timesheets_hotkeys.gif\\" width=\\"540\\" class=\\"illustration_border\\">\\n</div>\\n            ", "es_ES": "<div>\\n    <b class=\\"tip_title\\">Consejo: registre sus partes de horas más rápido</b>\\n    <p class=\\"tip_content\\">Registre sus partes de horas al instante, presione May + la tecla rápida correspondiente para añadir 15 minutos a sus proyectos.</p>\\n    <img src=\\"https://download.odoocdn.com/digests/hr_timesheet/static/img/digest_tip_timesheets_hotkeys.gif\\" width=\\"540\\" class=\\"illustration_border\\">\\n</div>\\n            ", "pt_PT": "<div>\\n    <b class=\\"tip_title\\">Dica: Registe as suas Folhas de Horas mais rapidamente</b>\\n    <p class=\\"tip_content\\">Registe as suas folhas de horas num instante pressionando Shift + a tecla de atalho correspondente para adicionar 15 minutos aos seus projetos.</p>\\n    <img src=\\"https://download.odoocdn.com/digests/hr_timesheet/static/img/digest_tip_timesheets_hotkeys.gif\\" width=\\"540\\" class=\\"illustration_border\\">\\n</div>\\n            "}	2026-05-18 09:28:44.688432	2026-05-18 09:28:44.688432
27	3500	74	1	1	{"en_US": "Tip: Where's Bryan?", "es_ES": "Consejo: ¿Dónde está Brian?", "pt_PT": "Dica: Onde está o Bryan?"}	{"en_US": "<div>\\n    <p class=\\"tip_title\\">Tip: Where's Bryan?</p>\\n    <p class=\\"tip_content\\">Activate Remote Work to let Employees specify where they are working from.</p>\\n    <img src=\\"https://download.odoocdn.com/digests/hr/static/src/img/18-hr-work-location.gif\\" width=\\"540\\" class=\\"illustration_border\\">\\n</div>\\n            ", "es_ES": "<div>\\n    <p class=\\"tip_title\\">Consejo: ¿Dónde está Brian?</p>\\n    <p class=\\"tip_content\\">Habilite la función de teletrabajo para permitir que los empleados especifiquen desde dónde están trabajando.</p>\\n    <img src=\\"https://download.odoocdn.com/digests/hr/static/src/img/18-hr-work-location.gif\\" width=\\"540\\" class=\\"illustration_border\\">\\n</div>\\n            ", "pt_PT": "<div>\\n    <p class=\\"tip_title\\">Dica: Onde está o Bryan?</p>\\n    <p class=\\"tip_content\\">Ative o trabalho remoto para permitir que os funcionários especifiquem de onde estão a trabalhar.</p>\\n    <img src=\\"https://download.odoocdn.com/digests/hr/static/src/img/18-hr-work-location.gif\\" width=\\"540\\" class=\\"illustration_border\\">\\n</div>\\n            "}	2026-04-08 08:50:55.821924	2026-04-08 08:50:55.821924
29	100	82	1	1	{"en_US": "Tip: How to keep late receipts under control?", "es_ES": "Consejo: ¿Cómo mantener bajo control los recibos atrasados?", "pt_PT": "Dica: como manter os recebimentos atrasados sob controle?"}	{"en_US": "<div>\\n    <p class=\\"tip_title\\">Tip: How to keep late receipts under control?</p>\\n    <p class=\\"tip_content\\">When creating a purchase order, have a look at the vendor's <i>On Time Delivery</i> rate: the percentage of products shipped on time. If it is too low, activate the <i>automated reminders</i>. A few days before the due shipment, Odoo will send the vendor an email to ask confirmation of shipment dates and keep you informed in case of any delays. To get the vendor's performance statistics, click on the OTD rate.</p>\\n    <img src=\\"https://download.odoocdn.com/digests/purchase/static/src/img/milk-OTDPurchase.gif\\" width=\\"540\\" class=\\"illustration_border\\">\\n</div>\\n            ", "es_ES": "<div>\\n    <p class=\\"tip_title\\">Consejo: ¿Cómo mantener bajo control los recibos atrasados?</p>\\n    <p class=\\"tip_content\\">Al crear un pedido de compra, observe la tasa de <i>entrega a tiempo</i> del proveedor, la cual muestra el porcentaje de productos que este proveedor ha entregado a tiempo. Si es demasiado bajo, active los <i>recordatorios automáticos</i> . Unos días antes del vencimiento del envío, Odoo enviará al proveedor un correo electrónico para solicitar la confirmación de las fechas de envío y mantenerlo informado en caso de retrasos. Para obtener las estadísticas de rendimiento del proveedor, haga clic en la tasa de entrega justo a tiempo.</p>\\n    <img src=\\"https://download.odoocdn.com/digests/purchase/static/src/img/milk-OTDPurchase.gif\\" width=\\"540\\" class=\\"illustration_border\\">\\n</div>\\n            ", "pt_PT": "<div>\\n    <p class=\\"tip_title\\">Dica: como manter os recebimentos atrasados sob controle?</p>\\n    <p class=\\"tip_content\\">Ao criar um pedido de compra, confira a taxa de <i>entrega dentro do prazo</i> do fornecedor: a percentagem de artigos enviados dentro do prazo. Se estiver muito baixa, ative os <i>lembretes automáticos</i>. Poucos dias antes do prazo de envio, o Odoo enviará ao fornecedor um e-mail para solicitar a confirmação das datas de envio e para mantê-lo informado em caso de atrasos. Para obter as estatísticas de desempenho do fornecedor, clique na taxa de EDP.</p>\\n    <img src=\\"https://download.odoocdn.com/digests/purchase/static/src/img/milk-OTDPurchase.gif\\" width=\\"540\\" class=\\"illustration_border\\">\\n</div>\\n            "}	2026-04-14 08:54:03.289914	2026-05-08 10:34:51.394932
1	800	1	1	1	{"en_US": "Tip: Speed up your workflow with shortcuts", "es_ES": "Consejo: acelere su flujo de trabajo con accesos rápidos", "pt_PT": "Dica: acelere seu fluxo de trabalho com atalhos"}	{"en_US": "<div>\\n    <p class=\\"tip_title\\">Tip: Speed up your workflow with shortcuts</p>\\n    <p class=\\"tip_content\\">Press ALT in any screen to highlight shortcuts for every button in the screen. It is useful to process multiple documents in batch.</p>\\n    <img src=\\"https://download.odoocdn.com/digests/digest/static/src/img/milk-alt-shortcuts.gif\\" width=\\"540\\" class=\\"illustration_border\\">\\n</div>\\n            ", "es_ES": "<div>\\n    <p class=\\"tip_title\\">Consejo: acelere su flujo de trabajo con accesos rápidos</p>\\n    <p class=\\"tip_content\\">Presiona ALT en cualquier pantalla para resaltar accesos rápidos para cada botón en la pantalla. Es útil para procesar múltiples documentos en lote. </p>\\n    <img src=\\"https://download.odoocdn.com/digests/digest/static/src/img/milk-alt-shortcuts.gif\\" width=\\"540\\" class=\\"illustration_border\\">\\n</div>\\n            ", "pt_PT": "<div>\\n    <p class=\\"tip_title\\">Dica: acelere seu fluxo de trabalho com atalhos</p>\\n    <p class=\\"tip_content\\">Pressione ALT em qualquer tela para destacar os atalhos para cada botão na tela. Isso pode ser útil para processar vários documentos em lote.</p>\\n    <img src=\\"https://download.odoocdn.com/digests/digest/static/src/img/milk-alt-shortcuts.gif\\" width=\\"540\\" class=\\"illustration_border\\">\\n</div>\\n            "}	2026-04-08 08:34:42.757453	2026-05-01 10:35:07.370498
3	2300	1	1	1	{"en_US": "Tip: A calculator in Odoo", "es_ES": "Consejo: una calculadora en Odoo", "pt_PT": "Dica: uma calculadora no Odoo"}	{"en_US": "<div>\\n    <p class=\\"tip_title\\">Tip: A calculator in Odoo</p>\\n    <p class=\\"tip_content\\">When editing a number, you can use formulae by typing the `=` character. This is useful when computing a margin or a discount on a quotation, sale order or invoice.</p>\\n    <img src=\\"https://download.odoocdn.com/digests/digest/static/src/img/milk-calculator.gif\\" width=\\"540\\" class=\\"illustration_border\\">\\n</div>\\n            ", "es_ES": "<div>\\n    <p class=\\"tip_title\\">Consejo: una calculadora en Odoo</p>\\n    <p class=\\"tip_content\\">Cuando edite un número, puede utilizar fórmulas al escribir el carácter `=`. Esto es útil cuando calcula un margen o un descuento en un presupuesto, pedido de venta o factura.</p>\\n    <img src=\\"https://download.odoocdn.com/digests/digest/static/src/img/milk-calculator.gif\\" width=\\"540\\" class=\\"illustration_border\\">\\n</div>\\n            ", "pt_PT": "<div>\\n    <p class=\\"tip_title\\">Dica: uma calculadora no Odoo</p>\\n    <p class=\\"tip_content\\">Ao editar um número, você pode usar fórmulas digitando o caractere `=`. Isso é útil ao calcular uma margem ou desconto em uma cotação, pedido de venda ou fatura.</p>\\n    <img src=\\"https://download.odoocdn.com/digests/digest/static/src/img/milk-calculator.gif\\" width=\\"540\\" class=\\"illustration_border\\">\\n</div>\\n            "}	2026-04-08 08:34:42.757453	2026-05-01 10:35:07.370498
5	2500	1	1	1	{"en_US": "Tip: Knowledge is power", "es_ES": "Consejo: el conocimiento es poder", "pt_PT": "Dica: conhecimento é poder"}	{"en_US": "<div>\\n    <p class=\\"tip_title\\">Tip: Knowledge is power</p>\\n    <p class=\\"tip_content\\">When following documents, use the pencil icon to fine-tune the information you want to receive.\\nFollow a project / sales team to keep track of this project's tasks / this team's opportunities.</p>\\n    <img src=\\"https://download.odoocdn.com/digests/digest/static/src/img/milk-following.png\\" width=\\"540\\" class=\\"illustration_border\\">\\n</div>\\n            ", "es_ES": "<div>\\n    <p class=\\"tip_title\\">Consejo: el conocimiento es poder</p>\\n    <p class=\\"tip_content\\">Cuando siga documentos, use el icono de lápiz para ajustar la información que desea recibir.\\nSiga un proyecto o un equipo de ventas para llevar el seguimiento de las tareas de este proyecto o las oportunidades de este equipo.</p>\\n    <img src=\\"https://download.odoocdn.com/digests/digest/static/src/img/milk-following.png\\" width=\\"540\\" class=\\"illustration_border\\">\\n</div>\\n            ", "pt_PT": "<div>\\n    <p class=\\"tip_title\\">Dica: conhecimento é poder</p>\\n    <p class=\\"tip_content\\">Ao seguir documentos, use o ícone de lápis para ajustar as informações que deseja receber.\\nSiga um projeto/equipe de vendas para acompanhar as tarefas deste projeto/oportunidades desta equipe.</p>\\n    <img src=\\"https://download.odoocdn.com/digests/digest/static/src/img/milk-following.png\\" width=\\"540\\" class=\\"illustration_border\\">\\n</div>\\n            "}	2026-04-08 08:34:42.757453	2026-04-08 08:34:42.757453
9	3100	26	1	1	{"en_US": "Tip: Stop chasing the Documents you need", "es_ES": "Consejo: deje de buscar los documentos que necesita", "pt_PT": "Dica: Pare de perseguir os documentos que precisa"}	{"en_US": "<div>\\n    <p class=\\"tip_title\\">Tip: Stop chasing the Documents you need</p>\\n    <p class=\\"tip_content\\">Missing a document for a banking statement? Use the Documents apps to request it and let the owner upload it at the right place.</p>\\n    <img src=\\"https://download.odoocdn.com/digests/account/static/src/img/18-invoice-request-document.gif\\" width=\\"540\\" class=\\"illustration_border\\">\\n</div>\\n            ", "es_ES": "<div>\\n    <p class=\\"tip_title\\">Consejo: deje de buscar los documentos que necesita</p>\\n    <p class=\\"tip_content\\">¿Falta un documento para un extracto bancario? Use la aplicación Documentos para solicitarlo y permita que el propietario lo suba al lugar correcto.</p>\\n    <img src=\\"https://download.odoocdn.com/digests/account/static/src/img/18-invoice-request-document.gif\\" width=\\"540\\" class=\\"illustration_border\\">\\n</div>\\n            ", "pt_PT": "<div>\\n    <p class=\\"tip_title\\">Dica: Pare de perseguir os documentos que precisa</p>\\n    <p class=\\"tip_content\\">Está a faltar um documento para um extrato bancário? Use os aplicativos Documentos para solicitá-lo e deixe que o proprietário o carregue no lugar certo.</p>\\n    <img src=\\"https://download.odoocdn.com/digests/account/static/src/img/18-invoice-request-document.gif\\" width=\\"540\\" class=\\"illustration_border\\">\\n</div>\\n            "}	2026-04-08 08:34:46.340378	2026-04-08 08:34:46.340378
10	2200	23	1	1	{"en_US": "Tip: Odoo supports configurable products", "es_ES": "Consejo: Odoo admite productos configurables", "pt_PT": "Dica: o Odoo oferece suporte a produtos configuráveis"}	{"en_US": "<div>\\n    <p class=\\"tip_title\\">Tip: Odoo supports configurable products</p>\\n    <p class=\\"tip_content\\">Struggling with a complex product catalog? Try out the Product Configurator to help sales configure a product with different options: colors, size, capacity, etc. Make sale orders encoding easier and error-proof.</p>\\n    <img src=\\"https://download.odoocdn.com/digests/sale_management/static/src/img/milk-Sales-configure-products.gif\\" width=\\"540\\" class=\\"illustration_border\\">\\n</div>\\n            ", "es_ES": "<div>\\n    <p class=\\"tip_title\\">Consejo: Odoo admite productos configurables</p>\\n    <p class=\\"tip_content\\">¿Tiene problemas con un catálogo de productos complejo? Pruebe el Configurador de productos para ayudar a las ventas a configurar un producto con diferentes opciones: colores, tamaño, capacidad, etc. Haga que la codificación de los pedidos de venta sea más fácil y sin errores.</p>\\n    <img src=\\"https://download.odoocdn.com/digests/sale_management/static/src/img/milk-Sales-configure-products.gif\\" width=\\"540\\" class=\\"illustration_border\\">\\n</div>\\n            ", "pt_PT": "<div>\\n    <p class=\\"tip_title\\">Dica: o Odoo oferece suporte a produtos configuráveis</p>\\n    <p class=\\"tip_content\\">Está tendo dificuldades com um catálogo de produtos complexo? Teste o configurador de produtos para ajudar os vendedores a configurar um produto com diferentes opções: cores, tamanho, capacidade etc. Torne a codificação dos pedidos de venda mais fácil e à prova de erros.</p>\\n    <img src=\\"https://download.odoocdn.com/digests/sale_management/static/src/img/milk-Sales-configure-products.gif\\" width=\\"540\\" class=\\"illustration_border\\">\\n</div>\\n            "}	2026-04-08 08:35:05.349582	2026-04-08 08:35:05.349582
11	2700	23	1	1	{"en_US": "Tip: Sell or buy products in bulk with matrixes", "es_ES": "Consejo: Vender o comprar productos al por mayor con matrices", "pt_PT": "Dica: venda ou compre produtos em lote com matrizes"}	{"en_US": "<div>\\n    <p class=\\"tip_title\\">Tip: Sell or buy products in bulk with matrixes</p>\\n    <p class=\\"tip_content\\">Selling the same product in different sizes or colors? Try the product grid and populate your orders with multiple quantities of each variant. This feature also exists in the Purchase application.</p>\\n    <img src=\\"https://download.odoocdn.com/digests/sale_management/static/src/img/milk-t-shirts.png\\" width=\\"540\\" class=\\"illustration_border\\">\\n</div>\\n            ", "es_ES": "<div>\\n    <p class=\\"tip_title\\">Consejo: Vender o comprar productos al por mayor con matrices</p>\\n    <p class=\\"tip_content\\">¿Vender el mismo producto en diferentes tamaños o colores? Pruebe la tabla de productos y cree pedidos con diversas variantes. Esta función también existe en la aplicación de Compras.</p>\\n    <img src=\\"https://download.odoocdn.com/digests/sale_management/static/src/img/milk-t-shirts.png\\" width=\\"540\\" class=\\"illustration_border\\">\\n</div>\\n            ", "pt_PT": "<div>\\n    <p class=\\"tip_title\\">Dica: venda ou compre produtos em lote com matrizes</p>\\n    <p class=\\"tip_content\\">Vende o mesmo produto em tamanhos ou cores diferentes? Experimente a grade de produtos e preencha seus pedidos com várias quantidades de cada variante. Esse recurso também existe no aplicativo de compra.</p>\\n    <img src=\\"https://download.odoocdn.com/digests/sale_management/static/src/img/milk-t-shirts.png\\" width=\\"540\\" class=\\"illustration_border\\">\\n</div>\\n            "}	2026-04-08 08:35:05.349582	2026-04-08 08:35:05.349582
25	1000	60	1	1	{"en_US": "Tip: Speed up inventory operations with barcodes", "es_ES": "Consejo: acelere las operaciones de inventario con códigos de barras", "pt_PT": "Dica: acelere as operações de estoque com códigos de barras"}	{"en_US": "<div>\\n    <p class=\\"tip_title\\">Tip: Speed up inventory operations with barcodes</p>\\n    <table class=\\"tip_twocol\\">\\n        <tr>\\n            <td class=\\"tip_twocol_left\\" style=\\"width: 45%;\\">\\n                <img src=\\"https://download.odoocdn.com/digests/stock/static/src/img/barcode.gif\\" class=\\"tip_twocol_img\\" width=\\"240\\">\\n            </td>\\n            <td style=\\"width: 55%;\\">\\n                <p class=\\"tip_content\\" style=\\"margin: 0;\\">Enjoy a quick-paced experience with the Odoo barcode app. It is blazing fast and works even without a stable internet connection. It supports all flows: inventory adjustments, batch picking, moving lots or pallets, low inventory checks, etc. Go to the \\"Apps\\" menu to activate the barcode interface.</p>\\n            </td>\\n        </tr>\\n    </table>\\n    <div style=\\"clear: both;\\"></div>\\n</div>\\n            ", "es_ES": "<div>\\n    <p class=\\"tip_title\\">Consejo: acelere las operaciones de inventario con códigos de barras</p>\\n    <table class=\\"tip_twocol\\">\\n        <tr>\\n            <td class=\\"tip_twocol_left\\" style=\\"width: 45%;\\">\\n                <img src=\\"https://download.odoocdn.com/digests/stock/static/src/img/barcode.gif\\" class=\\"tip_twocol_img\\" width=\\"240\\">\\n            </td>\\n            <td style=\\"width: 55%;\\">\\n                <p class=\\"tip_content\\" style=\\"margin: 0;\\">Disfrute de una experiencia de ritmo rápido con la aplicación de código de barras Odoo. Es increíblemente rápido y funciona incluso sin una conexión a Internet estable. Admite todos los flujos: ajustes de inventario, picking por lotes, mover lotes o paletas, controles de inventario bajo, etc. Vaya al menú \\"Aplicaciones\\" para activar la interfaz de código de barras.</p>\\n            </td>\\n        </tr>\\n    </table>\\n    <div style=\\"clear: both;\\"></div>\\n</div>\\n            ", "pt_PT": "<div>\\n    <p class=\\"tip_title\\">Dica: acelere as operações de estoque com códigos de barras</p>\\n    <table class=\\"tip_twocol\\">\\n        <tr>\\n            <td class=\\"tip_twocol_left\\" style=\\"width: 45%;\\">\\n                <img src=\\"https://download.odoocdn.com/digests/stock/static/src/img/barcode.gif\\" class=\\"tip_twocol_img\\" width=\\"240\\">\\n            </td>\\n            <td style=\\"width: 55%;\\">\\n                <p class=\\"tip_content\\" style=\\"margin: 0;\\">Desfrute de uma experiência rápida com o aplicativo de código de barras Odoo. É extremamente rápido e funciona mesmo sem uma conexão de internet estável. Suporta todos os fluxos: ajustes de estoque, separação de lotes, movimentação de lotes ou paletes, verificação de estoque baixo, etc. Vá ao menu \\"aplicativos\\" para ativar a interface do código de barras.</p>\\n            </td>\\n        </tr>\\n    </table>\\n    <div style=\\"clear: both;\\"></div>\\n</div>\\n            "}	2026-04-08 08:46:08.412603	2026-06-12 08:18:08.341384
26	4000	60	1	1	{"en_US": "Tip: Monitor Lot details", "es_ES": "Consejo: supervise los detalles del lote", "pt_PT": "Dica: Monitore os detalhes do lote"}	{"en_US": "<div>\\n    <p class=\\"tip_title\\">Tip: Monitor Lot details</p>\\n    <p class=\\"tip_content\\">Store and retrieve information regarding every Lot/Serial Number (condition, product info, ...).</p>\\n    <img src=\\"https://download.odoocdn.com/digests/stock/static/src/img/18-stock-property-fields.gif\\" width=\\"540\\" class=\\"illustration_border\\">\\n</div>\\n            ", "es_ES": "<div>\\n    <p class=\\"tip_title\\">Consejo: supervise los detalles del lote</p>\\n    <p class=\\"tip_content\\">Almacene y consulte la información relacionada con el número de serie o lote (condición, información del producto...)</p>\\n    <img src=\\"https://download.odoocdn.com/digests/stock/static/src/img/18-stock-property-fields.gif\\" width=\\"540\\" class=\\"illustration_border\\">\\n</div>\\n            ", "pt_PT": "<div>\\n    <p class=\\"tip_title\\">Dica: Monitore os detalhes do lote</p>\\n    <p class=\\"tip_content\\">Armazenar e recuperar informações sobre cada número de lote/série (condição, informações sobre o produto, etc.).</p>\\n    <img src=\\"https://download.odoocdn.com/digests/stock/static/src/img/18-stock-property-fields.gif\\" width=\\"540\\" class=\\"illustration_border\\">\\n</div>\\n            "}	2026-04-08 08:46:08.412603	2026-06-12 08:18:08.341384
\.


--
-- Data for Name: digest_tip_res_users_rel; Type: TABLE DATA; Schema: public; Owner: odoo
--

COPY public.digest_tip_res_users_rel (digest_tip_id, res_users_id) FROM stdin;
1	15
8	2
1	18
25	15
1	17
8	8
8	11
1	20
8	13
1	21
1	16
1	19
8	7
1	14
29	2
29	18
29	15
29	17
29	8
1	27
29	23
29	22
29	20
1	13
29	21
29	11
29	16
29	19
29	24
29	7
25	14
1	2
25	18
30	15
25	17
1	25
1	8
2	27
25	20
25	13
25	21
1	11
25	16
25	19
1	7
25	2
2	15
25	25
25	8
3	27
13	13
25	11
25	7
29	48
29	46
29	13
29	47
39	2
39	48
30	18
39	15
39	17
39	25
39	8
4	27
39	23
39	46
39	22
39	20
39	13
39	21
39	11
39	16
39	19
8	24
39	47
39	7
2	14
\.


--
-- Data for Name: discuss_channel; Type: TABLE DATA; Schema: public; Owner: odoo
--

COPY public.discuss_channel (id, parent_channel_id, from_message_id, group_public_id, create_uid, write_uid, name, channel_type, default_display_mode, sfu_channel_uuid, sfu_server_url, uuid, description, active, allow_public_upload, last_interest_dt, create_date, write_date) FROM stdin;
1	\N	\N	1	1	1	general	channel	\N	\N	\N	dmNVv5KZCe	General announcements for all employees.	t	f	\N	2026-04-08 08:34:27.650619	2026-04-08 08:34:27.650619
3	\N	\N	\N	2	2	OdooBot, Administrator	chat	\N	\N	\N	myV64Rk338	\N	t	f	2026-04-08 08:35:37	2026-04-08 08:35:37.297423	2026-04-08 08:35:37.297423
4	\N	\N	\N	6	6	OdooBot, José Ángel Jiménez Medrano	chat	\N	\N	\N	fi7bqudya8	\N	t	f	2026-04-08 08:37:27	2026-04-08 08:37:27.824743	2026-04-08 08:37:27.824743
5	\N	\N	\N	18	18	OdooBot, CAMACHO VARGAS ADRIÁN	chat	\N	\N	\N	katR6GpSL3	\N	t	f	2026-04-14 11:41:49	2026-04-14 11:41:49.538889	2026-04-14 11:41:49.538889
6	\N	\N	\N	19	19	OdooBot, SAGUAR HERNÁIZ VÍCTOR	chat	\N	\N	\N	8usoYmusiH	\N	t	f	2026-04-15 08:20:08	2026-04-15 08:20:08.772012	2026-04-15 08:20:08.772012
7	\N	\N	\N	11	11	OdooBot, Luis Enrique Paz Sánchez	chat	\N	\N	\N	hJ7yGTBPaF	\N	t	f	2026-04-15 10:08:35	2026-04-15 10:08:35.416084	2026-04-15 10:08:35.416084
23	\N	\N	\N	46	46	OdooBot, Sergio Martín Gómez	chat	\N	\N	\N	QTMyoTjjWk	\N	t	f	2026-05-04 08:50:04	2026-05-04 08:50:04.85055	2026-05-04 08:50:04.85055
8	\N	\N	\N	13	13	OdooBot, NOVOA CATUCUAMBA SANTIAGO	chat	\N	\N	\N	vtiPkbdT7j	\N	t	f	2026-04-15 10:15:27	2026-04-15 10:15:27.322262	2026-04-15 10:15:27.322262
9	\N	\N	\N	20	20	OdooBot, NAVARRO GÓMEZ PABLO	chat	\N	\N	\N	bwzI7xxb4C	\N	t	f	2026-04-15 10:20:28	2026-04-15 10:20:28.396198	2026-04-15 10:20:28.396198
24	\N	\N	\N	25	6	JIMÉNEZ MEDRANO JOSÉ ÁNGEL, FERNÁNDEZ MORÍN ÓSCAR	chat	\N	\N	\N	z4InMLtQWm	\N	t	f	\N	2026-05-04 09:00:19.126927	2026-05-04 09:00:19.126927
11	\N	\N	\N	2	23	LÓPEZ PAIVA RUBÉN MATHIAS, Administrator	chat	\N	\N	\N	RQYR83qnRD	\N	t	f	\N	2026-04-15 10:28:36.951456	2026-04-15 10:28:36.951456
12	\N	\N	\N	23	23	OdooBot, LÓPEZ PAIVA RUBÉN MATHIAS	chat	\N	\N	\N	qCwWdFHhuM	\N	t	f	2026-04-15 10:33:50	2026-04-15 10:33:50.413718	2026-04-15 10:33:50.413718
22	\N	\N	\N	\N	\N	OdooBot, Ballesteros Álvaro Nicolas	chat	\N	\N	\N	tegBUYLAXy	\N	t	f	2026-05-04 08:46:43	2026-05-04 08:46:43.954078	2026-05-04 08:46:43.954078
13	\N	\N	\N	25	25	OdooBot, Óscar Fenández Morín	chat	\N	\N	\N	mkC5RAS4M8	\N	t	f	2026-04-15 10:50:05	2026-04-15 10:50:05.229655	2026-04-15 10:50:05.229655
14	\N	\N	\N	21	21	OdooBot, OVIEDO FLEITAS ALEXIS JAVIER	chat	\N	\N	\N	GSGKohyWL4	\N	t	f	2026-04-15 11:08:49	2026-04-15 11:08:49.741794	2026-04-15 11:08:49.741794
15	\N	\N	\N	22	22	OdooBot, MÓSQUEZ BERMEO CARLOS ALBERTO	chat	\N	\N	\N	FeN8SMajMj	\N	t	f	2026-04-16 10:15:35	2026-04-16 10:15:35.557119	2026-04-16 10:15:35.557119
25	\N	\N	\N	48	48	OdooBot, BALLESTEROS ÁLVARO NICOLÁS	chat	\N	\N	\N	ydpqEMy52h	\N	t	f	2026-05-04 10:23:55	2026-05-04 10:23:55.358199	2026-05-04 10:23:55.358199
16	\N	\N	\N	14	14	OdooBot, ÁLVAREZ GIORDANO LUCIANO ALFREDO	chat	\N	\N	\N	hB3NHEKwuk	\N	t	f	2026-04-16 10:19:53	2026-04-16 10:19:53.017524	2026-04-16 10:19:53.017524
17	\N	\N	\N	17	17	OdooBot, DIEZ ROJAS ARIEL	chat	\N	\N	\N	fWwu4c5bHK	\N	t	f	2026-04-16 10:31:53	2026-04-16 10:31:53.485408	2026-04-16 10:31:53.485408
18	\N	\N	\N	24	24	OdooBot, SECO CUMBREÑO DIEGO	chat	\N	\N	\N	A3dV57XPpI	\N	t	f	2026-04-16 12:17:36	2026-04-16 12:17:36.436204	2026-04-16 12:17:36.436204
19	\N	\N	\N	27	27	OdooBot, GONZALEZ ROJAS RANDALL	chat	\N	\N	\N	TFushRAjt5	\N	t	f	2026-04-21 07:44:24	2026-04-21 07:44:24.012129	2026-04-21 07:44:24.012129
10	\N	\N	\N	8	8	OdooBot, GATARIN LASAM ENRIQUE	chat	\N	\N	\N	R8DTjD2TnV	\N	t	f	2026-05-12 10:44:23	2026-04-15 10:22:12.282492	2026-05-12 10:44:23.410081
20	\N	\N	\N	16	16	OdooBot, ROMÁN CIPRIANO ANDRÉS	chat	\N	\N	\N	rYUMdyMIjP	\N	t	f	2026-04-22 10:19:13	2026-04-22 10:19:13.385282	2026-04-22 10:19:13.385282
21	\N	\N	\N	15	15	OdooBot, COSTEA CELI DAVID	chat	\N	\N	\N	knjfRjbPDf	\N	t	f	2026-04-22 10:26:54	2026-04-22 10:26:54.360849	2026-04-22 10:26:54.360849
2	\N	\N	4	1	1	Administrators	channel	\N	\N	\N	wxWtPdGwbg	General channel for administrators.	t	f	2026-06-01 10:35:08	2026-04-08 08:34:27.650619	2026-06-01 10:35:08.166048
\.


--
-- Data for Name: discuss_channel_hr_department_rel; Type: TABLE DATA; Schema: public; Owner: odoo
--

COPY public.discuss_channel_hr_department_rel (discuss_channel_id, hr_department_id) FROM stdin;
\.


--
-- Data for Name: discuss_channel_member; Type: TABLE DATA; Schema: public; Owner: odoo
--

COPY public.discuss_channel_member (id, partner_id, guest_id, channel_id, fetched_message_id, seen_message_id, new_message_separator, rtc_inviting_session_id, create_uid, write_uid, custom_channel_name, fold_state, custom_notifications, mute_until_dt, unpin_dt, last_interest_dt, last_seen_dt, create_date, write_date) FROM stdin;
1	3	\N	2	\N	\N	0	\N	1	1	\N	closed	\N	\N	\N	2026-04-08 08:34:30	\N	2026-04-08 08:34:27.650619	2026-04-08 08:34:27.650619
2	7	\N	2	\N	\N	0	\N	1	1	\N	closed	\N	\N	\N	2026-04-08 08:34:30	\N	2026-04-08 08:34:27.650619	2026-04-08 08:34:27.650619
5	2	\N	3	\N	\N	0	\N	2	2	\N	closed	\N	\N	2026-04-08 08:35:37	2026-04-08 08:35:07	\N	2026-04-08 08:35:37.297423	2026-04-08 08:35:37.297423
7	2	\N	4	\N	\N	0	\N	6	6	\N	closed	\N	\N	2026-04-08 08:37:27	2026-04-08 08:36:57	\N	2026-04-08 08:37:27.824743	2026-04-08 08:37:27.824743
9	9	\N	1	\N	\N	0	\N	2	2	\N	closed	\N	\N	\N	2026-04-08 08:37:48	\N	2026-04-08 08:37:47.862683	2026-04-08 08:37:47.862683
10	9	\N	2	\N	\N	0	\N	2	2	\N	closed	\N	\N	\N	2026-04-08 08:37:48	\N	2026-04-08 08:37:47.862683	2026-04-08 08:37:47.862683
6	3	\N	3	31	31	32	\N	2	2	\N	closed	\N	\N	\N	2026-04-08 08:35:37	2026-04-08 08:39:15	2026-04-08 08:35:37.297423	2026-04-08 08:39:15.551944
12	10	\N	2	\N	\N	0	\N	6	6	\N	closed	\N	\N	\N	2026-04-08 08:39:17	\N	2026-04-08 08:39:17.205602	2026-04-08 08:39:17.205602
16	13	\N	2	\N	\N	0	\N	2	2	\N	closed	\N	\N	\N	2026-04-08 08:42:37	\N	2026-04-08 08:42:37.057811	2026-04-08 08:42:37.057811
3	3	\N	1	1	1	2	\N	1	2	\N	closed	\N	\N	\N	2026-04-08 08:34:30	\N	2026-04-08 08:34:27.650619	2026-04-08 08:44:18.562348
17	15	\N	1	\N	\N	0	\N	6	6	\N	closed	\N	\N	\N	2026-04-08 08:44:25	\N	2026-04-08 08:44:25.120354	2026-04-08 08:44:25.120354
22	20	\N	1	\N	\N	0	\N	6	6	\N	closed	\N	\N	\N	2026-04-08 08:53:57	\N	2026-04-08 08:53:57.272195	2026-04-08 08:53:57.272195
29	2	\N	5	\N	\N	0	\N	18	18	\N	closed	\N	\N	2026-04-14 11:41:49	2026-04-14 11:41:19	\N	2026-04-14 11:41:49.538889	2026-04-14 11:41:49.538889
31	2	\N	6	\N	\N	0	\N	19	19	\N	closed	\N	\N	2026-04-15 08:20:08	2026-04-15 08:19:38	\N	2026-04-15 08:20:08.772012	2026-04-15 08:20:08.772012
23	21	\N	1	1	1	2	\N	6	19	\N	closed	\N	\N	\N	2026-04-08 08:55:07	2026-04-15 08:20:17	2026-04-08 08:55:07.483208	2026-04-15 08:20:16.989007
32	21	\N	6	358	358	359	\N	19	19	\N	closed	\N	\N	\N	2026-04-15 08:20:08	2026-04-15 08:20:33	2026-04-15 08:20:08.772012	2026-04-15 08:20:33.611279
8	7	\N	4	33	33	34	\N	6	6	\N	closed	\N	\N	\N	2026-04-08 08:37:27	2026-04-15 08:50:23	2026-04-08 08:37:27.824743	2026-04-15 08:50:23.5016
4	7	\N	1	1	1	2	\N	1	6	\N	closed	\N	\N	\N	2026-04-08 08:34:30	2026-04-15 08:50:29	2026-04-08 08:34:27.650619	2026-04-15 08:50:29.62516
33	2	\N	7	\N	\N	0	\N	11	11	\N	closed	\N	\N	2026-04-15 10:08:35	2026-04-15 10:08:05	\N	2026-04-15 10:08:35.416084	2026-04-15 10:08:35.416084
35	2	\N	8	\N	\N	0	\N	13	13	\N	closed	\N	\N	2026-04-15 10:15:27	2026-04-15 10:14:57	\N	2026-04-15 10:15:27.322262	2026-04-15 10:15:27.322262
36	15	\N	8	\N	\N	0	\N	13	13	\N	closed	\N	\N	\N	2026-04-15 10:15:27	\N	2026-04-15 10:15:27.322262	2026-04-15 10:15:27.322262
37	2	\N	9	\N	\N	0	\N	20	20	\N	closed	\N	\N	2026-04-15 10:20:28	2026-04-15 10:19:58	\N	2026-04-15 10:20:28.396198	2026-04-15 10:20:28.396198
39	2	\N	10	\N	\N	0	\N	8	8	\N	closed	\N	\N	2026-04-15 10:22:12	2026-04-15 10:21:42	\N	2026-04-15 10:22:12.282492	2026-04-15 10:22:12.282492
42	28	\N	11	\N	\N	0	\N	2	2	\N	closed	\N	\N	2026-04-15 10:28:36	2026-04-15 10:28:06	\N	2026-04-15 10:28:36.951456	2026-04-15 10:28:36.951456
59	29	\N	18	469	469	470	\N	24	24	\N	closed	\N	\N	\N	2026-04-16 12:17:36	2026-04-16 12:17:42	2026-04-16 12:17:36.436204	2026-04-16 12:17:42.435584
43	3	\N	11	\N	\N	0	\N	2	2	\N	closed	\N	\N	\N	2026-04-15 10:28:36	\N	2026-04-15 10:28:36.951456	2026-04-15 10:29:22.443325
44	2	\N	12	\N	\N	0	\N	23	23	\N	closed	\N	\N	2026-04-15 10:33:50	2026-04-15 10:33:20	\N	2026-04-15 10:33:50.413718	2026-04-15 10:33:50.413718
45	28	\N	12	393	393	394	\N	23	23	\N	closed	\N	\N	\N	2026-04-15 10:33:50	2026-04-15 10:33:56	2026-04-15 10:33:50.413718	2026-04-15 10:33:56.355535
24	22	\N	1	1	1	2	\N	6	20	\N	closed	\N	\N	\N	2026-04-08 08:56:50	2026-04-15 10:34:02	2026-04-08 08:56:50.352891	2026-04-15 10:34:02.019395
27	28	\N	1	1	1	2	\N	6	23	\N	closed	\N	\N	\N	2026-04-14 08:43:52	2026-04-15 10:34:03	2026-04-14 08:43:52.517716	2026-04-15 10:34:03.595021
38	22	\N	9	379	379	380	\N	20	20	\N	closed	\N	\N	\N	2026-04-15 10:20:28	2026-04-15 10:46:29	2026-04-15 10:20:28.396198	2026-04-15 10:46:29.630017
46	2	\N	13	\N	\N	0	\N	25	25	\N	closed	\N	\N	2026-04-15 10:50:05	2026-04-15 10:49:35	\N	2026-04-15 10:50:05.229655	2026-04-15 10:50:05.229655
48	2	\N	14	\N	\N	0	\N	21	21	\N	closed	\N	\N	2026-04-15 11:08:49	2026-04-15 11:08:19	\N	2026-04-15 11:08:49.741794	2026-04-15 11:08:49.741794
52	2	\N	15	\N	\N	0	\N	22	22	\N	closed	\N	\N	2026-04-16 10:15:35	2026-04-16 10:15:05	\N	2026-04-16 10:15:35.557119	2026-04-16 10:15:35.557119
53	27	\N	15	441	441	442	\N	22	22	\N	closed	\N	\N	\N	2026-04-16 10:15:35	2026-04-16 10:15:41	2026-04-16 10:15:35.557119	2026-04-16 10:15:41.893556
26	27	\N	1	1	1	2	\N	2	22	\N	closed	\N	\N	\N	2026-04-14 08:39:57	2026-04-16 10:15:54	2026-04-14 08:39:57.616861	2026-04-16 10:15:54.072542
54	2	\N	16	\N	\N	0	\N	14	14	\N	closed	\N	\N	2026-04-16 10:19:53	2026-04-16 10:19:23	\N	2026-04-16 10:19:53.017524	2026-04-16 10:19:53.017524
55	16	\N	16	\N	\N	0	\N	14	14	\N	closed	\N	\N	\N	2026-04-16 10:19:53	\N	2026-04-16 10:19:53.017524	2026-04-16 10:19:53.017524
56	2	\N	17	\N	\N	0	\N	17	17	\N	closed	\N	\N	2026-04-16 10:31:53	2026-04-16 10:31:23	\N	2026-04-16 10:31:53.485408	2026-04-16 10:31:53.485408
58	2	\N	18	\N	\N	0	\N	24	24	\N	closed	\N	\N	2026-04-16 12:17:36	2026-04-16 12:17:06	\N	2026-04-16 12:17:36.436204	2026-04-16 12:17:36.436204
28	29	\N	1	1	1	2	\N	6	24	\N	closed	\N	\N	\N	2026-04-14 09:09:50	2026-04-16 12:19:44	2026-04-14 09:09:50.351378	2026-04-16 12:19:44.119452
60	2	\N	19	\N	\N	0	\N	27	27	\N	closed	\N	\N	2026-04-21 07:44:24	2026-04-21 07:43:54	\N	2026-04-21 07:44:24.012129	2026-04-21 07:44:24.012129
61	35	\N	19	493	493	494	\N	27	27	\N	closed	\N	\N	\N	2026-04-21 07:44:24	2026-04-21 07:44:30	2026-04-21 07:44:24.012129	2026-04-21 07:44:30.246506
62	2	\N	20	\N	\N	0	\N	16	16	\N	closed	\N	\N	2026-04-22 10:19:13	2026-04-22 10:18:43	\N	2026-04-22 10:19:13.385282	2026-04-22 10:19:13.385282
63	18	\N	20	495	495	496	\N	16	16	\N	closed	\N	\N	\N	2026-04-22 10:19:13	2026-04-22 10:19:59	2026-04-22 10:19:13.385282	2026-04-22 10:19:59.455025
20	18	\N	1	1	1	2	\N	6	16	\N	closed	\N	\N	\N	2026-04-08 08:49:09	2026-04-22 10:20:05	2026-04-08 08:49:08.872772	2026-04-22 10:20:05.228719
57	19	\N	17	464	464	465	\N	17	17	\N	closed	\N	\N	\N	2026-04-16 10:31:53	2026-04-24 11:49:10	2026-04-16 10:31:53.485408	2026-04-24 11:49:13.752208
64	2	\N	21	\N	\N	0	\N	15	15	\N	closed	\N	\N	2026-04-22 10:26:54	2026-04-22 10:26:24	\N	2026-04-22 10:26:54.360849	2026-04-22 10:26:54.360849
34	13	\N	7	365	365	366	\N	11	11	\N	closed	\N	\N	\N	2026-04-15 10:08:35	2026-04-28 07:24:29	2026-04-15 10:08:35.416084	2026-04-28 07:24:29.145627
21	19	\N	1	1	1	2	\N	6	17	\N	closed	\N	\N	\N	2026-04-08 08:52:14	2026-04-22 10:25:54	2026-04-08 08:52:14.496662	2026-04-24 11:49:08.480066
15	13	\N	1	1	1	2	\N	2	11	\N	closed	\N	\N	\N	2026-04-08 08:42:37	2026-04-28 07:24:37	2026-04-08 08:42:37.057811	2026-04-28 07:24:37.21033
49	23	\N	14	402	402	403	\N	21	21	\N	closed	\N	\N	\N	2026-04-15 11:08:49	2026-05-04 08:23:50	2026-04-15 11:08:49.741794	2026-05-04 08:23:50.838086
25	23	\N	1	1	1	2	\N	6	21	\N	closed	\N	\N	\N	2026-04-08 08:57:52	2026-05-04 08:23:54	2026-04-08 08:57:52.341903	2026-05-04 08:23:54.057546
70	2	\N	23	\N	\N	0	\N	46	46	\N	closed	\N	\N	2026-05-04 08:50:04	2026-05-04 08:49:34	\N	2026-05-04 08:50:04.85055	2026-05-04 08:50:04.85055
71	55	\N	23	\N	\N	0	\N	46	46	\N	closed	\N	\N	\N	2026-05-04 08:50:04	\N	2026-05-04 08:50:04.85055	2026-05-04 08:50:04.85055
41	32	\N	1	1	1	2	\N	6	25	\N	closed	\N	\N	\N	2026-04-15 10:23:29	2026-05-04 08:57:29	2026-04-15 10:23:29.432239	2026-05-04 08:57:28.996403
11	10	\N	1	1	1	2	\N	6	8	\N	closed	\N	\N	\N	2026-04-08 08:38:36	2026-05-04 08:54:07	2026-04-08 08:38:35.913819	2026-05-04 08:54:09.622669
47	32	\N	13	398	398	399	\N	25	25	\N	closed	\N	\N	\N	2026-04-15 10:50:05	2026-05-04 08:59:40	2026-04-15 10:50:05.229655	2026-05-04 08:59:40.750805
72	7	\N	24	\N	\N	0	\N	25	25	\N	closed	\N	\N	2026-05-04 09:00:19	2026-05-04 08:59:49	\N	2026-05-04 09:00:19.126927	2026-05-04 09:00:19.126927
73	32	\N	24	\N	\N	0	\N	25	25	\N	closed	\N	\N	2026-05-04 09:00:23	2026-05-04 09:00:19	\N	2026-05-04 09:00:19.126927	2026-05-04 09:00:23.056526
18	16	\N	1	1	1	2	\N	6	14	\N	closed	\N	\N	\N	2026-04-08 08:45:41	2026-05-04 09:02:31	2026-04-08 08:45:41.005601	2026-05-04 09:02:31.572989
74	58	\N	1	\N	\N	0	\N	11	11	\N	closed	\N	\N	\N	2026-05-04 09:24:47	\N	2026-05-04 09:24:47.147655	2026-05-04 09:24:47.147655
75	58	\N	2	\N	\N	0	\N	11	11	\N	closed	\N	\N	\N	2026-05-04 09:24:47	\N	2026-05-04 09:24:47.147655	2026-05-04 09:24:47.147655
77	2	\N	25	\N	\N	0	\N	48	48	\N	closed	\N	\N	2026-05-04 10:23:55	2026-05-04 10:23:25	\N	2026-05-04 10:23:55.358199	2026-05-04 10:23:55.358199
68	2	\N	22	\N	\N	0	\N	\N	\N	\N	closed	\N	\N	2026-05-04 08:46:43	2026-05-04 08:46:13	\N	2026-05-04 08:46:43.954078	2026-05-04 08:46:43.954078
76	61	\N	1	1	1	2	\N	6	48	\N	closed	\N	\N	\N	2026-05-04 10:22:25	2026-05-04 10:23:58	2026-05-04 10:22:25.018913	2026-05-04 10:23:57.987216
67	55	\N	1	1	1	2	\N	6	46	\N	closed	\N	\N	\N	2026-05-04 08:39:22	2026-05-04 10:25:19	2026-05-04 08:39:22.00411	2026-05-04 10:25:19.674211
78	61	\N	25	658	658	659	\N	48	48	\N	closed	\N	\N	\N	2026-05-04 10:23:55	2026-05-04 10:36:04	2026-05-04 10:23:55.358199	2026-05-04 10:36:04.904791
30	20	\N	5	357	357	358	\N	18	18	\N	closed	\N	\N	\N	2026-04-14 11:41:49	2026-05-07 08:36:11	2026-04-14 11:41:49.538889	2026-05-07 08:36:11.66818
79	28	\N	2	\N	\N	0	\N	2	2	\N	closed	\N	\N	\N	2026-05-07 08:37:37	\N	2026-05-07 08:37:37.065713	2026-05-07 08:37:37.065713
80	27	\N	2	\N	\N	0	\N	8	8	\N	closed	\N	\N	\N	2026-05-08 09:29:23	\N	2026-05-08 09:29:22.947199	2026-05-08 09:29:22.947199
51	35	\N	1	1	1	2	\N	6	27	\N	closed	\N	\N	\N	2026-04-16 09:02:33	2026-05-08 10:46:41	2026-04-16 09:02:32.839478	2026-05-08 10:46:41.834041
81	21	\N	2	\N	\N	0	\N	8	8	\N	closed	\N	\N	\N	2026-05-08 11:03:24	\N	2026-05-08 11:03:24.514484	2026-05-08 11:03:24.514484
40	10	\N	10	2409	2409	2410	\N	8	8	\N	closed	\N	\N	\N	2026-04-15 10:22:12	2026-05-12 10:44:23	2026-04-15 10:22:12.282492	2026-05-12 10:44:23.493821
82	22	\N	2	\N	\N	0	\N	6	6	\N	closed	\N	\N	\N	2026-05-13 07:58:59	\N	2026-05-13 07:58:59.618192	2026-05-13 07:58:59.618192
83	15	\N	2	\N	\N	0	\N	8	8	\N	closed	\N	\N	\N	2026-05-14 08:49:55	\N	2026-05-14 08:49:55.341458	2026-05-14 08:49:55.341458
19	17	\N	1	1	1	2	\N	6	15	\N	closed	\N	\N	\N	2026-04-08 08:47:17	2026-05-19 09:02:31	2026-04-08 08:47:17.270394	2026-05-19 09:02:31.669148
65	17	\N	21	496	496	497	\N	15	15	\N	closed	\N	\N	\N	2026-04-22 10:26:54	2026-05-19 09:02:00	2026-04-22 10:26:54.360849	2026-05-19 09:02:00.40865
84	19	\N	2	\N	\N	0	\N	6	6	\N	closed	\N	\N	\N	2026-05-25 08:35:13	\N	2026-05-25 08:35:13.348704	2026-05-25 08:35:13.348704
\.


--
-- Data for Name: discuss_channel_res_groups_rel; Type: TABLE DATA; Schema: public; Owner: odoo
--

COPY public.discuss_channel_res_groups_rel (discuss_channel_id, res_groups_id) FROM stdin;
2	4
1	1
\.


--
-- Data for Name: discuss_channel_rtc_session; Type: TABLE DATA; Schema: public; Owner: odoo
--

COPY public.discuss_channel_rtc_session (id, channel_member_id, channel_id, create_uid, write_uid, is_screen_sharing_on, is_camera_on, is_muted, is_deaf, write_date, create_date) FROM stdin;
\.


--
-- Data for Name: discuss_gif_favorite; Type: TABLE DATA; Schema: public; Owner: odoo
--

COPY public.discuss_gif_favorite (id, create_uid, write_uid, tenor_gif_id, create_date, write_date) FROM stdin;
\.


--
-- Data for Name: discuss_voice_metadata; Type: TABLE DATA; Schema: public; Owner: odoo
--

COPY public.discuss_voice_metadata (id, attachment_id, create_uid, write_uid, create_date, write_date) FROM stdin;
\.


--
-- Data for Name: email_template_attachment_rel; Type: TABLE DATA; Schema: public; Owner: odoo
--

COPY public.email_template_attachment_rel (email_template_id, attachment_id) FROM stdin;
\.


--
-- Data for Name: employee_category_rel; Type: TABLE DATA; Schema: public; Owner: odoo
--

COPY public.employee_category_rel (employee_id, category_id) FROM stdin;
\.


--
-- Data for Name: fetchmail_server; Type: TABLE DATA; Schema: public; Owner: odoo
--

COPY public.fetchmail_server (id, port, object_id, priority, create_uid, write_uid, name, state, server, server_type, "user", password, script, configuration, active, is_ssl, attach, original, date, create_date, write_date, google_gmail_access_token_expiration, google_gmail_authorization_code, google_gmail_refresh_token, google_gmail_access_token) FROM stdin;
\.


--
-- Data for Name: gamification_badge; Type: TABLE DATA; Schema: public; Owner: odoo
--

COPY public.gamification_badge (id, rule_max_number, create_uid, write_uid, level, rule_auth, name, description, active, rule_max, create_date, write_date) FROM stdin;
1	\N	1	1	bronze	everyone	{"en_US": "Good Job", "es_ES": "Buen trabajo", "pt_PT": "Bom Trabalho"}	{"en_US": "<p>You did great at your job.</p>", "es_ES": "<p>Hizo un excelente trabajo.</p>", "pt_PT": "<p>Fizeste um excelente trabalho.</p>"}	t	\N	2026-04-08 08:35:10.407079	2026-04-08 08:35:12.97444
2	\N	1	1	bronze	everyone	{"en_US": "Problem Solver", "es_ES": "Solucionador de problemas", "pt_PT": "Solucionador de Problemas"}	{"en_US": "<p>No one can solve challenges like you do.</p>", "es_ES": "<p>Nadie puede resolver desafíos como usted.</p>", "pt_PT": "<p>Ninguém consegue ultrapassar desafios como tu.</p>"}	t	\N	2026-04-08 08:35:10.407079	2026-04-08 08:35:12.97444
3	\N	1	1	bronze	nobody	{"en_US": "Hidden", "es_ES": "Oculto", "pt_PT": "Oculto"}	{"en_US": "<p>You have found the hidden badge</p>", "es_ES": "<p>Ha encontrado una insignia oculta</p>", "pt_PT": "<p>Encontrou a medalha escondida</p>"}	f	\N	2026-04-08 08:35:10.407079	2026-04-08 08:35:12.97444
4	2	1	1	bronze	everyone	{"en_US": "Brilliant", "es_ES": "Brillante", "pt_PT": "Brilhante"}	{"en_US": "<p>With your brilliant ideas, you are an inspiration to others.</p>", "es_ES": "<p>Con sus brillantes ideas, usted es la inspiración de otros.</p>", "pt_PT": "<p>Com as tuas ideias brilhantes, és uma inspiração para outros.</p>"}	t	t	2026-04-08 08:35:10.407079	2026-04-08 08:35:12.97444
\.


--
-- Data for Name: gamification_badge_rule_badge_rel; Type: TABLE DATA; Schema: public; Owner: odoo
--

COPY public.gamification_badge_rule_badge_rel (badge1_id, badge2_id) FROM stdin;
\.


--
-- Data for Name: gamification_badge_user; Type: TABLE DATA; Schema: public; Owner: odoo
--

COPY public.gamification_badge_user (id, user_id, sender_id, badge_id, challenge_id, create_uid, write_uid, level, comment, create_date, write_date, employee_id) FROM stdin;
\.


--
-- Data for Name: gamification_badge_user_wizard; Type: TABLE DATA; Schema: public; Owner: odoo
--

COPY public.gamification_badge_user_wizard (id, user_id, badge_id, create_uid, write_uid, comment, create_date, write_date, employee_id) FROM stdin;
\.


--
-- Data for Name: gamification_challenge; Type: TABLE DATA; Schema: public; Owner: odoo
--

COPY public.gamification_challenge (id, manager_id, reward_id, reward_first_id, reward_second_id, reward_third_id, report_message_group_id, report_template_id, remind_update_delay, create_uid, write_uid, state, user_domain, period, visibility_mode, report_message_frequency, challenge_category, start_date, end_date, last_report_date, next_report_date, name, description, reward_failure, reward_realtime, create_date, write_date) FROM stdin;
1	1	\N	\N	\N	\N	\N	18	\N	1	1	inprogress	[('groups_id.id', '=', 1)]	once	personal	never	other	\N	\N	2026-04-08	\N	{"en_US": "Complete your Profile", "es_ES": "Complete su perfil", "pt_PT": "Complete o seu Perfil"}	\N	\N	t	2026-04-08 08:35:10.407079	2026-05-05 08:35:17.338546
2	1	\N	\N	\N	\N	\N	18	\N	1	1	inprogress	[('groups_id.id', '=', 2)]	once	personal	never	other	\N	\N	2026-04-08	\N	{"en_US": "Setup your Company", "es_ES": "Configure su empresa", "pt_PT": "Configure a sua Empresa"}	\N	\N	t	2026-04-08 08:35:10.407079	2026-05-25 08:35:21.522065
\.


--
-- Data for Name: gamification_challenge_line; Type: TABLE DATA; Schema: public; Owner: odoo
--

COPY public.gamification_challenge_line (id, challenge_id, definition_id, sequence, create_uid, write_uid, create_date, write_date, target_goal) FROM stdin;
1	1	1	1	1	1	2026-04-08 08:35:10.407079	2026-04-08 08:35:10.407079	1
2	2	3	1	1	1	2026-04-08 08:35:10.407079	2026-04-08 08:35:10.407079	1
3	2	2	1	1	1	2026-04-08 08:35:10.407079	2026-04-08 08:35:10.407079	0
4	2	4	1	1	1	2026-04-08 08:35:10.407079	2026-04-08 08:35:10.407079	1
\.


--
-- Data for Name: gamification_challenge_users_rel; Type: TABLE DATA; Schema: public; Owner: odoo
--

COPY public.gamification_challenge_users_rel (gamification_challenge_id, res_users_id) FROM stdin;
1	2
1	6
2	2
2	6
1	18
1	15
1	17
1	8
1	11
1	20
1	13
1	21
1	16
1	19
1	7
1	14
2	8
2	11
2	7
1	22
1	23
1	24
1	25
2	23
1	27
1	48
1	46
1	47
2	47
2	22
2	20
2	13
2	17
\.


--
-- Data for Name: gamification_goal; Type: TABLE DATA; Schema: public; Owner: odoo
--

COPY public.gamification_goal (id, definition_id, user_id, line_id, challenge_id, remind_update_delay, create_uid, write_uid, state, start_date, end_date, last_update, to_update, closed, create_date, write_date, target_goal, current) FROM stdin;
1	1	2	1	1	\N	1	1	reached	2026-04-08	\N	2026-04-08	\N	\N	2026-04-08 08:36:04.634973	2026-04-08 08:36:04.634973	1	1
2	1	6	1	1	\N	1	1	reached	2026-04-08	\N	2026-04-08	\N	\N	2026-04-08 08:36:04.634973	2026-04-08 08:36:04.634973	1	1
3	3	2	2	2	\N	1	1	reached	2026-04-08	\N	2026-04-08	\N	\N	2026-04-08 08:36:04.682292	2026-04-08 08:36:04.682292	1	1
4	3	6	2	2	\N	1	1	reached	2026-04-08	\N	2026-04-08	\N	\N	2026-04-08 08:36:04.682292	2026-04-08 08:36:04.682292	1	1
5	2	2	3	2	\N	1	1	reached	2026-04-08	\N	2026-04-08	\N	\N	2026-04-08 08:36:04.682292	2026-04-08 08:36:04.713463	0	0
6	2	6	3	2	\N	1	1	reached	2026-04-08	\N	2026-04-08	\N	\N	2026-04-08 08:36:04.682292	2026-04-08 08:36:04.713463	0	0
7	4	2	4	2	\N	1	1	reached	2026-04-08	\N	2026-04-08	\N	\N	2026-04-08 08:36:04.682292	2026-04-08 08:36:04.730943	1	1
8	4	6	4	2	\N	1	1	reached	2026-04-08	\N	2026-04-08	\N	\N	2026-04-08 08:36:04.682292	2026-04-08 08:36:04.730943	1	1
9	1	7	1	1	\N	1	1	reached	2026-04-09	\N	2026-04-09	\N	\N	2026-04-09 08:35:40.058478	2026-04-09 08:35:40.058478	1	1
10	1	8	1	1	\N	1	1	reached	2026-04-09	\N	2026-04-09	\N	\N	2026-04-09 08:35:40.058478	2026-04-09 08:35:40.058478	1	1
11	1	11	1	1	\N	1	1	reached	2026-04-09	\N	2026-04-09	\N	\N	2026-04-09 08:35:40.058478	2026-04-09 08:35:40.058478	1	1
12	1	13	1	1	\N	1	1	reached	2026-04-09	\N	2026-04-09	\N	\N	2026-04-09 08:35:40.058478	2026-04-09 08:35:40.058478	1	1
13	1	14	1	1	\N	1	1	reached	2026-04-09	\N	2026-04-09	\N	\N	2026-04-09 08:35:40.058478	2026-04-09 08:35:40.058478	1	1
14	1	15	1	1	\N	1	1	reached	2026-04-09	\N	2026-04-09	\N	\N	2026-04-09 08:35:40.058478	2026-04-09 08:35:40.058478	1	1
15	1	16	1	1	\N	1	1	reached	2026-04-09	\N	2026-04-09	\N	\N	2026-04-09 08:35:40.058478	2026-04-09 08:35:40.058478	1	1
16	1	17	1	1	\N	1	1	reached	2026-04-09	\N	2026-04-09	\N	\N	2026-04-09 08:35:40.058478	2026-04-09 08:35:40.058478	1	1
17	1	18	1	1	\N	1	1	reached	2026-04-09	\N	2026-04-09	\N	\N	2026-04-09 08:35:40.058478	2026-04-09 08:35:40.058478	1	1
18	1	19	1	1	\N	1	1	reached	2026-04-09	\N	2026-04-09	\N	\N	2026-04-09 08:35:40.058478	2026-04-09 08:35:40.058478	1	1
19	1	20	1	1	\N	1	1	reached	2026-04-09	\N	2026-04-09	\N	\N	2026-04-09 08:35:40.058478	2026-04-09 08:35:40.058478	1	1
20	1	21	1	1	\N	1	1	reached	2026-04-09	\N	2026-04-09	\N	\N	2026-04-09 08:35:40.058478	2026-04-09 08:35:40.058478	1	1
21	3	8	2	2	\N	1	1	reached	2026-04-09	\N	2026-04-09	\N	\N	2026-04-09 08:35:40.193138	2026-04-09 08:35:40.193138	1	1
22	3	11	2	2	\N	1	1	reached	2026-04-09	\N	2026-04-09	\N	\N	2026-04-09 08:35:40.193138	2026-04-09 08:35:40.193138	1	1
23	3	7	2	2	\N	1	1	reached	2026-04-09	\N	2026-04-09	\N	\N	2026-04-09 08:35:40.193138	2026-04-09 08:35:40.193138	1	1
24	2	8	3	2	\N	1	1	reached	2026-04-09	\N	2026-04-09	\N	\N	2026-04-09 08:35:40.193138	2026-04-09 08:35:40.264765	0	0
25	2	11	3	2	\N	1	1	reached	2026-04-09	\N	2026-04-09	\N	\N	2026-04-09 08:35:40.193138	2026-04-09 08:35:40.264765	0	0
26	2	7	3	2	\N	1	1	reached	2026-04-09	\N	2026-04-09	\N	\N	2026-04-09 08:35:40.193138	2026-04-09 08:35:40.264765	0	0
27	4	8	4	2	\N	1	1	reached	2026-04-09	\N	2026-04-09	\N	\N	2026-04-09 08:35:40.193138	2026-04-09 08:35:40.302601	1	13
28	4	11	4	2	\N	1	1	reached	2026-04-09	\N	2026-04-09	\N	\N	2026-04-09 08:35:40.193138	2026-04-09 08:35:40.302601	1	13
29	4	7	4	2	\N	1	1	reached	2026-04-09	\N	2026-04-09	\N	\N	2026-04-09 08:35:40.193138	2026-04-09 08:35:40.302601	1	13
30	1	24	1	1	\N	1	1	reached	2026-04-15	\N	2026-04-15	\N	\N	2026-04-15 08:35:25.76609	2026-04-15 08:35:25.76609	1	1
31	1	22	1	1	\N	1	1	reached	2026-04-15	\N	2026-04-15	\N	\N	2026-04-15 08:35:25.76609	2026-04-15 08:35:25.76609	1	1
32	1	23	1	1	\N	1	1	reached	2026-04-15	\N	2026-04-15	\N	\N	2026-04-15 08:35:25.76609	2026-04-15 08:35:25.76609	1	1
33	1	25	1	1	\N	1	1	reached	2026-04-16	\N	2026-04-16	\N	\N	2026-04-16 08:35:49.248043	2026-04-16 08:35:49.248043	1	1
34	3	23	2	2	\N	1	1	reached	2026-04-16	\N	2026-04-16	\N	\N	2026-04-16 08:35:49.331136	2026-04-16 08:35:49.331136	1	1
35	2	23	3	2	\N	1	1	reached	2026-04-16	\N	2026-04-16	\N	\N	2026-04-16 08:35:49.331136	2026-04-16 08:35:49.379385	0	0
36	4	23	4	2	\N	1	1	reached	2026-04-16	\N	2026-04-16	\N	\N	2026-04-16 08:35:49.331136	2026-04-16 08:35:49.411116	1	17
38	1	27	1	1	\N	1	1	reached	2026-04-17	\N	2026-04-17	\N	\N	2026-04-17 08:36:08.503387	2026-04-17 08:36:08.503387	1	1
40	1	48	1	1	\N	1	1	reached	2026-05-05	\N	2026-05-05	\N	\N	2026-05-05 08:35:17.338546	2026-05-05 08:35:17.338546	1	1
41	1	46	1	1	\N	1	1	reached	2026-05-05	\N	2026-05-05	\N	\N	2026-05-05 08:35:17.338546	2026-05-05 08:35:17.338546	1	1
42	1	47	1	1	\N	1	1	reached	2026-05-05	\N	2026-05-05	\N	\N	2026-05-05 08:35:17.338546	2026-05-05 08:35:17.338546	1	1
43	3	47	2	2	\N	1	1	reached	2026-05-05	\N	2026-05-05	\N	\N	2026-05-05 08:35:17.417138	2026-05-05 08:35:17.417138	1	1
44	2	47	3	2	\N	1	1	reached	2026-05-05	\N	2026-05-05	\N	\N	2026-05-05 08:35:17.417138	2026-05-05 08:35:17.457264	0	0
45	4	47	4	2	\N	1	1	reached	2026-05-05	\N	2026-05-05	\N	\N	2026-05-05 08:35:17.417138	2026-05-05 08:35:17.488408	1	21
47	3	22	2	2	\N	1	1	reached	2026-05-09	\N	2026-05-09	\N	\N	2026-05-09 08:35:49.949972	2026-05-09 08:35:49.949972	1	1
55	3	13	2	2	\N	1	1	reached	2026-05-18	\N	2026-05-18	\N	\N	2026-05-18 07:06:34.526333	2026-05-18 07:06:34.526333	1	1
49	2	22	3	2	\N	1	1	reached	2026-05-09	\N	2026-05-09	\N	\N	2026-05-09 08:35:49.949972	2026-05-09 08:35:50.023363	0	0
56	2	13	3	2	\N	1	1	reached	2026-05-18	\N	2026-05-18	\N	\N	2026-05-18 07:06:34.526333	2026-05-18 07:06:34.557186	0	0
51	4	22	4	2	\N	1	1	reached	2026-05-09	\N	2026-05-09	\N	\N	2026-05-09 08:35:49.949972	2026-05-09 08:35:50.058625	1	21
52	3	20	2	2	\N	1	1	reached	2026-05-13	\N	2026-05-13	\N	\N	2026-05-13 08:35:35.881018	2026-05-13 08:35:35.881018	1	1
53	2	20	3	2	\N	1	1	reached	2026-05-13	\N	2026-05-13	\N	\N	2026-05-13 08:35:35.881018	2026-05-13 08:35:35.917881	0	0
54	4	20	4	2	\N	1	1	reached	2026-05-13	\N	2026-05-13	\N	\N	2026-05-13 08:35:35.881018	2026-05-13 08:35:35.929555	1	21
57	4	13	4	2	\N	1	1	reached	2026-05-18	\N	2026-05-18	\N	\N	2026-05-18 07:06:34.526333	2026-05-18 07:06:34.576555	1	21
58	3	17	2	2	\N	1	1	reached	2026-05-25	\N	2026-05-25	\N	\N	2026-05-25 08:35:21.54736	2026-05-25 08:35:21.54736	1	1
59	2	17	3	2	\N	1	1	reached	2026-05-25	\N	2026-05-25	\N	\N	2026-05-25 08:35:21.54736	2026-05-25 08:35:21.564806	0	0
60	4	17	4	2	\N	1	1	reached	2026-05-25	\N	2026-05-25	\N	\N	2026-05-25 08:35:21.54736	2026-05-25 08:35:21.576601	1	21
\.


--
-- Data for Name: gamification_goal_definition; Type: TABLE DATA; Schema: public; Owner: odoo
--

COPY public.gamification_goal_definition (id, model_id, field_id, field_date_id, batch_distinctive_field, action_id, create_uid, write_uid, computation_mode, display_mode, domain, batch_user_expression, condition, res_id_field, name, suffix, description, compute_code, monetary, batch_mode, create_date, write_date) FROM stdin;
4	99	\N	\N	\N	365	1	1	count	boolean	[('id', '!=', user.id)]	\N	higher	\N	{"en_US": "Invite new Users", "es_ES": "Invitar nuevos usuarios", "pt_PT": "Convidar novos Utilizadores"}	\N	Create at least another user	\N	f	\N	2026-04-08 08:35:10.407079	2026-04-08 08:35:10.407079
2	96	\N	\N	\N	53	1	1	count	boolean	[('user_ids', 'in', [user.id]), ('name', '=', 'YourCompany')]	\N	lower	user.company_id.id	{"en_US": "Set your Company Data", "es_ES": "Establezca los datos de su empresa", "pt_PT": "Defina os Dados da sua Empresa"}	\N	Write some information about your company (specify at least a name)	\N	f	\N	2026-04-08 08:35:10.407079	2026-04-08 08:35:10.407079
3	96	\N	\N	\N	53	1	1	count	boolean	[('user_ids', 'in', [user.id]),('logo', '!=', False)]	\N	higher	user.company_id.id	{"en_US": "Set your Company Logo", "es_ES": "Establezca el logotipo de su empresa", "pt_PT": "Defina o Logótipo da sua Empresa"}	\N	\N	\N	f	\N	2026-04-08 08:35:10.407079	2026-04-08 08:35:10.407079
1	99	\N	\N	1152	72	1	1	count	boolean	[('partner_id.tz', '!=', False)]	user.id	higher	user.id	{"en_US": "Set your Timezone", "es_ES": "Establezca su zona horaria", "pt_PT": "Defina o seu fuso horário"}	\N	Configure your profile and specify your timezone	\N	f	t	2026-04-08 08:35:10.407079	2026-04-08 08:35:10.407079
\.


--
-- Data for Name: gamification_goal_wizard; Type: TABLE DATA; Schema: public; Owner: odoo
--

COPY public.gamification_goal_wizard (id, goal_id, create_uid, write_uid, create_date, write_date, current) FROM stdin;
\.


--
-- Data for Name: gamification_invited_user_ids_rel; Type: TABLE DATA; Schema: public; Owner: odoo
--

COPY public.gamification_invited_user_ids_rel (gamification_challenge_id, res_users_id) FROM stdin;
\.


--
-- Data for Name: gamification_karma_rank; Type: TABLE DATA; Schema: public; Owner: odoo
--

COPY public.gamification_karma_rank (id, karma_min, create_uid, write_uid, name, description, description_motivational, create_date, write_date) FROM stdin;
1	1	1	1	{"en_US": "Newbie", "es_ES": "Newbie", "pt_PT": "Novato"}	{"en_US": "<p>You just began the adventure! Welcome!</p>", "es_ES": "<p>Su aventura apenas comienza, ¡le damos la bienvenida!</p>", "pt_PT": "<p>Acabou de começar a aventura! Bem-vindo!</p>"}	{"en_US": "<div class=\\"d-flex align-items-center\\">\\n                <div class=\\"flex-grow-1\\">Earn your first points and join the adventure!</div>\\n                <img class=\\"ms-3 img img-fluid\\" style=\\"max-height: 72px;\\" src=\\"/gamification/static/img/rank_newbie_badge.svg\\" alt=\\"\\">\\n            </div>\\n        ", "es_ES": "<div class=\\"d-flex align-items-center\\">\\n                <div class=\\"flex-grow-1\\">¡Gane sus primeros puntos y únase a la aventura!</div>\\n                <img class=\\"ms-3 img img-fluid\\" style=\\"max-height: 72px;\\" src=\\"/gamification/static/img/rank_newbie_badge.svg\\" alt=\\"\\">\\n            </div>\\n        ", "pt_PT": "<div class=\\"d-flex align-items-center\\">\\n                <div class=\\"flex-grow-1\\">Ganhe seus primeiros pontos e junte-se à aventura!</div>\\n                <img class=\\"ms-3 img img-fluid\\" style=\\"max-height: 72px;\\" src=\\"/gamification/static/img/rank_newbie_badge.svg\\" alt=\\"\\">\\n            </div>\\n        "}	2026-04-08 08:35:10.407079	2026-04-08 08:35:10.407079
2	100	1	1	{"en_US": "Student", "es_ES": "Estudiante", "pt_PT": "Estudante"}	{"en_US": "<p>You're a young padawan now. May the force be with you!</p>", "es_ES": "<p>Ahora es un joven padawan. ¡Que la fuerza le acompañe!</p>", "pt_PT": "<p>És um jovem padawan agora. Que a força esteja contigo!</p>"}	{"en_US": "<div class=\\"d-flex align-items-center\\">\\n                <div class=\\"flex-grow-1\\">Reach the next rank to show the rest of the world you exist.</div>\\n                <img class=\\"ms-3 img img-fluid\\" style=\\"max-height: 72px;\\" src=\\"/gamification/static/img/rank_student_badge.svg\\" alt=\\"\\">\\n            </div>\\n        ", "es_ES": "<div class=\\"d-flex align-items-center\\">\\n                <div class=\\"flex-grow-1\\">¡Alcance el siguiente estado para que el mundo le conozca!</div>\\n                <img class=\\"ms-3 img img-fluid\\" style=\\"max-height: 72px;\\" src=\\"/gamification/static/img/rank_student_badge.svg\\" alt=\\"\\">\\n            </div>\\n        ", "pt_PT": "<div class=\\"d-flex align-items-center\\">\\n                <div class=\\"flex-grow-1\\">Alcance a próxima classificação para mostrar ao resto do mundo que existe.</div>\\n                <img class=\\"ms-3 img img-fluid\\" style=\\"max-height: 72px;\\" src=\\"/gamification/static/img/rank_student_badge.svg\\" alt=\\"\\">\\n            </div>\\n        "}	2026-04-08 08:35:10.407079	2026-04-08 08:35:10.407079
3	500	1	1	{"en_US": "Bachelor", "es_ES": "Título de grado", "pt_PT": "Licenciatura"}	{"en_US": "<p>You love learning things. Curiosity is a good way to progress.</p>", "es_ES": "<p>Le encanta aprender cosas. La curiosidad es una buena manera de progresar.</p>", "pt_PT": "<p>Adora aprender coisas. A curiosidade é uma boa maneira de progredir.</p>"}	{"en_US": "<div class=\\"d-flex align-items-center\\">\\n                <div class=\\"flex-grow-1\\">Reach the next rank to improve your status!</div>\\n                <img class=\\"ms-3 img img-fluid\\" style=\\"max-height: 72px;\\" src=\\"/gamification/static/img/rank_bachelor_badge.svg\\" alt=\\"\\">\\n            </div>\\n        ", "es_ES": "<div class=\\"d-flex align-items-center\\">\\n                <div class=\\"flex-grow-1\\">¡Alcance el siguiente rango para mejorar su estado!</div>\\n                <img class=\\"ms-3 img img-fluid\\" style=\\"max-height: 72px;\\" src=\\"/gamification/static/img/rank_bachelor_badge.svg\\" alt=\\"\\">\\n            </div>\\n        ", "pt_PT": "<div class=\\"d-flex align-items-center\\">\\n                <div class=\\"flex-grow-1\\">Alcance a próxima classificação para melhorar seu estatuto!</div>\\n                <img class=\\"ms-3 img img-fluid\\" style=\\"max-height: 72px;\\" src=\\"/gamification/static/img/rank_bachelor_badge.svg\\" alt=\\"\\">\\n            </div>\\n        "}	2026-04-08 08:35:10.407079	2026-04-08 08:35:10.407079
4	2000	1	1	{"en_US": "Master", "es_ES": "Maestro", "pt_PT": "Mestre"}	{"en_US": "<p>You know what you are talking about. People learn from you.</p>", "es_ES": "<p>En verdad es un experto, la gente aprende de usted.</p>", "pt_PT": "<p>Sabe do que está a falar. As pessoas aprendem consigo.</p>"}	{"en_US": "<div class=\\"d-flex align-items-center\\">\\n                <div class=\\"flex-grow-1\\">Reach the next rank and become a Master!</div>\\n                <img class=\\"ms-3 img img-fluid\\" style=\\"max-height: 72px;\\" src=\\"/gamification/static/img/rank_master_badge.svg\\" alt=\\"\\">\\n            </div>\\n        ", "es_ES": "<div class=\\"d-flex align-items-center\\">\\n                <div class=\\"flex-grow-1\\">¡Alcance el siguiente rango y conviértase en Maestro!</div>\\n                <img class=\\"ms-3 img img-fluid\\" style=\\"max-height: 72px;\\" src=\\"/gamification/static/img/rank_master_badge.svg\\" alt=\\"\\">\\n            </div>\\n        ", "pt_PT": "<div class=\\"d-flex align-items-center\\">\\n                <div class=\\"flex-grow-1\\">Alcance a próxima classificação e torne-se um Mestre!</div>\\n                <img class=\\"ms-3 img img-fluid\\" style=\\"max-height: 72px;\\" src=\\"/gamification/static/img/rank_master_badge.svg\\" alt=\\"\\">\\n            </div>\\n        "}	2026-04-08 08:35:10.407079	2026-04-08 08:35:10.407079
5	10000	1	1	{"en_US": "Doctor", "es_ES": "Doctor", "pt_PT": "Doutoramento"}	{"en_US": "<p>You have reached the last rank. Congratulations!</p>", "es_ES": "<p>Ha alcanzado el último rango. ¡Enhorabuena!</p>", "pt_PT": "<p>Alcançou o último nível. Parabéns!</p>"}	{"en_US": "<div class=\\"d-flex align-items-center\\">\\n                <div class=\\"flex-grow-1\\">Reach the next rank and become a powerful user!</div>\\n                <img class=\\"ms-3 img img-fluid\\" style=\\"max-height: 72px;\\" src=\\"/gamification/static/img/rank_doctor_badge.svg\\" alt=\\"\\">\\n            </div>\\n        ", "es_ES": "<div class=\\"d-flex align-items-center\\">\\n                <div class=\\"flex-grow-1\\">¡Alcance el siguiente rango y conviértase en un usuario poderoso!</div>\\n                <img class=\\"ms-3 img img-fluid\\" style=\\"max-height: 72px;\\" src=\\"/gamification/static/img/rank_doctor_badge.svg\\" alt=\\"\\">\\n            </div>\\n        ", "pt_PT": "<div class=\\"d-flex align-items-center\\">\\n                <div class=\\"flex-grow-1\\">Alcance a próxima classificação e torne-se um utilizador poderoso!</div>\\n                <img class=\\"ms-3 img img-fluid\\" style=\\"max-height: 72px;\\" src=\\"/gamification/static/img/rank_doctor_badge.svg\\" alt=\\"\\">\\n            </div>\\n        "}	2026-04-08 08:35:10.407079	2026-04-08 08:35:10.407079
\.


--
-- Data for Name: gamification_karma_tracking; Type: TABLE DATA; Schema: public; Owner: odoo
--

COPY public.gamification_karma_tracking (id, user_id, old_value, new_value, create_uid, write_uid, origin_ref, origin_ref_model_name, reason, consolidated, tracking_date, create_date, write_date) FROM stdin;
3	1	0	2500	\N	\N	res.users,1	\N	Consolidación del 2026-04-01 al 2026-04-30	t	2026-04-08 08:35:11	\N	\N
4	2	0	2500	\N	\N	res.users,1	\N	Consolidación del 2026-04-01 al 2026-04-30	t	2026-04-08 08:35:11	\N	\N
\.


--
-- Data for Name: header_footer_quotation_template_rel; Type: TABLE DATA; Schema: public; Owner: odoo
--

COPY public.header_footer_quotation_template_rel (quotation_document_id, sale_order_template_id) FROM stdin;
\.


--
-- Data for Name: hr_contract_type; Type: TABLE DATA; Schema: public; Owner: odoo
--

COPY public.hr_contract_type (id, sequence, country_id, create_uid, write_uid, code, name, create_date, write_date) FROM stdin;
1	1	\N	1	1	Permanent	{"en_US": "Permanent", "es_ES": "Permanente", "pt_PT": "Permanente"}	2026-04-08 08:50:55.821924	2026-04-08 08:50:55.821924
2	2	\N	1	1	Temporary	{"en_US": "Temporary", "es_ES": "Temporal", "pt_PT": "Temporário"}	2026-04-08 08:50:55.821924	2026-04-08 08:50:55.821924
3	3	\N	1	1	Seasonal	{"en_US": "Seasonal", "es_ES": "Por temporada", "pt_PT": "Periódico"}	2026-04-08 08:50:55.821924	2026-04-08 08:50:55.821924
4	4	\N	1	1	Full-Time	{"en_US": "Full-Time", "es_ES": "Tiempo completo", "pt_PT": "Tempo Integral"}	2026-04-08 08:50:55.821924	2026-04-08 08:50:55.821924
5	6	\N	1	1	Intern	{"en_US": "Intern", "es_ES": "En prácticas", "pt_PT": "Estagiário"}	2026-04-08 08:50:55.821924	2026-04-08 08:50:55.821924
6	7	\N	1	1	Student	{"en_US": "Student", "es_ES": "Estudiante", "pt_PT": "Estudante"}	2026-04-08 08:50:55.821924	2026-04-08 08:50:55.821924
7	8	\N	1	1	Apprenticeship	{"en_US": "Apprenticeship", "es_ES": "Formación profesional", "pt_PT": "Aprendizagem"}	2026-04-08 08:50:55.821924	2026-04-08 08:50:55.821924
8	9	\N	1	1	Thesis	{"en_US": "Thesis", "es_ES": "Tesis", "pt_PT": "Tese"}	2026-04-08 08:50:55.821924	2026-04-08 08:50:55.821924
9	10	\N	1	1	Statutory	{"en_US": "Statutory", "es_ES": "Estatutario", "pt_PT": "Estatutário"}	2026-04-08 08:50:55.821924	2026-04-08 08:50:55.821924
10	11	\N	1	1	Employee	{"en_US": "Employee", "es_ES": "Empleado", "pt_PT": "Funcionário"}	2026-04-08 08:50:55.821924	2026-04-08 08:50:55.821924
\.


--
-- Data for Name: hr_department; Type: TABLE DATA; Schema: public; Owner: odoo
--

COPY public.hr_department (id, company_id, parent_id, manager_id, color, master_department_id, create_uid, write_uid, complete_name, parent_path, name, note, active, create_date, write_date) FROM stdin;
2	1	\N	\N	\N	2	2	2	Ventas	2/	{"en_US": "Ventas", "es_ES": "Ventas"}	\N	t	2026-04-14 08:25:17.845122	2026-04-14 08:25:17.845122
3	1	\N	\N	\N	3	2	2	Pedidos	3/	{"en_US": "Pedidos", "es_ES": "Pedidos"}	\N	t	2026-04-14 08:30:23.066849	2026-04-14 08:30:23.066849
4	1	\N	\N	\N	4	2	2	Órdenes de trabajo:	4/	{"en_US": "Órdenes de trabajo:", "es_ES": "Órdenes de trabajo:"}	\N	t	2026-04-14 08:32:17.801834	2026-04-14 08:32:17.801834
5	1	\N	\N	\N	5	2	2	Albaranes	5/	{"en_US": "Albaranes", "es_ES": "Albaranes"}	\N	t	2026-04-14 08:33:53.762172	2026-04-14 08:33:53.762172
6	1	\N	\N	\N	6	2	2	Personal	6/	{"en_US": "Personal", "es_ES": "Personal"}	\N	t	2026-04-14 08:38:48.471566	2026-04-14 08:38:48.471566
7	1	\N	\N	\N	7	6	6	Sistemas	7/	{"en_US": "Sistemas", "es_ES": "Sistemas"}	\N	t	2026-04-14 08:44:06.126605	2026-04-14 08:44:06.126605
8	1	\N	\N	\N	8	6	6	Recursos Humanos	8/	{"en_US": "Recursos Humanos", "es_ES": "Recursos Humanos"}	\N	t	2026-04-14 08:45:30.241409	2026-04-14 08:45:30.241409
9	1	\N	\N	\N	9	6	6	Relaciones	9/	{"en_US": "Relaciones", "es_ES": "Relaciones"}	\N	t	2026-04-14 08:54:14.641415	2026-04-14 08:54:14.641415
10	1	\N	\N	\N	10	6	6	Almacén	10/	{"en_US": "Almacén", "es_ES": "Almacén"}	\N	t	2026-04-14 08:58:06.537612	2026-04-14 08:58:06.537612
11	1	\N	\N	\N	11	6	6	Diseño Gráfico	11/	{"en_US": "Diseño Gráfico", "es_ES": "Diseño Gráfico"}	\N	t	2026-04-15 10:31:57.904252	2026-04-15 10:31:57.904252
12	1	\N	\N	\N	12	6	6	Relaciones clientes	12/	{"en_US": "Relaciones clientes", "es_ES": "Relaciones clientes"}	\N	t	2026-04-21 07:26:44.589764	2026-04-21 07:26:44.589764
1	1	\N	\N	\N	1	1	1	Administration	1/	{"en_US": "Administration", "es_ES": "Administración", "pt_PT": "Administração"}	\N	t	2026-04-08 08:50:55.821924	2026-04-08 08:50:55.821924
\.


--
-- Data for Name: hr_departure_reason; Type: TABLE DATA; Schema: public; Owner: odoo
--

COPY public.hr_departure_reason (id, sequence, reason_code, create_uid, write_uid, name, create_date, write_date) FROM stdin;
1	0	342	1	1	{"en_US": "Fired", "es_ES": "Despedido", "pt_PT": "Demitido"}	2026-04-08 08:50:55.821924	2026-04-08 08:50:55.821924
2	1	343	1	1	{"en_US": "Resigned", "es_ES": "Renunció", "pt_PT": "Renunciou"}	2026-04-08 08:50:55.821924	2026-04-08 08:50:55.821924
3	2	340	1	1	{"en_US": "Retired", "es_ES": "Jubilado/a", "pt_PT": "Aposentado"}	2026-04-08 08:50:55.821924	2026-04-08 08:50:55.821924
\.


--
-- Data for Name: hr_departure_wizard; Type: TABLE DATA; Schema: public; Owner: odoo
--

COPY public.hr_departure_wizard (id, departure_reason_id, employee_id, create_uid, write_uid, departure_date, departure_description, create_date, write_date, unassign_equipment) FROM stdin;
\.


--
-- Data for Name: hr_employee; Type: TABLE DATA; Schema: public; Owner: odoo
--

COPY public.hr_employee (id, resource_id, company_id, resource_calendar_id, message_main_attachment_id, color, department_id, job_id, address_id, work_contact_id, work_location_id, user_id, parent_id, coach_id, private_state_id, private_country_id, country_id, children, country_of_birth, bank_account_id, distance_home_work, km_home_work, departure_reason_id, create_uid, write_uid, name, job_title, work_phone, mobile_phone, work_email, private_street, private_street2, private_city, private_zip, private_phone, private_email, lang, gender, marital, spouse_complete_name, place_of_birth, ssnid, sinid, identification_id, passport_id, permit_no, visa_no, certificate, study_field, study_school, emergency_contact, emergency_phone, distance_home_work_unit, employee_type, barcode, pin, private_car_plate, spouse_birthdate, birthday, visa_expire, work_permit_expiration_date, departure_date, employee_properties, additional_note, notes, departure_description, active, is_flexible, is_fully_flexible, work_permit_scheduled_activity, create_date, write_date, hourly_cost) FROM stdin;
1	3	1	1	\N	0	1	\N	1	3	\N	2	\N	\N	\N	\N	\N	\N	\N	\N	\N	0	\N	1	1	Administrator	\N	\N	\N	relsum.dosa@gmail.com	\N	\N	\N	\N	\N	admin@example.com	\N	\N	single	\N	\N	\N	\N	\N	\N	\N	\N	\N	\N	\N	\N	\N	kilometers	employee	\N	\N	\N	\N	\N	\N	\N	\N	\N	\N	\N	\N	t	f	f	f	2026-04-08 08:50:55.821924	2026-04-08 08:50:55.821924	0.0
14	16	1	1	\N	0	10	9	1	18	\N	16	11	11	\N	\N	\N	0	\N	\N	0	0	\N	6	6	ROMÁN CIPRIANO ANDRÉS	Catálogo de productos	\N	\N	fp.aromancipriano@salesianosdosa.com	\N	\N	\N	\N	\N	\N	\N	\N	single	\N	\N	\N	\N	\N	\N	\N	\N	\N	\N	\N	\N	\N	kilometers	worker	\N	\N	\N	\N	\N	\N	\N	\N	{"1b026227b1ae386c": false, "ee3a5743ba66e0cb": false}	\N	\N	\N	t	f	f	f	2026-04-14 09:08:28.688174	2026-05-05 10:33:44.371373	0.0
6	8	1	1	\N	0	12	5	1	19	\N	17	6	6	\N	\N	\N	0	\N	\N	0	0	\N	2	6	DIEZ ROJAS ARIEL	Albaranes	\N	\N	fp.adiezrojas@salesianosdosa.com	\N	\N	\N	\N	\N	\N	\N	\N	single	\N	\N	\N	\N	\N	\N	\N	\N	\N	\N	\N	\N	\N	kilometers	student	\N	\N	\N	\N	\N	\N	\N	\N	{"1b026227b1ae386c": false, "ee3a5743ba66e0cb": false}	\N	\N	\N	t	f	f	f	2026-04-14 08:33:35.851116	2026-05-05 10:43:42.227281	0.0
17	19	1	1	\N	0	6	10	1	22	\N	20	7	7	\N	\N	\N	0	\N	\N	0	0	\N	6	6	NAVARRO GÓMEZ PABLO	Órdenes de trabajo	\N	\N	fp.pnavarrogomez@salesianosdosa.com	\N	\N	\N	\N	\N	\N	\N	\N	single	\N	\N	\N	\N	\N	\N	\N	\N	\N	\N	\N	\N	\N	kilometers	worker	\N	\N	\N	\N	\N	\N	\N	\N	{"1b026227b1ae386c": false, "ee3a5743ba66e0cb": false}	\N	\N	\N	t	f	f	f	2026-04-14 09:20:45.732423	2026-05-05 10:16:10.963977	0.0
11	13	1	1	\N	0	10	8	1	15	\N	13	11	11	\N	\N	\N	0	\N	\N	0	0	\N	6	6	NOVOA CATUCUAMBA SANTIAGO	Proveedores	\N	\N	fp.snovoacatucuamba@salesianosdosa.com	\N	\N	\N	\N	\N	\N	\N	\N	single	\N	\N	\N	\N	\N	\N	\N	\N	\N	\N	\N	\N	\N	kilometers	worker	\N	\N	\N	\N	\N	\N	\N	\N	{"1b026227b1ae386c": false, "aa681d55aa93b3f6": false, "ee3a5743ba66e0cb": false}	\N	\N	\N	t	f	f	f	2026-04-14 08:53:25.572031	2026-05-05 10:07:45.215589	0.0
4	6	1	1	\N	0	6	10	1	23	\N	21	7	7	\N	\N	\N	\N	\N	\N	\N	0	\N	2	6	OVIEDO FLEITAS ALEXIS JAVIER	Órdenes de trabajo	\N	\N	fp.aoviedofleitas@salesianosdosa.com	\N	\N	\N	\N	\N	\N	\N	\N	single	\N	\N	\N	\N	\N	\N	\N	\N	\N	\N	\N	\N	\N	kilometers	worker	\N	\N	\N	\N	\N	\N	\N	\N	{"1b026227b1ae386c": false, "ee3a5743ba66e0cb": false}	\N	\N	\N	t	f	f	f	2026-04-14 08:26:32.566951	2026-05-05 10:08:06.286016	0.0
16	18	1	1	\N	0	12	5	1	21	\N	19	6	6	\N	\N	\N	0	\N	\N	0	0	\N	6	6	SAGUAR HERNÁIZ VÍCTOR	Albaranes	\N	\N	fp.vsaguarhernaiz@salesianosdosa.com	\N	\N	\N	\N	\N	\N	\N	\N	single	\N	\N	\N	\N	\N	\N	\N	\N	\N	\N	\N	\N	\N	kilometers	worker	\N	\N	\N	\N	\N	\N	\N	\N	{"1b026227b1ae386c": false, "ee3a5743ba66e0cb": false}	\N	\N	\N	t	f	f	f	2026-04-14 09:19:50.638269	2026-05-05 10:38:10.029382	0.0
12	14	1	1	\N	0	10	9	1	16	\N	14	11	11	\N	\N	\N	0	\N	\N	0	0	\N	6	6	ÁLVAREZ GIORDANO LUCIANO ALFREDO	Catálogo de productos	\N	\N	fp.lalvarezgiordano@salesianosdosa.com	\N	\N	\N	\N	\N	\N	\N	\N	single	\N	\N	\N	\N	\N	\N	\N	\N	\N	\N	\N	\N	\N	kilometers	worker	\N	\N	\N	\N	\N	\N	\N	\N	{"1b026227b1ae386c": false, "ee3a5743ba66e0cb": false}	\N	\N	\N	t	f	f	f	2026-04-14 09:00:21.613649	2026-05-05 10:08:17.899284	0.0
30	32	1	1	\N	0	7	\N	1	3581	\N	\N	30	30	\N	\N	\N	0	\N	\N	0	0	\N	8	11	PAZ SÁNCHEZ LUIS ENRIQUE	Sistemas	\N	\N	fp.lpazsanchez@salesianosdosa.com	\N	\N	\N	\N	\N	\N	\N	\N	single	\N	\N	\N	\N	\N	\N	\N	\N	\N	\N	\N	\N	\N	kilometers	employee	\N	\N	\N	\N	\N	\N	\N	\N	{"1b026227b1ae386c": false, "9eb6fd430c341eb8": false, "aa681d55aa93b3f6": false, "e6afed9523ad992a": false, "ee3a5743ba66e0cb": false}	\N	\N	\N	t	f	f	f	2026-05-08 07:18:12.834659	2026-05-12 07:44:36.514282	0.0
13	15	1	1	\N	0	10	9	1	17	\N	15	11	11	\N	\N	\N	0	\N	\N	0	0	\N	6	6	COSTEA CELI DAVID	Catálogo de productos	\N	\N	fp.dcosteaceli@salesianosdosa.com	\N	\N	\N	\N	\N	\N	\N	\N	single	\N	\N	\N	\N	\N	\N	\N	\N	\N	\N	\N	\N	\N	kilometers	worker	\N	\N	\N	\N	\N	\N	\N	\N	{"1b026227b1ae386c": false, "ee3a5743ba66e0cb": false}	\N	\N	\N	t	f	f	f	2026-04-14 09:01:23.987349	2026-05-05 10:06:59.445704	0.0
7	9	1	1	\N	0	6	10	1	27	\N	22	7	7	\N	\N	\N	0	\N	\N	0	0	\N	2	6	MÓSQUEZ BERMEO CARLOS ALBERTO	Órdenes de trabajo	\N	\N	fp.cmosquezbermeo@salesianosdosa.com	\N	\N	\N	\N	\N	\N	\N	\N	single	\N	\N	\N	\N	\N	\N	\N	\N	\N	\N	\N	\N	\N	kilometers	worker	\N	\N	\N	\N	\N	\N	\N	\N	{"1b026227b1ae386c": false, "ee3a5743ba66e0cb": false}	\N	\N	\N	t	f	f	f	2026-04-14 08:35:17.688443	2026-05-05 11:21:23.053583	0.0
28	30	1	1	\N	0	11	11	1	61	\N	48	15	15	\N	\N	\N	\N	\N	\N	\N	0	\N	6	6	BALLESTEROS ÁLVARO NICOLÁS	Diseño Gráfico	\N	\N	fp.nballesterosalvaro@salesianosdosa.com	\N	\N	\N	\N	\N	\N	\N	\N	single	\N	\N	\N	\N	\N	\N	\N	\N	\N	\N	\N	\N	\N	kilometers	employee	\N	\N	\N	\N	\N	\N	\N	\N	{"1b026227b1ae386c": false, "9eb6fd430c341eb8": false, "aa681d55aa93b3f6": false, "e6afed9523ad992a": false, "ee3a5743ba66e0cb": false}	\N	\N	\N	t	f	f	f	2026-05-04 10:22:32.755767	2026-05-13 07:59:17.288263	0.0
21	23	1	1	\N	0	11	11	1	35	\N	27	15	15	\N	\N	\N	\N	\N	\N	\N	0	\N	6	6	GONZALEZ ROJAS RANDALL	Diseño Gráfico	\N	\N	fp.rgonzalezrojas@salesianosdosa.com	\N	\N	\N	\N	\N	\N	\N	\N	single	\N	\N	\N	\N	\N	\N	\N	\N	\N	\N	\N	\N	\N	kilometers	worker	\N	\N	\N	\N	\N	\N	\N	\N	{"1b026227b1ae386c": false, "9eb6fd430c341eb8": false, "aa681d55aa93b3f6": false, "e6afed9523ad992a": false, "ee3a5743ba66e0cb": false}	\N	\N	\N	t	f	f	f	2026-04-16 09:02:44.025345	2026-05-13 07:59:42.61436	0.0
5	7	1	1	\N	0	12	3	1	20	\N	18	6	6	\N	\N	\N	0	\N	\N	0	0	\N	2	6	CAMACHO VARGAS ADRIÁN	Pedidos	\N	\N	fp.acamachovargas@salesianosdosa.com	\N	\N	\N	\N	\N	\N	\N	\N	single	\N	\N	\N	\N	\N	\N	\N	\N	\N	\N	\N	\N	\N	kilometers	worker	\N	\N	\N	\N	\N	\N	\N	\N	{"1b026227b1ae386c": false, "aa681d55aa93b3f6": false, "e6afed9523ad992a": false, "ee3a5743ba66e0cb": false}	\N	\N	\N	t	f	f	f	2026-04-14 08:27:07.91347	2026-05-05 10:09:49.692264	0.0
3	5	1	1	\N	0	8	1	1	7	\N	6	10	10	\N	\N	\N	0	\N	\N	0	0	\N	2	6	JIMÉNEZ MEDRANO JOSÉ ÁNGEL	Recursos Humanos	\N	\N	fp.jjimenezmedrano@salesianosdosa.com	\N	\N	\N	\N	\N	\N	\N	\N	single	\N	\N	\N	\N	\N	\N	\N	\N	\N	\N	\N	\N	\N	kilometers	worker	\N	\N	\N	\N	\N	\N	\N	\N	{"1b026227b1ae386c": false, "ee3a5743ba66e0cb": false}	\N	\N	\N	t	f	f	f	2026-04-14 08:20:39.804186	2026-05-05 10:02:56.168681	0.0
10	12	1	1	\N	0	8	1	1	10	\N	8	10	10	\N	\N	\N	0	\N	\N	0	0	\N	6	6	GATARIN LASAM ENRIQUE	Recursos Humanos	\N	\N	fp.egatarinlasam@salesianosdosa.com	\N	\N	\N	\N	\N	\N	\N	\N	single	\N	\N	\N	\N	\N	\N	\N	\N	\N	\N	\N	\N	\N	kilometers	worker	\N	\N	\N	\N	\N	\N	\N	\N	{"1b026227b1ae386c": false, "ee3a5743ba66e0cb": false}	\N	\N	\N	t	f	f	f	2026-04-14 08:47:53.881559	2026-05-05 09:41:06.987294	0.0
15	17	1	1	\N	0	11	11	1	29	\N	24	15	15	\N	\N	68	0	68	\N	0	0	\N	6	6	SECO CUMBREÑO DIEGO	Diseño Gráfico	\N	\N	fp.dsecocumbreno@salesianosdosa.com	\N	\N	\N	\N	655617963	\N	\N	male	married	Victoria Villar Rodriguez	Guadalajara, Castilla y la Mancha	\N	\N	49393550S	\N	\N	\N	bachelor	ESO	Colegio Corazón De María	\N	\N	kilometers	worker	\N	\N	\N	2008-07-29	2008-04-24	\N	\N	\N	{"1b026227b1ae386c": false, "ee3a5743ba66e0cb": false}	\N	\N	\N	t	f	f	f	2026-04-14 09:09:32.231525	2026-05-13 07:59:53.846356	0.0
23	25	1	1	\N	0	6	10	1	55	\N	46	7	7	\N	\N	\N	\N	\N	\N	\N	0	\N	6	6	MARTÍN GÓMEZ SERGIO	Órdenes de trabajo	\N	\N	fp.smartingomez@salesianosdosa.com	\N	\N	\N	\N	\N	\N	\N	\N	single	\N	\N	\N	\N	\N	\N	\N	\N	\N	\N	\N	\N	\N	kilometers	employee	\N	\N	\N	\N	\N	\N	\N	\N	{"1b026227b1ae386c": false, "9eb6fd430c341eb8": false, "aa681d55aa93b3f6": false, "e6afed9523ad992a": false, "ee3a5743ba66e0cb": false}	\N	\N	\N	t	f	f	f	2026-05-04 08:39:33.148109	2026-05-05 10:07:35.164876	0.0
29	31	1	1	\N	0	7	7	1	28	\N	23	30	\N	\N	\N	\N	0	\N	\N	0	0	\N	6	23	Lopez Paiva Ruben Mathias	Sistemas	\N	\N	fp.rlopezpaiva@salesianosdosa.com	\N	\N	\N	\N	\N	\N	\N	\N	single	\N	\N	\N	\N	\N	\N	\N	\N	\N	\N	\N	\N	\N	kilometers	worker	\N	\N	\N	\N	\N	\N	\N	\N	{"1b026227b1ae386c": false, "9eb6fd430c341eb8": false, "aa681d55aa93b3f6": false, "e6afed9523ad992a": false, "ee3a5743ba66e0cb": false}	\N	\N	\N	t	f	f	f	2026-05-08 07:16:00.938903	2026-05-12 10:28:55.397782	0.0
19	21	1	1	\N	0	11	11	1	32	\N	25	15	15	\N	\N	\N	\N	\N	\N	\N	0	\N	6	6	FERNÁNDEZ MORÍN ÓSCAR	Diseño Gráfico	\N	\N	fp.ofernandezmorin@salesianosdosa.com	\N	\N	\N	\N	\N	\N	\N	\N	single	\N	\N	\N	\N	\N	\N	\N	\N	\N	\N	\N	\N	\N	kilometers	worker	\N	\N	\N	\N	\N	\N	\N	\N	{"1b026227b1ae386c": false, "9eb6fd430c341eb8": false, "aa681d55aa93b3f6": false, "e6afed9523ad992a": false, "ee3a5743ba66e0cb": false}	\N	\N	\N	t	f	f	f	2026-04-15 10:29:41.502907	2026-05-13 07:59:34.279998	0.0
\.


--
-- Data for Name: hr_employee_category; Type: TABLE DATA; Schema: public; Owner: odoo
--

COPY public.hr_employee_category (id, color, create_uid, write_uid, name, create_date, write_date) FROM stdin;
\.


--
-- Data for Name: hr_employee_cv_wizard; Type: TABLE DATA; Schema: public; Owner: odoo
--

COPY public.hr_employee_cv_wizard (id, create_uid, write_uid, color_primary, color_secondary, show_skills, show_contact, show_others, create_date, write_date) FROM stdin;
\.


--
-- Data for Name: hr_employee_delete_wizard; Type: TABLE DATA; Schema: public; Owner: odoo
--

COPY public.hr_employee_delete_wizard (id, create_uid, write_uid, create_date, write_date) FROM stdin;
\.


--
-- Data for Name: hr_employee_hr_employee_cv_wizard_rel; Type: TABLE DATA; Schema: public; Owner: odoo
--

COPY public.hr_employee_hr_employee_cv_wizard_rel (hr_employee_cv_wizard_id, hr_employee_id) FROM stdin;
\.


--
-- Data for Name: hr_employee_hr_employee_delete_wizard_rel; Type: TABLE DATA; Schema: public; Owner: odoo
--

COPY public.hr_employee_hr_employee_delete_wizard_rel (hr_employee_delete_wizard_id, hr_employee_id) FROM stdin;
\.


--
-- Data for Name: hr_employee_hr_skill_rel; Type: TABLE DATA; Schema: public; Owner: odoo
--

COPY public.hr_employee_hr_skill_rel (hr_employee_id, hr_skill_id) FROM stdin;
7	3
10	3
10	5
12	3
3	3
3	29
3	32
3	30
3	22
10	32
10	30
10	36
10	29
10	22
10	25
3	25
3	36
6	3
23	3
23	30
23	36
23	22
23	33
12	30
12	36
12	22
12	29
12	32
13	3
13	30
13	36
13	22
13	32
11	3
11	30
11	36
11	22
11	29
11	25
11	32
11	23
11	26
11	27
23	26
23	23
12	23
12	27
4	3
4	30
4	36
4	22
4	29
4	25
4	32
4	23
4	24
4	27
10	23
10	27
10	26
3	23
3	24
3	27
5	3
5	30
5	36
5	22
5	29
5	25
5	26
5	23
5	27
17	3
17	30
17	36
17	22
17	29
17	25
17	23
17	27
17	31
14	3
14	30
14	36
14	22
14	29
14	25
14	32
14	23
14	27
14	24
16	3
16	30
16	36
16	22
16	25
16	32
16	23
16	24
16	27
6	30
6	36
6	22
6	29
6	33
6	25
6	32
6	23
6	26
6	31
28	3
28	30
28	36
28	22
28	29
28	25
28	32
28	23
28	24
28	35
15	32
15	30
15	22
15	36
15	23
15	33
15	34
15	3
19	3
19	30
19	36
19	22
19	29
19	33
19	25
19	23
19	27
19	35
7	30
7	36
7	22
7	29
7	33
7	25
7	32
7	23
7	27
7	31
21	3
21	30
21	36
21	22
21	29
21	25
21	32
21	23
21	27
21	31
30	3
30	30
30	33
30	22
30	25
29	3
29	11
29	2
29	30
29	22
29	31
29	33
29	26
29	27
29	32
29	36
29	28
29	35
29	24
29	29
29	23
29	25
\.


--
-- Data for Name: hr_employee_skill; Type: TABLE DATA; Schema: public; Owner: odoo
--

COPY public.hr_employee_skill (id, employee_id, skill_id, skill_level_id, skill_type_id, create_uid, write_uid, create_date, write_date) FROM stdin;
46	13	30	10	2	6	6	2026-05-05 09:00:34.195482	2026-05-05 09:00:34.195482
47	13	36	9	2	6	6	2026-05-05 09:00:53.706138	2026-05-05 09:00:53.706138
48	13	22	10	2	6	6	2026-05-05 09:01:00.930126	2026-05-05 09:01:00.930126
49	13	32	10	2	6	6	2026-05-05 09:01:26.05549	2026-05-05 09:01:26.05549
50	11	3	2	1	6	6	2026-05-05 09:09:47.659046	2026-05-05 09:09:47.659046
51	11	30	9	2	6	6	2026-05-05 09:10:02.65595	2026-05-05 09:10:02.65595
52	11	36	10	2	6	6	2026-05-05 09:10:12.571956	2026-05-05 09:10:12.571956
53	11	22	9	2	6	6	2026-05-05 09:10:20.092228	2026-05-05 09:10:20.092228
54	11	29	9	2	6	6	2026-05-05 09:10:28.395633	2026-05-05 09:10:28.395633
55	11	25	9	2	6	6	2026-05-05 09:10:39.852149	2026-05-05 09:10:39.852149
56	11	32	10	2	6	6	2026-05-05 09:10:54.039554	2026-05-05 09:10:54.039554
57	11	23	11	2	6	6	2026-05-05 09:11:14.329084	2026-05-05 09:11:14.329084
58	11	26	9	2	6	6	2026-05-05 09:11:24.782976	2026-05-05 09:11:24.782976
59	11	27	10	2	6	6	2026-05-05 09:11:35.056382	2026-05-05 09:11:35.056382
60	23	26	10	2	6	6	2026-05-05 09:12:01.920995	2026-05-05 09:12:01.920995
61	23	23	11	2	6	6	2026-05-05 09:12:16.702086	2026-05-05 09:12:16.702086
62	12	23	10	2	6	6	2026-05-05 09:17:01.814704	2026-05-05 09:17:01.814704
63	12	27	9	2	6	6	2026-05-05 09:17:12.714817	2026-05-05 09:17:12.714817
64	4	3	4	1	6	6	2026-05-05 09:22:13.929164	2026-05-05 09:22:13.929164
65	4	30	10	2	6	6	2026-05-05 09:22:36.636096	2026-05-05 09:22:36.636096
66	4	36	11	2	6	6	2026-05-05 09:22:47.176842	2026-05-05 09:22:47.176842
67	4	22	11	2	6	6	2026-05-05 09:22:56.001823	2026-05-05 09:22:56.001823
68	4	29	10	2	6	6	2026-05-05 09:23:02.453633	2026-05-05 09:23:02.453633
69	4	25	9	2	6	6	2026-05-05 09:23:14.301729	2026-05-05 09:23:14.301729
70	4	32	9	2	6	6	2026-05-05 09:23:22.840718	2026-05-05 09:23:22.840718
71	4	23	11	2	6	6	2026-05-05 09:23:36.604789	2026-05-05 09:23:36.604789
72	4	24	9	2	6	6	2026-05-05 09:23:45.998769	2026-05-05 09:23:45.998769
73	4	27	9	2	6	6	2026-05-05 09:23:54.348328	2026-05-05 09:26:56.546856
74	10	23	11	2	6	6	2026-05-05 09:33:57.39665	2026-05-05 09:33:57.39665
75	10	27	10	2	6	6	2026-05-05 09:34:04.304051	2026-05-05 09:34:04.304051
76	10	26	10	2	6	6	2026-05-05 09:34:12.880862	2026-05-05 09:34:12.880862
77	3	23	11	2	6	6	2026-05-05 09:38:46.992395	2026-05-05 09:38:46.992395
78	3	24	10	2	6	6	2026-05-05 09:38:56.578109	2026-05-05 09:38:56.578109
79	3	27	9	2	6	6	2026-05-05 09:39:03.8991	2026-05-05 09:39:03.8991
80	5	3	1	1	6	6	2026-05-05 09:42:04.192856	2026-05-05 09:42:04.192856
81	5	30	9	2	6	6	2026-05-05 09:59:08.878904	2026-05-05 09:59:08.878904
82	5	36	9	2	6	6	2026-05-05 09:59:20.727843	2026-05-05 09:59:20.727843
83	5	22	9	2	6	6	2026-05-05 09:59:26.433587	2026-05-05 09:59:26.433587
84	5	29	10	2	6	6	2026-05-05 09:59:33.06834	2026-05-05 09:59:33.06834
85	5	25	10	2	6	6	2026-05-05 09:59:42.633671	2026-05-05 09:59:42.633671
86	5	26	9	2	6	6	2026-05-05 10:00:02.564653	2026-05-05 10:00:02.564653
87	5	23	10	2	6	6	2026-05-05 10:00:09.549125	2026-05-05 10:00:09.549125
88	5	27	9	2	6	6	2026-05-05 10:00:24.21394	2026-05-05 10:00:24.21394
89	17	3	3	1	6	6	2026-05-05 10:11:10.540892	2026-05-05 10:11:10.540892
90	17	30	10	2	6	6	2026-05-05 10:11:22.908704	2026-05-05 10:11:22.908704
17	7	3	2	1	22	22	2026-05-04 08:34:09.266184	2026-05-04 10:09:44.081711
18	10	3	5	1	6	6	2026-05-04 11:18:55.949577	2026-05-04 11:18:55.949577
19	10	5	6	1	6	6	2026-05-04 11:19:12.042794	2026-05-04 11:19:12.042794
20	12	3	4	1	6	6	2026-05-04 11:35:24.165104	2026-05-04 11:35:24.165104
21	3	3	2	1	6	6	2026-05-04 11:53:53.497973	2026-05-04 11:53:53.497973
22	3	29	10	2	6	6	2026-05-04 11:54:15.847085	2026-05-04 11:54:15.847085
23	3	32	9	2	6	6	2026-05-04 11:54:28.748272	2026-05-04 11:54:28.748272
24	3	30	10	2	6	6	2026-05-04 11:54:34.592489	2026-05-04 11:54:34.592489
25	3	22	10	2	6	6	2026-05-04 11:54:41.386423	2026-05-04 11:54:41.386423
26	10	32	10	2	6	6	2026-05-04 11:55:15.534601	2026-05-04 11:55:15.534601
27	10	30	11	2	6	6	2026-05-04 11:55:22.607548	2026-05-04 11:55:22.607548
28	10	36	10	2	6	6	2026-05-04 11:55:31.718137	2026-05-04 11:55:31.718137
29	10	29	10	2	6	6	2026-05-04 11:55:39.13874	2026-05-04 11:55:39.13874
30	10	22	10	2	6	6	2026-05-04 11:55:46.10546	2026-05-04 11:55:46.10546
31	10	25	10	2	6	6	2026-05-04 11:55:54.01872	2026-05-04 11:55:54.01872
32	3	25	10	2	6	6	2026-05-04 11:56:52.010146	2026-05-04 11:56:52.010146
33	3	36	11	2	6	6	2026-05-04 11:57:21.905609	2026-05-04 11:57:21.905609
34	6	3	4	1	8	8	2026-05-05 07:20:12.296065	2026-05-05 07:20:12.296065
35	23	3	2	1	6	6	2026-05-05 08:28:02.940169	2026-05-05 08:28:02.940169
36	23	30	10	2	6	6	2026-05-05 08:28:26.123876	2026-05-05 08:28:26.123876
37	23	36	11	2	6	6	2026-05-05 08:30:21.077217	2026-05-05 08:30:21.077217
38	23	22	10	2	6	6	2026-05-05 08:30:33.529045	2026-05-05 08:30:33.529045
39	23	33	10	2	6	6	2026-05-05 08:30:53.835938	2026-05-05 08:30:53.835938
40	12	30	11	2	6	6	2026-05-05 08:52:09.091089	2026-05-05 08:52:09.091089
41	12	36	10	2	6	6	2026-05-05 08:52:20.308304	2026-05-05 08:52:20.308304
42	12	22	11	2	6	6	2026-05-05 08:52:43.949171	2026-05-05 08:52:43.949171
43	12	29	10	2	6	6	2026-05-05 08:53:01.833917	2026-05-05 08:53:01.833917
44	12	32	11	2	6	6	2026-05-05 08:53:17.825706	2026-05-05 08:53:17.825706
45	13	3	4	1	6	6	2026-05-05 09:00:12.681701	2026-05-05 09:00:12.681701
91	17	36	10	2	6	6	2026-05-05 10:11:44.342767	2026-05-05 10:11:44.342767
92	17	22	10	2	6	6	2026-05-05 10:11:50.959481	2026-05-05 10:11:50.959481
93	17	29	10	2	6	6	2026-05-05 10:12:01.066878	2026-05-05 10:12:01.066878
94	17	25	9	2	6	6	2026-05-05 10:12:09.811892	2026-05-05 10:12:09.811892
95	17	23	11	2	6	6	2026-05-05 10:12:32.780362	2026-05-05 10:12:32.780362
96	17	27	10	2	6	6	2026-05-05 10:12:43.359432	2026-05-05 10:12:43.359432
97	17	31	10	2	6	6	2026-05-05 10:12:55.476444	2026-05-05 10:12:55.476444
106	14	3	4	1	6	6	2026-05-05 10:27:35.250807	2026-05-05 10:27:35.250807
107	14	30	11	2	6	6	2026-05-05 10:27:50.934714	2026-05-05 10:27:50.934714
108	14	36	10	2	6	6	2026-05-05 10:28:14.44216	2026-05-05 10:28:14.44216
109	14	22	11	2	6	6	2026-05-05 10:28:22.829065	2026-05-05 10:28:22.829065
110	14	29	10	2	6	6	2026-05-05 10:28:45.255652	2026-05-05 10:28:45.255652
111	14	25	9	2	6	6	2026-05-05 10:29:21.737006	2026-05-05 10:29:21.737006
112	14	32	11	2	6	6	2026-05-05 10:29:29.464534	2026-05-05 10:29:29.464534
113	14	23	11	2	6	6	2026-05-05 10:29:34.780156	2026-05-05 10:29:34.780156
114	14	27	10	2	6	6	2026-05-05 10:29:59.049734	2026-05-05 10:29:59.049734
115	14	24	9	2	6	6	2026-05-05 10:30:12.314103	2026-05-05 10:30:12.314103
116	16	3	3	1	6	6	2026-05-05 10:35:03.656323	2026-05-05 10:35:03.656323
117	16	30	10	2	6	6	2026-05-05 10:35:13.593115	2026-05-05 10:35:13.593115
118	16	36	11	2	6	6	2026-05-05 10:35:22.568761	2026-05-05 10:35:22.568761
119	16	22	10	2	6	6	2026-05-05 10:35:28.276806	2026-05-05 10:35:28.276806
120	16	25	10	2	6	6	2026-05-05 10:35:43.505996	2026-05-05 10:35:43.505996
121	16	32	10	2	6	6	2026-05-05 10:35:51.389872	2026-05-05 10:35:51.389872
122	16	23	11	2	6	6	2026-05-05 10:35:57.557164	2026-05-05 10:35:57.557164
123	16	24	10	2	6	6	2026-05-05 10:36:09.363784	2026-05-05 10:36:09.363784
124	16	27	10	2	6	6	2026-05-05 10:36:29.970571	2026-05-05 10:36:29.970571
125	6	30	10	2	6	6	2026-05-05 10:39:26.603387	2026-05-05 10:39:26.603387
126	6	36	10	2	6	6	2026-05-05 10:39:32.700656	2026-05-05 10:39:32.700656
127	6	22	10	2	6	6	2026-05-05 10:39:42.566521	2026-05-05 10:39:42.566521
128	6	29	10	2	6	6	2026-05-05 10:39:49.56214	2026-05-05 10:39:49.56214
129	6	33	11	2	6	6	2026-05-05 10:39:57.699278	2026-05-05 10:39:57.699278
130	6	25	9	2	6	6	2026-05-05 10:40:05.273665	2026-05-05 10:40:05.273665
131	6	32	10	2	6	6	2026-05-05 10:40:16.124587	2026-05-05 10:40:16.124587
132	6	23	11	2	6	6	2026-05-05 10:40:21.903211	2026-05-05 10:40:21.903211
133	6	26	11	2	6	6	2026-05-05 10:40:36.216292	2026-05-05 10:40:36.216292
134	6	31	10	2	6	6	2026-05-05 10:40:49.589293	2026-05-05 10:40:49.589293
135	28	3	3	1	6	6	2026-05-05 10:45:21.832167	2026-05-05 10:45:21.832167
136	28	30	10	2	6	6	2026-05-05 10:45:41.892345	2026-05-05 10:45:41.892345
137	28	36	10	2	6	6	2026-05-05 10:45:50.101855	2026-05-05 10:45:50.101855
138	28	22	11	2	6	6	2026-05-05 10:45:56.719602	2026-05-05 10:45:56.719602
139	28	29	10	2	6	6	2026-05-05 10:46:06.941796	2026-05-05 10:46:06.941796
140	28	25	9	2	6	6	2026-05-05 10:46:17.053139	2026-05-05 10:46:17.053139
141	28	32	10	2	6	6	2026-05-05 10:46:29.873607	2026-05-05 10:46:29.873607
142	28	23	11	2	6	6	2026-05-05 10:46:35.916433	2026-05-05 10:46:35.916433
143	28	24	10	2	6	6	2026-05-05 10:46:47.866697	2026-05-05 10:46:47.866697
144	28	35	10	2	6	6	2026-05-05 10:47:02.568533	2026-05-05 10:47:02.568533
145	15	32	11	2	24	24	2026-05-05 10:49:04.153559	2026-05-05 10:49:04.153559
146	15	30	11	2	24	24	2026-05-05 10:49:12.558262	2026-05-05 10:49:12.558262
147	15	22	11	2	24	24	2026-05-05 10:49:18.33954	2026-05-05 10:49:18.33954
148	15	36	10	2	24	24	2026-05-05 10:49:29.361595	2026-05-05 10:49:29.361595
149	15	23	11	2	24	24	2026-05-05 10:49:43.279774	2026-05-05 10:49:43.279774
150	15	33	8	2	24	24	2026-05-05 10:49:53.513343	2026-05-05 10:49:53.513343
151	15	34	9	2	24	24	2026-05-05 10:49:58.920463	2026-05-05 10:49:58.920463
152	15	3	4	1	6	6	2026-05-05 10:50:39.782062	2026-05-05 10:50:39.782062
153	19	3	4	1	6	6	2026-05-05 10:57:50.33524	2026-05-05 10:57:50.33524
154	19	30	9	2	6	6	2026-05-05 10:58:00.735115	2026-05-05 10:58:00.735115
155	19	36	10	2	6	6	2026-05-05 10:58:08.605748	2026-05-05 10:58:08.605748
156	19	22	9	2	6	6	2026-05-05 10:58:15.373671	2026-05-05 10:58:15.373671
157	19	29	9	2	6	6	2026-05-05 10:58:23.29651	2026-05-05 10:58:23.29651
158	19	33	11	2	6	6	2026-05-05 10:58:33.058168	2026-05-05 10:58:33.058168
159	19	25	9	2	6	6	2026-05-05 10:58:40.628012	2026-05-05 10:58:40.628012
160	19	23	10	2	6	6	2026-05-05 10:58:54.245811	2026-05-05 10:58:54.245811
161	19	27	9	2	6	6	2026-05-05 10:59:16.558334	2026-05-05 10:59:16.558334
162	19	35	9	2	6	6	2026-05-05 10:59:33.014817	2026-05-05 10:59:33.014817
163	7	30	11	2	6	6	2026-05-05 11:11:41.114978	2026-05-05 11:11:41.114978
164	7	36	11	2	6	6	2026-05-05 11:11:56.580398	2026-05-05 11:11:56.580398
165	7	22	11	2	6	6	2026-05-05 11:12:02.466596	2026-05-05 11:12:02.466596
166	7	29	11	2	6	6	2026-05-05 11:12:07.740914	2026-05-05 11:12:07.740914
167	7	33	11	2	6	6	2026-05-05 11:12:18.718935	2026-05-05 11:12:18.718935
168	7	25	11	2	6	6	2026-05-05 11:12:27.629513	2026-05-05 11:12:27.629513
169	7	32	11	2	6	6	2026-05-05 11:12:33.02014	2026-05-05 11:12:33.02014
170	7	23	11	2	6	6	2026-05-05 11:12:41.677153	2026-05-05 11:12:41.677153
171	7	27	11	2	6	6	2026-05-05 11:12:52.97962	2026-05-05 11:12:52.97962
172	7	31	11	2	6	6	2026-05-05 11:13:06.047936	2026-05-05 11:13:06.047936
173	21	3	1	1	6	6	2026-05-05 11:24:52.053462	2026-05-05 11:24:52.053462
174	21	30	10	2	6	6	2026-05-05 11:25:05.002679	2026-05-05 11:25:05.002679
175	21	36	9	2	6	6	2026-05-05 11:25:16.138304	2026-05-05 11:25:16.138304
176	21	22	11	2	6	6	2026-05-05 11:25:24.466985	2026-05-05 11:25:24.466985
177	21	29	9	2	6	6	2026-05-05 11:25:31.403839	2026-05-05 11:25:31.403839
178	21	25	9	2	6	6	2026-05-05 11:25:46.599511	2026-05-05 11:25:46.599511
179	21	32	10	2	6	6	2026-05-05 11:25:53.310844	2026-05-05 11:25:53.310844
180	21	23	10	2	6	6	2026-05-05 11:26:03.60335	2026-05-05 11:26:03.60335
181	21	27	10	2	6	6	2026-05-05 11:26:20.969593	2026-05-05 11:26:20.969593
182	21	31	9	2	6	6	2026-05-05 11:26:29.91692	2026-05-05 11:26:29.91692
183	30	3	4	1	11	11	2026-05-12 07:42:51.441639	2026-05-12 07:42:51.441639
184	30	30	10	2	11	11	2026-05-12 07:42:57.707947	2026-05-12 07:42:57.707947
185	30	33	10	2	11	11	2026-05-12 07:43:06.410989	2026-05-12 07:43:06.410989
186	30	22	10	2	11	11	2026-05-12 07:43:10.893607	2026-05-12 07:43:10.893607
187	30	25	11	2	11	11	2026-05-12 07:43:19.146585	2026-05-12 07:43:19.146585
188	29	3	4	1	23	23	2026-05-12 10:25:08.796751	2026-05-12 10:25:08.796751
189	29	11	1	1	23	23	2026-05-12 10:25:28.256576	2026-05-12 10:25:28.256576
190	29	2	6	1	23	23	2026-05-12 10:25:57.038653	2026-05-12 10:25:57.038653
191	29	30	10	2	23	23	2026-05-12 10:26:08.534373	2026-05-12 10:26:08.534373
192	29	22	9	2	23	23	2026-05-12 10:26:18.685584	2026-05-12 10:26:18.685584
193	29	31	9	2	23	23	2026-05-12 10:26:49.02057	2026-05-12 10:26:49.02057
194	29	33	10	2	23	23	2026-05-12 10:27:03.188563	2026-05-12 10:27:03.188563
195	29	26	10	2	23	23	2026-05-12 10:27:07.900903	2026-05-12 10:27:07.900903
196	29	27	10	2	23	23	2026-05-12 10:27:18.666634	2026-05-12 10:27:18.666634
197	29	32	9	2	23	23	2026-05-12 10:27:27.586891	2026-05-12 10:27:27.586891
198	29	36	10	2	23	23	2026-05-12 10:27:35.635952	2026-05-12 10:27:35.635952
199	29	28	9	2	23	23	2026-05-12 10:27:52.476531	2026-05-12 10:27:52.476531
200	29	35	9	2	23	23	2026-05-12 10:28:13.732954	2026-05-12 10:28:13.732954
201	29	24	10	2	23	23	2026-05-12 10:28:25.328997	2026-05-12 10:28:25.328997
202	29	29	10	2	23	23	2026-05-12 10:28:38.394828	2026-05-12 10:28:38.394828
203	29	23	9	2	23	23	2026-05-12 10:28:45.446492	2026-05-12 10:28:45.446492
204	29	25	9	2	23	23	2026-05-12 10:28:55.397782	2026-05-12 10:28:55.397782
\.


--
-- Data for Name: hr_employee_skill_log; Type: TABLE DATA; Schema: public; Owner: odoo
--

COPY public.hr_employee_skill_log (id, employee_id, department_id, skill_id, skill_level_id, skill_type_id, level_progress, create_uid, write_uid, date, create_date, write_date) FROM stdin;
17	7	6	3	2	1	40	22	22	2026-05-04	2026-05-04 08:34:09.266184	2026-05-04 10:09:44.081711
20	12	10	3	4	1	75	6	6	2026-05-04	2026-05-04 11:35:24.165104	2026-05-04 11:35:24.165104
33	3	8	36	11	2	100	6	6	2026-05-04	2026-05-04 11:57:21.905609	2026-05-04 11:57:21.905609
32	3	8	25	10	2	80	6	6	2026-05-04	2026-05-04 11:56:52.010146	2026-05-04 11:57:21.905609
25	3	8	22	10	2	80	6	6	2026-05-04	2026-05-04 11:54:41.386423	2026-05-04 11:57:21.905609
24	3	8	30	10	2	80	6	6	2026-05-04	2026-05-04 11:54:34.592489	2026-05-04 11:57:21.905609
23	3	8	32	9	2	50	6	6	2026-05-04	2026-05-04 11:54:28.748272	2026-05-04 11:57:21.905609
22	3	8	29	10	2	80	6	6	2026-05-04	2026-05-04 11:54:15.847085	2026-05-04 11:57:21.905609
21	3	8	3	2	1	40	6	6	2026-05-04	2026-05-04 11:53:53.497973	2026-05-04 11:57:21.905609
34	6	12	3	4	1	75	8	6	2026-05-05	2026-05-05 07:20:12.296065	2026-05-05 10:40:49.589293
62	23	6	23	11	2	100	6	6	2026-05-05	2026-05-05 09:12:16.702086	2026-05-05 09:12:16.702086
61	23	6	26	10	2	80	6	6	2026-05-05	2026-05-05 09:12:01.920995	2026-05-05 09:12:16.702086
39	23	6	33	10	2	80	6	6	2026-05-05	2026-05-05 08:30:53.835938	2026-05-05 09:12:16.702086
38	23	6	22	10	2	80	6	6	2026-05-05	2026-05-05 08:30:33.529045	2026-05-05 09:12:16.702086
37	23	6	36	11	2	100	6	6	2026-05-05	2026-05-05 08:30:21.077217	2026-05-05 09:12:16.702086
36	23	6	30	10	2	80	6	6	2026-05-05	2026-05-05 08:28:26.123876	2026-05-05 09:12:16.702086
35	23	6	3	2	1	40	6	6	2026-05-05	2026-05-05 08:28:02.940169	2026-05-05 09:12:16.702086
31	10	8	25	10	2	80	6	6	2026-05-04	2026-05-04 11:55:54.01872	2026-05-04 11:55:54.01872
30	10	8	22	10	2	80	6	6	2026-05-04	2026-05-04 11:55:46.10546	2026-05-04 11:55:54.01872
29	10	8	29	10	2	80	6	6	2026-05-04	2026-05-04 11:55:39.13874	2026-05-04 11:55:54.01872
28	10	8	36	10	2	80	6	6	2026-05-04	2026-05-04 11:55:31.718137	2026-05-04 11:55:54.01872
27	10	8	30	11	2	100	6	6	2026-05-04	2026-05-04 11:55:22.607548	2026-05-04 11:55:54.01872
26	10	8	32	10	2	80	6	6	2026-05-04	2026-05-04 11:55:15.534601	2026-05-04 11:55:54.01872
19	10	8	5	6	1	100	6	6	2026-05-04	2026-05-04 11:19:12.042794	2026-05-04 11:55:54.01872
18	10	8	3	5	1	85	6	6	2026-05-04	2026-05-04 11:18:55.949577	2026-05-04 11:55:54.01872
50	13	10	32	10	2	80	6	6	2026-05-05	2026-05-05 09:01:26.05549	2026-05-05 09:01:26.05549
49	13	10	22	10	2	80	6	6	2026-05-05	2026-05-05 09:01:00.930126	2026-05-05 09:01:26.05549
48	13	10	36	9	2	50	6	6	2026-05-05	2026-05-05 09:00:53.706138	2026-05-05 09:01:26.05549
47	13	10	30	10	2	80	6	6	2026-05-05	2026-05-05 09:00:34.195482	2026-05-05 09:01:26.05549
46	13	10	3	4	1	75	6	6	2026-05-05	2026-05-05 09:00:12.681701	2026-05-05 09:01:26.05549
60	11	10	27	10	2	80	6	6	2026-05-05	2026-05-05 09:11:35.056382	2026-05-05 09:11:35.056382
59	11	10	26	9	2	50	6	6	2026-05-05	2026-05-05 09:11:24.782976	2026-05-05 09:11:35.056382
58	11	10	23	11	2	100	6	6	2026-05-05	2026-05-05 09:11:14.329084	2026-05-05 09:11:35.056382
57	11	10	32	10	2	80	6	6	2026-05-05	2026-05-05 09:10:54.039554	2026-05-05 09:11:35.056382
56	11	10	25	9	2	50	6	6	2026-05-05	2026-05-05 09:10:39.852149	2026-05-05 09:11:35.056382
55	11	10	29	9	2	50	6	6	2026-05-05	2026-05-05 09:10:28.395633	2026-05-05 09:11:35.056382
54	11	10	22	9	2	50	6	6	2026-05-05	2026-05-05 09:10:20.092228	2026-05-05 09:11:35.056382
53	11	10	36	10	2	80	6	6	2026-05-05	2026-05-05 09:10:12.571956	2026-05-05 09:11:35.056382
52	11	10	30	9	2	50	6	6	2026-05-05	2026-05-05 09:10:02.65595	2026-05-05 09:11:35.056382
51	11	10	3	2	1	40	6	6	2026-05-05	2026-05-05 09:09:47.659046	2026-05-05 09:11:35.056382
64	12	10	27	9	2	50	6	6	2026-05-05	2026-05-05 09:17:12.714817	2026-05-05 09:17:12.714817
63	12	10	23	10	2	80	6	6	2026-05-05	2026-05-05 09:17:01.814704	2026-05-05 09:17:12.714817
45	12	10	32	11	2	100	6	6	2026-05-05	2026-05-05 08:53:17.825706	2026-05-05 09:17:12.714817
44	12	10	29	10	2	80	6	6	2026-05-05	2026-05-05 08:53:01.833917	2026-05-05 09:17:12.714817
43	12	10	22	11	2	100	6	6	2026-05-05	2026-05-05 08:52:43.949171	2026-05-05 09:17:12.714817
42	12	10	36	10	2	80	6	6	2026-05-05	2026-05-05 08:52:20.308304	2026-05-05 09:17:12.714817
40	12	10	30	11	2	100	6	6	2026-05-05	2026-05-05 08:52:09.091089	2026-05-05 09:17:12.714817
41	12	10	3	4	1	75	6	6	2026-05-05	2026-05-05 08:52:09.091089	2026-05-05 09:17:12.714817
73	4	6	24	9	2	50	6	6	2026-05-05	2026-05-05 09:23:45.998769	2026-05-05 09:26:56.546856
84	10	8	27	10	2	80	6	6	2026-05-05	2026-05-05 09:34:04.304051	2026-05-05 09:34:12.880862
72	4	6	23	11	2	100	6	6	2026-05-05	2026-05-05 09:23:36.604789	2026-05-05 09:26:56.546856
71	4	6	32	9	2	50	6	6	2026-05-05	2026-05-05 09:23:22.840718	2026-05-05 09:26:56.546856
70	4	6	25	9	2	50	6	6	2026-05-05	2026-05-05 09:23:14.301729	2026-05-05 09:26:56.546856
69	4	6	29	10	2	80	6	6	2026-05-05	2026-05-05 09:23:02.453633	2026-05-05 09:26:56.546856
68	4	6	22	11	2	100	6	6	2026-05-05	2026-05-05 09:22:56.001823	2026-05-05 09:26:56.546856
67	4	6	36	11	2	100	6	6	2026-05-05	2026-05-05 09:22:47.176842	2026-05-05 09:26:56.546856
66	4	6	30	10	2	80	6	6	2026-05-05	2026-05-05 09:22:36.636096	2026-05-05 09:26:56.546856
65	4	6	3	4	1	75	6	6	2026-05-05	2026-05-05 09:22:13.929164	2026-05-05 09:26:56.546856
74	4	6	27	9	2	50	6	6	2026-05-05	2026-05-05 09:23:54.348328	2026-05-05 09:26:56.546856
75	10	8	23	11	2	100	6	6	2026-05-05	2026-05-05 09:33:57.39665	2026-05-05 09:34:12.880862
76	10	8	30	11	2	100	6	6	2026-05-05	2026-05-05 09:33:57.39665	2026-05-05 09:34:12.880862
77	10	8	36	10	2	80	6	6	2026-05-05	2026-05-05 09:33:57.39665	2026-05-05 09:34:12.880862
78	10	8	32	10	2	80	6	6	2026-05-05	2026-05-05 09:33:57.39665	2026-05-05 09:34:12.880862
79	10	8	25	10	2	80	6	6	2026-05-05	2026-05-05 09:33:57.39665	2026-05-05 09:34:12.880862
80	10	8	29	10	2	80	6	6	2026-05-05	2026-05-05 09:33:57.39665	2026-05-05 09:34:12.880862
81	10	8	22	10	2	80	6	6	2026-05-05	2026-05-05 09:33:57.39665	2026-05-05 09:34:12.880862
82	10	8	5	6	1	100	6	6	2026-05-05	2026-05-05 09:33:57.39665	2026-05-05 09:34:12.880862
85	10	8	26	10	2	80	6	6	2026-05-05	2026-05-05 09:34:12.880862	2026-05-05 09:34:12.880862
83	10	8	3	5	1	85	6	6	2026-05-05	2026-05-05 09:33:57.39665	2026-05-05 09:34:12.880862
104	5	12	27	9	2	50	6	6	2026-05-05	2026-05-05 10:00:24.21394	2026-05-05 10:00:24.21394
103	5	12	23	10	2	80	6	6	2026-05-05	2026-05-05 10:00:09.549125	2026-05-05 10:00:24.21394
102	5	12	26	9	2	50	6	6	2026-05-05	2026-05-05 10:00:02.564653	2026-05-05 10:00:24.21394
101	5	12	25	10	2	80	6	6	2026-05-05	2026-05-05 09:59:42.633671	2026-05-05 10:00:24.21394
100	5	12	29	10	2	80	6	6	2026-05-05	2026-05-05 09:59:33.06834	2026-05-05 10:00:24.21394
99	5	12	22	9	2	50	6	6	2026-05-05	2026-05-05 09:59:26.433587	2026-05-05 10:00:24.21394
98	5	12	36	9	2	50	6	6	2026-05-05	2026-05-05 09:59:20.727843	2026-05-05 10:00:24.21394
97	5	12	30	9	2	50	6	6	2026-05-05	2026-05-05 09:59:08.878904	2026-05-05 10:00:24.21394
96	5	12	3	1	1	10	6	6	2026-05-05	2026-05-05 09:42:04.192856	2026-05-05 10:00:24.21394
132	14	10	24	9	2	50	6	6	2026-05-05	2026-05-05 10:30:12.314103	2026-05-05 10:30:12.314103
131	14	10	27	10	2	80	6	6	2026-05-05	2026-05-05 10:29:59.049734	2026-05-05 10:30:12.314103
95	3	8	27	9	2	50	6	6	2026-05-05	2026-05-05 09:39:03.8991	2026-05-05 09:39:03.8991
94	3	8	24	10	2	80	6	6	2026-05-05	2026-05-05 09:38:56.578109	2026-05-05 09:39:03.8991
86	3	8	23	11	2	100	6	6	2026-05-05	2026-05-05 09:38:46.992395	2026-05-05 09:39:03.8991
87	3	8	36	11	2	100	6	6	2026-05-05	2026-05-05 09:38:46.992395	2026-05-05 09:39:03.8991
88	3	8	29	10	2	80	6	6	2026-05-05	2026-05-05 09:38:46.992395	2026-05-05 09:39:03.8991
89	3	8	30	10	2	80	6	6	2026-05-05	2026-05-05 09:38:46.992395	2026-05-05 09:39:03.8991
90	3	8	22	10	2	80	6	6	2026-05-05	2026-05-05 09:38:46.992395	2026-05-05 09:39:03.8991
91	3	8	25	10	2	80	6	6	2026-05-05	2026-05-05 09:38:46.992395	2026-05-05 09:39:03.8991
92	3	8	32	9	2	50	6	6	2026-05-05	2026-05-05 09:38:46.992395	2026-05-05 09:39:03.8991
93	3	8	3	2	1	40	6	6	2026-05-05	2026-05-05 09:38:46.992395	2026-05-05 09:39:03.8991
130	14	10	23	11	2	100	6	6	2026-05-05	2026-05-05 10:29:34.780156	2026-05-05 10:30:12.314103
129	14	10	32	11	2	100	6	6	2026-05-05	2026-05-05 10:29:29.464534	2026-05-05 10:30:12.314103
128	14	10	25	9	2	50	6	6	2026-05-05	2026-05-05 10:29:21.737006	2026-05-05 10:30:12.314103
127	14	10	29	10	2	80	6	6	2026-05-05	2026-05-05 10:28:45.255652	2026-05-05 10:30:12.314103
126	14	10	22	11	2	100	6	6	2026-05-05	2026-05-05 10:28:22.829065	2026-05-05 10:30:12.314103
125	14	10	36	10	2	80	6	6	2026-05-05	2026-05-05 10:28:14.44216	2026-05-05 10:30:12.314103
124	14	10	30	11	2	100	6	6	2026-05-05	2026-05-05 10:27:50.934714	2026-05-05 10:30:12.314103
123	14	10	3	4	1	75	6	6	2026-05-05	2026-05-05 10:27:35.250807	2026-05-05 10:30:12.314103
151	6	12	31	10	2	80	6	6	2026-05-05	2026-05-05 10:40:49.589293	2026-05-05 10:40:49.589293
150	6	12	26	11	2	100	6	6	2026-05-05	2026-05-05 10:40:36.216292	2026-05-05 10:40:49.589293
149	6	12	23	11	2	100	6	6	2026-05-05	2026-05-05 10:40:21.903211	2026-05-05 10:40:49.589293
148	6	12	32	10	2	80	6	6	2026-05-05	2026-05-05 10:40:16.124587	2026-05-05 10:40:49.589293
147	6	12	25	9	2	50	6	6	2026-05-05	2026-05-05 10:40:05.273665	2026-05-05 10:40:49.589293
146	6	12	33	11	2	100	6	6	2026-05-05	2026-05-05 10:39:57.699278	2026-05-05 10:40:49.589293
145	6	12	29	10	2	80	6	6	2026-05-05	2026-05-05 10:39:49.56214	2026-05-05 10:40:49.589293
113	17	6	31	10	2	80	6	6	2026-05-05	2026-05-05 10:12:55.476444	2026-05-05 10:12:55.476444
112	17	6	27	10	2	80	6	6	2026-05-05	2026-05-05 10:12:43.359432	2026-05-05 10:12:55.476444
111	17	6	23	11	2	100	6	6	2026-05-05	2026-05-05 10:12:32.780362	2026-05-05 10:12:55.476444
110	17	6	25	9	2	50	6	6	2026-05-05	2026-05-05 10:12:09.811892	2026-05-05 10:12:55.476444
109	17	6	29	10	2	80	6	6	2026-05-05	2026-05-05 10:12:01.066878	2026-05-05 10:12:55.476444
108	17	6	22	10	2	80	6	6	2026-05-05	2026-05-05 10:11:50.959481	2026-05-05 10:12:55.476444
107	17	6	36	10	2	80	6	6	2026-05-05	2026-05-05 10:11:44.342767	2026-05-05 10:12:55.476444
106	17	6	30	10	2	80	6	6	2026-05-05	2026-05-05 10:11:22.908704	2026-05-05 10:12:55.476444
105	17	6	3	3	1	60	6	6	2026-05-05	2026-05-05 10:11:10.540892	2026-05-05 10:12:55.476444
144	6	12	22	10	2	80	6	6	2026-05-05	2026-05-05 10:39:42.566521	2026-05-05 10:40:49.589293
143	6	12	36	10	2	80	6	6	2026-05-05	2026-05-05 10:39:32.700656	2026-05-05 10:40:49.589293
142	6	12	30	10	2	80	6	6	2026-05-05	2026-05-05 10:39:26.603387	2026-05-05 10:40:49.589293
141	16	12	27	10	2	80	6	6	2026-05-05	2026-05-05 10:36:29.970571	2026-05-05 10:36:29.970571
140	16	12	24	10	2	80	6	6	2026-05-05	2026-05-05 10:36:09.363784	2026-05-05 10:36:29.970571
139	16	12	23	11	2	100	6	6	2026-05-05	2026-05-05 10:35:57.557164	2026-05-05 10:36:29.970571
138	16	12	32	10	2	80	6	6	2026-05-05	2026-05-05 10:35:51.389872	2026-05-05 10:36:29.970571
137	16	12	25	10	2	80	6	6	2026-05-05	2026-05-05 10:35:43.505996	2026-05-05 10:36:29.970571
136	16	12	22	10	2	80	6	6	2026-05-05	2026-05-05 10:35:28.276806	2026-05-05 10:36:29.970571
135	16	12	36	11	2	100	6	6	2026-05-05	2026-05-05 10:35:22.568761	2026-05-05 10:36:29.970571
134	16	12	30	10	2	80	6	6	2026-05-05	2026-05-05 10:35:13.593115	2026-05-05 10:36:29.970571
133	16	12	3	3	1	60	6	6	2026-05-05	2026-05-05 10:35:03.656323	2026-05-05 10:36:29.970571
161	28	11	35	10	2	80	6	6	2026-05-05	2026-05-05 10:47:02.568533	2026-05-05 10:47:02.568533
160	28	11	24	10	2	80	6	6	2026-05-05	2026-05-05 10:46:47.866697	2026-05-05 10:47:02.568533
159	28	11	23	11	2	100	6	6	2026-05-05	2026-05-05 10:46:35.916433	2026-05-05 10:47:02.568533
158	28	11	32	10	2	80	6	6	2026-05-05	2026-05-05 10:46:29.873607	2026-05-05 10:47:02.568533
157	28	11	25	9	2	50	6	6	2026-05-05	2026-05-05 10:46:17.053139	2026-05-05 10:47:02.568533
156	28	11	29	10	2	80	6	6	2026-05-05	2026-05-05 10:46:06.941796	2026-05-05 10:47:02.568533
155	28	11	22	11	2	100	6	6	2026-05-05	2026-05-05 10:45:56.719602	2026-05-05 10:47:02.568533
154	28	11	36	10	2	80	6	6	2026-05-05	2026-05-05 10:45:50.101855	2026-05-05 10:47:02.568533
153	28	11	30	10	2	80	6	6	2026-05-05	2026-05-05 10:45:41.892345	2026-05-05 10:47:02.568533
152	28	11	3	3	1	60	6	6	2026-05-05	2026-05-05 10:45:21.832167	2026-05-05 10:47:02.568533
169	15	11	3	4	1	75	6	6	2026-05-05	2026-05-05 10:50:39.782062	2026-05-05 10:50:39.782062
168	15	11	34	9	2	50	24	6	2026-05-05	2026-05-05 10:49:58.920463	2026-05-05 10:50:39.782062
167	15	11	33	8	2	25	24	6	2026-05-05	2026-05-05 10:49:53.513343	2026-05-05 10:50:39.782062
166	15	11	23	11	2	100	24	6	2026-05-05	2026-05-05 10:49:43.279774	2026-05-05 10:50:39.782062
165	15	11	36	10	2	80	24	6	2026-05-05	2026-05-05 10:49:29.361595	2026-05-05 10:50:39.782062
164	15	11	22	11	2	100	24	6	2026-05-05	2026-05-05 10:49:18.33954	2026-05-05 10:50:39.782062
163	15	11	30	11	2	100	24	6	2026-05-05	2026-05-05 10:49:12.558262	2026-05-05 10:50:39.782062
162	15	11	32	11	2	100	24	6	2026-05-05	2026-05-05 10:49:04.153559	2026-05-05 10:50:39.782062
205	30	7	25	11	2	100	11	11	2026-05-12	2026-05-12 07:43:19.146585	2026-05-12 07:43:19.146585
204	30	7	22	10	2	80	11	11	2026-05-12	2026-05-12 07:43:10.893607	2026-05-12 07:43:19.146585
203	30	7	33	10	2	80	11	11	2026-05-12	2026-05-12 07:43:06.410989	2026-05-12 07:43:19.146585
202	30	7	30	10	2	80	11	11	2026-05-12	2026-05-12 07:42:57.707947	2026-05-12 07:43:19.146585
201	30	7	3	4	1	75	11	11	2026-05-12	2026-05-12 07:42:51.441639	2026-05-12 07:43:19.146585
179	19	11	35	9	2	50	6	6	2026-05-05	2026-05-05 10:59:33.014817	2026-05-05 10:59:33.014817
178	19	11	27	9	2	50	6	6	2026-05-05	2026-05-05 10:59:16.558334	2026-05-05 10:59:33.014817
177	19	11	23	10	2	80	6	6	2026-05-05	2026-05-05 10:58:54.245811	2026-05-05 10:59:33.014817
176	19	11	25	9	2	50	6	6	2026-05-05	2026-05-05 10:58:40.628012	2026-05-05 10:59:33.014817
175	19	11	33	11	2	100	6	6	2026-05-05	2026-05-05 10:58:33.058168	2026-05-05 10:59:33.014817
174	19	11	29	9	2	50	6	6	2026-05-05	2026-05-05 10:58:23.29651	2026-05-05 10:59:33.014817
173	19	11	22	9	2	50	6	6	2026-05-05	2026-05-05 10:58:15.373671	2026-05-05 10:59:33.014817
172	19	11	36	10	2	80	6	6	2026-05-05	2026-05-05 10:58:08.605748	2026-05-05 10:59:33.014817
171	19	11	30	9	2	50	6	6	2026-05-05	2026-05-05 10:58:00.735115	2026-05-05 10:59:33.014817
170	19	11	3	4	1	75	6	6	2026-05-05	2026-05-05 10:57:50.33524	2026-05-05 10:59:33.014817
190	7	6	31	11	2	100	6	6	2026-05-05	2026-05-05 11:13:06.047936	2026-05-05 11:13:06.047936
189	7	6	27	11	2	100	6	6	2026-05-05	2026-05-05 11:12:52.97962	2026-05-05 11:13:06.047936
188	7	6	23	11	2	100	6	6	2026-05-05	2026-05-05 11:12:41.677153	2026-05-05 11:13:06.047936
187	7	6	32	11	2	100	6	6	2026-05-05	2026-05-05 11:12:33.02014	2026-05-05 11:13:06.047936
186	7	6	25	11	2	100	6	6	2026-05-05	2026-05-05 11:12:27.629513	2026-05-05 11:13:06.047936
185	7	6	33	11	2	100	6	6	2026-05-05	2026-05-05 11:12:18.718935	2026-05-05 11:13:06.047936
184	7	6	29	11	2	100	6	6	2026-05-05	2026-05-05 11:12:07.740914	2026-05-05 11:13:06.047936
183	7	6	22	11	2	100	6	6	2026-05-05	2026-05-05 11:12:02.466596	2026-05-05 11:13:06.047936
182	7	6	36	11	2	100	6	6	2026-05-05	2026-05-05 11:11:56.580398	2026-05-05 11:13:06.047936
200	21	11	31	9	2	50	6	6	2026-05-05	2026-05-05 11:26:29.91692	2026-05-05 11:26:29.91692
199	21	11	27	10	2	80	6	6	2026-05-05	2026-05-05 11:26:20.969593	2026-05-05 11:26:29.91692
198	21	11	23	10	2	80	6	6	2026-05-05	2026-05-05 11:26:03.60335	2026-05-05 11:26:29.91692
197	21	11	32	10	2	80	6	6	2026-05-05	2026-05-05 11:25:53.310844	2026-05-05 11:26:29.91692
180	7	6	30	11	2	100	6	6	2026-05-05	2026-05-05 11:11:41.114978	2026-05-05 11:13:06.047936
181	7	6	3	2	1	40	6	6	2026-05-05	2026-05-05 11:11:41.114978	2026-05-05 11:13:06.047936
196	21	11	25	9	2	50	6	6	2026-05-05	2026-05-05 11:25:46.599511	2026-05-05 11:26:29.91692
195	21	11	29	9	2	50	6	6	2026-05-05	2026-05-05 11:25:31.403839	2026-05-05 11:26:29.91692
194	21	11	22	11	2	100	6	6	2026-05-05	2026-05-05 11:25:24.466985	2026-05-05 11:26:29.91692
193	21	11	36	9	2	50	6	6	2026-05-05	2026-05-05 11:25:16.138304	2026-05-05 11:26:29.91692
192	21	11	30	10	2	80	6	6	2026-05-05	2026-05-05 11:25:05.002679	2026-05-05 11:26:29.91692
191	21	11	3	1	1	10	6	6	2026-05-05	2026-05-05 11:24:52.053462	2026-05-05 11:26:29.91692
222	29	7	25	9	2	50	23	23	2026-05-12	2026-05-12 10:28:55.397782	2026-05-12 10:28:55.397782
221	29	7	23	9	2	50	23	23	2026-05-12	2026-05-12 10:28:45.446492	2026-05-12 10:28:55.397782
220	29	7	29	10	2	80	23	23	2026-05-12	2026-05-12 10:28:38.394828	2026-05-12 10:28:55.397782
219	29	7	24	10	2	80	23	23	2026-05-12	2026-05-12 10:28:25.328997	2026-05-12 10:28:55.397782
218	29	7	35	9	2	50	23	23	2026-05-12	2026-05-12 10:28:13.732954	2026-05-12 10:28:55.397782
217	29	7	28	9	2	50	23	23	2026-05-12	2026-05-12 10:27:52.476531	2026-05-12 10:28:55.397782
216	29	7	36	10	2	80	23	23	2026-05-12	2026-05-12 10:27:35.635952	2026-05-12 10:28:55.397782
215	29	7	32	9	2	50	23	23	2026-05-12	2026-05-12 10:27:27.586891	2026-05-12 10:28:55.397782
214	29	7	27	10	2	80	23	23	2026-05-12	2026-05-12 10:27:18.666634	2026-05-12 10:28:55.397782
213	29	7	26	10	2	80	23	23	2026-05-12	2026-05-12 10:27:07.900903	2026-05-12 10:28:55.397782
212	29	7	33	10	2	80	23	23	2026-05-12	2026-05-12 10:27:03.188563	2026-05-12 10:28:55.397782
211	29	7	31	9	2	50	23	23	2026-05-12	2026-05-12 10:26:49.02057	2026-05-12 10:28:55.397782
210	29	7	22	9	2	50	23	23	2026-05-12	2026-05-12 10:26:18.685584	2026-05-12 10:28:55.397782
209	29	7	30	10	2	80	23	23	2026-05-12	2026-05-12 10:26:08.534373	2026-05-12 10:28:55.397782
208	29	7	2	6	1	100	23	23	2026-05-12	2026-05-12 10:25:57.038653	2026-05-12 10:28:55.397782
207	29	7	11	1	1	10	23	23	2026-05-12	2026-05-12 10:25:28.256576	2026-05-12 10:28:55.397782
206	29	7	3	4	1	75	23	23	2026-05-12	2026-05-12 10:25:08.796751	2026-05-12 10:28:55.397782
\.


--
-- Data for Name: hr_job; Type: TABLE DATA; Schema: public; Owner: odoo
--

COPY public.hr_job (id, sequence, expected_employees, no_of_employee, no_of_recruitment, department_id, company_id, contract_type_id, create_uid, write_uid, name, description, requirements, active, create_date, write_date) FROM stdin;
10	10	4	4	0	\N	1	\N	6	6	{"en_US": "Órdenes de trabajo", "es_ES": "Órdenes de trabajo"}	\N	\N	t	2026-04-14 09:14:16.050206	2026-05-04 08:43:20.844133
2	10	0	0	0	\N	1	\N	2	2	{"en_US": "Ventas", "es_ES": "Ventas"}	\N	\N	t	2026-04-14 08:25:06.325997	2026-04-14 08:30:41.064803
3	10	1	1	0	\N	1	\N	2	2	{"en_US": "Pedidos", "es_ES": "Pedidos"}	\N	\N	t	2026-04-14 08:30:31.178571	2026-04-14 08:30:41.064803
11	10	4	4	0	\N	1	\N	6	6	{"en_US": "Diseño Gráfico", "es_ES": "Diseño Gráfico"}	\N	\N	t	2026-04-15 10:30:04.561106	2026-05-05 08:22:01.714777
9	10	3	3	0	\N	1	\N	6	6	{"en_US": "Catálogo de productos", "es_ES": "Catálogo de productos"}	\N	\N	t	2026-04-14 09:00:53.076639	2026-05-05 08:22:01.714777
7	10	1	1	0	\N	1	\N	6	6	{"en_US": "Sistemas", "es_ES": "Sistemas"}	\N	\N	t	2026-04-14 08:44:14.017209	2026-05-08 07:18:45.00161
1	10	2	2	0	\N	1	\N	2	6	{"en_US": "Recursos Humanos", "es_ES": "Recursos Humanos"}	\N	\N	t	2026-04-14 08:02:41.997923	2026-04-14 08:47:53.881559
6	10	0	0	0	\N	1	\N	2	6	{"en_US": "Persona", "es_ES": "Persona"}	\N	\N	t	2026-04-14 08:38:55.224672	2026-04-14 08:56:47.333373
8	10	1	1	0	\N	1	\N	6	6	{"en_US": "Proveedores", "es_ES": "Proveedores"}	\N	\N	t	2026-04-14 08:58:12.721483	2026-04-14 08:58:13.731696
4	10	0	0	0	\N	1	\N	2	6	{"en_US": "Órdenes de trabajo:", "es_ES": "Órdenes de trabajo:"}	\N	\N	t	2026-04-14 08:32:39.794588	2026-04-14 09:15:02.000117
5	10	2	2	0	\N	1	\N	2	6	{"en_US": "Albaranes", "es_ES": "Albaranes"}	\N	\N	t	2026-04-14 08:33:56.458064	2026-04-14 09:20:00.858815
\.


--
-- Data for Name: hr_resume_line; Type: TABLE DATA; Schema: public; Owner: odoo
--

COPY public.hr_resume_line (id, employee_id, line_type_id, create_uid, write_uid, display_type, date_start, date_end, name, description, create_date, write_date) FROM stdin;
2	3	1	2	2	classic	2026-04-14	\N	{"en_US": "RELSUM HEREDEROS SL.", "es_ES": "RELSUM HEREDEROS SL."}	{"en_US": "<p>Recursos Humanos</p>", "es_ES": "<p>Recursos Humanos</p>"}	2026-04-14 08:20:39.804186	2026-04-14 08:20:39.804186
3	4	1	2	2	classic	2026-04-14	\N	{"en_US": "RELSUM HEREDEROS SL.", "es_ES": "RELSUM HEREDEROS SL."}	{"en_US": "", "es_ES": ""}	2026-04-14 08:26:32.566951	2026-04-14 08:26:32.566951
4	5	1	2	2	classic	2026-04-14	\N	{"en_US": "RELSUM HEREDEROS SL.", "es_ES": "RELSUM HEREDEROS SL."}	{"en_US": "<p>Ventas</p>", "es_ES": "<p>Ventas</p>"}	2026-04-14 08:27:07.91347	2026-04-14 08:27:07.91347
5	6	1	2	2	classic	2026-04-14	\N	{"en_US": "RELSUM HEREDEROS SL.", "es_ES": "RELSUM HEREDEROS SL."}	{"en_US": "", "es_ES": ""}	2026-04-14 08:33:35.851116	2026-04-14 08:33:35.851116
10	11	1	6	6	classic	2026-04-14	\N	{"en_US": "RELSUM HEREDEROS SL.", "es_ES": "RELSUM HEREDEROS SL."}	{"en_US": "", "es_ES": ""}	2026-04-14 08:53:25.572031	2026-04-14 08:53:25.572031
11	12	1	6	6	classic	2026-04-14	\N	{"en_US": "RELSUM HEREDEROS SL.", "es_ES": "RELSUM HEREDEROS SL."}	{"en_US": "", "es_ES": ""}	2026-04-14 09:00:21.613649	2026-04-14 09:00:21.613649
12	13	1	6	6	classic	2026-04-14	\N	{"en_US": "RELSUM HEREDEROS SL.", "es_ES": "RELSUM HEREDEROS SL."}	{"en_US": "", "es_ES": ""}	2026-04-14 09:01:23.987349	2026-04-14 09:01:23.987349
13	14	1	6	6	classic	2026-04-14	\N	{"en_US": "RELSUM HEREDEROS SL.", "es_ES": "RELSUM HEREDEROS SL."}	{"en_US": "", "es_ES": ""}	2026-04-14 09:08:28.688174	2026-04-14 09:08:28.688174
14	15	1	6	6	classic	2026-04-14	\N	{"en_US": "RELSUM HEREDEROS SL.", "es_ES": "RELSUM HEREDEROS SL."}	{"en_US": "", "es_ES": ""}	2026-04-14 09:09:32.231525	2026-04-14 09:09:32.231525
15	16	1	6	6	classic	2026-04-14	\N	{"en_US": "RELSUM HEREDEROS SL.", "es_ES": "RELSUM HEREDEROS SL."}	{"en_US": "", "es_ES": ""}	2026-04-14 09:19:50.638269	2026-04-14 09:19:50.638269
16	17	1	6	6	classic	2026-04-14	\N	{"en_US": "RELSUM HEREDEROS SL.", "es_ES": "RELSUM HEREDEROS SL."}	{"en_US": "", "es_ES": ""}	2026-04-14 09:20:45.732423	2026-04-14 09:20:45.732423
18	19	1	6	6	classic	2026-04-15	\N	{"en_US": "RELSUM HEREDEROS SL.", "es_ES": "RELSUM HEREDEROS SL."}	{"en_US": "", "es_ES": ""}	2026-04-15 10:29:41.502907	2026-04-15 10:29:41.502907
20	21	1	6	6	classic	2026-04-16	\N	{"en_US": "RELSUM HEREDEROS SL.", "es_ES": "RELSUM HEREDEROS SL."}	{"en_US": "", "es_ES": ""}	2026-04-16 09:02:44.025345	2026-04-16 09:02:44.025345
9	10	1	6	8	classic	2026-04-14	\N	{"en_US": "RELSUM HEREDEROS SL.", "es_ES": "RELSUM HEREDEROS SL."}	{"en_US": "<p>Recursos Humanos</p>", "es_ES": "<p>Recursos Humanos</p>"}	2026-04-14 08:47:53.881559	2026-04-28 08:37:22.191284
27	10	2	8	6	classic	2025-10-13	\N	{"en_US": "Sistemas Microinformáticos y Redes", "es_ES": "Sistemas Microinformáticos y Redes"}	{"en_US": "<div data-oe-version=\\"1.2\\"><strong>Grado Medio</strong></div><ul><li>Dominio de los servicios&nbsp;de Office.</li><li>Dominio en el mantenimiento y sustitución de equipos informáticos.</li><li>Dominio en la instalación de sistemas operativos.</li><li>Conocimientos de Redes Locales.</li><li>Conocimientos básico de Fundamentos de Programación.</li></ul>", "es_ES": "<div data-oe-version=\\"1.2\\"><strong>Grado Medio</strong></div><ul><li>Dominio de los servicios&nbsp;de Office.</li><li>Dominio en el mantenimiento y sustitución de equipos informáticos.</li><li>Dominio en la instalación de sistemas operativos.</li><li>Conocimientos de Redes Locales.</li><li>Conocimientos básico de Fundamentos de Programación.</li></ul>"}	2026-04-28 08:19:05.488341	2026-05-05 09:41:06.987294
31	10	1	8	8	classic	2025-05-09	2025-06-12	{"en_US": "Pinardi", "es_ES": "Pinardi"}	{"en_US": "<ul data-oe-version=\\"1.2\\"><li>Montaje y Mantenimiento de equipos para nivel profesional y usuario</li><li>Instalación de sistemas operativos como Windows 10, 11 en equipos sobremesa y portátiles.</li></ul>", "es_ES": "<ul data-oe-version=\\"1.2\\"><li>Montaje y Mantenimiento de equipos para nivel profesional y usuario</li><li>Instalación de sistemas operativos como Windows 10, 11 en equipos sobremesa y portátiles.</li></ul>"}	2026-04-28 08:22:27.283081	2026-04-28 08:37:22.191284
24	7	1	22	6	classic	2018-06-01	2018-09-06	{"en_US": "Iriparo", "es_ES": "Iriparo"}	{"en_US": "<ul data-oe-version=\\"1.2\\"><li>Mantenimiento de dispositivos electrónicos.</li><li>Configuración de sistemas operativo de la red local.</li><li>Atención al cliente para soluciones de problemas informáticos.</li></ul>", "es_ES": "<ul data-oe-version=\\"1.2\\"><li>Mantenimiento de dispositivos electrónicos.</li><li>Configuración de sistemas operativo de la red local.</li><li>Atención al cliente para soluciones de problemas informáticos.</li></ul>"}	2026-04-28 08:17:26.55765	2026-05-05 11:18:32.121298
26	7	1	22	6	classic	2019-06-03	2019-09-06	{"en_US": "Uniplay", "es_ES": "Uniplay"}	{"en_US": "<ul data-oe-version=\\"1.2\\"><li>Mantenimiento, mejora y ajuste de dispositivos.</li><li>Configuración técnica del sistema operativo acordados entre la compañía y el cliente&nbsp;</li></ul>", "es_ES": "<ul data-oe-version=\\"1.2\\"><li>Mantenimiento, mejora y ajuste de dispositivos.</li><li>Configuración técnica del sistema operativo acordados entre la compañía y el cliente&nbsp;</li></ul>"}	2026-04-28 08:18:05.829526	2026-05-05 11:18:32.121298
6	7	1	2	22	classic	2026-04-14	\N	{"en_US": "RELSUM HEREDEROS SL.", "es_ES": "RELSUM HEREDEROS SL."}	{"en_US": "", "es_ES": ""}	2026-04-14 08:35:17.688443	2026-04-28 08:25:36.367363
37	10	1	8	8	classic	2025-09-09	2025-10-07	{"en_US": "Fundación Altius", "es_ES": "Fundación Altius"}	{"en_US": "<ul data-oe-version=\\"1.2\\"><li>Montaje y Mantenimiento de equipos de oficina y aulas.</li><li>Intervención de seguridad de redes locales para una auditoria de certificación de Seguridad Informática para la empresa.</li><li>Instalación de sistemas operativos como Windows 10, 11, Ubuntu Server, Kali Linux y virtualización.</li><li>Uso de base de datos de la comunidad de Madrid</li></ul>", "es_ES": "<ul data-oe-version=\\"1.2\\"><li>Montaje y Mantenimiento de equipos de oficina y aulas.</li><li>Intervención de seguridad de redes locales para una auditoria de certificación de Seguridad Informática para la empresa.</li><li>Instalación de sistemas operativos como Windows 10, 11, Ubuntu Server, Kali Linux y virtualización.</li><li>Uso de base de datos de la comunidad de Madrid</li></ul>"}	2026-04-28 08:27:18.135791	2026-04-28 08:37:22.191284
119	21	5	6	6	classic	2012-06-05	\N	{"en_US": "Fútbol", "es_ES": "Fútbol"}	\N	2026-05-05 11:28:10.58366	2026-05-05 11:28:10.58366
121	30	1	8	11	classic	2026-04-01	\N	{"en_US": "RELSUM HEREDEROS SL.", "es_ES": "RELSUM HEREDEROS SL."}	{"en_US": "", "es_ES": ""}	2026-05-08 07:18:12.834659	2026-05-12 07:40:58.070396
41	23	1	6	6	classic	2026-05-04	\N	{"en_US": "RELSUM HEREDEROS SL.", "es_ES": "RELSUM HEREDEROS SL."}	{"en_US": "", "es_ES": ""}	2026-05-04 08:39:33.148109	2026-05-04 08:39:33.148109
49	28	1	6	6	classic	2026-05-04	\N	{"en_US": "RELSUM HEREDEROS SL.", "es_ES": "RELSUM HEREDEROS SL."}	{"en_US": "", "es_ES": ""}	2026-05-04 10:22:32.755767	2026-05-04 10:22:32.755767
63	23	2	6	6	classic	2025-09-11	\N	{"en_US": "Sistemas Microinformáticos y Redes", "es_ES": "Sistemas Microinformáticos y Redes"}	{"en_US": "<div data-oe-version=\\"1.2\\"><strong>Grado Medio</strong></div><ul><li>Dominio avanzado de las herramientas del paquete Office.</li><li>Experiencia práctica en mantenimiento, diagnóstico y sustitución de componentes de hardware.</li><li>Capacidad para instalar y configurar sistemas operativos.</li><li>Conocimientos en redes de área local y fundamentos de programación.</li></ul>", "es_ES": "<div data-oe-version=\\"1.2\\"><strong>Grado Medio</strong></div><ul><li>Dominio avanzado de las herramientas del paquete Office.</li><li>Experiencia práctica en mantenimiento, diagnóstico y sustitución de componentes de hardware.</li><li>Capacidad para instalar y configurar sistemas operativos.</li><li>Conocimientos en redes de área local y fundamentos de programación.</li></ul>"}	2026-05-05 08:26:04.967632	2026-05-05 10:07:35.164876
64	23	4	6	6	classic	2025-01-28	2026-05-05	{"en_US": "Configuración de servidor VPS", "es_ES": "Configuración de servidor VPS"}	{"en_US": "<div data-oe-version=\\"1.2\\">Configuración un servidor VPS implica elegir un plan, acceder vía SSH, actualizar el sistema, crear un usuario no-root seguro, configurar claves SSH y establecer un firewall.</div>", "es_ES": "<div data-oe-version=\\"1.2\\">Configuración un servidor VPS implica elegir un plan, acceder vía SSH, actualizar el sistema, crear un usuario no-root seguro, configurar claves SSH y establecer un firewall.</div>"}	2026-05-05 08:36:48.284198	2026-05-05 08:36:48.284198
65	23	4	6	6	classic	2026-04-07	2026-05-05	{"en_US": "Gibhub volcado con ralwey para base de datos", "es_ES": "Gibhub volcado con ralwey para base de datos"}	\N	2026-05-05 08:38:13.407195	2026-05-05 08:38:13.407195
66	23	5	6	6	classic	2015-09-08	2017-06-27	{"en_US": "Fútbol sala", "es_ES": "Fútbol sala"}	\N	2026-05-05 08:48:12.510916	2026-05-05 08:48:12.510916
68	12	4	6	6	classic	2025-10-26	\N	{"en_US": "Experto en sistemas operativos", "es_ES": "Experto en sistemas operativos"}	{"en_US": "<div data-oe-version=\\"1.2\\"><br></div>", "es_ES": "<div data-oe-version=\\"1.2\\"><br></div>"}	2026-05-05 08:56:40.93349	2026-05-05 08:56:40.93349
71	13	4	6	6	classic	2024-02-16	2025-08-21	{"en_US": "Reparación de equipos", "es_ES": "Reparación de equipos"}	{"en_US": "<div data-oe-version=\\"1.2\\">Reparación de equipos de sobremesa a compañeros y un negocio.</div>", "es_ES": "<div data-oe-version=\\"1.2\\">Reparación de equipos de sobremesa a compañeros y un negocio.</div>"}	2026-05-05 09:03:55.976086	2026-05-05 09:03:55.976086
72	13	4	6	6	classic	2026-04-15	\N	{"en_US": "OBS", "es_ES": "OBS"}	\N	2026-05-05 09:05:52.475837	2026-05-05 09:05:52.475837
73	13	5	6	6	classic	2022-06-09	2023-05-16	{"en_US": "Ecuavóley", "es_ES": "Ecuavóley"}	\N	2026-05-05 09:06:58.153461	2026-05-05 09:08:29.144146
75	11	5	6	6	classic	2017-07-15	\N	{"en_US": "Fútbol", "es_ES": "Fútbol"}	\N	2026-05-05 09:15:10.421226	2026-05-05 09:15:10.421226
76	11	4	6	6	classic	2025-12-13	\N	{"en_US": "Creación de máquinas virtual", "es_ES": "Creación de máquinas virtual"}	\N	2026-05-05 09:16:16.169974	2026-05-05 09:16:16.169974
77	12	5	6	6	classic	2021-06-26	2021-07-09	{"en_US": "Campamento inmersivo", "es_ES": "Campamento inmersivo"}	\N	2026-05-05 09:20:29.432393	2026-05-05 09:20:29.432393
120	29	1	6	23	classic	2026-05-08	\N	{"en_US": "RELSUM HEREDEROS SL.", "es_ES": "RELSUM HEREDEROS SL."}	{"en_US": "<p data-oe-version=\\"1.2\\">Sistemas</p>", "es_ES": "<p data-oe-version=\\"1.2\\">Sistemas</p>"}	2026-05-08 07:16:00.938903	2026-05-12 07:23:07.081336
79	4	4	6	6	classic	2026-02-10	\N	{"en_US": "Instalación de Linux", "es_ES": "Instalación de Linux"}	{"en_US": "<div data-oe-version=\\"1.2\\">Invierto el tiempo en la instalación de aplicaciones y personalización del escritorio.</div>", "es_ES": "<div data-oe-version=\\"1.2\\">Invierto el tiempo en la instalación de aplicaciones y personalización del escritorio.</div>"}	2026-05-05 09:26:56.546856	2026-05-05 09:26:56.546856
80	4	5	6	6	classic	2025-11-13	\N	{"en_US": "Profesor de niños", "es_ES": "Profesor de niños"}	{"en_US": "<div data-oe-version=\\"1.2\\"><br></div>", "es_ES": "<div data-oe-version=\\"1.2\\"><br></div>"}	2026-05-05 09:31:19.603375	2026-05-05 09:31:19.603375
78	4	2	6	6	classic	2025-09-11	\N	{"en_US": "Sistemas Microinformáticos y Redes Locales", "es_ES": "Sistemas Microinformáticos y Redes Locales"}	{"en_US": "<div data-oe-version=\\"1.2\\"><strong>Grado Medio</strong></div><ul><li>Nivel avanzado en el uso del paquete Office.</li><li>Destreza en el mantenimiento, reparación e intercambio de componentes informáticos.</li><li>Experiencia en la implantación y configuración de sistemas operativos.</li><li>Familiaridad con redes LAN y conceptos elementales de programación.</li></ul>", "es_ES": "<div data-oe-version=\\"1.2\\"><strong>Grado Medio</strong></div><ul><li>Nivel avanzado en el uso del paquete Office.</li><li>Destreza en el mantenimiento, reparación e intercambio de componentes informáticos.</li><li>Experiencia en la implantación y configuración de sistemas operativos.</li><li>Familiaridad con redes LAN y conceptos elementales de programación.</li></ul>"}	2026-05-05 09:21:48.940836	2026-05-05 10:08:06.286016
122	29	2	23	23	classic	2025-09-11	\N	{"en_US": "Administrador de Sistemas Microinformáticos y Redes"}	{"en_US": "<div data-oe-version=\\"1.2\\"><strong>Grado Medio</strong></div><ul><li><strong>Administración de servidores Linux</strong> — Configuración y mantenimiento de servidores Debian 12, gestión de servicios, permisos y usuarios en entornos reales.</li><li><strong>Despliegue de aplicaciones web en servidor</strong> — Instalación y configuración de Apache2 con SSL/TLS, virtualización de hosts y redirección HTTPS.</li><li><strong>Gestión de bases de datos con PostgreSQL</strong> — Creación, consulta y backup de bases de datos relacionales; exportación de datos con pg_dump y psycopg2.</li><li><strong>Scripting en Python</strong> — Automatización de tareas, manejo de librerías externas y acceso programático a bases de datos (curso CCNA Python)</li><li><strong>Redes y subnetting</strong> — Diseño de topologías de red, cálculo de subredes, direccionamiento IP y configuración de routers en Cisco Packet Tracer.</li><li><strong>Configuración de ERP/software empresarial</strong> — Despliegue y configuración de Odoo (módulos de Ventas, Compras) y OpenProject sobre infraestructura propia.</li><li><strong>Virtualización y gestión de sistemas operativos</strong> — Instalación y administración de sistemas Linux en entornos de producción y pruebas, incluyendo Arch Linux como daily driver.</li><li><strong>Seguridad y auditoría básica de redes</strong> — Fundamentos de Kali Linux / Kali Purple orientados a auditoría de stacks de servidor propios.</li><li><strong>Control de versiones y entornos de desarrollo</strong> — Manejo de herramientas CLI, gestión de paquetes (pip, yay, pacman) y flujos de trabajo en entornos Unix.</li></ul>"}	2026-05-12 07:31:06.908842	2026-05-12 07:31:06.908842
70	13	2	6	6	classic	2025-09-11	\N	{"en_US": "Sistemas Microinformáticos y Redes", "es_ES": "Sistemas Microinformáticos y Redes"}	{"en_US": "<div data-oe-version=\\"1.2\\"><strong>Grado Medio</strong></div><ul><li>Usuario avanzado del paquete Office.</li><li>Capacidad para mantener, reparar y reemplazar componentes de hardware en equipos informáticos.</li><li>Habilidad para desplegar y configurar sistemas operativos.</li><li>Conocimientos básicos de redes y fundamentos de programación.</li></ul>", "es_ES": "<div data-oe-version=\\"1.2\\"><strong>Grado Medio</strong></div><ul><li>Usuario avanzado del paquete Office.</li><li>Capacidad para mantener, reparar y reemplazar componentes de hardware en equipos informáticos.</li><li>Habilidad para desplegar y configurar sistemas operativos.</li><li>Conocimientos básicos de redes y fundamentos de programación.</li></ul>"}	2026-05-05 08:59:54.275284	2026-05-05 10:06:59.445704
74	11	2	6	6	classic	2025-09-11	\N	{"en_US": "Sistemas Microinformáticos y Redes", "es_ES": "Sistemas Microinformáticos y Redes"}	{"en_US": "<div data-oe-version=\\"1.2\\"><strong>Grado Medio</strong></div><ul><li>Amplio dominio de las aplicaciones incluidas en el paquete Office.</li><li>Sólida experiencia en labores de mantenimiento y reparación de equipos, así como en la sustitución de piezas y componentes.</li><li>Competencia en la instalación y puesta en marcha de sistemas operativos.</li><li>Base sólida en redes de área local y principios de programación.</li></ul>", "es_ES": "<div data-oe-version=\\"1.2\\"><strong>Grado Medio</strong></div><ul><li>Amplio dominio de las aplicaciones incluidas en el paquete Office.</li><li>Sólida experiencia en labores de mantenimiento y reparación de equipos, así como en la sustitución de piezas y componentes.</li><li>Competencia en la instalación y puesta en marcha de sistemas operativos.</li><li>Base sólida en redes de área local y principios de programación.</li></ul>"}	2026-05-05 09:09:33.185722	2026-05-05 10:07:45.215589
123	30	1	11	11	classic	2025-09-08	\N	{"en_US": "Grado Medio en Sistemas Microinformáticos y Redes", "es_ES": "Grado Medio en Sistemas Microinformáticos y Redes"}	\N	2026-05-12 07:40:58.070396	2026-05-12 07:42:51.441639
124	29	4	23	23	classic	2024-11-11	\N	{"en_US": "Edición de video"}	{"en_US": "<div data-oe-version=\\"1.2\\">Experiencia en&nbsp;aplicaciones como:<br><strong>- After Effects, DaVinci Resolve, Alight Motion, Adobe Illustrator, etc.</strong></div>"}	2026-05-12 07:47:07.064156	2026-05-12 07:47:07.064156
125	29	4	23	23	classic	2025-11-11	\N	{"en_US": "Customización y ricing de Linux"}	{"en_US": "<div data-oe-version=\\"1.2\\">Arch + Hyprland + theming con Caelestia/Quickshell</div>"}	2026-05-12 07:48:38.650127	2026-05-12 07:48:38.650127
83	10	5	6	6	classic	2020-02-19	\N	{"en_US": "Banda músical", "es_ES": "Banda músical"}	\N	2026-05-05 09:37:14.814471	2026-05-05 09:37:14.814471
82	10	4	6	6	classic	2021-06-16	\N	{"en_US": "Mantenimiento de equipos y redes locales", "es_ES": "Mantenimiento de equipos y redes locales"}	\N	2026-05-05 09:35:08.433005	2026-05-05 09:37:14.814471
84	10	5	6	6	classic	2020-12-08	2025-07-06	{"en_US": "Equipo de producción", "es_ES": "Equipo de producción"}	\N	2026-05-05 09:38:00.43098	2026-05-05 09:38:00.43098
60	3	2	6	6	classic	2025-09-11	\N	{"en_US": "Sistemas Microinformáticos y Redes", "es_ES": "Sistemas Microinformáticos y Redes"}	{"en_US": "<div data-oe-version=\\"1.2\\"><strong>Grado Medio</strong></div><ul><li>Manejo avanzado de las aplicaciones del paquete Office.</li><li>Experiencia en mantenimiento, reparación y sustitución de componentes informáticos.</li><li>Instalación y configuración de sistemas operativos.</li><li>Conocimientos en redes de área local.</li><li>Conocimientos básicos de&nbsp;fundamentos de programación.</li></ul>", "es_ES": "<div data-oe-version=\\"1.2\\"><strong>Grado Medio</strong></div><ul><li>Manejo avanzado de las aplicaciones del paquete Office.</li><li>Experiencia en mantenimiento, reparación y sustitución de componentes informáticos.</li><li>Instalación y configuración de sistemas operativos.</li><li>Conocimientos en redes de área local.</li><li>Conocimientos básicos de&nbsp;fundamentos de programación.</li></ul>"}	2026-05-04 11:47:00.584065	2026-05-05 09:40:33.434634
81	19	2	6	6	classic	2025-09-11	\N	{"en_US": "Sistemas Microinformáticos y Redes", "es_ES": "Sistemas Microinformáticos y Redes"}	{"en_US": "<ul data-oe-version=\\"1.2\\"><li>Dominio a nivel avanzado de las herramientas ofimáticas del paquete Office.</li><li>Aptitud demostrada en tareas de mantenimiento, resolución de averías y reemplazo de componentes en equipos informáticos.</li><li>Capacitación en la instalación y ajuste de sistemas operativos.</li><li>Conocimiento de infraestructuras de red local y nociones fundamentales de desarrollo de software.</li></ul>", "es_ES": "<ul data-oe-version=\\"1.2\\"><li>Dominio a nivel avanzado de las herramientas ofimáticas del paquete Office.</li><li>Aptitud demostrada en tareas de mantenimiento, resolución de averías y reemplazo de componentes en equipos informáticos.</li><li>Capacitación en la instalación y ajuste de sistemas operativos.</li><li>Conocimiento de infraestructuras de red local y nociones fundamentales de desarrollo de software.</li></ul>"}	2026-05-05 09:33:06.796879	2026-05-05 09:40:55.608515
86	5	4	6	6	classic	2025-06-19	\N	{"en_US": "Reparación/mejoras de equipos", "es_ES": "Reparación/mejoras de equipos"}	{"en_US": "<div data-oe-version=\\"1.2\\">Busco mejoras para que el equipo funciones lo mejor posible y que dure lo máximo posible.</div>", "es_ES": "<div data-oe-version=\\"1.2\\">Busco mejoras para que el equipo funciones lo mejor posible y que dure lo máximo posible.</div>"}	2026-05-05 09:43:46.6457	2026-05-05 09:43:46.6457
87	5	5	6	6	classic	2025-11-12	2025-11-30	{"en_US": "Competencias digitales", "es_ES": "Competencias digitales"}	{"en_US": "<div data-oe-version=\\"1.2\\">Manejo básico de herramientas informáticas y plataformas digitales, capacidad para buscar y gestionar información en internet.</div>", "es_ES": "<div data-oe-version=\\"1.2\\">Manejo básico de herramientas informáticas y plataformas digitales, capacidad para buscar y gestionar información en internet.</div>"}	2026-05-05 09:58:35.131214	2026-05-05 09:58:35.131214
88	3	4	6	6	classic	2026-01-23	\N	{"en_US": "Creación de máquinas virtuales", "es_ES": "Creación de máquinas virtuales"}	{"en_US": "<div data-oe-version=\\"1.2\\">Voy probando sistemas operativos para ver cual funciona mejor.</div>", "es_ES": "<div data-oe-version=\\"1.2\\">Voy probando sistemas operativos para ver cual funciona mejor.</div>"}	2026-05-05 10:01:36.859147	2026-05-05 10:01:36.859147
89	3	5	6	6	classic	2024-08-29	\N	{"en_US": "Fútbol sala", "es_ES": "Fútbol sala"}	\N	2026-05-05 10:02:56.168681	2026-05-05 10:02:56.168681
67	12	2	6	6	classic	2025-09-11	\N	{"en_US": "Sistemas Microinformáticos y Redes", "es_ES": "Sistemas Microinformáticos y Redes"}	{"en_US": "<div data-oe-version=\\"1.2\\"><strong>Grado Medio</strong></div><ul><li>Manejo avanzado del paquete Office (Word, Excel, PowerPoint, etc.).</li><li>Experiencia en el mantenimiento preventivo y correctivo de equipos informáticos, incluyendo la reparación y sustitución de componentes.</li><li>Instalación y configuración de sistemas operativos en entornos de escritorio.</li><li>Nociones de redes de área local&nbsp;y bases de programación.</li></ul>", "es_ES": "<div data-oe-version=\\"1.2\\"><strong>Grado Medio</strong></div><ul><li>Manejo avanzado del paquete Office (Word, Excel, PowerPoint, etc.).</li><li>Experiencia en el mantenimiento preventivo y correctivo de equipos informáticos, incluyendo la reparación y sustitución de componentes.</li><li>Instalación y configuración de sistemas operativos en entornos de escritorio.</li><li>Nociones de redes de área local&nbsp;y bases de programación.</li></ul>"}	2026-05-05 08:51:43.13941	2026-05-05 10:08:17.899284
85	5	2	6	6	classic	2025-09-11	\N	{"en_US": "Sistemas Microinformáticos y Redes", "es_ES": "Sistemas Microinformáticos y Redes"}	{"en_US": "<div data-oe-version=\\"1.2\\"><strong>Grado Medio</strong></div><ul><li>Sé manejar bien los programas de Office en el día a día.</li><li>Tengo experiencia arreglando, manteniendo y cambiando piezas de ordenadores.</li><li>Sé instalar sistemas operativos sin problema.</li><li>Tengo conocimientos sobre cómo funcionan las redes locales.</li><li>Conozco los conceptos básicos de programación.</li></ul>", "es_ES": "<div data-oe-version=\\"1.2\\"><strong>Grado Medio</strong></div><ul><li>Sé manejar bien los programas de Office en el día a día.</li><li>Tengo experiencia arreglando, manteniendo y cambiando piezas de ordenadores.</li><li>Sé instalar sistemas operativos sin problema.</li><li>Tengo conocimientos sobre cómo funcionan las redes locales.</li><li>Conozco los conceptos básicos de programación.</li></ul>"}	2026-05-05 09:41:51.435264	2026-05-05 10:09:49.692264
91	17	4	6	6	classic	2025-11-29	\N	{"en_US": "Configura de equipos packet tracer", "es_ES": "Configura de equipos packet tracer"}	{"en_US": "<div data-oe-version=\\"1.2\\">Configuración de Switches y Router.</div>", "es_ES": "<div data-oe-version=\\"1.2\\">Configuración de Switches y Router.</div>"}	2026-05-05 10:14:55.782065	2026-05-05 10:14:55.782065
90	17	2	6	6	classic	2025-09-11	\N	{"en_US": "Sistemas Microinformáticos y Redes", "es_ES": "Sistemas Microinformáticos y Redes"}	{"en_US": "<div data-oe-version=\\"1.2\\"><strong>Grado Medio</strong></div><ul><li>Me desenvuelvo bien con los programas de Office.</li><li>Sé cómo mantener y reparar ordenadores, así como cambiar sus componentes.</li><li>Puedo instalar y configurar sistemas operativos.</li><li>Entiendo cómo funcionan las redes locales.</li><li>Tengo una base en programación.</li></ul>", "es_ES": "<div data-oe-version=\\"1.2\\"><strong>Grado Medio</strong></div><ul><li>Me desenvuelvo bien con los programas de Office.</li><li>Sé cómo mantener y reparar ordenadores, así como cambiar sus componentes.</li><li>Puedo instalar y configurar sistemas operativos.</li><li>Entiendo cómo funcionan las redes locales.</li><li>Tengo una base en programación.</li></ul>"}	2026-05-05 10:10:58.220149	2026-05-05 10:14:55.782065
92	17	5	6	6	classic	2018-09-13	2019-07-18	{"en_US": "Fútbol", "es_ES": "Fútbol"}	\N	2026-05-05 10:16:10.963977	2026-05-05 10:16:10.963977
126	29	4	23	23	classic	2026-01-18	\N	{"en_US": "Desarrollo de interfaces web"}	{"en_US": "<div data-oe-version=\\"1.2\\">Desarrollo de <strong>interfaces web (HTML y CSS)&nbsp;</strong>sencillas.</div>"}	2026-05-12 07:53:22.304268	2026-05-12 08:09:02.311915
95	14	2	6	6	classic	2025-09-11	\N	{"en_US": "Sistemas Microinformáticos y Redes", "es_ES": "Sistemas Microinformáticos y Redes"}	{"en_US": "<div data-oe-version=\\"1.2\\"><strong>Grado Medio</strong></div><ul><li>Manejo bien las herramientas de Office.</li><li>Sé mantener, reparar y cambiar componentes de ordenadores.</li><li>Instalo y configuro sistemas operativos sin problema.</li><li>Tengo buenos conocimientos de redes locales.</li><li>Tengo una base sólida en programación.</li></ul>", "es_ES": "<div data-oe-version=\\"1.2\\"><strong>Grado Medio</strong></div><ul><li>Manejo bien las herramientas de Office.</li><li>Sé mantener, reparar y cambiar componentes de ordenadores.</li><li>Instalo y configuro sistemas operativos sin problema.</li><li>Tengo buenos conocimientos de redes locales.</li><li>Tengo una base sólida en programación.</li></ul>"}	2026-05-05 10:27:25.270497	2026-05-05 10:31:59.172086
97	14	4	6	6	classic	2023-04-20	\N	{"en_US": "Reparación de equipos", "es_ES": "Reparación de equipos"}	\N	2026-05-05 10:31:59.172086	2026-05-05 10:31:59.172086
98	14	5	6	6	classic	2012-07-21	2020-06-25	{"en_US": "Fútbol", "es_ES": "Fútbol"}	\N	2026-05-05 10:33:44.371373	2026-05-05 10:33:44.371373
99	16	2	6	6	classic	2025-09-11	\N	{"en_US": "Sistemas Microinformáticos y Redes", "es_ES": "Sistemas Microinformáticos y Redes"}	{"en_US": "<div data-oe-version=\\"1.2\\"><strong>Grado Medio</strong></div><ul><li>Me defiendo muy bien con Office.</li><li>Sé cómo cuidar y reparar ordenadores, incluido el cambio de piezas.</li><li>No tengo problema instalando sistemas operativos.</li><li>Conozco bien el funcionamiento de las redes locales.</li><li>Tengo una buena base de programación.</li></ul>", "es_ES": "<div data-oe-version=\\"1.2\\"><strong>Grado Medio</strong></div><ul><li>Me defiendo muy bien con Office.</li><li>Sé cómo cuidar y reparar ordenadores, incluido el cambio de piezas.</li><li>No tengo problema instalando sistemas operativos.</li><li>Conozco bien el funcionamiento de las redes locales.</li><li>Tengo una buena base de programación.</li></ul>"}	2026-05-05 10:34:53.698309	2026-05-05 10:34:53.698309
100	16	4	6	6	classic	2024-05-15	\N	{"en_US": "Reparación de equipos", "es_ES": "Reparación de equipos"}	\N	2026-05-05 10:37:26.247396	2026-05-05 10:37:26.247396
101	16	5	6	6	classic	2014-06-19	\N	{"en_US": "Balonmano", "es_ES": "Balonmano"}	\N	2026-05-05 10:38:10.029382	2026-05-05 10:38:10.029382
103	6	4	6	6	classic	2023-09-20	\N	{"en_US": "Placas arduino", "es_ES": "Placas arduino"}	{"en_US": "<div data-oe-version=\\"1.2\\">Creo circuitos y soldar componentes.</div>", "es_ES": "<div data-oe-version=\\"1.2\\">Creo circuitos y soldar componentes.</div>"}	2026-05-05 10:43:03.575844	2026-05-05 10:43:03.575844
104	6	5	6	6	classic	2020-09-15	\N	{"en_US": "Pádel", "es_ES": "Pádel"}	\N	2026-05-05 10:43:42.227281	2026-05-05 10:43:42.227281
102	6	2	6	6	classic	2025-09-11	\N	{"en_US": "Sistemas Microinformáticos y Redes", "es_ES": "Sistemas Microinformáticos y Redes"}	{"en_US": "<div data-oe-version=\\"1.2\\"><strong>Grado Medio</strong></div><ul><li>Domino el paquete Office a nivel profesional.</li><li>Tengo experiencia en el mantenimiento y reparación de equipos, así como en el cambio de componentes.</li><li>Instalo sistemas operativos con facilidad.</li><li>Conozco el mundo de las redes locales.</li><li>Me he formado en los fundamentos de la programación.</li></ul>", "es_ES": "<div data-oe-version=\\"1.2\\"><strong>Grado Medio</strong></div><ul><li>Domino el paquete Office a nivel profesional.</li><li>Tengo experiencia en el mantenimiento y reparación de equipos, así como en el cambio de componentes.</li><li>Instalo sistemas operativos con facilidad.</li><li>Conozco el mundo de las redes locales.</li><li>Me he formado en los fundamentos de la programación.</li></ul>"}	2026-05-05 10:39:11.933169	2026-05-05 10:43:42.227281
105	28	2	6	6	classic	2025-09-11	\N	{"en_US": "Sistemas Microinformáticos y Redes", "es_ES": "Sistemas Microinformáticos y Redes"}	{"en_US": "<div data-oe-version=\\"1.2\\"><strong>Grado Medio</strong></div><ul><li>Me manejo bien con Office en el día a día.</li><li>He arreglado ordenadores y cambiado piezas cuando ha hecho falta.</li><li>Sé instalar sistemas operativos.</li><li>Tengo conocimientos de redes locales.</li><li>Sé cómo funciona la programación a nivel básico.</li></ul>", "es_ES": "<div data-oe-version=\\"1.2\\"><strong>Grado Medio</strong></div><ul><li>Me manejo bien con Office en el día a día.</li><li>He arreglado ordenadores y cambiado piezas cuando ha hecho falta.</li><li>Sé instalar sistemas operativos.</li><li>Tengo conocimientos de redes locales.</li><li>Sé cómo funciona la programación a nivel básico.</li></ul>"}	2026-05-05 10:45:12.32178	2026-05-05 10:45:12.32178
106	28	4	6	6	classic	2026-01-14	\N	{"en_US": "Configuración en packet tracer", "es_ES": "Configuración en packet tracer"}	{"en_US": "<div data-oe-version=\\"1.2\\">Hago redes de prueba que están mal y voy solucionando los problemas.</div>", "es_ES": "<div data-oe-version=\\"1.2\\">Hago redes de prueba que están mal y voy solucionando los problemas.</div>"}	2026-05-05 10:49:18.05806	2026-05-05 10:49:18.05806
107	28	5	6	6	classic	2025-01-15	\N	{"en_US": "Pádel", "es_ES": "Pádel"}	\N	2026-05-05 10:50:03.926856	2026-05-05 10:50:03.926856
108	15	2	6	6	classic	2025-09-11	\N	{"en_US": "Sistemas Microinformáticos y Redes", "es_ES": "Sistemas Microinformáticos y Redes"}	{"en_US": "<div data-oe-version=\\"1.2\\"><strong>Grado Medio</strong></div><ul><li>Uso Office con soltura en el trabajo.</li><li>He mantenido y reparado ordenadores, cambiando lo que haga falta.</li><li>Instalo sistemas operativos sin ningún problema.</li><li>Me defiendo con las redes locales.</li><li>Tengo nociones de programación.</li></ul>", "es_ES": "<div data-oe-version=\\"1.2\\"><strong>Grado Medio</strong></div><ul><li>Uso Office con soltura en el trabajo.</li><li>He mantenido y reparado ordenadores, cambiando lo que haga falta.</li><li>Instalo sistemas operativos sin ningún problema.</li><li>Me defiendo con las redes locales.</li><li>Tengo nociones de programación.</li></ul>"}	2026-05-05 10:52:11.822427	2026-05-05 10:52:11.822427
109	15	4	6	6	classic	2026-01-14	\N	{"en_US": "Reparación de equipos", "es_ES": "Reparación de equipos"}	\N	2026-05-05 10:52:56.248829	2026-05-05 10:52:56.248829
110	15	5	6	6	classic	2019-06-13	\N	{"en_US": "Fútbol sala", "es_ES": "Fútbol sala"}	\N	2026-05-05 10:53:41.520437	2026-05-05 10:53:41.520437
112	19	4	6	6	classic	2022-06-24	\N	{"en_US": "Edición de vídeos y imagen", "es_ES": "Edición de vídeos y imagen"}	\N	2026-05-05 11:00:31.491951	2026-05-05 11:00:31.491951
113	19	4	6	6	classic	2022-02-18	\N	{"en_US": "Diseño de videojuegos", "es_ES": "Diseño de videojuegos"}	{"en_US": "<div data-oe-version=\\"1.2\\">Tengo experiencia en el diseño de niveles de Doom y creación de sprites.</div>", "es_ES": "<div data-oe-version=\\"1.2\\">Tengo experiencia en el diseño de niveles de Doom y creación de sprites.</div>"}	2026-05-05 11:01:49.508081	2026-05-05 11:01:49.508081
114	7	2	6	6	classic	2025-09-11	\N	{"en_US": "Sistemas Microinformáticos y Redes", "es_ES": "Sistemas Microinformáticos y Redes"}	{"en_US": "<div data-oe-version=\\"1.2\\"><strong>Grado Medio&nbsp;</strong></div><ul><li>Manejo Office a nivel avanzado.</li><li>Tengo experiencia manteniendo, reparando y cambiando piezas de ordenadores.</li><li>Instalo y configuro sistemas operativos en diferentes equipos.</li><li>Conozco cómo funcionan las redes locales.</li><li>Entiendo los fundamentos de la programación.</li></ul>", "es_ES": "<div data-oe-version=\\"1.2\\"><strong>Grado Medio&nbsp;</strong></div><ul><li>Manejo Office a nivel avanzado.</li><li>Tengo experiencia manteniendo, reparando y cambiando piezas de ordenadores.</li><li>Instalo y configuro sistemas operativos en diferentes equipos.</li><li>Conozco cómo funcionan las redes locales.</li><li>Entiendo los fundamentos de la programación.</li></ul>"}	2026-05-05 11:06:19.927174	2026-05-05 11:06:19.927174
21	7	2	22	6	classic	2017-09-13	2019-06-21	{"en_US": "Informática y Telecomunicaciones", "es_ES": "Informática y Telecomunicaciones"}	{"en_US": "<div data-oe-version=\\"1.2\\"><strong>Curso&nbsp;</strong></div><ul><li><strong>Montaje y mantenimiento de equipos</strong></li><li><strong>Instalación y mantenimiento de redes de comunicación</strong><br></li><li><strong>&nbsp;Manejo y uso de los principales programas informáticos</strong></li><li><strong> Soporte técnico a usuarios y resolución de problemas informáticos</strong></li><li><strong>Configuración y gestión de redes locales e internet</strong><br></li></ul>", "es_ES": "<div data-oe-version=\\"1.2\\"><strong>Curso&nbsp;</strong></div><ul><li><strong>Montaje y mantenimiento de equipos</strong></li><li><strong>Instalación y mantenimiento de redes de comunicación</strong><br></li><li><strong>&nbsp;Manejo y uso de los principales programas informáticos</strong></li><li><strong> Soporte técnico a usuarios y resolución de problemas informáticos</strong></li><li><strong>Configuración y gestión de redes locales e internet</strong><br></li></ul>"}	2026-04-28 08:13:38.06698	2026-05-05 11:11:41.114978
115	7	4	6	6	classic	2019-05-15	\N	{"en_US": "Creación de máquinas virtuales", "es_ES": "Creación de máquinas virtuales"}	\N	2026-05-05 11:18:32.121298	2026-05-05 11:18:32.121298
116	7	5	6	6	classic	2014-06-03	2016-06-19	{"en_US": "Baloncesto", "es_ES": "Baloncesto"}	\N	2026-05-05 11:21:23.053583	2026-05-05 11:21:23.053583
117	21	2	6	6	classic	2025-09-11	\N	{"en_US": "Sistemas Microinformáticos y Redes", "es_ES": "Sistemas Microinformáticos y Redes"}	{"en_US": "<div data-oe-version=\\"1.2\\"><strong>Grado Medio</strong></div><ul><li>Manejo avanzado de Office.</li><li>Experiencia manteniendo, reparando y cambiando piezas de ordenadores.</li><li>Instalación y configuración de sistemas operativos.</li><li>Conocimientos de redes locales.</li><li>Base en fundamentos de programación.</li></ul>", "es_ES": "<div data-oe-version=\\"1.2\\"><strong>Grado Medio</strong></div><ul><li>Manejo avanzado de Office.</li><li>Experiencia manteniendo, reparando y cambiando piezas de ordenadores.</li><li>Instalación y configuración de sistemas operativos.</li><li>Conocimientos de redes locales.</li><li>Base en fundamentos de programación.</li></ul>"}	2026-05-05 11:24:02.851506	2026-05-05 11:24:02.851506
118	21	4	6	6	classic	2026-04-15	\N	{"en_US": "Reparación de equipos", "es_ES": "Reparación de equipos"}	\N	2026-05-05 11:27:24.467187	2026-05-05 11:27:24.467187
\.


--
