-- Data for Name: sale_order_line_invoice_rel; Type: TABLE DATA; Schema: public; Owner: odoo
--

COPY public.sale_order_line_invoice_rel (invoice_line_id, order_line_id) FROM stdin;
\.


--
-- Data for Name: sale_order_line_product_document_rel; Type: TABLE DATA; Schema: public; Owner: odoo
--

COPY public.sale_order_line_product_document_rel (sale_order_line_id, product_document_id) FROM stdin;
\.


--
-- Data for Name: sale_order_mass_cancel_wizard_rel; Type: TABLE DATA; Schema: public; Owner: odoo
--

COPY public.sale_order_mass_cancel_wizard_rel (sale_mass_cancel_orders_id, sale_order_id) FROM stdin;
\.


--
-- Data for Name: sale_order_option; Type: TABLE DATA; Schema: public; Owner: odoo
--

COPY public.sale_order_option (id, order_id, product_id, line_id, sequence, uom_id, create_uid, write_uid, name, quantity, price_unit, discount, create_date, write_date) FROM stdin;
\.


--
-- Data for Name: sale_order_tag_rel; Type: TABLE DATA; Schema: public; Owner: odoo
--

COPY public.sale_order_tag_rel (order_id, tag_id) FROM stdin;
\.


--
-- Data for Name: sale_order_template; Type: TABLE DATA; Schema: public; Owner: odoo
--

COPY public.sale_order_template (id, company_id, sequence, mail_template_id, number_of_days, create_uid, write_uid, name, note, journal_id, active, require_signature, require_payment, create_date, write_date, prepayment_percent) FROM stdin;
\.


--
-- Data for Name: sale_order_template_line; Type: TABLE DATA; Schema: public; Owner: odoo
--

COPY public.sale_order_template_line (id, sale_order_template_id, sequence, company_id, product_id, product_uom_id, create_uid, write_uid, display_type, name, product_uom_qty, create_date, write_date) FROM stdin;
\.


--
-- Data for Name: sale_order_template_option; Type: TABLE DATA; Schema: public; Owner: odoo
--

COPY public.sale_order_template_option (id, sale_order_template_id, company_id, product_id, uom_id, create_uid, write_uid, name, quantity, create_date, write_date) FROM stdin;
\.


--
-- Data for Name: sale_order_transaction_rel; Type: TABLE DATA; Schema: public; Owner: odoo
--

COPY public.sale_order_transaction_rel (transaction_id, sale_order_id) FROM stdin;
\.


--
-- Data for Name: sale_payment_provider_onboarding_wizard; Type: TABLE DATA; Schema: public; Owner: odoo
--

COPY public.sale_payment_provider_onboarding_wizard (id, create_uid, write_uid, payment_method, paypal_email_account, manual_name, journal_name, acc_number, manual_post_msg, create_date, write_date) FROM stdin;
\.


--
-- Data for Name: sale_pdf_form_field; Type: TABLE DATA; Schema: public; Owner: odoo
--

COPY public.sale_pdf_form_field (id, create_uid, write_uid, name, document_type, path, create_date, write_date) FROM stdin;
1	1	1	amount_total	quotation_document	amount_total	2026-04-08 08:35:06.530911	2026-04-08 08:35:06.530911
2	1	1	amount_untaxed	quotation_document	amount_untaxed	2026-04-08 08:35:06.530911	2026-04-08 08:35:06.530911
3	1	1	client_order_ref	quotation_document	client_order_ref	2026-04-08 08:35:06.530911	2026-04-08 08:35:06.530911
4	1	1	delivery_date	quotation_document	commitment_date	2026-04-08 08:35:06.530911	2026-04-08 08:35:06.530911
5	1	1	order_date	quotation_document	date_order	2026-04-08 08:35:06.530911	2026-04-08 08:35:06.530911
6	1	1	name	quotation_document	name	2026-04-08 08:35:06.530911	2026-04-08 08:35:06.530911
7	1	1	partner_id__name	quotation_document	partner_id.name	2026-04-08 08:35:06.530911	2026-04-08 08:35:06.530911
8	1	1	user_id__email	quotation_document	user_id.login	2026-04-08 08:35:06.530911	2026-04-08 08:35:06.530911
9	1	1	user_id__name	quotation_document	user_id.name	2026-04-08 08:35:06.530911	2026-04-08 08:35:06.530911
10	1	1	validity_date	quotation_document	validity_date	2026-04-08 08:35:06.530911	2026-04-08 08:35:06.530911
11	1	1	amount_total	product_document	order_id.amount_total	2026-04-08 08:35:06.530911	2026-04-08 08:35:06.530911
12	1	1	amount_untaxed	product_document	order_id.amount_untaxed	2026-04-08 08:35:06.530911	2026-04-08 08:35:06.530911
13	1	1	client_order_ref	product_document	order_id.client_order_ref	2026-04-08 08:35:06.530911	2026-04-08 08:35:06.530911
14	1	1	delivery_date	product_document	order_id.commitment_date	2026-04-08 08:35:06.530911	2026-04-08 08:35:06.530911
15	1	1	description	product_document	name	2026-04-08 08:35:06.530911	2026-04-08 08:35:06.530911
16	1	1	discount	product_document	discount	2026-04-08 08:35:06.530911	2026-04-08 08:35:06.530911
17	1	1	name	product_document	order_id.name	2026-04-08 08:35:06.530911	2026-04-08 08:35:06.530911
18	1	1	partner_id__name	product_document	order_partner_id.name	2026-04-08 08:35:06.530911	2026-04-08 08:35:06.530911
19	1	1	price_unit	product_document	price_unit	2026-04-08 08:35:06.530911	2026-04-08 08:35:06.530911
20	1	1	product_sale_price	product_document	product_id.lst_price	2026-04-08 08:35:06.530911	2026-04-08 08:35:06.530911
21	1	1	quantity	product_document	product_uom_qty	2026-04-08 08:35:06.530911	2026-04-08 08:35:06.530911
22	1	1	tax_excl_price	product_document	price_subtotal	2026-04-08 08:35:06.530911	2026-04-08 08:35:06.530911
23	1	1	tax_incl_price	product_document	price_total	2026-04-08 08:35:06.530911	2026-04-08 08:35:06.530911
24	1	1	taxes	product_document	tax_id	2026-04-08 08:35:06.530911	2026-04-08 08:35:06.530911
25	1	1	uom	product_document	product_uom.name	2026-04-08 08:35:06.530911	2026-04-08 08:35:06.530911
26	1	1	user_id__name	product_document	salesman_id.name	2026-04-08 08:35:06.530911	2026-04-08 08:35:06.530911
27	1	1	validity_date	product_document	order_id.validity_date	2026-04-08 08:35:06.530911	2026-04-08 08:35:06.530911
\.


--
-- Data for Name: scheduled_message_attachment_rel; Type: TABLE DATA; Schema: public; Owner: odoo
--

COPY public.scheduled_message_attachment_rel (scheduled_message_id, attachment_id) FROM stdin;
\.


--
-- Data for Name: sms_account_code; Type: TABLE DATA; Schema: public; Owner: odoo
--

COPY public.sms_account_code (id, account_id, create_uid, write_uid, verification_code, create_date, write_date) FROM stdin;
\.


--
-- Data for Name: sms_account_phone; Type: TABLE DATA; Schema: public; Owner: odoo
--

COPY public.sms_account_phone (id, account_id, create_uid, write_uid, phone_number, create_date, write_date) FROM stdin;
\.


--
-- Data for Name: sms_account_sender; Type: TABLE DATA; Schema: public; Owner: odoo
--

COPY public.sms_account_sender (id, account_id, create_uid, write_uid, sender_name, create_date, write_date) FROM stdin;
\.


--
-- Data for Name: sms_composer; Type: TABLE DATA; Schema: public; Owner: odoo
--

COPY public.sms_composer (id, res_id, template_id, create_uid, write_uid, composition_mode, res_model, res_ids, recipient_single_number_itf, number_field_name, numbers, body, mass_keep_log, mass_force_send, mass_use_blacklist, create_date, write_date) FROM stdin;
\.


--
-- Data for Name: sms_resend; Type: TABLE DATA; Schema: public; Owner: odoo
--

COPY public.sms_resend (id, mail_message_id, create_uid, write_uid, create_date, write_date) FROM stdin;
\.


--
-- Data for Name: sms_resend_recipient; Type: TABLE DATA; Schema: public; Owner: odoo
--

COPY public.sms_resend_recipient (id, sms_resend_id, notification_id, create_uid, write_uid, partner_name, sms_number, resend, create_date, write_date) FROM stdin;
\.


--
-- Data for Name: sms_sms; Type: TABLE DATA; Schema: public; Owner: odoo
--

COPY public.sms_sms (id, partner_id, mail_message_id, create_uid, write_uid, uuid, number, state, failure_type, body, to_delete, create_date, write_date) FROM stdin;
\.


--
-- Data for Name: sms_template; Type: TABLE DATA; Schema: public; Owner: odoo
--

COPY public.sms_template (id, model_id, sidebar_action_id, create_uid, write_uid, template_fs, lang, model, name, body, create_date, write_date) FROM stdin;
1	632	\N	1	1	calendar_sms/data/sms_data.xml	\N	calendar.event	{"en_US": "Calendar Event: Reminder", "es_ES": "Evento del calendario: recordatorio", "pt_PT": "Lembrete do Evento do Calendário"}	{"en_US": "Event reminder: {{ object.name }}, {{ object.get_display_time_tz(object.partner_id.tz) }}", "es_ES": "Recordatorio de evento: {{ object.name }}, {{ object.get_display_time_tz(object.partner_id.tz) }}", "pt_PT": "Lembrete do evento: {{ object.name }}, {{ object.get_display_time_tz(object.partner_id.tz) }}"}	2026-04-08 08:38:56.871515	2026-04-08 08:38:56.871515
2	672	\N	1	1	stock_sms/data/sms_data.xml	\N	stock.picking	{"en_US": "Delivery: Send by SMS Text Message", "es_ES": "Entrega: Enviar por mensaje de texto SMS", "pt_PT": "Entrega: enviar por mensagem de texto SMS"}	{"en_US": "\\n                {{ (object.company_id.name + ': We are glad to inform you that your order n° ' + object.origin + ' has been shipped.' if object.origin else object.company_id.name + ': We are glad to inform you that your order has been shipped.') + (' Your tracking reference is ' + (object.carrier_tracking_ref) + '.' if hasattr(object, 'carrier_tracking_ref') and object.carrier_tracking_ref else '') }}\\n            ", "es_ES": "\\n                {{ (object.company_id.name + ': Nos alegra informarle que su orden con el número ' + object.origin + ' ha sido enviada.' if object.origin else object.company_id.name + ': Nos alegra informarle que su orden ha sido enviada.') + (' Su referencia de rastreo es ' + (object.carrier_tracking_ref) + '.' if hasattr(object, 'carrier_tracking_ref') and object.carrier_tracking_ref else '') }}\\n            ", "pt_PT": "\\n                {{ (object.company_id.name + ': Temos o prazer de informar que o seu pedido n° ' + object.origin + ' foi enviado.' if object.origin else object.company_id.name + ': Temos o prazer de informar que o seu pedido foi enviado.') + (' O seu código de rastreamento é ' + (object.carrier_tracking_ref) + '.' if hasattr(object, 'carrier_tracking_ref') and object.carrier_tracking_ref else '') }}\\n            "}	2026-04-08 08:46:15.876097	2026-04-08 08:46:15.876097
\.


--
-- Data for Name: sms_template_preview; Type: TABLE DATA; Schema: public; Owner: odoo
--

COPY public.sms_template_preview (id, sms_template_id, create_uid, write_uid, lang, resource_ref, create_date, write_date) FROM stdin;
\.


--
-- Data for Name: sms_template_reset; Type: TABLE DATA; Schema: public; Owner: odoo
--

COPY public.sms_template_reset (id, create_uid, write_uid, create_date, write_date) FROM stdin;
\.


--
-- Data for Name: sms_template_sms_template_reset_rel; Type: TABLE DATA; Schema: public; Owner: odoo
--

COPY public.sms_template_sms_template_reset_rel (sms_template_reset_id, sms_template_id) FROM stdin;
\.


--
-- Data for Name: sms_tracker; Type: TABLE DATA; Schema: public; Owner: odoo
--

COPY public.sms_tracker (id, mail_notification_id, create_uid, write_uid, sms_uuid, create_date, write_date) FROM stdin;
\.


--
-- Data for Name: snailmail_letter; Type: TABLE DATA; Schema: public; Owner: odoo
--

COPY public.snailmail_letter (id, user_id, res_id, partner_id, company_id, report_template, attachment_id, message_id, state_id, country_id, create_uid, write_uid, model, state, error_code, street, street2, zip, city, info_msg, color, cover, duplex, create_date, write_date) FROM stdin;
\.


--
-- Data for Name: snailmail_letter_format_error; Type: TABLE DATA; Schema: public; Owner: odoo
--

COPY public.snailmail_letter_format_error (id, message_id, create_uid, write_uid, snailmail_cover, create_date, write_date) FROM stdin;
\.


--
-- Data for Name: snailmail_letter_missing_required_fields; Type: TABLE DATA; Schema: public; Owner: odoo
--

COPY public.snailmail_letter_missing_required_fields (id, partner_id, letter_id, state_id, country_id, create_uid, write_uid, street, street2, zip, city, create_date, write_date) FROM stdin;
\.


--
-- Data for Name: spreadsheet_dashboard; Type: TABLE DATA; Schema: public; Owner: odoo
--

COPY public.spreadsheet_dashboard (id, dashboard_group_id, sequence, company_id, create_uid, write_uid, sample_dashboard_file_path, name, is_published, create_date, write_date) FROM stdin;
1	1	20	\N	1	1	spreadsheet_dashboard_account/data/files/invoicing_sample_dashboard.json	{"en_US": "Invoicing", "es_ES": "Facturación", "pt_PT": "Faturação"}	t	2026-04-08 08:34:55.779674	2026-04-08 08:34:55.779674
2	2	100	\N	1	1	spreadsheet_dashboard_sale/data/files/sales_sample_dashboard.json	{"en_US": "Sales", "es_ES": "Ventas", "pt_PT": "Vendas"}	t	2026-04-08 08:35:06.354452	2026-04-08 08:35:06.354452
3	2	200	\N	1	1	spreadsheet_dashboard_sale/data/files/product_sample_dashboard.json	{"en_US": "Product", "es_ES": "Producto", "pt_PT": "Artigo"}	t	2026-04-08 08:35:06.354452	2026-04-08 08:35:06.354452
4	6	300	\N	1	1	spreadsheet_dashboard_stock_account/data/files/warehouse_metrics_sample_dashboard.json	{"en_US": "Warehouse Metrics", "es_ES": "Métricas del almacén", "pt_PT": "Métricas de armazém"}	t	2026-04-08 08:46:16.817419	2026-04-08 08:46:16.817419
5	5	100	\N	1	1	\N	{"en_US": "Project", "es_ES": "Proyecto", "pt_PT": "Projeto"}	t	2026-05-18 09:28:48.063914	2026-05-18 09:28:48.063914
6	5	200	\N	1	1	spreadsheet_dashboard_sale_timesheet/data/files/timesheet_sample_dashboard.json	{"en_US": "Timesheets", "es_ES": "Partes de horas", "pt_PT": "Folhas de Horas"}	t	2026-05-18 09:28:50.214687	2026-05-18 09:28:50.214687
\.


--
-- Data for Name: spreadsheet_dashboard_group; Type: TABLE DATA; Schema: public; Owner: odoo
--

COPY public.spreadsheet_dashboard_group (id, sequence, create_uid, write_uid, name, create_date, write_date) FROM stdin;
1	300	1	1	{"en_US": "Finance", "es_ES": "Finanzas", "pt_PT": "Finanças"}	2026-04-08 08:34:52.241103	2026-04-08 08:34:52.241103
2	100	1	1	{"en_US": "Sales", "es_ES": "Ventas", "pt_PT": "Vendas"}	2026-04-08 08:34:52.241103	2026-04-08 08:34:52.241103
3	800	1	1	{"en_US": "Human Resources", "es_ES": "Recursos Humanos", "pt_PT": "Recursos Humanos"}	2026-04-08 08:34:52.241103	2026-04-08 08:34:52.241103
4	700	1	1	{"en_US": "Website", "es_ES": "Sitio web", "pt_PT": "Website"}	2026-04-08 08:34:52.241103	2026-04-08 08:34:52.241103
5	500	1	1	{"en_US": "Services", "es_ES": "Servicios", "pt_PT": "Serviços"}	2026-04-08 08:34:52.241103	2026-04-08 08:34:52.241103
6	400	1	1	{"en_US": "Logistics", "es_ES": "Logística", "pt_PT": "Logística"}	2026-04-08 08:34:52.241103	2026-04-08 08:34:52.241103
7	600	1	1	{"en_US": "Marketing", "es_ES": "Marketing", "pt_PT": "Marketing"}	2026-04-08 08:34:52.241103	2026-04-08 08:34:52.241103
\.


--
-- Data for Name: spreadsheet_dashboard_share; Type: TABLE DATA; Schema: public; Owner: odoo
--

COPY public.spreadsheet_dashboard_share (id, dashboard_id, create_uid, write_uid, access_token, create_date, write_date) FROM stdin;
\.


--
-- Data for Name: stock_backorder_confirmation; Type: TABLE DATA; Schema: public; Owner: odoo
--

COPY public.stock_backorder_confirmation (id, create_uid, write_uid, show_transfers, create_date, write_date) FROM stdin;
\.


--
-- Data for Name: stock_backorder_confirmation_line; Type: TABLE DATA; Schema: public; Owner: odoo
--

COPY public.stock_backorder_confirmation_line (id, backorder_confirmation_id, picking_id, create_uid, write_uid, to_backorder, create_date, write_date) FROM stdin;
\.


--
-- Data for Name: stock_change_product_qty; Type: TABLE DATA; Schema: public; Owner: odoo
--

COPY public.stock_change_product_qty (id, product_id, product_tmpl_id, create_uid, write_uid, new_quantity, create_date, write_date) FROM stdin;
\.


--
-- Data for Name: stock_conflict_quant_rel; Type: TABLE DATA; Schema: public; Owner: odoo
--

COPY public.stock_conflict_quant_rel (stock_inventory_conflict_id, stock_quant_id) FROM stdin;
\.


--
-- Data for Name: stock_inventory_adjustment_name; Type: TABLE DATA; Schema: public; Owner: odoo
--

COPY public.stock_inventory_adjustment_name (id, create_uid, write_uid, inventory_adjustment_name, create_date, write_date) FROM stdin;
\.


--
-- Data for Name: stock_inventory_adjustment_name_stock_quant_rel; Type: TABLE DATA; Schema: public; Owner: odoo
--

COPY public.stock_inventory_adjustment_name_stock_quant_rel (stock_inventory_adjustment_name_id, stock_quant_id) FROM stdin;
\.


--
-- Data for Name: stock_inventory_conflict; Type: TABLE DATA; Schema: public; Owner: odoo
--

COPY public.stock_inventory_conflict (id, create_uid, write_uid, create_date, write_date) FROM stdin;
\.


--
-- Data for Name: stock_inventory_conflict_stock_quant_rel; Type: TABLE DATA; Schema: public; Owner: odoo
--

COPY public.stock_inventory_conflict_stock_quant_rel (stock_inventory_conflict_id, stock_quant_id) FROM stdin;
\.


--
-- Data for Name: stock_inventory_warning; Type: TABLE DATA; Schema: public; Owner: odoo
--

COPY public.stock_inventory_warning (id, create_uid, write_uid, create_date, write_date) FROM stdin;
\.


--
-- Data for Name: stock_inventory_warning_stock_quant_rel; Type: TABLE DATA; Schema: public; Owner: odoo
--

COPY public.stock_inventory_warning_stock_quant_rel (stock_inventory_warning_id, stock_quant_id) FROM stdin;
\.


--
-- Data for Name: stock_location; Type: TABLE DATA; Schema: public; Owner: odoo
--

COPY public.stock_location (id, location_id, posx, posy, posz, company_id, removal_strategy_id, cyclic_inventory_frequency, warehouse_id, storage_category_id, create_uid, write_uid, name, complete_name, usage, parent_path, barcode, last_inventory_date, next_inventory_date, comment, active, scrap_location, replenish_location, create_date, write_date, valuation_in_account_id, valuation_out_account_id) FROM stdin;
1	\N	0	0	0	\N	\N	0	\N	\N	1	1	Physical Locations	Physical Locations	view	1/	\N	\N	\N	\N	t	f	f	2026-04-08 08:46:08.412603	2026-04-08 08:46:08.412603	\N	\N
2	\N	0	0	1	\N	\N	0	\N	\N	1	1	Partners	Partners	view	2/	\N	\N	\N	\N	t	f	f	2026-04-08 08:46:08.412603	2026-04-08 08:46:08.412603	\N	\N
3	\N	0	0	1	\N	\N	0	\N	\N	1	1	Virtual Locations	Virtual Locations	view	3/	\N	\N	\N	\N	t	f	f	2026-04-08 08:46:08.412603	2026-04-08 08:46:08.412603	\N	\N
4	2	0	0	0	\N	\N	0	\N	\N	1	1	Vendors	Partners/Vendors	supplier	2/4/	\N	\N	\N	\N	t	f	f	2026-04-08 08:46:08.412603	2026-04-08 08:46:08.412603	\N	\N
5	2	0	0	0	\N	\N	0	\N	\N	1	1	Customers	Partners/Customers	customer	2/5/	\N	\N	\N	\N	t	f	f	2026-04-08 08:46:08.412603	2026-04-08 08:46:08.412603	\N	\N
6	3	0	0	0	\N	\N	0	\N	\N	1	1	Inter-company transit	Virtual Locations/Inter-company transit	transit	3/6/	\N	\N	\N	\N	f	f	f	2026-04-08 08:46:08.412603	2026-04-08 08:46:08.412603	\N	\N
9	7	0	0	0	1	\N	0	1	\N	1	1	Entrada	WH/Entrada	internal	1/7/9/	WHINPUT	\N	\N	\N	f	f	\N	2026-04-08 08:46:08.412603	2026-04-08 08:46:08.412603	\N	\N
10	7	0	0	0	1	\N	0	1	\N	1	1	Control de calidad	WH/Control de calidad	internal	1/7/10/	WHQUALITY	\N	\N	\N	f	f	\N	2026-04-08 08:46:08.412603	2026-04-08 08:46:08.412603	\N	\N
11	7	0	0	0	1	\N	0	1	\N	1	1	Salida	WH/Salida	internal	1/7/11/	WHOUTPUT	\N	\N	\N	f	f	\N	2026-04-08 08:46:08.412603	2026-04-08 08:46:08.412603	\N	\N
12	7	0	0	0	1	\N	0	1	\N	1	1	Zona de empaquetado	WH/Zona de empaquetado	internal	1/7/12/	WHPACKING	\N	\N	\N	f	f	\N	2026-04-08 08:46:08.412603	2026-04-08 08:46:08.412603	\N	\N
7	1	0	0	0	1	\N	0	1	\N	1	1	WH	WH	view	1/7/	\N	\N	\N	\N	t	f	f	2026-04-08 08:46:08.412603	2026-04-08 08:46:08.412603	\N	\N
8	7	0	0	0	1	\N	0	1	\N	1	1	Stock	WH/Stock	internal	1/7/8/	WHSTOCK	\N	\N	\N	t	f	t	2026-04-08 08:46:08.412603	2026-04-08 08:46:08.412603	\N	\N
13	1	0	0	0	1	\N	0	\N	\N	1	1	Tránsito entre almacenes	Physical Locations/Tránsito entre almacenes	transit	1/13/	\N	\N	\N	\N	f	f	f	2026-04-08 08:46:08.412603	2026-04-08 08:46:08.412603	\N	\N
14	3	0	0	0	1	\N	0	\N	\N	1	1	Inventory adjustment	Virtual Locations/Inventory adjustment	inventory	3/14/	\N	\N	\N	\N	t	f	f	2026-04-08 08:46:08.412603	2026-04-08 08:46:08.412603	\N	\N
15	3	0	0	0	1	\N	0	\N	\N	1	1	Production	Virtual Locations/Production	production	3/15/	\N	\N	\N	\N	t	f	f	2026-04-08 08:46:08.412603	2026-04-08 08:46:08.412603	\N	\N
16	3	0	0	0	1	\N	0	\N	\N	1	1	Scrap	Virtual Locations/Scrap	inventory	3/16/	\N	\N	\N	\N	t	t	f	2026-04-08 08:46:08.412603	2026-04-08 08:46:08.412603	\N	\N
17	7	0	0	0	1	\N	0	1	\N	1	1	Preproducción	WH/Preproducción	internal	1/7/17/	WHPREPRODUCTION	\N	\N	\N	f	f	\N	2026-04-08 09:11:55.219689	2026-04-08 09:11:55.219689	\N	\N
18	7	0	0	0	1	\N	0	1	\N	1	1	Posproducción	WH/Posproducción	internal	1/7/18/	WHPOSTPRODUCTION	\N	\N	\N	f	f	\N	2026-04-08 09:11:55.219689	2026-04-08 09:11:55.219689	\N	\N
\.


--
-- Data for Name: stock_lot; Type: TABLE DATA; Schema: public; Owner: odoo
--

COPY public.stock_lot (id, product_id, product_uom_id, company_id, location_id, create_uid, write_uid, name, ref, lot_properties, note, create_date, write_date, standard_price) FROM stdin;
\.


--
-- Data for Name: stock_move; Type: TABLE DATA; Schema: public; Owner: odoo
--

COPY public.stock_move (id, sequence, company_id, product_id, product_uom, location_id, location_dest_id, location_final_id, partner_id, picking_id, scrap_id, group_id, rule_id, picking_type_id, origin_returned_move_id, restrict_partner_id, warehouse_id, package_level_id, next_serial_count, orderpoint_id, product_packaging_id, create_uid, write_uid, name, priority, state, origin, procure_method, reference, next_serial, reservation_date, description_picking, product_qty, product_uom_qty, quantity, picked, scrapped, propagate_cancel, is_inventory, additional, date, date_deadline, delay_alert_date, create_date, write_date, price_unit, to_refund, sale_line_id, repair_id, repair_line_type, purchase_line_id) FROM stdin;
\.


--
-- Data for Name: stock_move_created_purchase_line_rel; Type: TABLE DATA; Schema: public; Owner: odoo
--

COPY public.stock_move_created_purchase_line_rel (created_purchase_line_id, move_id) FROM stdin;
\.


--
-- Data for Name: stock_move_line; Type: TABLE DATA; Schema: public; Owner: odoo
--

COPY public.stock_move_line (id, picking_id, move_id, company_id, product_id, product_uom_id, package_id, package_level_id, lot_id, result_package_id, owner_id, location_id, location_dest_id, create_uid, write_uid, lot_name, state, reference, description_picking, quantity, quantity_product_uom, picked, date, create_date, write_date) FROM stdin;
\.


--
-- Data for Name: stock_move_line_consume_rel; Type: TABLE DATA; Schema: public; Owner: odoo
--

COPY public.stock_move_line_consume_rel (consume_line_id, produce_line_id) FROM stdin;
\.


--
-- Data for Name: stock_move_move_rel; Type: TABLE DATA; Schema: public; Owner: odoo
--

COPY public.stock_move_move_rel (move_orig_id, move_dest_id) FROM stdin;
\.


--
-- Data for Name: stock_orderpoint_snooze; Type: TABLE DATA; Schema: public; Owner: odoo
--

COPY public.stock_orderpoint_snooze (id, create_uid, write_uid, predefined_date, snoozed_until, create_date, write_date) FROM stdin;
\.


--
-- Data for Name: stock_orderpoint_snooze_stock_warehouse_orderpoint_rel; Type: TABLE DATA; Schema: public; Owner: odoo
--

COPY public.stock_orderpoint_snooze_stock_warehouse_orderpoint_rel (stock_orderpoint_snooze_id, stock_warehouse_orderpoint_id) FROM stdin;
\.


--
-- Data for Name: stock_package_destination; Type: TABLE DATA; Schema: public; Owner: odoo
--

COPY public.stock_package_destination (id, picking_id, location_dest_id, create_uid, write_uid, create_date, write_date) FROM stdin;
\.


--
-- Data for Name: stock_package_level; Type: TABLE DATA; Schema: public; Owner: odoo
--

COPY public.stock_package_level (id, package_id, picking_id, location_dest_id, company_id, create_uid, write_uid, create_date, write_date) FROM stdin;
\.


--
-- Data for Name: stock_package_type; Type: TABLE DATA; Schema: public; Owner: odoo
--

COPY public.stock_package_type (id, sequence, company_id, create_uid, write_uid, name, barcode, create_date, write_date, height, width, packaging_length, base_weight, max_weight) FROM stdin;
\.


--
-- Data for Name: stock_package_type_stock_putaway_rule_rel; Type: TABLE DATA; Schema: public; Owner: odoo
--

COPY public.stock_package_type_stock_putaway_rule_rel (stock_putaway_rule_id, stock_package_type_id) FROM stdin;
\.


--
-- Data for Name: stock_picking; Type: TABLE DATA; Schema: public; Owner: odoo
--

COPY public.stock_picking (id, backorder_id, return_id, group_id, location_id, location_dest_id, picking_type_id, partner_id, company_id, user_id, owner_id, create_uid, write_uid, name, origin, move_type, state, priority, picking_properties, note, has_deadline_issue, printed, is_locked, scheduled_date, date_deadline, date, date_done, create_date, write_date, project_id, sale_id, repair_order_id, tipo_albaran, legacy_reference, no_invoice) FROM stdin;
2262	\N	\N	\N	4	8	1	\N	1	19	\N	19	2	WH/IN/01145	\N	direct	draft	0	\N	\N	f	\N	t	2026-05-07 11:01:12	\N	2026-05-07 11:01:12	\N	2026-05-07 11:01:11.673339	2026-05-20 09:00:37.457931	\N	\N	\N	repair	\N	f
1961	\N	\N	\N	4	8	1	\N	1	19	\N	19	19	WH/IN/00844	\N	direct	draft	0	\N	\N	f	\N	t	2026-05-07 11:01:12	\N	2026-05-07 11:01:12	\N	2026-05-07 11:01:11.673339	2026-05-07 11:02:02.489667	\N	\N	\N	repair	\N	\N
1962	\N	\N	\N	4	8	1	\N	1	19	\N	19	19	WH/IN/00845	\N	direct	draft	0	\N	\N	f	\N	t	2026-05-07 11:01:12	\N	2026-05-07 11:01:12	\N	2026-05-07 11:01:11.673339	2026-05-07 11:02:02.489667	\N	\N	\N	repair	\N	\N
1963	\N	\N	\N	4	8	1	\N	1	19	\N	19	19	WH/IN/00846	\N	direct	draft	0	\N	\N	f	\N	t	2026-05-07 11:01:12	\N	2026-05-07 11:01:12	\N	2026-05-07 11:01:11.673339	2026-05-07 11:02:02.489667	\N	\N	\N	repair	\N	\N
3843	\N	\N	\N	8	5	2	3170	1	2	\N	2	2	WH/OUT/02843	SC250226/3 / OT-6374	direct	draft	0	\N	<p>Factura: 260060 | Ppto: Ppto 063-2026 | Marca: Suministro Resistencia Caldeo PE734E2</p>	f	\N	t	2026-03-23 23:00:00	\N	2026-05-08 09:01:52	\N	2026-05-08 09:01:50.704468	2026-05-08 09:01:50.704468	\N	\N	\N	repair	\N	\N
3844	\N	\N	\N	8	5	2	3170	1	2	\N	2	2	WH/OUT/02844	SC200126/1 / OT-6374	direct	draft	0	\N	<p>Factura: 260059 | Ppto: Ppto 025-2026 | Marca: STAMFORD | Tipo: PE734E2 | NS: C19E190179</p>	f	\N	t	2026-03-23 23:00:00	\N	2026-05-08 09:01:52	\N	2026-05-08 09:01:50.704468	2026-05-08 09:01:50.704468	\N	\N	\N	repair	\N	\N
3845	\N	\N	\N	8	5	2	3170	1	2	\N	2	2	WH/OUT/02845	SC031225/3	direct	draft	0	\N	<p>Factura: 260058 | Ppto: Ppto 185-2025</p>	f	\N	t	2026-03-23 23:00:00	\N	2026-05-08 09:01:52	\N	2026-05-08 09:01:50.704468	2026-05-08 09:01:50.704468	\N	\N	\N	repair	\N	\N
3846	\N	\N	\N	8	5	2	2817	1	2	\N	2	2	WH/OUT/02846	108051 / OT-6415	direct	draft	0	\N	<p>Ppto: Ppto 089-2026 | Marca: Caterpillar | Tipo: SR5 | NS: G1E01761</p>	f	\N	t	2026-03-23 23:00:00	\N	2026-05-08 09:01:52	\N	2026-05-08 09:01:50.704468	2026-05-08 09:01:50.704468	\N	\N	\N	repair	\N	\N
3847	\N	\N	\N	8	5	2	3022	1	2	\N	2	2	WH/OUT/02847	17167-9411 / OT-6427	direct	draft	0	\N	<p>Factura: 260057 | Ppto: Ppto 072-2026 | Marca: Suministro Current Transformer PN 76011572</p>	f	\N	t	2026-03-26 23:00:00	\N	2026-05-08 09:01:52	\N	2026-05-08 09:01:50.704468	2026-05-08 09:01:50.704468	\N	\N	\N	repair	\N	\N
3848	\N	\N	\N	8	5	2	2871	1	2	\N	2	2	WH/OUT/02848	4516526671 / OT-6416	direct	draft	0	\N	<p>Factura: 260071 | Ppto: Ppto 091-2026 | Marca: Atlas Copco | Tipo: ACA315F/546 | NS: F31F2507826</p>	f	\N	t	2026-04-05 22:00:00	\N	2026-05-08 09:01:52	\N	2026-05-08 09:01:50.704468	2026-05-08 09:01:50.704468	\N	\N	\N	repair	\N	\N
3850	\N	\N	\N	8	5	2	3158	1	2	\N	2	2	WH/OUT/02850	\N	direct	draft	0	\N	<p>Factura: 260072</p>	f	\N	t	2026-04-14 22:00:00	\N	2026-05-08 09:01:52	\N	2026-05-08 09:01:50.704468	2026-05-08 09:01:50.704468	\N	\N	\N	repair	\N	\N
3851	\N	\N	\N	8	5	2	2817	1	2	\N	2	2	WH/OUT/02851	OT-6421	direct	draft	0	\N	\N	f	\N	t	2026-04-15 22:00:00	\N	2026-05-08 09:01:52	\N	2026-05-08 09:01:50.704468	2026-05-08 09:01:50.704468	\N	\N	\N	repair	\N	\N
3852	\N	\N	\N	8	5	2	2921	1	2	\N	2	2	WH/OUT/02852	OT-6403	direct	draft	0	\N	<p>Factura: 260073</p>	f	\N	t	2026-04-19 22:00:00	\N	2026-05-08 09:01:52	\N	2026-05-08 09:01:50.704468	2026-05-08 09:01:50.704468	\N	\N	\N	repair	\N	\N
3853	\N	\N	\N	8	5	2	2908	1	2	\N	2	2	WH/OUT/02853	OT-6437	direct	draft	0	\N	\N	f	\N	t	2026-04-19 22:00:00	\N	2026-05-08 09:01:52	\N	2026-05-08 09:01:50.704468	2026-05-08 09:01:50.704468	\N	\N	\N	repair	\N	\N
1964	\N	\N	\N	4	8	1	\N	1	19	\N	19	19	WH/IN/00847	\N	direct	draft	0	\N	\N	f	\N	t	2026-05-07 11:01:12	\N	2026-05-07 11:01:12	\N	2026-05-07 11:01:11.673339	2026-05-07 11:02:02.489667	\N	\N	\N	repair	\N	\N
1965	\N	\N	\N	4	8	1	\N	1	19	\N	19	19	WH/IN/00848	\N	direct	draft	0	\N	\N	f	\N	t	2026-05-07 11:01:12	\N	2026-05-07 11:01:12	\N	2026-05-07 11:01:11.673339	2026-05-07 11:02:02.489667	\N	\N	\N	repair	\N	\N
1966	\N	\N	\N	4	8	1	\N	1	19	\N	19	19	WH/IN/00849	\N	direct	draft	0	\N	\N	f	\N	t	2026-05-07 11:01:12	\N	2026-05-07 11:01:12	\N	2026-05-07 11:01:11.673339	2026-05-07 11:02:02.489667	\N	\N	\N	repair	\N	\N
1967	\N	\N	\N	4	8	1	\N	1	19	\N	19	19	WH/IN/00850	\N	direct	draft	0	\N	\N	f	\N	t	2026-05-07 11:01:12	\N	2026-05-07 11:01:12	\N	2026-05-07 11:01:11.673339	2026-05-07 11:02:02.489667	\N	\N	\N	repair	\N	\N
1968	\N	\N	\N	4	8	1	\N	1	19	\N	19	19	WH/IN/00851	\N	direct	draft	0	\N	\N	f	\N	t	2026-05-07 11:01:12	\N	2026-05-07 11:01:12	\N	2026-05-07 11:01:11.673339	2026-05-07 11:02:02.489667	\N	\N	\N	repair	\N	\N
1969	\N	\N	\N	4	8	1	\N	1	19	\N	19	19	WH/IN/00852	\N	direct	draft	0	\N	\N	f	\N	t	2026-05-07 11:01:12	\N	2026-05-07 11:01:12	\N	2026-05-07 11:01:11.673339	2026-05-07 11:02:02.489667	\N	\N	\N	repair	\N	\N
1970	\N	\N	\N	4	8	1	\N	1	19	\N	19	19	WH/IN/00853	\N	direct	draft	0	\N	\N	f	\N	t	2026-05-07 11:01:12	\N	2026-05-07 11:01:12	\N	2026-05-07 11:01:11.673339	2026-05-07 11:02:02.489667	\N	\N	\N	repair	\N	\N
1971	\N	\N	\N	4	8	1	\N	1	19	\N	19	19	WH/IN/00854	\N	direct	draft	0	\N	\N	f	\N	t	2026-05-07 11:01:12	\N	2026-05-07 11:01:12	\N	2026-05-07 11:01:11.673339	2026-05-07 11:02:02.489667	\N	\N	\N	repair	\N	\N
1972	\N	\N	\N	4	8	1	\N	1	19	\N	19	19	WH/IN/00855	\N	direct	draft	0	\N	\N	f	\N	t	2026-05-07 11:01:12	\N	2026-05-07 11:01:12	\N	2026-05-07 11:01:11.673339	2026-05-07 11:02:02.489667	\N	\N	\N	repair	\N	\N
1973	\N	\N	\N	4	8	1	\N	1	19	\N	19	19	WH/IN/00856	\N	direct	draft	0	\N	\N	f	\N	t	2026-05-07 11:01:12	\N	2026-05-07 11:01:12	\N	2026-05-07 11:01:11.673339	2026-05-07 11:02:02.489667	\N	\N	\N	repair	\N	\N
987	\N	\N	\N	4	8	1	\N	1	13	\N	13	13	WH/IN/00004	\N	direct	draft	0	\N	\N	f	\N	t	2026-05-07 09:18:13	\N	2026-05-07 09:18:28	\N	2026-05-07 09:18:28.948152	2026-05-07 09:18:28.948152	\N	\N	\N	repair	\N	\N
1974	\N	\N	\N	4	8	1	\N	1	19	\N	19	19	WH/IN/00857	\N	direct	draft	0	\N	\N	f	\N	t	2026-05-07 11:01:12	\N	2026-05-07 11:01:12	\N	2026-05-07 11:01:11.673339	2026-05-07 11:02:02.489667	\N	\N	\N	repair	\N	\N
1975	\N	\N	\N	4	8	1	\N	1	19	\N	19	19	WH/IN/00858	\N	direct	draft	0	\N	\N	f	\N	t	2026-05-07 11:01:12	\N	2026-05-07 11:01:12	\N	2026-05-07 11:01:11.673339	2026-05-07 11:02:02.489667	\N	\N	\N	repair	\N	\N
1976	\N	\N	\N	4	8	1	\N	1	19	\N	19	19	WH/IN/00859	\N	direct	draft	0	\N	\N	f	\N	t	2026-05-07 11:01:12	\N	2026-05-07 11:01:12	\N	2026-05-07 11:01:11.673339	2026-05-07 11:02:02.489667	\N	\N	\N	repair	\N	\N
1977	\N	\N	\N	4	8	1	\N	1	19	\N	19	19	WH/IN/00860	\N	direct	draft	0	\N	\N	f	\N	t	2026-05-07 11:01:12	\N	2026-05-07 11:01:12	\N	2026-05-07 11:01:11.673339	2026-05-07 11:02:02.489667	\N	\N	\N	repair	\N	\N
1978	\N	\N	\N	4	8	1	\N	1	19	\N	19	19	WH/IN/00861	\N	direct	draft	0	\N	\N	f	\N	t	2026-05-07 11:01:12	\N	2026-05-07 11:01:12	\N	2026-05-07 11:01:11.673339	2026-05-07 11:02:02.489667	\N	\N	\N	repair	\N	\N
1979	\N	\N	\N	4	8	1	\N	1	19	\N	19	19	WH/IN/00862	\N	direct	draft	0	\N	\N	f	\N	t	2026-05-07 11:01:12	\N	2026-05-07 11:01:12	\N	2026-05-07 11:01:11.673339	2026-05-07 11:02:02.489667	\N	\N	\N	repair	\N	\N
1980	\N	\N	\N	4	8	1	\N	1	19	\N	19	19	WH/IN/00863	\N	direct	draft	0	\N	\N	f	\N	t	2026-05-07 11:01:12	\N	2026-05-07 11:01:12	\N	2026-05-07 11:01:11.673339	2026-05-07 11:02:02.489667	\N	\N	\N	repair	\N	\N
1981	\N	\N	\N	4	8	1	\N	1	19	\N	19	19	WH/IN/00864	\N	direct	draft	0	\N	\N	f	\N	t	2026-05-07 11:01:12	\N	2026-05-07 11:01:12	\N	2026-05-07 11:01:11.673339	2026-05-07 11:02:02.489667	\N	\N	\N	repair	\N	\N
1982	\N	\N	\N	4	8	1	\N	1	19	\N	19	19	WH/IN/00865	\N	direct	draft	0	\N	\N	f	\N	t	2026-05-07 11:01:12	\N	2026-05-07 11:01:12	\N	2026-05-07 11:01:11.673339	2026-05-07 11:02:02.489667	\N	\N	\N	repair	\N	\N
1983	\N	\N	\N	4	8	1	\N	1	19	\N	19	19	WH/IN/00866	\N	direct	draft	0	\N	\N	f	\N	t	2026-05-07 11:01:12	\N	2026-05-07 11:01:12	\N	2026-05-07 11:01:11.673339	2026-05-07 11:02:02.489667	\N	\N	\N	repair	\N	\N
1984	\N	\N	\N	4	8	1	\N	1	19	\N	19	19	WH/IN/00867	\N	direct	draft	0	\N	\N	f	\N	t	2026-05-07 11:01:12	\N	2026-05-07 11:01:12	\N	2026-05-07 11:01:11.673339	2026-05-07 11:02:02.489667	\N	\N	\N	repair	\N	\N
1985	\N	\N	\N	4	8	1	\N	1	19	\N	19	19	WH/IN/00868	\N	direct	draft	0	\N	\N	f	\N	t	2026-05-07 11:01:12	\N	2026-05-07 11:01:12	\N	2026-05-07 11:01:11.673339	2026-05-07 11:02:02.489667	\N	\N	\N	repair	\N	\N
1986	\N	\N	\N	4	8	1	\N	1	19	\N	19	19	WH/IN/00869	\N	direct	draft	0	\N	\N	f	\N	t	2026-05-07 11:01:12	\N	2026-05-07 11:01:12	\N	2026-05-07 11:01:11.673339	2026-05-07 11:02:02.489667	\N	\N	\N	repair	\N	\N
1987	\N	\N	\N	4	8	1	\N	1	19	\N	19	19	WH/IN/00870	\N	direct	draft	0	\N	\N	f	\N	t	2026-05-07 11:01:12	\N	2026-05-07 11:01:12	\N	2026-05-07 11:01:11.673339	2026-05-07 11:02:02.489667	\N	\N	\N	repair	\N	\N
1988	\N	\N	\N	4	8	1	\N	1	19	\N	19	19	WH/IN/00871	\N	direct	draft	0	\N	\N	f	\N	t	2026-05-07 11:01:12	\N	2026-05-07 11:01:12	\N	2026-05-07 11:01:11.673339	2026-05-07 11:02:02.489667	\N	\N	\N	repair	\N	\N
1989	\N	\N	\N	4	8	1	\N	1	19	\N	19	19	WH/IN/00872	\N	direct	draft	0	\N	\N	f	\N	t	2026-05-07 11:01:12	\N	2026-05-07 11:01:12	\N	2026-05-07 11:01:11.673339	2026-05-07 11:02:02.489667	\N	\N	\N	repair	\N	\N
1990	\N	\N	\N	4	8	1	\N	1	19	\N	19	19	WH/IN/00873	\N	direct	draft	0	\N	\N	f	\N	t	2026-05-07 11:01:12	\N	2026-05-07 11:01:12	\N	2026-05-07 11:01:11.673339	2026-05-07 11:02:02.489667	\N	\N	\N	repair	\N	\N
1991	\N	\N	\N	4	8	1	\N	1	19	\N	19	19	WH/IN/00874	\N	direct	draft	0	\N	\N	f	\N	t	2026-05-07 11:01:12	\N	2026-05-07 11:01:12	\N	2026-05-07 11:01:11.673339	2026-05-07 11:02:02.489667	\N	\N	\N	repair	\N	\N
1992	\N	\N	\N	4	8	1	\N	1	19	\N	19	19	WH/IN/00875	\N	direct	draft	0	\N	\N	f	\N	t	2026-05-07 11:01:12	\N	2026-05-07 11:01:12	\N	2026-05-07 11:01:11.673339	2026-05-07 11:02:02.489667	\N	\N	\N	repair	\N	\N
1993	\N	\N	\N	4	8	1	\N	1	19	\N	19	19	WH/IN/00876	\N	direct	draft	0	\N	\N	f	\N	t	2026-05-07 11:01:12	\N	2026-05-07 11:01:12	\N	2026-05-07 11:01:11.673339	2026-05-07 11:02:02.489667	\N	\N	\N	repair	\N	\N
1994	\N	\N	\N	4	8	1	\N	1	19	\N	19	19	WH/IN/00877	\N	direct	draft	0	\N	\N	f	\N	t	2026-05-07 11:01:12	\N	2026-05-07 11:01:12	\N	2026-05-07 11:01:11.673339	2026-05-07 11:02:02.489667	\N	\N	\N	repair	\N	\N
1995	\N	\N	\N	4	8	1	\N	1	19	\N	19	19	WH/IN/00878	\N	direct	draft	0	\N	\N	f	\N	t	2026-05-07 11:01:12	\N	2026-05-07 11:01:12	\N	2026-05-07 11:01:11.673339	2026-05-07 11:02:02.489667	\N	\N	\N	repair	\N	\N
1996	\N	\N	\N	4	8	1	\N	1	19	\N	19	19	WH/IN/00879	\N	direct	draft	0	\N	\N	f	\N	t	2026-05-07 11:01:12	\N	2026-05-07 11:01:12	\N	2026-05-07 11:01:11.673339	2026-05-07 11:02:02.489667	\N	\N	\N	repair	\N	\N
1997	\N	\N	\N	4	8	1	\N	1	19	\N	19	19	WH/IN/00880	\N	direct	draft	0	\N	\N	f	\N	t	2026-05-07 11:01:12	\N	2026-05-07 11:01:12	\N	2026-05-07 11:01:11.673339	2026-05-07 11:02:02.489667	\N	\N	\N	repair	\N	\N
1998	\N	\N	\N	4	8	1	\N	1	19	\N	19	19	WH/IN/00881	\N	direct	draft	0	\N	\N	f	\N	t	2026-05-07 11:01:12	\N	2026-05-07 11:01:12	\N	2026-05-07 11:01:11.673339	2026-05-07 11:02:02.489667	\N	\N	\N	repair	\N	\N
1999	\N	\N	\N	4	8	1	\N	1	19	\N	19	19	WH/IN/00882	\N	direct	draft	0	\N	\N	f	\N	t	2026-05-07 11:01:12	\N	2026-05-07 11:01:12	\N	2026-05-07 11:01:11.673339	2026-05-07 11:02:02.489667	\N	\N	\N	repair	\N	\N
2000	\N	\N	\N	4	8	1	\N	1	19	\N	19	19	WH/IN/00883	\N	direct	draft	0	\N	\N	f	\N	t	2026-05-07 11:01:12	\N	2026-05-07 11:01:12	\N	2026-05-07 11:01:11.673339	2026-05-07 11:02:02.489667	\N	\N	\N	repair	\N	\N
2001	\N	\N	\N	4	8	1	\N	1	19	\N	19	19	WH/IN/00884	\N	direct	draft	0	\N	\N	f	\N	t	2026-05-07 11:01:12	\N	2026-05-07 11:01:12	\N	2026-05-07 11:01:11.673339	2026-05-07 11:02:02.489667	\N	\N	\N	repair	\N	\N
2002	\N	\N	\N	4	8	1	\N	1	19	\N	19	19	WH/IN/00885	\N	direct	draft	0	\N	\N	f	\N	t	2026-05-07 11:01:12	\N	2026-05-07 11:01:12	\N	2026-05-07 11:01:11.673339	2026-05-07 11:02:02.489667	\N	\N	\N	repair	\N	\N
2003	\N	\N	\N	4	8	1	\N	1	19	\N	19	19	WH/IN/00886	\N	direct	draft	0	\N	\N	f	\N	t	2026-05-07 11:01:12	\N	2026-05-07 11:01:12	\N	2026-05-07 11:01:11.673339	2026-05-07 11:02:02.489667	\N	\N	\N	repair	\N	\N
2004	\N	\N	\N	4	8	1	\N	1	19	\N	19	19	WH/IN/00887	\N	direct	draft	0	\N	\N	f	\N	t	2026-05-07 11:01:12	\N	2026-05-07 11:01:12	\N	2026-05-07 11:01:11.673339	2026-05-07 11:02:02.489667	\N	\N	\N	repair	\N	\N
2005	\N	\N	\N	4	8	1	\N	1	19	\N	19	19	WH/IN/00888	\N	direct	draft	0	\N	\N	f	\N	t	2026-05-07 11:01:12	\N	2026-05-07 11:01:12	\N	2026-05-07 11:01:11.673339	2026-05-07 11:02:02.489667	\N	\N	\N	repair	\N	\N
2006	\N	\N	\N	4	8	1	\N	1	19	\N	19	19	WH/IN/00889	\N	direct	draft	0	\N	\N	f	\N	t	2026-05-07 11:01:12	\N	2026-05-07 11:01:12	\N	2026-05-07 11:01:11.673339	2026-05-07 11:02:02.489667	\N	\N	\N	repair	\N	\N
2007	\N	\N	\N	4	8	1	\N	1	19	\N	19	19	WH/IN/00890	\N	direct	draft	0	\N	\N	f	\N	t	2026-05-07 11:01:12	\N	2026-05-07 11:01:12	\N	2026-05-07 11:01:11.673339	2026-05-07 11:02:02.489667	\N	\N	\N	repair	\N	\N
2008	\N	\N	\N	4	8	1	\N	1	19	\N	19	19	WH/IN/00891	\N	direct	draft	0	\N	\N	f	\N	t	2026-05-07 11:01:12	\N	2026-05-07 11:01:12	\N	2026-05-07 11:01:11.673339	2026-05-07 11:02:02.489667	\N	\N	\N	repair	\N	\N
2009	\N	\N	\N	4	8	1	\N	1	19	\N	19	19	WH/IN/00892	\N	direct	draft	0	\N	\N	f	\N	t	2026-05-07 11:01:12	\N	2026-05-07 11:01:12	\N	2026-05-07 11:01:11.673339	2026-05-07 11:02:02.489667	\N	\N	\N	repair	\N	\N
2010	\N	\N	\N	4	8	1	\N	1	19	\N	19	19	WH/IN/00893	\N	direct	draft	0	\N	\N	f	\N	t	2026-05-07 11:01:12	\N	2026-05-07 11:01:12	\N	2026-05-07 11:01:11.673339	2026-05-07 11:02:02.489667	\N	\N	\N	repair	\N	\N
2011	\N	\N	\N	4	8	1	\N	1	19	\N	19	19	WH/IN/00894	\N	direct	draft	0	\N	\N	f	\N	t	2026-05-07 11:01:12	\N	2026-05-07 11:01:12	\N	2026-05-07 11:01:11.673339	2026-05-07 11:02:02.489667	\N	\N	\N	repair	\N	\N
2012	\N	\N	\N	4	8	1	\N	1	19	\N	19	19	WH/IN/00895	\N	direct	draft	0	\N	\N	f	\N	t	2026-05-07 11:01:12	\N	2026-05-07 11:01:12	\N	2026-05-07 11:01:11.673339	2026-05-07 11:02:02.489667	\N	\N	\N	repair	\N	\N
2013	\N	\N	\N	4	8	1	\N	1	19	\N	19	19	WH/IN/00896	\N	direct	draft	0	\N	\N	f	\N	t	2026-05-07 11:01:12	\N	2026-05-07 11:01:12	\N	2026-05-07 11:01:11.673339	2026-05-07 11:02:02.489667	\N	\N	\N	repair	\N	\N
2014	\N	\N	\N	4	8	1	\N	1	19	\N	19	19	WH/IN/00897	\N	direct	draft	0	\N	\N	f	\N	t	2026-05-07 11:01:12	\N	2026-05-07 11:01:12	\N	2026-05-07 11:01:11.673339	2026-05-07 11:02:02.489667	\N	\N	\N	repair	\N	\N
2015	\N	\N	\N	4	8	1	\N	1	19	\N	19	19	WH/IN/00898	\N	direct	draft	0	\N	\N	f	\N	t	2026-05-07 11:01:12	\N	2026-05-07 11:01:12	\N	2026-05-07 11:01:11.673339	2026-05-07 11:02:02.489667	\N	\N	\N	repair	\N	\N
2016	\N	\N	\N	4	8	1	\N	1	19	\N	19	19	WH/IN/00899	\N	direct	draft	0	\N	\N	f	\N	t	2026-05-07 11:01:12	\N	2026-05-07 11:01:12	\N	2026-05-07 11:01:11.673339	2026-05-07 11:02:02.489667	\N	\N	\N	repair	\N	\N
2017	\N	\N	\N	4	8	1	\N	1	19	\N	19	19	WH/IN/00900	\N	direct	draft	0	\N	\N	f	\N	t	2026-05-07 11:01:12	\N	2026-05-07 11:01:12	\N	2026-05-07 11:01:11.673339	2026-05-07 11:02:02.489667	\N	\N	\N	repair	\N	\N
2018	\N	\N	\N	4	8	1	\N	1	19	\N	19	19	WH/IN/00901	\N	direct	draft	0	\N	\N	f	\N	t	2026-05-07 11:01:12	\N	2026-05-07 11:01:12	\N	2026-05-07 11:01:11.673339	2026-05-07 11:02:02.489667	\N	\N	\N	repair	\N	\N
2019	\N	\N	\N	4	8	1	\N	1	19	\N	19	19	WH/IN/00902	\N	direct	draft	0	\N	\N	f	\N	t	2026-05-07 11:01:12	\N	2026-05-07 11:01:12	\N	2026-05-07 11:01:11.673339	2026-05-07 11:02:02.489667	\N	\N	\N	repair	\N	\N
2020	\N	\N	\N	4	8	1	\N	1	19	\N	19	19	WH/IN/00903	\N	direct	draft	0	\N	\N	f	\N	t	2026-05-07 11:01:12	\N	2026-05-07 11:01:12	\N	2026-05-07 11:01:11.673339	2026-05-07 11:02:02.489667	\N	\N	\N	repair	\N	\N
2021	\N	\N	\N	4	8	1	\N	1	19	\N	19	19	WH/IN/00904	\N	direct	draft	0	\N	\N	f	\N	t	2026-05-07 11:01:12	\N	2026-05-07 11:01:12	\N	2026-05-07 11:01:11.673339	2026-05-07 11:02:02.489667	\N	\N	\N	repair	\N	\N
2022	\N	\N	\N	4	8	1	\N	1	19	\N	19	19	WH/IN/00905	\N	direct	draft	0	\N	\N	f	\N	t	2026-05-07 11:01:12	\N	2026-05-07 11:01:12	\N	2026-05-07 11:01:11.673339	2026-05-07 11:02:02.489667	\N	\N	\N	repair	\N	\N
2023	\N	\N	\N	4	8	1	\N	1	19	\N	19	19	WH/IN/00906	\N	direct	draft	0	\N	\N	f	\N	t	2026-05-07 11:01:12	\N	2026-05-07 11:01:12	\N	2026-05-07 11:01:11.673339	2026-05-07 11:02:02.489667	\N	\N	\N	repair	\N	\N
2024	\N	\N	\N	4	8	1	\N	1	19	\N	19	19	WH/IN/00907	\N	direct	draft	0	\N	\N	f	\N	t	2026-05-07 11:01:12	\N	2026-05-07 11:01:12	\N	2026-05-07 11:01:11.673339	2026-05-07 11:02:02.489667	\N	\N	\N	repair	\N	\N
2025	\N	\N	\N	4	8	1	\N	1	19	\N	19	19	WH/IN/00908	\N	direct	draft	0	\N	\N	f	\N	t	2026-05-07 11:01:12	\N	2026-05-07 11:01:12	\N	2026-05-07 11:01:11.673339	2026-05-07 11:02:02.489667	\N	\N	\N	repair	\N	\N
2026	\N	\N	\N	4	8	1	\N	1	19	\N	19	19	WH/IN/00909	\N	direct	draft	0	\N	\N	f	\N	t	2026-05-07 11:01:12	\N	2026-05-07 11:01:12	\N	2026-05-07 11:01:11.673339	2026-05-07 11:02:02.489667	\N	\N	\N	repair	\N	\N
2027	\N	\N	\N	4	8	1	\N	1	19	\N	19	19	WH/IN/00910	\N	direct	draft	0	\N	\N	f	\N	t	2026-05-07 11:01:12	\N	2026-05-07 11:01:12	\N	2026-05-07 11:01:11.673339	2026-05-07 11:02:02.489667	\N	\N	\N	repair	\N	\N
2028	\N	\N	\N	4	8	1	\N	1	19	\N	19	19	WH/IN/00911	\N	direct	draft	0	\N	\N	f	\N	t	2026-05-07 11:01:12	\N	2026-05-07 11:01:12	\N	2026-05-07 11:01:11.673339	2026-05-07 11:02:02.489667	\N	\N	\N	repair	\N	\N
2029	\N	\N	\N	4	8	1	\N	1	19	\N	19	19	WH/IN/00912	\N	direct	draft	0	\N	\N	f	\N	t	2026-05-07 11:01:12	\N	2026-05-07 11:01:12	\N	2026-05-07 11:01:11.673339	2026-05-07 11:02:02.489667	\N	\N	\N	repair	\N	\N
2030	\N	\N	\N	4	8	1	\N	1	19	\N	19	19	WH/IN/00913	\N	direct	draft	0	\N	\N	f	\N	t	2026-05-07 11:01:12	\N	2026-05-07 11:01:12	\N	2026-05-07 11:01:11.673339	2026-05-07 11:02:02.489667	\N	\N	\N	repair	\N	\N
2031	\N	\N	\N	4	8	1	\N	1	19	\N	19	19	WH/IN/00914	\N	direct	draft	0	\N	\N	f	\N	t	2026-05-07 11:01:12	\N	2026-05-07 11:01:12	\N	2026-05-07 11:01:11.673339	2026-05-07 11:02:02.489667	\N	\N	\N	repair	\N	\N
2032	\N	\N	\N	4	8	1	\N	1	19	\N	19	19	WH/IN/00915	\N	direct	draft	0	\N	\N	f	\N	t	2026-05-07 11:01:12	\N	2026-05-07 11:01:12	\N	2026-05-07 11:01:11.673339	2026-05-07 11:02:02.489667	\N	\N	\N	repair	\N	\N
2033	\N	\N	\N	4	8	1	\N	1	19	\N	19	19	WH/IN/00916	\N	direct	draft	0	\N	\N	f	\N	t	2026-05-07 11:01:12	\N	2026-05-07 11:01:12	\N	2026-05-07 11:01:11.673339	2026-05-07 11:02:02.489667	\N	\N	\N	repair	\N	\N
2034	\N	\N	\N	4	8	1	\N	1	19	\N	19	19	WH/IN/00917	\N	direct	draft	0	\N	\N	f	\N	t	2026-05-07 11:01:12	\N	2026-05-07 11:01:12	\N	2026-05-07 11:01:11.673339	2026-05-07 11:02:02.489667	\N	\N	\N	repair	\N	\N
2035	\N	\N	\N	4	8	1	\N	1	19	\N	19	19	WH/IN/00918	\N	direct	draft	0	\N	\N	f	\N	t	2026-05-07 11:01:12	\N	2026-05-07 11:01:12	\N	2026-05-07 11:01:11.673339	2026-05-07 11:02:02.489667	\N	\N	\N	repair	\N	\N
2036	\N	\N	\N	4	8	1	\N	1	19	\N	19	19	WH/IN/00919	\N	direct	draft	0	\N	\N	f	\N	t	2026-05-07 11:01:12	\N	2026-05-07 11:01:12	\N	2026-05-07 11:01:11.673339	2026-05-07 11:02:02.489667	\N	\N	\N	repair	\N	\N
2037	\N	\N	\N	4	8	1	\N	1	19	\N	19	19	WH/IN/00920	\N	direct	draft	0	\N	\N	f	\N	t	2026-05-07 11:01:12	\N	2026-05-07 11:01:12	\N	2026-05-07 11:01:11.673339	2026-05-07 11:02:02.489667	\N	\N	\N	repair	\N	\N
2038	\N	\N	\N	4	8	1	\N	1	19	\N	19	19	WH/IN/00921	\N	direct	draft	0	\N	\N	f	\N	t	2026-05-07 11:01:12	\N	2026-05-07 11:01:12	\N	2026-05-07 11:01:11.673339	2026-05-07 11:02:02.489667	\N	\N	\N	repair	\N	\N
2039	\N	\N	\N	4	8	1	\N	1	19	\N	19	19	WH/IN/00922	\N	direct	draft	0	\N	\N	f	\N	t	2026-05-07 11:01:12	\N	2026-05-07 11:01:12	\N	2026-05-07 11:01:11.673339	2026-05-07 11:02:02.489667	\N	\N	\N	repair	\N	\N
2040	\N	\N	\N	4	8	1	\N	1	19	\N	19	19	WH/IN/00923	\N	direct	draft	0	\N	\N	f	\N	t	2026-05-07 11:01:12	\N	2026-05-07 11:01:12	\N	2026-05-07 11:01:11.673339	2026-05-07 11:02:02.489667	\N	\N	\N	repair	\N	\N
2041	\N	\N	\N	4	8	1	\N	1	19	\N	19	19	WH/IN/00924	\N	direct	draft	0	\N	\N	f	\N	t	2026-05-07 11:01:12	\N	2026-05-07 11:01:12	\N	2026-05-07 11:01:11.673339	2026-05-07 11:02:02.489667	\N	\N	\N	repair	\N	\N
2042	\N	\N	\N	4	8	1	\N	1	19	\N	19	19	WH/IN/00925	\N	direct	draft	0	\N	\N	f	\N	t	2026-05-07 11:01:12	\N	2026-05-07 11:01:12	\N	2026-05-07 11:01:11.673339	2026-05-07 11:02:02.489667	\N	\N	\N	repair	\N	\N
2043	\N	\N	\N	4	8	1	\N	1	19	\N	19	19	WH/IN/00926	\N	direct	draft	0	\N	\N	f	\N	t	2026-05-07 11:01:12	\N	2026-05-07 11:01:12	\N	2026-05-07 11:01:11.673339	2026-05-07 11:02:02.489667	\N	\N	\N	repair	\N	\N
2044	\N	\N	\N	4	8	1	\N	1	19	\N	19	19	WH/IN/00927	\N	direct	draft	0	\N	\N	f	\N	t	2026-05-07 11:01:12	\N	2026-05-07 11:01:12	\N	2026-05-07 11:01:11.673339	2026-05-07 11:02:02.489667	\N	\N	\N	repair	\N	\N
2045	\N	\N	\N	4	8	1	\N	1	19	\N	19	19	WH/IN/00928	\N	direct	draft	0	\N	\N	f	\N	t	2026-05-07 11:01:12	\N	2026-05-07 11:01:12	\N	2026-05-07 11:01:11.673339	2026-05-07 11:02:02.489667	\N	\N	\N	repair	\N	\N
2046	\N	\N	\N	4	8	1	\N	1	19	\N	19	19	WH/IN/00929	\N	direct	draft	0	\N	\N	f	\N	t	2026-05-07 11:01:12	\N	2026-05-07 11:01:12	\N	2026-05-07 11:01:11.673339	2026-05-07 11:02:02.489667	\N	\N	\N	repair	\N	\N
2047	\N	\N	\N	4	8	1	\N	1	19	\N	19	19	WH/IN/00930	\N	direct	draft	0	\N	\N	f	\N	t	2026-05-07 11:01:12	\N	2026-05-07 11:01:12	\N	2026-05-07 11:01:11.673339	2026-05-07 11:02:02.489667	\N	\N	\N	repair	\N	\N
2048	\N	\N	\N	4	8	1	\N	1	19	\N	19	19	WH/IN/00931	\N	direct	draft	0	\N	\N	f	\N	t	2026-05-07 11:01:12	\N	2026-05-07 11:01:12	\N	2026-05-07 11:01:11.673339	2026-05-07 11:02:02.489667	\N	\N	\N	repair	\N	\N
2049	\N	\N	\N	4	8	1	\N	1	19	\N	19	19	WH/IN/00932	\N	direct	draft	0	\N	\N	f	\N	t	2026-05-07 11:01:12	\N	2026-05-07 11:01:12	\N	2026-05-07 11:01:11.673339	2026-05-07 11:02:02.489667	\N	\N	\N	repair	\N	\N
2050	\N	\N	\N	4	8	1	\N	1	19	\N	19	19	WH/IN/00933	\N	direct	draft	0	\N	\N	f	\N	t	2026-05-07 11:01:12	\N	2026-05-07 11:01:12	\N	2026-05-07 11:01:11.673339	2026-05-07 11:02:02.489667	\N	\N	\N	repair	\N	\N
2051	\N	\N	\N	4	8	1	\N	1	19	\N	19	19	WH/IN/00934	\N	direct	draft	0	\N	\N	f	\N	t	2026-05-07 11:01:12	\N	2026-05-07 11:01:12	\N	2026-05-07 11:01:11.673339	2026-05-07 11:02:02.489667	\N	\N	\N	repair	\N	\N
2052	\N	\N	\N	4	8	1	\N	1	19	\N	19	19	WH/IN/00935	\N	direct	draft	0	\N	\N	f	\N	t	2026-05-07 11:01:12	\N	2026-05-07 11:01:12	\N	2026-05-07 11:01:11.673339	2026-05-07 11:02:02.489667	\N	\N	\N	repair	\N	\N
2053	\N	\N	\N	4	8	1	\N	1	19	\N	19	19	WH/IN/00936	\N	direct	draft	0	\N	\N	f	\N	t	2026-05-07 11:01:12	\N	2026-05-07 11:01:12	\N	2026-05-07 11:01:11.673339	2026-05-07 11:02:02.489667	\N	\N	\N	repair	\N	\N
2054	\N	\N	\N	4	8	1	\N	1	19	\N	19	19	WH/IN/00937	\N	direct	draft	0	\N	\N	f	\N	t	2026-05-07 11:01:12	\N	2026-05-07 11:01:12	\N	2026-05-07 11:01:11.673339	2026-05-07 11:02:02.489667	\N	\N	\N	repair	\N	\N
2055	\N	\N	\N	4	8	1	\N	1	19	\N	19	19	WH/IN/00938	\N	direct	draft	0	\N	\N	f	\N	t	2026-05-07 11:01:12	\N	2026-05-07 11:01:12	\N	2026-05-07 11:01:11.673339	2026-05-07 11:02:02.489667	\N	\N	\N	repair	\N	\N
2056	\N	\N	\N	4	8	1	\N	1	19	\N	19	19	WH/IN/00939	\N	direct	draft	0	\N	\N	f	\N	t	2026-05-07 11:01:12	\N	2026-05-07 11:01:12	\N	2026-05-07 11:01:11.673339	2026-05-07 11:02:02.489667	\N	\N	\N	repair	\N	\N
2057	\N	\N	\N	4	8	1	\N	1	19	\N	19	19	WH/IN/00940	\N	direct	draft	0	\N	\N	f	\N	t	2026-05-07 11:01:12	\N	2026-05-07 11:01:12	\N	2026-05-07 11:01:11.673339	2026-05-07 11:02:02.489667	\N	\N	\N	repair	\N	\N
2058	\N	\N	\N	4	8	1	\N	1	19	\N	19	19	WH/IN/00941	\N	direct	draft	0	\N	\N	f	\N	t	2026-05-07 11:01:12	\N	2026-05-07 11:01:12	\N	2026-05-07 11:01:11.673339	2026-05-07 11:02:02.489667	\N	\N	\N	repair	\N	\N
2059	\N	\N	\N	4	8	1	\N	1	19	\N	19	19	WH/IN/00942	\N	direct	draft	0	\N	\N	f	\N	t	2026-05-07 11:01:12	\N	2026-05-07 11:01:12	\N	2026-05-07 11:01:11.673339	2026-05-07 11:02:02.489667	\N	\N	\N	repair	\N	\N
2060	\N	\N	\N	4	8	1	\N	1	19	\N	19	19	WH/IN/00943	\N	direct	draft	0	\N	\N	f	\N	t	2026-05-07 11:01:12	\N	2026-05-07 11:01:12	\N	2026-05-07 11:01:11.673339	2026-05-07 11:02:02.489667	\N	\N	\N	repair	\N	\N
2061	\N	\N	\N	4	8	1	\N	1	19	\N	19	19	WH/IN/00944	\N	direct	draft	0	\N	\N	f	\N	t	2026-05-07 11:01:12	\N	2026-05-07 11:01:12	\N	2026-05-07 11:01:11.673339	2026-05-07 11:02:02.489667	\N	\N	\N	repair	\N	\N
2062	\N	\N	\N	4	8	1	\N	1	19	\N	19	19	WH/IN/00945	\N	direct	draft	0	\N	\N	f	\N	t	2026-05-07 11:01:12	\N	2026-05-07 11:01:12	\N	2026-05-07 11:01:11.673339	2026-05-07 11:02:02.489667	\N	\N	\N	repair	\N	\N
2063	\N	\N	\N	4	8	1	\N	1	19	\N	19	19	WH/IN/00946	\N	direct	draft	0	\N	\N	f	\N	t	2026-05-07 11:01:12	\N	2026-05-07 11:01:12	\N	2026-05-07 11:01:11.673339	2026-05-07 11:02:02.489667	\N	\N	\N	repair	\N	\N
2064	\N	\N	\N	4	8	1	\N	1	19	\N	19	19	WH/IN/00947	\N	direct	draft	0	\N	\N	f	\N	t	2026-05-07 11:01:12	\N	2026-05-07 11:01:12	\N	2026-05-07 11:01:11.673339	2026-05-07 11:02:02.489667	\N	\N	\N	repair	\N	\N
2065	\N	\N	\N	4	8	1	\N	1	19	\N	19	19	WH/IN/00948	\N	direct	draft	0	\N	\N	f	\N	t	2026-05-07 11:01:12	\N	2026-05-07 11:01:12	\N	2026-05-07 11:01:11.673339	2026-05-07 11:02:02.489667	\N	\N	\N	repair	\N	\N
2066	\N	\N	\N	4	8	1	\N	1	19	\N	19	19	WH/IN/00949	\N	direct	draft	0	\N	\N	f	\N	t	2026-05-07 11:01:12	\N	2026-05-07 11:01:12	\N	2026-05-07 11:01:11.673339	2026-05-07 11:02:02.489667	\N	\N	\N	repair	\N	\N
2067	\N	\N	\N	4	8	1	\N	1	19	\N	19	19	WH/IN/00950	\N	direct	draft	0	\N	\N	f	\N	t	2026-05-07 11:01:12	\N	2026-05-07 11:01:12	\N	2026-05-07 11:01:11.673339	2026-05-07 11:02:02.489667	\N	\N	\N	repair	\N	\N
2068	\N	\N	\N	4	8	1	\N	1	19	\N	19	19	WH/IN/00951	\N	direct	draft	0	\N	\N	f	\N	t	2026-05-07 11:01:12	\N	2026-05-07 11:01:12	\N	2026-05-07 11:01:11.673339	2026-05-07 11:02:02.489667	\N	\N	\N	repair	\N	\N
2069	\N	\N	\N	4	8	1	\N	1	19	\N	19	19	WH/IN/00952	\N	direct	draft	0	\N	\N	f	\N	t	2026-05-07 11:01:12	\N	2026-05-07 11:01:12	\N	2026-05-07 11:01:11.673339	2026-05-07 11:02:02.489667	\N	\N	\N	repair	\N	\N
2070	\N	\N	\N	4	8	1	\N	1	19	\N	19	19	WH/IN/00953	\N	direct	draft	0	\N	\N	f	\N	t	2026-05-07 11:01:12	\N	2026-05-07 11:01:12	\N	2026-05-07 11:01:11.673339	2026-05-07 11:02:02.489667	\N	\N	\N	repair	\N	\N
2071	\N	\N	\N	4	8	1	\N	1	19	\N	19	19	WH/IN/00954	\N	direct	draft	0	\N	\N	f	\N	t	2026-05-07 11:01:12	\N	2026-05-07 11:01:12	\N	2026-05-07 11:01:11.673339	2026-05-07 11:02:02.489667	\N	\N	\N	repair	\N	\N
2072	\N	\N	\N	4	8	1	\N	1	19	\N	19	19	WH/IN/00955	\N	direct	draft	0	\N	\N	f	\N	t	2026-05-07 11:01:12	\N	2026-05-07 11:01:12	\N	2026-05-07 11:01:11.673339	2026-05-07 11:02:02.489667	\N	\N	\N	repair	\N	\N
2073	\N	\N	\N	4	8	1	\N	1	19	\N	19	19	WH/IN/00956	\N	direct	draft	0	\N	\N	f	\N	t	2026-05-07 11:01:12	\N	2026-05-07 11:01:12	\N	2026-05-07 11:01:11.673339	2026-05-07 11:02:02.489667	\N	\N	\N	repair	\N	\N
2074	\N	\N	\N	4	8	1	\N	1	19	\N	19	19	WH/IN/00957	\N	direct	draft	0	\N	\N	f	\N	t	2026-05-07 11:01:12	\N	2026-05-07 11:01:12	\N	2026-05-07 11:01:11.673339	2026-05-07 11:02:02.489667	\N	\N	\N	repair	\N	\N
2075	\N	\N	\N	4	8	1	\N	1	19	\N	19	19	WH/IN/00958	\N	direct	draft	0	\N	\N	f	\N	t	2026-05-07 11:01:12	\N	2026-05-07 11:01:12	\N	2026-05-07 11:01:11.673339	2026-05-07 11:02:02.489667	\N	\N	\N	repair	\N	\N
2076	\N	\N	\N	4	8	1	\N	1	19	\N	19	19	WH/IN/00959	\N	direct	draft	0	\N	\N	f	\N	t	2026-05-07 11:01:12	\N	2026-05-07 11:01:12	\N	2026-05-07 11:01:11.673339	2026-05-07 11:02:02.489667	\N	\N	\N	repair	\N	\N
2077	\N	\N	\N	4	8	1	\N	1	19	\N	19	19	WH/IN/00960	\N	direct	draft	0	\N	\N	f	\N	t	2026-05-07 11:01:12	\N	2026-05-07 11:01:12	\N	2026-05-07 11:01:11.673339	2026-05-07 11:02:02.489667	\N	\N	\N	repair	\N	\N
2078	\N	\N	\N	4	8	1	\N	1	19	\N	19	19	WH/IN/00961	\N	direct	draft	0	\N	\N	f	\N	t	2026-05-07 11:01:12	\N	2026-05-07 11:01:12	\N	2026-05-07 11:01:11.673339	2026-05-07 11:02:02.489667	\N	\N	\N	repair	\N	\N
2079	\N	\N	\N	4	8	1	\N	1	19	\N	19	19	WH/IN/00962	\N	direct	draft	0	\N	\N	f	\N	t	2026-05-07 11:01:12	\N	2026-05-07 11:01:12	\N	2026-05-07 11:01:11.673339	2026-05-07 11:02:02.489667	\N	\N	\N	repair	\N	\N
2080	\N	\N	\N	4	8	1	\N	1	19	\N	19	19	WH/IN/00963	\N	direct	draft	0	\N	\N	f	\N	t	2026-05-07 11:01:12	\N	2026-05-07 11:01:12	\N	2026-05-07 11:01:11.673339	2026-05-07 11:02:02.489667	\N	\N	\N	repair	\N	\N
2081	\N	\N	\N	4	8	1	\N	1	19	\N	19	19	WH/IN/00964	\N	direct	draft	0	\N	\N	f	\N	t	2026-05-07 11:01:12	\N	2026-05-07 11:01:12	\N	2026-05-07 11:01:11.673339	2026-05-07 11:02:02.489667	\N	\N	\N	repair	\N	\N
2082	\N	\N	\N	4	8	1	\N	1	19	\N	19	19	WH/IN/00965	\N	direct	draft	0	\N	\N	f	\N	t	2026-05-07 11:01:12	\N	2026-05-07 11:01:12	\N	2026-05-07 11:01:11.673339	2026-05-07 11:02:02.489667	\N	\N	\N	repair	\N	\N
2083	\N	\N	\N	4	8	1	\N	1	19	\N	19	19	WH/IN/00966	\N	direct	draft	0	\N	\N	f	\N	t	2026-05-07 11:01:12	\N	2026-05-07 11:01:12	\N	2026-05-07 11:01:11.673339	2026-05-07 11:02:02.489667	\N	\N	\N	repair	\N	\N
2084	\N	\N	\N	4	8	1	\N	1	19	\N	19	19	WH/IN/00967	\N	direct	draft	0	\N	\N	f	\N	t	2026-05-07 11:01:12	\N	2026-05-07 11:01:12	\N	2026-05-07 11:01:11.673339	2026-05-07 11:02:02.489667	\N	\N	\N	repair	\N	\N
2085	\N	\N	\N	4	8	1	\N	1	19	\N	19	19	WH/IN/00968	\N	direct	draft	0	\N	\N	f	\N	t	2026-05-07 11:01:12	\N	2026-05-07 11:01:12	\N	2026-05-07 11:01:11.673339	2026-05-07 11:02:02.489667	\N	\N	\N	repair	\N	\N
2086	\N	\N	\N	4	8	1	\N	1	19	\N	19	19	WH/IN/00969	\N	direct	draft	0	\N	\N	f	\N	t	2026-05-07 11:01:12	\N	2026-05-07 11:01:12	\N	2026-05-07 11:01:11.673339	2026-05-07 11:02:02.489667	\N	\N	\N	repair	\N	\N
2087	\N	\N	\N	4	8	1	\N	1	19	\N	19	19	WH/IN/00970	\N	direct	draft	0	\N	\N	f	\N	t	2026-05-07 11:01:12	\N	2026-05-07 11:01:12	\N	2026-05-07 11:01:11.673339	2026-05-07 11:02:02.489667	\N	\N	\N	repair	\N	\N
2088	\N	\N	\N	4	8	1	\N	1	19	\N	19	19	WH/IN/00971	\N	direct	draft	0	\N	\N	f	\N	t	2026-05-07 11:01:12	\N	2026-05-07 11:01:12	\N	2026-05-07 11:01:11.673339	2026-05-07 11:02:02.489667	\N	\N	\N	repair	\N	\N
2089	\N	\N	\N	4	8	1	\N	1	19	\N	19	19	WH/IN/00972	\N	direct	draft	0	\N	\N	f	\N	t	2026-05-07 11:01:12	\N	2026-05-07 11:01:12	\N	2026-05-07 11:01:11.673339	2026-05-07 11:02:02.489667	\N	\N	\N	repair	\N	\N
2090	\N	\N	\N	4	8	1	\N	1	19	\N	19	19	WH/IN/00973	\N	direct	draft	0	\N	\N	f	\N	t	2026-05-07 11:01:12	\N	2026-05-07 11:01:12	\N	2026-05-07 11:01:11.673339	2026-05-07 11:02:02.489667	\N	\N	\N	repair	\N	\N
2091	\N	\N	\N	4	8	1	\N	1	19	\N	19	19	WH/IN/00974	\N	direct	draft	0	\N	\N	f	\N	t	2026-05-07 11:01:12	\N	2026-05-07 11:01:12	\N	2026-05-07 11:01:11.673339	2026-05-07 11:02:02.489667	\N	\N	\N	repair	\N	\N
2092	\N	\N	\N	4	8	1	\N	1	19	\N	19	19	WH/IN/00975	\N	direct	draft	0	\N	\N	f	\N	t	2026-05-07 11:01:12	\N	2026-05-07 11:01:12	\N	2026-05-07 11:01:11.673339	2026-05-07 11:02:02.489667	\N	\N	\N	repair	\N	\N
2093	\N	\N	\N	4	8	1	\N	1	19	\N	19	19	WH/IN/00976	\N	direct	draft	0	\N	\N	f	\N	t	2026-05-07 11:01:12	\N	2026-05-07 11:01:12	\N	2026-05-07 11:01:11.673339	2026-05-07 11:02:02.489667	\N	\N	\N	repair	\N	\N
2094	\N	\N	\N	4	8	1	\N	1	19	\N	19	19	WH/IN/00977	\N	direct	draft	0	\N	\N	f	\N	t	2026-05-07 11:01:12	\N	2026-05-07 11:01:12	\N	2026-05-07 11:01:11.673339	2026-05-07 11:02:02.489667	\N	\N	\N	repair	\N	\N
2095	\N	\N	\N	4	8	1	\N	1	19	\N	19	19	WH/IN/00978	\N	direct	draft	0	\N	\N	f	\N	t	2026-05-07 11:01:12	\N	2026-05-07 11:01:12	\N	2026-05-07 11:01:11.673339	2026-05-07 11:02:02.489667	\N	\N	\N	repair	\N	\N
2096	\N	\N	\N	4	8	1	\N	1	19	\N	19	19	WH/IN/00979	\N	direct	draft	0	\N	\N	f	\N	t	2026-05-07 11:01:12	\N	2026-05-07 11:01:12	\N	2026-05-07 11:01:11.673339	2026-05-07 11:02:02.489667	\N	\N	\N	repair	\N	\N
2097	\N	\N	\N	4	8	1	\N	1	19	\N	19	19	WH/IN/00980	\N	direct	draft	0	\N	\N	f	\N	t	2026-05-07 11:01:12	\N	2026-05-07 11:01:12	\N	2026-05-07 11:01:11.673339	2026-05-07 11:02:02.489667	\N	\N	\N	repair	\N	\N
2098	\N	\N	\N	4	8	1	\N	1	19	\N	19	19	WH/IN/00981	\N	direct	draft	0	\N	\N	f	\N	t	2026-05-07 11:01:12	\N	2026-05-07 11:01:12	\N	2026-05-07 11:01:11.673339	2026-05-07 11:02:02.489667	\N	\N	\N	repair	\N	\N
2099	\N	\N	\N	4	8	1	\N	1	19	\N	19	19	WH/IN/00982	\N	direct	draft	0	\N	\N	f	\N	t	2026-05-07 11:01:12	\N	2026-05-07 11:01:12	\N	2026-05-07 11:01:11.673339	2026-05-07 11:02:02.489667	\N	\N	\N	repair	\N	\N
2100	\N	\N	\N	4	8	1	\N	1	19	\N	19	19	WH/IN/00983	\N	direct	draft	0	\N	\N	f	\N	t	2026-05-07 11:01:12	\N	2026-05-07 11:01:12	\N	2026-05-07 11:01:11.673339	2026-05-07 11:02:02.489667	\N	\N	\N	repair	\N	\N
2101	\N	\N	\N	4	8	1	\N	1	19	\N	19	19	WH/IN/00984	\N	direct	draft	0	\N	\N	f	\N	t	2026-05-07 11:01:12	\N	2026-05-07 11:01:12	\N	2026-05-07 11:01:11.673339	2026-05-07 11:02:02.489667	\N	\N	\N	repair	\N	\N
2102	\N	\N	\N	4	8	1	\N	1	19	\N	19	19	WH/IN/00985	\N	direct	draft	0	\N	\N	f	\N	t	2026-05-07 11:01:12	\N	2026-05-07 11:01:12	\N	2026-05-07 11:01:11.673339	2026-05-07 11:02:02.489667	\N	\N	\N	repair	\N	\N
2103	\N	\N	\N	4	8	1	\N	1	19	\N	19	19	WH/IN/00986	\N	direct	draft	0	\N	\N	f	\N	t	2026-05-07 11:01:12	\N	2026-05-07 11:01:12	\N	2026-05-07 11:01:11.673339	2026-05-07 11:02:02.489667	\N	\N	\N	repair	\N	\N
2104	\N	\N	\N	4	8	1	\N	1	19	\N	19	19	WH/IN/00987	\N	direct	draft	0	\N	\N	f	\N	t	2026-05-07 11:01:12	\N	2026-05-07 11:01:12	\N	2026-05-07 11:01:11.673339	2026-05-07 11:02:02.489667	\N	\N	\N	repair	\N	\N
2105	\N	\N	\N	4	8	1	\N	1	19	\N	19	19	WH/IN/00988	\N	direct	draft	0	\N	\N	f	\N	t	2026-05-07 11:01:12	\N	2026-05-07 11:01:12	\N	2026-05-07 11:01:11.673339	2026-05-07 11:02:02.489667	\N	\N	\N	repair	\N	\N
2106	\N	\N	\N	4	8	1	\N	1	19	\N	19	19	WH/IN/00989	\N	direct	draft	0	\N	\N	f	\N	t	2026-05-07 11:01:12	\N	2026-05-07 11:01:12	\N	2026-05-07 11:01:11.673339	2026-05-07 11:02:02.489667	\N	\N	\N	repair	\N	\N
2107	\N	\N	\N	4	8	1	\N	1	19	\N	19	19	WH/IN/00990	\N	direct	draft	0	\N	\N	f	\N	t	2026-05-07 11:01:12	\N	2026-05-07 11:01:12	\N	2026-05-07 11:01:11.673339	2026-05-07 11:02:02.489667	\N	\N	\N	repair	\N	\N
2108	\N	\N	\N	4	8	1	\N	1	19	\N	19	19	WH/IN/00991	\N	direct	draft	0	\N	\N	f	\N	t	2026-05-07 11:01:12	\N	2026-05-07 11:01:12	\N	2026-05-07 11:01:11.673339	2026-05-07 11:02:02.489667	\N	\N	\N	repair	\N	\N
2109	\N	\N	\N	4	8	1	\N	1	19	\N	19	19	WH/IN/00992	\N	direct	draft	0	\N	\N	f	\N	t	2026-05-07 11:01:12	\N	2026-05-07 11:01:12	\N	2026-05-07 11:01:11.673339	2026-05-07 11:02:02.489667	\N	\N	\N	repair	\N	\N
2110	\N	\N	\N	4	8	1	\N	1	19	\N	19	19	WH/IN/00993	\N	direct	draft	0	\N	\N	f	\N	t	2026-05-07 11:01:12	\N	2026-05-07 11:01:12	\N	2026-05-07 11:01:11.673339	2026-05-07 11:02:02.489667	\N	\N	\N	repair	\N	\N
2111	\N	\N	\N	4	8	1	\N	1	19	\N	19	19	WH/IN/00994	\N	direct	draft	0	\N	\N	f	\N	t	2026-05-07 11:01:12	\N	2026-05-07 11:01:12	\N	2026-05-07 11:01:11.673339	2026-05-07 11:02:02.489667	\N	\N	\N	repair	\N	\N
2112	\N	\N	\N	4	8	1	\N	1	19	\N	19	19	WH/IN/00995	\N	direct	draft	0	\N	\N	f	\N	t	2026-05-07 11:01:12	\N	2026-05-07 11:01:12	\N	2026-05-07 11:01:11.673339	2026-05-07 11:02:02.489667	\N	\N	\N	repair	\N	\N
2113	\N	\N	\N	4	8	1	\N	1	19	\N	19	19	WH/IN/00996	\N	direct	draft	0	\N	\N	f	\N	t	2026-05-07 11:01:12	\N	2026-05-07 11:01:12	\N	2026-05-07 11:01:11.673339	2026-05-07 11:02:02.489667	\N	\N	\N	repair	\N	\N
2114	\N	\N	\N	4	8	1	\N	1	19	\N	19	19	WH/IN/00997	\N	direct	draft	0	\N	\N	f	\N	t	2026-05-07 11:01:12	\N	2026-05-07 11:01:12	\N	2026-05-07 11:01:11.673339	2026-05-07 11:02:02.489667	\N	\N	\N	repair	\N	\N
2115	\N	\N	\N	4	8	1	\N	1	19	\N	19	19	WH/IN/00998	\N	direct	draft	0	\N	\N	f	\N	t	2026-05-07 11:01:12	\N	2026-05-07 11:01:12	\N	2026-05-07 11:01:11.673339	2026-05-07 11:02:02.489667	\N	\N	\N	repair	\N	\N
2116	\N	\N	\N	4	8	1	\N	1	19	\N	19	19	WH/IN/00999	\N	direct	draft	0	\N	\N	f	\N	t	2026-05-07 11:01:12	\N	2026-05-07 11:01:12	\N	2026-05-07 11:01:11.673339	2026-05-07 11:02:02.489667	\N	\N	\N	repair	\N	\N
2117	\N	\N	\N	4	8	1	\N	1	19	\N	19	19	WH/IN/01000	\N	direct	draft	0	\N	\N	f	\N	t	2026-05-07 11:01:12	\N	2026-05-07 11:01:12	\N	2026-05-07 11:01:11.673339	2026-05-07 11:02:02.489667	\N	\N	\N	repair	\N	\N
2118	\N	\N	\N	4	8	1	\N	1	19	\N	19	19	WH/IN/01001	\N	direct	draft	0	\N	\N	f	\N	t	2026-05-07 11:01:12	\N	2026-05-07 11:01:12	\N	2026-05-07 11:01:11.673339	2026-05-07 11:02:02.489667	\N	\N	\N	repair	\N	\N
2119	\N	\N	\N	4	8	1	\N	1	19	\N	19	19	WH/IN/01002	\N	direct	draft	0	\N	\N	f	\N	t	2026-05-07 11:01:12	\N	2026-05-07 11:01:12	\N	2026-05-07 11:01:11.673339	2026-05-07 11:02:02.489667	\N	\N	\N	repair	\N	\N
2120	\N	\N	\N	4	8	1	\N	1	19	\N	19	19	WH/IN/01003	\N	direct	draft	0	\N	\N	f	\N	t	2026-05-07 11:01:12	\N	2026-05-07 11:01:12	\N	2026-05-07 11:01:11.673339	2026-05-07 11:02:02.489667	\N	\N	\N	repair	\N	\N
2121	\N	\N	\N	4	8	1	\N	1	19	\N	19	19	WH/IN/01004	\N	direct	draft	0	\N	\N	f	\N	t	2026-05-07 11:01:12	\N	2026-05-07 11:01:12	\N	2026-05-07 11:01:11.673339	2026-05-07 11:02:02.489667	\N	\N	\N	repair	\N	\N
2122	\N	\N	\N	4	8	1	\N	1	19	\N	19	19	WH/IN/01005	\N	direct	draft	0	\N	\N	f	\N	t	2026-05-07 11:01:12	\N	2026-05-07 11:01:12	\N	2026-05-07 11:01:11.673339	2026-05-07 11:02:02.489667	\N	\N	\N	repair	\N	\N
2123	\N	\N	\N	4	8	1	\N	1	19	\N	19	19	WH/IN/01006	\N	direct	draft	0	\N	\N	f	\N	t	2026-05-07 11:01:12	\N	2026-05-07 11:01:12	\N	2026-05-07 11:01:11.673339	2026-05-07 11:02:02.489667	\N	\N	\N	repair	\N	\N
2124	\N	\N	\N	4	8	1	\N	1	19	\N	19	19	WH/IN/01007	\N	direct	draft	0	\N	\N	f	\N	t	2026-05-07 11:01:12	\N	2026-05-07 11:01:12	\N	2026-05-07 11:01:11.673339	2026-05-07 11:02:02.489667	\N	\N	\N	repair	\N	\N
2125	\N	\N	\N	4	8	1	\N	1	19	\N	19	19	WH/IN/01008	\N	direct	draft	0	\N	\N	f	\N	t	2026-05-07 11:01:12	\N	2026-05-07 11:01:12	\N	2026-05-07 11:01:11.673339	2026-05-07 11:02:02.489667	\N	\N	\N	repair	\N	\N
2126	\N	\N	\N	4	8	1	\N	1	19	\N	19	19	WH/IN/01009	\N	direct	draft	0	\N	\N	f	\N	t	2026-05-07 11:01:12	\N	2026-05-07 11:01:12	\N	2026-05-07 11:01:11.673339	2026-05-07 11:02:02.489667	\N	\N	\N	repair	\N	\N
2127	\N	\N	\N	4	8	1	\N	1	19	\N	19	19	WH/IN/01010	\N	direct	draft	0	\N	\N	f	\N	t	2026-05-07 11:01:12	\N	2026-05-07 11:01:12	\N	2026-05-07 11:01:11.673339	2026-05-07 11:02:02.489667	\N	\N	\N	repair	\N	\N
2128	\N	\N	\N	4	8	1	\N	1	19	\N	19	19	WH/IN/01011	\N	direct	draft	0	\N	\N	f	\N	t	2026-05-07 11:01:12	\N	2026-05-07 11:01:12	\N	2026-05-07 11:01:11.673339	2026-05-07 11:02:02.489667	\N	\N	\N	repair	\N	\N
2129	\N	\N	\N	4	8	1	\N	1	19	\N	19	19	WH/IN/01012	\N	direct	draft	0	\N	\N	f	\N	t	2026-05-07 11:01:12	\N	2026-05-07 11:01:12	\N	2026-05-07 11:01:11.673339	2026-05-07 11:02:02.489667	\N	\N	\N	repair	\N	\N
2130	\N	\N	\N	4	8	1	\N	1	19	\N	19	19	WH/IN/01013	\N	direct	draft	0	\N	\N	f	\N	t	2026-05-07 11:01:12	\N	2026-05-07 11:01:12	\N	2026-05-07 11:01:11.673339	2026-05-07 11:02:02.489667	\N	\N	\N	repair	\N	\N
2131	\N	\N	\N	4	8	1	\N	1	19	\N	19	19	WH/IN/01014	\N	direct	draft	0	\N	\N	f	\N	t	2026-05-07 11:01:12	\N	2026-05-07 11:01:12	\N	2026-05-07 11:01:11.673339	2026-05-07 11:02:02.489667	\N	\N	\N	repair	\N	\N
2132	\N	\N	\N	4	8	1	\N	1	19	\N	19	19	WH/IN/01015	\N	direct	draft	0	\N	\N	f	\N	t	2026-05-07 11:01:12	\N	2026-05-07 11:01:12	\N	2026-05-07 11:01:11.673339	2026-05-07 11:02:02.489667	\N	\N	\N	repair	\N	\N
2133	\N	\N	\N	4	8	1	\N	1	19	\N	19	19	WH/IN/01016	\N	direct	draft	0	\N	\N	f	\N	t	2026-05-07 11:01:12	\N	2026-05-07 11:01:12	\N	2026-05-07 11:01:11.673339	2026-05-07 11:02:02.489667	\N	\N	\N	repair	\N	\N
2134	\N	\N	\N	4	8	1	\N	1	19	\N	19	19	WH/IN/01017	\N	direct	draft	0	\N	\N	f	\N	t	2026-05-07 11:01:12	\N	2026-05-07 11:01:12	\N	2026-05-07 11:01:11.673339	2026-05-07 11:02:02.489667	\N	\N	\N	repair	\N	\N
2135	\N	\N	\N	4	8	1	\N	1	19	\N	19	19	WH/IN/01018	\N	direct	draft	0	\N	\N	f	\N	t	2026-05-07 11:01:12	\N	2026-05-07 11:01:12	\N	2026-05-07 11:01:11.673339	2026-05-07 11:02:02.489667	\N	\N	\N	repair	\N	\N
2136	\N	\N	\N	4	8	1	\N	1	19	\N	19	19	WH/IN/01019	\N	direct	draft	0	\N	\N	f	\N	t	2026-05-07 11:01:12	\N	2026-05-07 11:01:12	\N	2026-05-07 11:01:11.673339	2026-05-07 11:02:02.489667	\N	\N	\N	repair	\N	\N
2137	\N	\N	\N	4	8	1	\N	1	19	\N	19	19	WH/IN/01020	\N	direct	draft	0	\N	\N	f	\N	t	2026-05-07 11:01:12	\N	2026-05-07 11:01:12	\N	2026-05-07 11:01:11.673339	2026-05-07 11:02:02.489667	\N	\N	\N	repair	\N	\N
2138	\N	\N	\N	4	8	1	\N	1	19	\N	19	19	WH/IN/01021	\N	direct	draft	0	\N	\N	f	\N	t	2026-05-07 11:01:12	\N	2026-05-07 11:01:12	\N	2026-05-07 11:01:11.673339	2026-05-07 11:02:02.489667	\N	\N	\N	repair	\N	\N
2139	\N	\N	\N	4	8	1	\N	1	19	\N	19	19	WH/IN/01022	\N	direct	draft	0	\N	\N	f	\N	t	2026-05-07 11:01:12	\N	2026-05-07 11:01:12	\N	2026-05-07 11:01:11.673339	2026-05-07 11:02:02.489667	\N	\N	\N	repair	\N	\N
2140	\N	\N	\N	4	8	1	\N	1	19	\N	19	19	WH/IN/01023	\N	direct	draft	0	\N	\N	f	\N	t	2026-05-07 11:01:12	\N	2026-05-07 11:01:12	\N	2026-05-07 11:01:11.673339	2026-05-07 11:02:02.489667	\N	\N	\N	repair	\N	\N
2141	\N	\N	\N	4	8	1	\N	1	19	\N	19	19	WH/IN/01024	\N	direct	draft	0	\N	\N	f	\N	t	2026-05-07 11:01:12	\N	2026-05-07 11:01:12	\N	2026-05-07 11:01:11.673339	2026-05-07 11:02:02.489667	\N	\N	\N	repair	\N	\N
2142	\N	\N	\N	4	8	1	\N	1	19	\N	19	19	WH/IN/01025	\N	direct	draft	0	\N	\N	f	\N	t	2026-05-07 11:01:12	\N	2026-05-07 11:01:12	\N	2026-05-07 11:01:11.673339	2026-05-07 11:02:02.489667	\N	\N	\N	repair	\N	\N
2143	\N	\N	\N	4	8	1	\N	1	19	\N	19	19	WH/IN/01026	\N	direct	draft	0	\N	\N	f	\N	t	2026-05-07 11:01:12	\N	2026-05-07 11:01:12	\N	2026-05-07 11:01:11.673339	2026-05-07 11:02:02.489667	\N	\N	\N	repair	\N	\N
2144	\N	\N	\N	4	8	1	\N	1	19	\N	19	19	WH/IN/01027	\N	direct	draft	0	\N	\N	f	\N	t	2026-05-07 11:01:12	\N	2026-05-07 11:01:12	\N	2026-05-07 11:01:11.673339	2026-05-07 11:02:02.489667	\N	\N	\N	repair	\N	\N
2145	\N	\N	\N	4	8	1	\N	1	19	\N	19	19	WH/IN/01028	\N	direct	draft	0	\N	\N	f	\N	t	2026-05-07 11:01:12	\N	2026-05-07 11:01:12	\N	2026-05-07 11:01:11.673339	2026-05-07 11:02:02.489667	\N	\N	\N	repair	\N	\N
2146	\N	\N	\N	4	8	1	\N	1	19	\N	19	19	WH/IN/01029	\N	direct	draft	0	\N	\N	f	\N	t	2026-05-07 11:01:12	\N	2026-05-07 11:01:12	\N	2026-05-07 11:01:11.673339	2026-05-07 11:02:02.489667	\N	\N	\N	repair	\N	\N
2147	\N	\N	\N	4	8	1	\N	1	19	\N	19	19	WH/IN/01030	\N	direct	draft	0	\N	\N	f	\N	t	2026-05-07 11:01:12	\N	2026-05-07 11:01:12	\N	2026-05-07 11:01:11.673339	2026-05-07 11:02:02.489667	\N	\N	\N	repair	\N	\N
2148	\N	\N	\N	4	8	1	\N	1	19	\N	19	19	WH/IN/01031	\N	direct	draft	0	\N	\N	f	\N	t	2026-05-07 11:01:12	\N	2026-05-07 11:01:12	\N	2026-05-07 11:01:11.673339	2026-05-07 11:02:02.489667	\N	\N	\N	repair	\N	\N
2149	\N	\N	\N	4	8	1	\N	1	19	\N	19	19	WH/IN/01032	\N	direct	draft	0	\N	\N	f	\N	t	2026-05-07 11:01:12	\N	2026-05-07 11:01:12	\N	2026-05-07 11:01:11.673339	2026-05-07 11:02:02.489667	\N	\N	\N	repair	\N	\N
2150	\N	\N	\N	4	8	1	\N	1	19	\N	19	19	WH/IN/01033	\N	direct	draft	0	\N	\N	f	\N	t	2026-05-07 11:01:12	\N	2026-05-07 11:01:12	\N	2026-05-07 11:01:11.673339	2026-05-07 11:02:02.489667	\N	\N	\N	repair	\N	\N
2151	\N	\N	\N	4	8	1	\N	1	19	\N	19	19	WH/IN/01034	\N	direct	draft	0	\N	\N	f	\N	t	2026-05-07 11:01:12	\N	2026-05-07 11:01:12	\N	2026-05-07 11:01:11.673339	2026-05-07 11:02:02.489667	\N	\N	\N	repair	\N	\N
2152	\N	\N	\N	4	8	1	\N	1	19	\N	19	19	WH/IN/01035	\N	direct	draft	0	\N	\N	f	\N	t	2026-05-07 11:01:12	\N	2026-05-07 11:01:12	\N	2026-05-07 11:01:11.673339	2026-05-07 11:02:02.489667	\N	\N	\N	repair	\N	\N
2153	\N	\N	\N	4	8	1	\N	1	19	\N	19	19	WH/IN/01036	\N	direct	draft	0	\N	\N	f	\N	t	2026-05-07 11:01:12	\N	2026-05-07 11:01:12	\N	2026-05-07 11:01:11.673339	2026-05-07 11:02:02.489667	\N	\N	\N	repair	\N	\N
2154	\N	\N	\N	4	8	1	\N	1	19	\N	19	19	WH/IN/01037	\N	direct	draft	0	\N	\N	f	\N	t	2026-05-07 11:01:12	\N	2026-05-07 11:01:12	\N	2026-05-07 11:01:11.673339	2026-05-07 11:02:02.489667	\N	\N	\N	repair	\N	\N
2155	\N	\N	\N	4	8	1	\N	1	19	\N	19	19	WH/IN/01038	\N	direct	draft	0	\N	\N	f	\N	t	2026-05-07 11:01:12	\N	2026-05-07 11:01:12	\N	2026-05-07 11:01:11.673339	2026-05-07 11:02:02.489667	\N	\N	\N	repair	\N	\N
2156	\N	\N	\N	4	8	1	\N	1	19	\N	19	19	WH/IN/01039	\N	direct	draft	0	\N	\N	f	\N	t	2026-05-07 11:01:12	\N	2026-05-07 11:01:12	\N	2026-05-07 11:01:11.673339	2026-05-07 11:02:02.489667	\N	\N	\N	repair	\N	\N
2157	\N	\N	\N	4	8	1	\N	1	19	\N	19	19	WH/IN/01040	\N	direct	draft	0	\N	\N	f	\N	t	2026-05-07 11:01:12	\N	2026-05-07 11:01:12	\N	2026-05-07 11:01:11.673339	2026-05-07 11:02:02.489667	\N	\N	\N	repair	\N	\N
2158	\N	\N	\N	4	8	1	\N	1	19	\N	19	19	WH/IN/01041	\N	direct	draft	0	\N	\N	f	\N	t	2026-05-07 11:01:12	\N	2026-05-07 11:01:12	\N	2026-05-07 11:01:11.673339	2026-05-07 11:02:02.489667	\N	\N	\N	repair	\N	\N
2159	\N	\N	\N	4	8	1	\N	1	19	\N	19	19	WH/IN/01042	\N	direct	draft	0	\N	\N	f	\N	t	2026-05-07 11:01:12	\N	2026-05-07 11:01:12	\N	2026-05-07 11:01:11.673339	2026-05-07 11:02:02.489667	\N	\N	\N	repair	\N	\N
2160	\N	\N	\N	4	8	1	\N	1	19	\N	19	19	WH/IN/01043	\N	direct	draft	0	\N	\N	f	\N	t	2026-05-07 11:01:12	\N	2026-05-07 11:01:12	\N	2026-05-07 11:01:11.673339	2026-05-07 11:02:02.489667	\N	\N	\N	repair	\N	\N
2161	\N	\N	\N	4	8	1	\N	1	19	\N	19	19	WH/IN/01044	\N	direct	draft	0	\N	\N	f	\N	t	2026-05-07 11:01:12	\N	2026-05-07 11:01:12	\N	2026-05-07 11:01:11.673339	2026-05-07 11:02:02.489667	\N	\N	\N	repair	\N	\N
2162	\N	\N	\N	4	8	1	\N	1	19	\N	19	19	WH/IN/01045	\N	direct	draft	0	\N	\N	f	\N	t	2026-05-07 11:01:12	\N	2026-05-07 11:01:12	\N	2026-05-07 11:01:11.673339	2026-05-07 11:02:02.489667	\N	\N	\N	repair	\N	\N
2163	\N	\N	\N	4	8	1	\N	1	19	\N	19	19	WH/IN/01046	\N	direct	draft	0	\N	\N	f	\N	t	2026-05-07 11:01:12	\N	2026-05-07 11:01:12	\N	2026-05-07 11:01:11.673339	2026-05-07 11:02:02.489667	\N	\N	\N	repair	\N	\N
2164	\N	\N	\N	4	8	1	\N	1	19	\N	19	19	WH/IN/01047	\N	direct	draft	0	\N	\N	f	\N	t	2026-05-07 11:01:12	\N	2026-05-07 11:01:12	\N	2026-05-07 11:01:11.673339	2026-05-07 11:02:02.489667	\N	\N	\N	repair	\N	\N
2165	\N	\N	\N	4	8	1	\N	1	19	\N	19	19	WH/IN/01048	\N	direct	draft	0	\N	\N	f	\N	t	2026-05-07 11:01:12	\N	2026-05-07 11:01:12	\N	2026-05-07 11:01:11.673339	2026-05-07 11:02:02.489667	\N	\N	\N	repair	\N	\N
2166	\N	\N	\N	4	8	1	\N	1	19	\N	19	19	WH/IN/01049	\N	direct	draft	0	\N	\N	f	\N	t	2026-05-07 11:01:12	\N	2026-05-07 11:01:12	\N	2026-05-07 11:01:11.673339	2026-05-07 11:02:02.489667	\N	\N	\N	repair	\N	\N
2167	\N	\N	\N	4	8	1	\N	1	19	\N	19	19	WH/IN/01050	\N	direct	draft	0	\N	\N	f	\N	t	2026-05-07 11:01:12	\N	2026-05-07 11:01:12	\N	2026-05-07 11:01:11.673339	2026-05-07 11:02:02.489667	\N	\N	\N	repair	\N	\N
2168	\N	\N	\N	4	8	1	\N	1	19	\N	19	19	WH/IN/01051	\N	direct	draft	0	\N	\N	f	\N	t	2026-05-07 11:01:12	\N	2026-05-07 11:01:12	\N	2026-05-07 11:01:11.673339	2026-05-07 11:02:02.489667	\N	\N	\N	repair	\N	\N
2169	\N	\N	\N	4	8	1	\N	1	19	\N	19	19	WH/IN/01052	\N	direct	draft	0	\N	\N	f	\N	t	2026-05-07 11:01:12	\N	2026-05-07 11:01:12	\N	2026-05-07 11:01:11.673339	2026-05-07 11:02:02.489667	\N	\N	\N	repair	\N	\N
2170	\N	\N	\N	4	8	1	\N	1	19	\N	19	19	WH/IN/01053	\N	direct	draft	0	\N	\N	f	\N	t	2026-05-07 11:01:12	\N	2026-05-07 11:01:12	\N	2026-05-07 11:01:11.673339	2026-05-07 11:02:02.489667	\N	\N	\N	repair	\N	\N
2171	\N	\N	\N	4	8	1	\N	1	19	\N	19	19	WH/IN/01054	\N	direct	draft	0	\N	\N	f	\N	t	2026-05-07 11:01:12	\N	2026-05-07 11:01:12	\N	2026-05-07 11:01:11.673339	2026-05-07 11:02:02.489667	\N	\N	\N	repair	\N	\N
2172	\N	\N	\N	4	8	1	\N	1	19	\N	19	19	WH/IN/01055	\N	direct	draft	0	\N	\N	f	\N	t	2026-05-07 11:01:12	\N	2026-05-07 11:01:12	\N	2026-05-07 11:01:11.673339	2026-05-07 11:02:02.489667	\N	\N	\N	repair	\N	\N
2173	\N	\N	\N	4	8	1	\N	1	19	\N	19	19	WH/IN/01056	\N	direct	draft	0	\N	\N	f	\N	t	2026-05-07 11:01:12	\N	2026-05-07 11:01:12	\N	2026-05-07 11:01:11.673339	2026-05-07 11:02:02.489667	\N	\N	\N	repair	\N	\N
2174	\N	\N	\N	4	8	1	\N	1	19	\N	19	19	WH/IN/01057	\N	direct	draft	0	\N	\N	f	\N	t	2026-05-07 11:01:12	\N	2026-05-07 11:01:12	\N	2026-05-07 11:01:11.673339	2026-05-07 11:02:02.489667	\N	\N	\N	repair	\N	\N
2175	\N	\N	\N	4	8	1	\N	1	19	\N	19	19	WH/IN/01058	\N	direct	draft	0	\N	\N	f	\N	t	2026-05-07 11:01:12	\N	2026-05-07 11:01:12	\N	2026-05-07 11:01:11.673339	2026-05-07 11:02:02.489667	\N	\N	\N	repair	\N	\N
2176	\N	\N	\N	4	8	1	\N	1	19	\N	19	19	WH/IN/01059	\N	direct	draft	0	\N	\N	f	\N	t	2026-05-07 11:01:12	\N	2026-05-07 11:01:12	\N	2026-05-07 11:01:11.673339	2026-05-07 11:02:02.489667	\N	\N	\N	repair	\N	\N
2177	\N	\N	\N	4	8	1	\N	1	19	\N	19	19	WH/IN/01060	\N	direct	draft	0	\N	\N	f	\N	t	2026-05-07 11:01:12	\N	2026-05-07 11:01:12	\N	2026-05-07 11:01:11.673339	2026-05-07 11:02:02.489667	\N	\N	\N	repair	\N	\N
2178	\N	\N	\N	4	8	1	\N	1	19	\N	19	19	WH/IN/01061	\N	direct	draft	0	\N	\N	f	\N	t	2026-05-07 11:01:12	\N	2026-05-07 11:01:12	\N	2026-05-07 11:01:11.673339	2026-05-07 11:02:02.489667	\N	\N	\N	repair	\N	\N
2179	\N	\N	\N	4	8	1	\N	1	19	\N	19	19	WH/IN/01062	\N	direct	draft	0	\N	\N	f	\N	t	2026-05-07 11:01:12	\N	2026-05-07 11:01:12	\N	2026-05-07 11:01:11.673339	2026-05-07 11:02:02.489667	\N	\N	\N	repair	\N	\N
2180	\N	\N	\N	4	8	1	\N	1	19	\N	19	19	WH/IN/01063	\N	direct	draft	0	\N	\N	f	\N	t	2026-05-07 11:01:12	\N	2026-05-07 11:01:12	\N	2026-05-07 11:01:11.673339	2026-05-07 11:02:02.489667	\N	\N	\N	repair	\N	\N
2181	\N	\N	\N	4	8	1	\N	1	19	\N	19	19	WH/IN/01064	\N	direct	draft	0	\N	\N	f	\N	t	2026-05-07 11:01:12	\N	2026-05-07 11:01:12	\N	2026-05-07 11:01:11.673339	2026-05-07 11:02:02.489667	\N	\N	\N	repair	\N	\N
2182	\N	\N	\N	4	8	1	\N	1	19	\N	19	19	WH/IN/01065	\N	direct	draft	0	\N	\N	f	\N	t	2026-05-07 11:01:12	\N	2026-05-07 11:01:12	\N	2026-05-07 11:01:11.673339	2026-05-07 11:02:02.489667	\N	\N	\N	repair	\N	\N
2183	\N	\N	\N	4	8	1	\N	1	19	\N	19	19	WH/IN/01066	\N	direct	draft	0	\N	\N	f	\N	t	2026-05-07 11:01:12	\N	2026-05-07 11:01:12	\N	2026-05-07 11:01:11.673339	2026-05-07 11:02:02.489667	\N	\N	\N	repair	\N	\N
2184	\N	\N	\N	4	8	1	\N	1	19	\N	19	19	WH/IN/01067	\N	direct	draft	0	\N	\N	f	\N	t	2026-05-07 11:01:12	\N	2026-05-07 11:01:12	\N	2026-05-07 11:01:11.673339	2026-05-07 11:02:02.489667	\N	\N	\N	repair	\N	\N
2185	\N	\N	\N	4	8	1	\N	1	19	\N	19	19	WH/IN/01068	\N	direct	draft	0	\N	\N	f	\N	t	2026-05-07 11:01:12	\N	2026-05-07 11:01:12	\N	2026-05-07 11:01:11.673339	2026-05-07 11:02:02.489667	\N	\N	\N	repair	\N	\N
2186	\N	\N	\N	4	8	1	\N	1	19	\N	19	19	WH/IN/01069	\N	direct	draft	0	\N	\N	f	\N	t	2026-05-07 11:01:12	\N	2026-05-07 11:01:12	\N	2026-05-07 11:01:11.673339	2026-05-07 11:02:02.489667	\N	\N	\N	repair	\N	\N
2187	\N	\N	\N	4	8	1	\N	1	19	\N	19	19	WH/IN/01070	\N	direct	draft	0	\N	\N	f	\N	t	2026-05-07 11:01:12	\N	2026-05-07 11:01:12	\N	2026-05-07 11:01:11.673339	2026-05-07 11:02:02.489667	\N	\N	\N	repair	\N	\N
2188	\N	\N	\N	4	8	1	\N	1	19	\N	19	19	WH/IN/01071	\N	direct	draft	0	\N	\N	f	\N	t	2026-05-07 11:01:12	\N	2026-05-07 11:01:12	\N	2026-05-07 11:01:11.673339	2026-05-07 11:02:02.489667	\N	\N	\N	repair	\N	\N
2189	\N	\N	\N	4	8	1	\N	1	19	\N	19	19	WH/IN/01072	\N	direct	draft	0	\N	\N	f	\N	t	2026-05-07 11:01:12	\N	2026-05-07 11:01:12	\N	2026-05-07 11:01:11.673339	2026-05-07 11:02:02.489667	\N	\N	\N	repair	\N	\N
2190	\N	\N	\N	4	8	1	\N	1	19	\N	19	19	WH/IN/01073	\N	direct	draft	0	\N	\N	f	\N	t	2026-05-07 11:01:12	\N	2026-05-07 11:01:12	\N	2026-05-07 11:01:11.673339	2026-05-07 11:02:02.489667	\N	\N	\N	repair	\N	\N
2191	\N	\N	\N	4	8	1	\N	1	19	\N	19	19	WH/IN/01074	\N	direct	draft	0	\N	\N	f	\N	t	2026-05-07 11:01:12	\N	2026-05-07 11:01:12	\N	2026-05-07 11:01:11.673339	2026-05-07 11:02:02.489667	\N	\N	\N	repair	\N	\N
2192	\N	\N	\N	4	8	1	\N	1	19	\N	19	19	WH/IN/01075	\N	direct	draft	0	\N	\N	f	\N	t	2026-05-07 11:01:12	\N	2026-05-07 11:01:12	\N	2026-05-07 11:01:11.673339	2026-05-07 11:02:02.489667	\N	\N	\N	repair	\N	\N
2193	\N	\N	\N	4	8	1	\N	1	19	\N	19	19	WH/IN/01076	\N	direct	draft	0	\N	\N	f	\N	t	2026-05-07 11:01:12	\N	2026-05-07 11:01:12	\N	2026-05-07 11:01:11.673339	2026-05-07 11:02:02.489667	\N	\N	\N	repair	\N	\N
2194	\N	\N	\N	4	8	1	\N	1	19	\N	19	19	WH/IN/01077	\N	direct	draft	0	\N	\N	f	\N	t	2026-05-07 11:01:12	\N	2026-05-07 11:01:12	\N	2026-05-07 11:01:11.673339	2026-05-07 11:02:02.489667	\N	\N	\N	repair	\N	\N
2195	\N	\N	\N	4	8	1	\N	1	19	\N	19	19	WH/IN/01078	\N	direct	draft	0	\N	\N	f	\N	t	2026-05-07 11:01:12	\N	2026-05-07 11:01:12	\N	2026-05-07 11:01:11.673339	2026-05-07 11:02:02.489667	\N	\N	\N	repair	\N	\N
2196	\N	\N	\N	4	8	1	\N	1	19	\N	19	19	WH/IN/01079	\N	direct	draft	0	\N	\N	f	\N	t	2026-05-07 11:01:12	\N	2026-05-07 11:01:12	\N	2026-05-07 11:01:11.673339	2026-05-07 11:02:02.489667	\N	\N	\N	repair	\N	\N
2197	\N	\N	\N	4	8	1	\N	1	19	\N	19	19	WH/IN/01080	\N	direct	draft	0	\N	\N	f	\N	t	2026-05-07 11:01:12	\N	2026-05-07 11:01:12	\N	2026-05-07 11:01:11.673339	2026-05-07 11:02:02.489667	\N	\N	\N	repair	\N	\N
1956	\N	\N	\N	4	8	1	\N	1	19	\N	19	19	WH/IN/00839	\N	direct	draft	0	\N	\N	f	\N	t	2026-05-07 11:01:12	\N	2026-05-07 11:01:12	\N	2026-05-07 11:01:11.673339	2026-05-07 11:02:02.489667	\N	\N	\N	repair	\N	\N
1957	\N	\N	\N	4	8	1	\N	1	19	\N	19	19	WH/IN/00840	\N	direct	draft	0	\N	\N	f	\N	t	2026-05-07 11:01:12	\N	2026-05-07 11:01:12	\N	2026-05-07 11:01:11.673339	2026-05-07 11:02:02.489667	\N	\N	\N	repair	\N	\N
1958	\N	\N	\N	4	8	1	\N	1	19	\N	19	19	WH/IN/00841	\N	direct	draft	0	\N	\N	f	\N	t	2026-05-07 11:01:12	\N	2026-05-07 11:01:12	\N	2026-05-07 11:01:11.673339	2026-05-07 11:02:02.489667	\N	\N	\N	repair	\N	\N
1959	\N	\N	\N	4	8	1	\N	1	19	\N	19	19	WH/IN/00842	\N	direct	draft	0	\N	\N	f	\N	t	2026-05-07 11:01:12	\N	2026-05-07 11:01:12	\N	2026-05-07 11:01:11.673339	2026-05-07 11:02:02.489667	\N	\N	\N	repair	\N	\N
1960	\N	\N	\N	4	8	1	\N	1	19	\N	19	19	WH/IN/00843	\N	direct	draft	0	\N	\N	f	\N	t	2026-05-07 11:01:12	\N	2026-05-07 11:01:12	\N	2026-05-07 11:01:11.673339	2026-05-07 11:02:02.489667	\N	\N	\N	repair	\N	\N
2198	\N	\N	\N	4	8	1	\N	1	19	\N	19	19	WH/IN/01081	\N	direct	draft	0	\N	\N	f	\N	t	2026-05-07 11:01:12	\N	2026-05-07 11:01:12	\N	2026-05-07 11:01:11.673339	2026-05-07 11:02:02.489667	\N	\N	\N	repair	\N	\N
2199	\N	\N	\N	4	8	1	\N	1	19	\N	19	19	WH/IN/01082	\N	direct	draft	0	\N	\N	f	\N	t	2026-05-07 11:01:12	\N	2026-05-07 11:01:12	\N	2026-05-07 11:01:11.673339	2026-05-07 11:02:02.489667	\N	\N	\N	repair	\N	\N
2200	\N	\N	\N	4	8	1	\N	1	19	\N	19	19	WH/IN/01083	\N	direct	draft	0	\N	\N	f	\N	t	2026-05-07 11:01:12	\N	2026-05-07 11:01:12	\N	2026-05-07 11:01:11.673339	2026-05-07 11:02:02.489667	\N	\N	\N	repair	\N	\N
2201	\N	\N	\N	4	8	1	\N	1	19	\N	19	19	WH/IN/01084	\N	direct	draft	0	\N	\N	f	\N	t	2026-05-07 11:01:12	\N	2026-05-07 11:01:12	\N	2026-05-07 11:01:11.673339	2026-05-07 11:02:02.489667	\N	\N	\N	repair	\N	\N
2202	\N	\N	\N	4	8	1	\N	1	19	\N	19	19	WH/IN/01085	\N	direct	draft	0	\N	\N	f	\N	t	2026-05-07 11:01:12	\N	2026-05-07 11:01:12	\N	2026-05-07 11:01:11.673339	2026-05-07 11:02:02.489667	\N	\N	\N	repair	\N	\N
2203	\N	\N	\N	4	8	1	\N	1	19	\N	19	19	WH/IN/01086	\N	direct	draft	0	\N	\N	f	\N	t	2026-05-07 11:01:12	\N	2026-05-07 11:01:12	\N	2026-05-07 11:01:11.673339	2026-05-07 11:02:02.489667	\N	\N	\N	repair	\N	\N
2204	\N	\N	\N	4	8	1	\N	1	19	\N	19	19	WH/IN/01087	\N	direct	draft	0	\N	\N	f	\N	t	2026-05-07 11:01:12	\N	2026-05-07 11:01:12	\N	2026-05-07 11:01:11.673339	2026-05-07 11:02:02.489667	\N	\N	\N	repair	\N	\N
2205	\N	\N	\N	4	8	1	\N	1	19	\N	19	19	WH/IN/01088	\N	direct	draft	0	\N	\N	f	\N	t	2026-05-07 11:01:12	\N	2026-05-07 11:01:12	\N	2026-05-07 11:01:11.673339	2026-05-07 11:02:02.489667	\N	\N	\N	repair	\N	\N
2206	\N	\N	\N	4	8	1	\N	1	19	\N	19	19	WH/IN/01089	\N	direct	draft	0	\N	\N	f	\N	t	2026-05-07 11:01:12	\N	2026-05-07 11:01:12	\N	2026-05-07 11:01:11.673339	2026-05-07 11:02:02.489667	\N	\N	\N	repair	\N	\N
2207	\N	\N	\N	4	8	1	\N	1	19	\N	19	19	WH/IN/01090	\N	direct	draft	0	\N	\N	f	\N	t	2026-05-07 11:01:12	\N	2026-05-07 11:01:12	\N	2026-05-07 11:01:11.673339	2026-05-07 11:02:02.489667	\N	\N	\N	repair	\N	\N
2208	\N	\N	\N	4	8	1	\N	1	19	\N	19	19	WH/IN/01091	\N	direct	draft	0	\N	\N	f	\N	t	2026-05-07 11:01:12	\N	2026-05-07 11:01:12	\N	2026-05-07 11:01:11.673339	2026-05-07 11:02:02.489667	\N	\N	\N	repair	\N	\N
2209	\N	\N	\N	4	8	1	\N	1	19	\N	19	19	WH/IN/01092	\N	direct	draft	0	\N	\N	f	\N	t	2026-05-07 11:01:12	\N	2026-05-07 11:01:12	\N	2026-05-07 11:01:11.673339	2026-05-07 11:02:02.489667	\N	\N	\N	repair	\N	\N
2210	\N	\N	\N	4	8	1	\N	1	19	\N	19	19	WH/IN/01093	\N	direct	draft	0	\N	\N	f	\N	t	2026-05-07 11:01:12	\N	2026-05-07 11:01:12	\N	2026-05-07 11:01:11.673339	2026-05-07 11:02:02.489667	\N	\N	\N	repair	\N	\N
2211	\N	\N	\N	4	8	1	\N	1	19	\N	19	19	WH/IN/01094	\N	direct	draft	0	\N	\N	f	\N	t	2026-05-07 11:01:12	\N	2026-05-07 11:01:12	\N	2026-05-07 11:01:11.673339	2026-05-07 11:02:02.489667	\N	\N	\N	repair	\N	\N
2212	\N	\N	\N	4	8	1	\N	1	19	\N	19	19	WH/IN/01095	\N	direct	draft	0	\N	\N	f	\N	t	2026-05-07 11:01:12	\N	2026-05-07 11:01:12	\N	2026-05-07 11:01:11.673339	2026-05-07 11:02:02.489667	\N	\N	\N	repair	\N	\N
2213	\N	\N	\N	4	8	1	\N	1	19	\N	19	19	WH/IN/01096	\N	direct	draft	0	\N	\N	f	\N	t	2026-05-07 11:01:12	\N	2026-05-07 11:01:12	\N	2026-05-07 11:01:11.673339	2026-05-07 11:02:02.489667	\N	\N	\N	repair	\N	\N
2214	\N	\N	\N	4	8	1	\N	1	19	\N	19	19	WH/IN/01097	\N	direct	draft	0	\N	\N	f	\N	t	2026-05-07 11:01:12	\N	2026-05-07 11:01:12	\N	2026-05-07 11:01:11.673339	2026-05-07 11:02:02.489667	\N	\N	\N	repair	\N	\N
2215	\N	\N	\N	4	8	1	\N	1	19	\N	19	19	WH/IN/01098	\N	direct	draft	0	\N	\N	f	\N	t	2026-05-07 11:01:12	\N	2026-05-07 11:01:12	\N	2026-05-07 11:01:11.673339	2026-05-07 11:02:02.489667	\N	\N	\N	repair	\N	\N
2216	\N	\N	\N	4	8	1	\N	1	19	\N	19	19	WH/IN/01099	\N	direct	draft	0	\N	\N	f	\N	t	2026-05-07 11:01:12	\N	2026-05-07 11:01:12	\N	2026-05-07 11:01:11.673339	2026-05-07 11:02:02.489667	\N	\N	\N	repair	\N	\N
2217	\N	\N	\N	4	8	1	\N	1	19	\N	19	19	WH/IN/01100	\N	direct	draft	0	\N	\N	f	\N	t	2026-05-07 11:01:12	\N	2026-05-07 11:01:12	\N	2026-05-07 11:01:11.673339	2026-05-07 11:02:02.489667	\N	\N	\N	repair	\N	\N
2218	\N	\N	\N	4	8	1	\N	1	19	\N	19	19	WH/IN/01101	\N	direct	draft	0	\N	\N	f	\N	t	2026-05-07 11:01:12	\N	2026-05-07 11:01:12	\N	2026-05-07 11:01:11.673339	2026-05-07 11:02:02.489667	\N	\N	\N	repair	\N	\N
2219	\N	\N	\N	4	8	1	\N	1	19	\N	19	19	WH/IN/01102	\N	direct	draft	0	\N	\N	f	\N	t	2026-05-07 11:01:12	\N	2026-05-07 11:01:12	\N	2026-05-07 11:01:11.673339	2026-05-07 11:02:02.489667	\N	\N	\N	repair	\N	\N
2220	\N	\N	\N	4	8	1	\N	1	19	\N	19	19	WH/IN/01103	\N	direct	draft	0	\N	\N	f	\N	t	2026-05-07 11:01:12	\N	2026-05-07 11:01:12	\N	2026-05-07 11:01:11.673339	2026-05-07 11:02:02.489667	\N	\N	\N	repair	\N	\N
2221	\N	\N	\N	4	8	1	\N	1	19	\N	19	19	WH/IN/01104	\N	direct	draft	0	\N	\N	f	\N	t	2026-05-07 11:01:12	\N	2026-05-07 11:01:12	\N	2026-05-07 11:01:11.673339	2026-05-07 11:02:02.489667	\N	\N	\N	repair	\N	\N
2222	\N	\N	\N	4	8	1	\N	1	19	\N	19	19	WH/IN/01105	\N	direct	draft	0	\N	\N	f	\N	t	2026-05-07 11:01:12	\N	2026-05-07 11:01:12	\N	2026-05-07 11:01:11.673339	2026-05-07 11:02:02.489667	\N	\N	\N	repair	\N	\N
2223	\N	\N	\N	4	8	1	\N	1	19	\N	19	19	WH/IN/01106	\N	direct	draft	0	\N	\N	f	\N	t	2026-05-07 11:01:12	\N	2026-05-07 11:01:12	\N	2026-05-07 11:01:11.673339	2026-05-07 11:02:02.489667	\N	\N	\N	repair	\N	\N
2224	\N	\N	\N	4	8	1	\N	1	19	\N	19	19	WH/IN/01107	\N	direct	draft	0	\N	\N	f	\N	t	2026-05-07 11:01:12	\N	2026-05-07 11:01:12	\N	2026-05-07 11:01:11.673339	2026-05-07 11:02:02.489667	\N	\N	\N	repair	\N	\N
2225	\N	\N	\N	4	8	1	\N	1	19	\N	19	19	WH/IN/01108	\N	direct	draft	0	\N	\N	f	\N	t	2026-05-07 11:01:12	\N	2026-05-07 11:01:12	\N	2026-05-07 11:01:11.673339	2026-05-07 11:02:02.489667	\N	\N	\N	repair	\N	\N
2226	\N	\N	\N	4	8	1	\N	1	19	\N	19	19	WH/IN/01109	\N	direct	draft	0	\N	\N	f	\N	t	2026-05-07 11:01:12	\N	2026-05-07 11:01:12	\N	2026-05-07 11:01:11.673339	2026-05-07 11:02:02.489667	\N	\N	\N	repair	\N	\N
2227	\N	\N	\N	4	8	1	\N	1	19	\N	19	19	WH/IN/01110	\N	direct	draft	0	\N	\N	f	\N	t	2026-05-07 11:01:12	\N	2026-05-07 11:01:12	\N	2026-05-07 11:01:11.673339	2026-05-07 11:02:02.489667	\N	\N	\N	repair	\N	\N
2228	\N	\N	\N	4	8	1	\N	1	19	\N	19	19	WH/IN/01111	\N	direct	draft	0	\N	\N	f	\N	t	2026-05-07 11:01:12	\N	2026-05-07 11:01:12	\N	2026-05-07 11:01:11.673339	2026-05-07 11:02:02.489667	\N	\N	\N	repair	\N	\N
2229	\N	\N	\N	4	8	1	\N	1	19	\N	19	19	WH/IN/01112	\N	direct	draft	0	\N	\N	f	\N	t	2026-05-07 11:01:12	\N	2026-05-07 11:01:12	\N	2026-05-07 11:01:11.673339	2026-05-07 11:02:02.489667	\N	\N	\N	repair	\N	\N
2230	\N	\N	\N	4	8	1	\N	1	19	\N	19	19	WH/IN/01113	\N	direct	draft	0	\N	\N	f	\N	t	2026-05-07 11:01:12	\N	2026-05-07 11:01:12	\N	2026-05-07 11:01:11.673339	2026-05-07 11:02:02.489667	\N	\N	\N	repair	\N	\N
2231	\N	\N	\N	4	8	1	\N	1	19	\N	19	19	WH/IN/01114	\N	direct	draft	0	\N	\N	f	\N	t	2026-05-07 11:01:12	\N	2026-05-07 11:01:12	\N	2026-05-07 11:01:11.673339	2026-05-07 11:02:02.489667	\N	\N	\N	repair	\N	\N
2232	\N	\N	\N	4	8	1	\N	1	19	\N	19	19	WH/IN/01115	\N	direct	draft	0	\N	\N	f	\N	t	2026-05-07 11:01:12	\N	2026-05-07 11:01:12	\N	2026-05-07 11:01:11.673339	2026-05-07 11:02:02.489667	\N	\N	\N	repair	\N	\N
2233	\N	\N	\N	4	8	1	\N	1	19	\N	19	19	WH/IN/01116	\N	direct	draft	0	\N	\N	f	\N	t	2026-05-07 11:01:12	\N	2026-05-07 11:01:12	\N	2026-05-07 11:01:11.673339	2026-05-07 11:02:02.489667	\N	\N	\N	repair	\N	\N
2234	\N	\N	\N	4	8	1	\N	1	19	\N	19	19	WH/IN/01117	\N	direct	draft	0	\N	\N	f	\N	t	2026-05-07 11:01:12	\N	2026-05-07 11:01:12	\N	2026-05-07 11:01:11.673339	2026-05-07 11:02:02.489667	\N	\N	\N	repair	\N	\N
2235	\N	\N	\N	4	8	1	\N	1	19	\N	19	19	WH/IN/01118	\N	direct	draft	0	\N	\N	f	\N	t	2026-05-07 11:01:12	\N	2026-05-07 11:01:12	\N	2026-05-07 11:01:11.673339	2026-05-07 11:02:02.489667	\N	\N	\N	repair	\N	\N
2236	\N	\N	\N	4	8	1	\N	1	19	\N	19	19	WH/IN/01119	\N	direct	draft	0	\N	\N	f	\N	t	2026-05-07 11:01:12	\N	2026-05-07 11:01:12	\N	2026-05-07 11:01:11.673339	2026-05-07 11:02:02.489667	\N	\N	\N	repair	\N	\N
2237	\N	\N	\N	4	8	1	\N	1	19	\N	19	19	WH/IN/01120	\N	direct	draft	0	\N	\N	f	\N	t	2026-05-07 11:01:12	\N	2026-05-07 11:01:12	\N	2026-05-07 11:01:11.673339	2026-05-07 11:02:02.489667	\N	\N	\N	repair	\N	\N
2238	\N	\N	\N	4	8	1	\N	1	19	\N	19	19	WH/IN/01121	\N	direct	draft	0	\N	\N	f	\N	t	2026-05-07 11:01:12	\N	2026-05-07 11:01:12	\N	2026-05-07 11:01:11.673339	2026-05-07 11:02:02.489667	\N	\N	\N	repair	\N	\N
2239	\N	\N	\N	4	8	1	\N	1	19	\N	19	19	WH/IN/01122	\N	direct	draft	0	\N	\N	f	\N	t	2026-05-07 11:01:12	\N	2026-05-07 11:01:12	\N	2026-05-07 11:01:11.673339	2026-05-07 11:02:02.489667	\N	\N	\N	repair	\N	\N
2240	\N	\N	\N	4	8	1	\N	1	19	\N	19	19	WH/IN/01123	\N	direct	draft	0	\N	\N	f	\N	t	2026-05-07 11:01:12	\N	2026-05-07 11:01:12	\N	2026-05-07 11:01:11.673339	2026-05-07 11:02:02.489667	\N	\N	\N	repair	\N	\N
2241	\N	\N	\N	4	8	1	\N	1	19	\N	19	19	WH/IN/01124	\N	direct	draft	0	\N	\N	f	\N	t	2026-05-07 11:01:12	\N	2026-05-07 11:01:12	\N	2026-05-07 11:01:11.673339	2026-05-07 11:02:02.489667	\N	\N	\N	repair	\N	\N
2242	\N	\N	\N	4	8	1	\N	1	19	\N	19	19	WH/IN/01125	\N	direct	draft	0	\N	\N	f	\N	t	2026-05-07 11:01:12	\N	2026-05-07 11:01:12	\N	2026-05-07 11:01:11.673339	2026-05-07 11:02:02.489667	\N	\N	\N	repair	\N	\N
2243	\N	\N	\N	4	8	1	\N	1	19	\N	19	19	WH/IN/01126	\N	direct	draft	0	\N	\N	f	\N	t	2026-05-07 11:01:12	\N	2026-05-07 11:01:12	\N	2026-05-07 11:01:11.673339	2026-05-07 11:02:02.489667	\N	\N	\N	repair	\N	\N
2244	\N	\N	\N	4	8	1	\N	1	19	\N	19	19	WH/IN/01127	\N	direct	draft	0	\N	\N	f	\N	t	2026-05-07 11:01:12	\N	2026-05-07 11:01:12	\N	2026-05-07 11:01:11.673339	2026-05-07 11:02:02.489667	\N	\N	\N	repair	\N	\N
2245	\N	\N	\N	4	8	1	\N	1	19	\N	19	19	WH/IN/01128	\N	direct	draft	0	\N	\N	f	\N	t	2026-05-07 11:01:12	\N	2026-05-07 11:01:12	\N	2026-05-07 11:01:11.673339	2026-05-07 11:02:02.489667	\N	\N	\N	repair	\N	\N
2246	\N	\N	\N	4	8	1	\N	1	19	\N	19	19	WH/IN/01129	\N	direct	draft	0	\N	\N	f	\N	t	2026-05-07 11:01:12	\N	2026-05-07 11:01:12	\N	2026-05-07 11:01:11.673339	2026-05-07 11:02:02.489667	\N	\N	\N	repair	\N	\N
2247	\N	\N	\N	4	8	1	\N	1	19	\N	19	19	WH/IN/01130	\N	direct	draft	0	\N	\N	f	\N	t	2026-05-07 11:01:12	\N	2026-05-07 11:01:12	\N	2026-05-07 11:01:11.673339	2026-05-07 11:02:02.489667	\N	\N	\N	repair	\N	\N
2248	\N	\N	\N	4	8	1	\N	1	19	\N	19	19	WH/IN/01131	\N	direct	draft	0	\N	\N	f	\N	t	2026-05-07 11:01:12	\N	2026-05-07 11:01:12	\N	2026-05-07 11:01:11.673339	2026-05-07 11:02:02.489667	\N	\N	\N	repair	\N	\N
3675	\N	\N	\N	8	5	2	3405	1	2	\N	2	2	WH/OUT/02675	\N	direct	draft	0	\N	<p>Factura: 250127 | Comentarios: Cambio de 2 neumaticos en FirstStop</p>	f	\N	t	2025-06-29 22:00:00	\N	2026-05-08 09:01:51	\N	2026-05-08 09:01:50.704468	2026-05-08 09:01:50.704468	\N	\N	\N	repair	\N	\N
2249	\N	\N	\N	4	8	1	\N	1	19	\N	19	19	WH/IN/01132	\N	direct	draft	0	\N	\N	f	\N	t	2026-05-07 11:01:12	\N	2026-05-07 11:01:12	\N	2026-05-07 11:01:11.673339	2026-05-07 11:02:02.489667	\N	\N	\N	repair	\N	\N
2250	\N	\N	\N	4	8	1	\N	1	19	\N	19	19	WH/IN/01133	\N	direct	draft	0	\N	\N	f	\N	t	2026-05-07 11:01:12	\N	2026-05-07 11:01:12	\N	2026-05-07 11:01:11.673339	2026-05-07 11:02:02.489667	\N	\N	\N	repair	\N	\N
2251	\N	\N	\N	4	8	1	\N	1	19	\N	19	19	WH/IN/01134	\N	direct	draft	0	\N	\N	f	\N	t	2026-05-07 11:01:12	\N	2026-05-07 11:01:12	\N	2026-05-07 11:01:11.673339	2026-05-07 11:02:02.489667	\N	\N	\N	repair	\N	\N
2252	\N	\N	\N	4	8	1	\N	1	19	\N	19	19	WH/IN/01135	\N	direct	draft	0	\N	\N	f	\N	t	2026-05-07 11:01:12	\N	2026-05-07 11:01:12	\N	2026-05-07 11:01:11.673339	2026-05-07 11:02:02.489667	\N	\N	\N	repair	\N	\N
2253	\N	\N	\N	4	8	1	\N	1	19	\N	19	19	WH/IN/01136	\N	direct	draft	0	\N	\N	f	\N	t	2026-05-07 11:01:12	\N	2026-05-07 11:01:12	\N	2026-05-07 11:01:11.673339	2026-05-07 11:02:02.489667	\N	\N	\N	repair	\N	\N
2254	\N	\N	\N	4	8	1	\N	1	19	\N	19	19	WH/IN/01137	\N	direct	draft	0	\N	\N	f	\N	t	2026-05-07 11:01:12	\N	2026-05-07 11:01:12	\N	2026-05-07 11:01:11.673339	2026-05-07 11:02:02.489667	\N	\N	\N	repair	\N	\N
2255	\N	\N	\N	4	8	1	\N	1	19	\N	19	19	WH/IN/01138	\N	direct	draft	0	\N	\N	f	\N	t	2026-05-07 11:01:12	\N	2026-05-07 11:01:12	\N	2026-05-07 11:01:11.673339	2026-05-07 11:02:02.489667	\N	\N	\N	repair	\N	\N
2256	\N	\N	\N	4	8	1	\N	1	19	\N	19	19	WH/IN/01139	\N	direct	draft	0	\N	\N	f	\N	t	2026-05-07 11:01:12	\N	2026-05-07 11:01:12	\N	2026-05-07 11:01:11.673339	2026-05-07 11:02:02.489667	\N	\N	\N	repair	\N	\N
2257	\N	\N	\N	4	8	1	\N	1	19	\N	19	19	WH/IN/01140	\N	direct	draft	0	\N	\N	f	\N	t	2026-05-07 11:01:12	\N	2026-05-07 11:01:12	\N	2026-05-07 11:01:11.673339	2026-05-07 11:02:02.489667	\N	\N	\N	repair	\N	\N
2258	\N	\N	\N	4	8	1	\N	1	19	\N	19	19	WH/IN/01141	\N	direct	draft	0	\N	\N	f	\N	t	2026-05-07 11:01:12	\N	2026-05-07 11:01:12	\N	2026-05-07 11:01:11.673339	2026-05-07 11:02:02.489667	\N	\N	\N	repair	\N	\N
2259	\N	\N	\N	4	8	1	\N	1	19	\N	19	19	WH/IN/01142	\N	direct	draft	0	\N	\N	f	\N	t	2026-05-07 11:01:12	\N	2026-05-07 11:01:12	\N	2026-05-07 11:01:11.673339	2026-05-07 11:02:02.489667	\N	\N	\N	repair	\N	\N
2260	\N	\N	\N	4	8	1	\N	1	19	\N	19	19	WH/IN/01143	\N	direct	draft	0	\N	\N	f	\N	t	2026-05-07 11:01:12	\N	2026-05-07 11:01:12	\N	2026-05-07 11:01:11.673339	2026-05-07 11:02:02.489667	\N	\N	\N	repair	\N	\N
2261	\N	\N	\N	4	8	1	\N	1	19	\N	19	19	WH/IN/01144	\N	direct	draft	0	\N	\N	f	\N	t	2026-05-07 11:01:12	\N	2026-05-07 11:01:12	\N	2026-05-07 11:01:11.673339	2026-05-07 11:02:02.489667	\N	\N	\N	repair	\N	\N
2263	\N	\N	\N	4	8	1	\N	1	19	\N	19	19	WH/IN/01146	\N	direct	draft	0	\N	\N	f	\N	t	2026-05-07 11:01:12	\N	2026-05-07 11:01:12	\N	2026-05-07 11:01:11.673339	2026-05-07 11:02:02.489667	\N	\N	\N	repair	\N	\N
2264	\N	\N	\N	4	8	1	\N	1	19	\N	19	19	WH/IN/01147	\N	direct	draft	0	\N	\N	f	\N	t	2026-05-07 11:01:12	\N	2026-05-07 11:01:12	\N	2026-05-07 11:01:11.673339	2026-05-07 11:02:02.489667	\N	\N	\N	repair	\N	\N
2265	\N	\N	\N	4	8	1	\N	1	19	\N	19	19	WH/IN/01148	\N	direct	draft	0	\N	\N	f	\N	t	2026-05-07 11:01:12	\N	2026-05-07 11:01:12	\N	2026-05-07 11:01:11.673339	2026-05-07 11:02:02.489667	\N	\N	\N	repair	\N	\N
2266	\N	\N	\N	4	8	1	\N	1	19	\N	19	19	WH/IN/01149	\N	direct	draft	0	\N	\N	f	\N	t	2026-05-07 11:01:12	\N	2026-05-07 11:01:12	\N	2026-05-07 11:01:11.673339	2026-05-07 11:02:02.489667	\N	\N	\N	repair	\N	\N
2267	\N	\N	\N	4	8	1	\N	1	19	\N	19	19	WH/IN/01150	\N	direct	draft	0	\N	\N	f	\N	t	2026-05-07 11:01:12	\N	2026-05-07 11:01:12	\N	2026-05-07 11:01:11.673339	2026-05-07 11:02:02.489667	\N	\N	\N	repair	\N	\N
2268	\N	\N	\N	4	8	1	\N	1	19	\N	19	19	WH/IN/01151	\N	direct	draft	0	\N	\N	f	\N	t	2026-05-07 11:01:12	\N	2026-05-07 11:01:12	\N	2026-05-07 11:01:11.673339	2026-05-07 11:02:02.489667	\N	\N	\N	repair	\N	\N
3543	\N	\N	\N	8	5	2	2908	1	2	\N	2	2	WH/OUT/02543	25PC000042 / OT-6137	direct	draft	0	\N	<p>Factura: 250022 | Ppto: Ppto 001-2025 | Marca: Suministro 2 Uds. MX341</p>	f	\N	t	2025-01-07 23:00:00	\N	2026-05-08 09:01:51	\N	2026-05-08 09:01:50.704468	2026-05-08 09:01:50.704468	\N	\N	\N	repair	\N	\N
3544	\N	\N	\N	8	5	2	3567	1	2	\N	2	2	WH/OUT/02544	45000065148 / OT-6055	direct	draft	0	\N	<p>Factura: 250002 | Ppto: Ppto 006-2025 | Marca: Caterpillar | Tipo: 900F | NS: CAT00000VRTY02905 y CAT00000ERTY03199</p>	f	\N	t	2025-01-01 23:00:00	\N	2026-05-08 09:01:51	\N	2026-05-08 09:01:50.704468	2026-05-08 09:01:50.704468	\N	\N	\N	repair	\N	\N
3545	\N	\N	\N	8	5	2	2790	1	2	\N	2	2	WH/OUT/02545	ARGA25P003-1 / OT-6161	direct	draft	0	\N	<p>Factura: 250029 | Ppto: Ppto 472-2024 | Marca: Suministro cos Phi QPF</p>	f	\N	t	2025-01-09 23:00:00	\N	2026-05-08 09:01:51	\N	2026-05-08 09:01:50.704468	2026-05-08 09:01:50.704468	\N	\N	\N	repair	\N	\N
3546	\N	\N	\N	8	5	2	3035	1	2	\N	2	2	WH/OUT/02546	4000040818 / OT-6077	direct	draft	0	\N	<p>Factura: 250001 | Ppto: Ppto 393Rev1-2024 | Marca: Caterpillar | Tipo: SR-4 | NS: 6EA01223/5N8668</p>	f	\N	t	2025-01-01 23:00:00	\N	2026-05-08 09:01:51	\N	2026-05-08 09:01:50.704468	2026-05-08 09:01:50.704468	\N	\N	\N	repair	\N	\N
3547	\N	\N	\N	8	5	2	2871	1	2	\N	2	2	WH/OUT/02547	4513893128 / OT-4945	direct	draft	0	\N	<p>Factura: 250003 | Ppto: Ppto 446-2024 | Marca: Leroy Somer | Tipo: LSA49.1M75CS/4 | NS: 197340/1</p>	f	\N	t	2025-01-01 23:00:00	\N	2026-05-08 09:01:51	\N	2026-05-08 09:01:50.704468	2026-05-08 09:01:50.704468	\N	\N	\N	repair	\N	\N
3849	\N	\N	\N	8	5	2	2871	1	2	\N	2	2	WH/OUT/02849	\N	direct	draft	0	\N	<p>Factura: 260070</p>	f	\N	t	2026-04-08 22:00:00	\N	2026-05-08 09:01:52	\N	2026-05-08 09:01:50.704468	2026-05-08 09:01:50.704468	\N	\N	\N	repair	\N	\N
3548	\N	\N	\N	8	5	2	2990	1	2	\N	2	2	WH/OUT/02548	\N	direct	draft	0	\N	<p>Factura: 250004 | Ppto: Ppto 392-2024 | Pedido: Acept. Ppto. | Marca: Suministro calentador de agua y bomba de extr. Aceite</p>	f	\N	t	2025-01-01 23:00:00	\N	2026-05-08 09:01:51	\N	2026-05-08 09:01:50.704468	2026-05-08 09:01:50.704468	\N	\N	\N	repair	\N	\N
3549	\N	\N	\N	8	5	2	3035	1	2	\N	2	2	WH/OUT/02549	4500522972 / OT-6108	direct	draft	0	\N	<p>Factura: 250018 | Ppto: Ppto 340Rev1-2024 | Marca: Caterpillar | Tipo: 3516B HD | NS: YBW92040</p>	f	\N	t	2025-01-01 23:00:00	\N	2026-05-08 09:01:51	\N	2026-05-08 09:01:50.704468	2026-05-08 09:01:50.704468	\N	\N	\N	repair	\N	\N
3550	\N	\N	\N	8	5	2	3035	1	2	\N	2	2	WH/OUT/02550	4500523246 / OT-6143	direct	draft	0	\N	<p>Factura: 250023 | Ppto: Ppto 017-2025 | Marca: Suministro cables</p>	f	\N	t	2025-01-14 23:00:00	\N	2026-05-08 09:01:51	\N	2026-05-08 09:01:50.704468	2026-05-08 09:01:50.704468	\N	\N	\N	repair	\N	\N
3551	\N	\N	\N	8	5	2	3327	1	2	\N	2	2	WH/OUT/02551	OT-6005	direct	draft	0	\N	<p>Factura: 250009 | Ppto: Ppto 302-2024 | Pedido: Acept. Ppto. | Planta: El Corte Inglés (Huelva) | Marca: Lancor | Tipo: A5345047 | NS: 906/008</p>	f	\N	t	2025-01-01 23:00:00	\N	2026-05-08 09:01:51	\N	2026-05-08 09:01:50.704468	2026-05-08 09:01:50.704468	\N	\N	\N	repair	\N	\N
3552	\N	\N	\N	8	5	2	3365	1	2	\N	2	2	WH/OUT/02552	4100008840 / OT-6109	direct	draft	0	\N	<p>Factura: 250010 | Ppto: Ppto 449-2024 | Marca: Stamford | Tipo: LVSI804W2 | NS: 0856704/01</p>	f	\N	t	2025-01-01 23:00:00	\N	2026-05-08 09:01:51	\N	2026-05-08 09:01:50.704468	2026-05-08 09:01:50.704468	\N	\N	\N	repair	\N	\N
3553	\N	\N	\N	8	5	2	3365	1	2	\N	2	2	WH/OUT/02553	41000008990 / OT-6110	direct	draft	0	\N	<p>Factura: 250011 | Ppto: Ppto 448-2024 | Planta: Natra cacao | Marca: Stamford | Tipo: LVSI804W2 | NS: 0857464/01</p>	f	\N	t	2025-01-01 23:00:00	\N	2026-05-08 09:01:51	\N	2026-05-08 09:01:50.704468	2026-05-08 09:01:50.704468	\N	\N	\N	repair	\N	\N
3554	\N	\N	\N	8	5	2	3365	1	2	\N	2	2	WH/OUT/02554	4100008842 / OT-6111	direct	draft	0	\N	<p>Factura: 250012 | Ppto: Ppto 452-2024 | Planta: Natra Cacao - Quart de Poblet (Valencia) | Marca: Leroy Somer | Tipo: LSA54 S65-4P | NS: 600322-2</p>	f	\N	t	2025-01-01 23:00:00	\N	2026-05-08 09:01:51	\N	2026-05-08 09:01:50.704468	2026-05-08 09:01:50.704468	\N	\N	\N	repair	\N	\N
3555	\N	\N	\N	8	5	2	2871	1	2	\N	2	2	WH/OUT/02555	OT-6142	direct	draft	0	\N	<p>Factura: 250019 | Ppto: Ppto 419-2024 | Pedido: Acept. Ppto. | Marca: Curso formación</p>	f	\N	t	2025-01-08 23:00:00	\N	2026-05-08 09:01:51	\N	2026-05-08 09:01:50.704468	2026-05-08 09:01:50.704468	\N	\N	\N	repair	\N	\N
3556	\N	\N	\N	8	5	2	2871	1	2	\N	2	2	WH/OUT/02556	4513946347 / OT-6119	direct	draft	0	\N	<p>Factura: 250014 | Ppto: Ppto 457-2024 | Marca: Stamford | Tipo: BCI184G1 | NS: G08L11400</p>	f	\N	t	2025-01-01 23:00:00	\N	2026-05-08 09:01:51	\N	2026-05-08 09:01:50.704468	2026-05-08 09:01:50.704468	\N	\N	\N	repair	\N	\N
3557	\N	\N	\N	8	5	2	2919	1	2	\N	2	2	WH/OUT/02557	PCC25000160 / OT-6047	direct	draft	0	\N	<p>Factura: 250015 | Ppto: Ppto 334Rev1-2024 | Marca: Stamford | Tipo: HCI634 | NS: A04B174115</p>	f	\N	t	2025-01-01 23:00:00	\N	2026-05-08 09:01:51	\N	2026-05-08 09:01:50.704468	2026-05-08 09:01:50.704468	\N	\N	\N	repair	\N	\N
3558	\N	\N	\N	8	5	2	2840	1	2	\N	2	2	WH/OUT/02558	OT-6081	direct	draft	0	\N	<p>Factura: 250016 | Ppto: Ppto 309-2024 | Pedido: Acept. Ppto. | Marca: Caterpillar | Tipo: 550F</p>	f	\N	t	2025-01-01 23:00:00	\N	2026-05-08 09:01:51	\N	2026-05-08 09:01:50.704468	2026-05-08 09:01:50.704468	\N	\N	\N	repair	\N	\N
3559	\N	\N	\N	8	5	2	2812	1	2	\N	2	2	WH/OUT/02559	4105004839 / OT-5809	direct	draft	0	\N	<p>Factura: 250017 | Ppto: Ppto 228-2024 | NS: 550-6300-0012</p>	f	\N	t	2025-01-01 23:00:00	\N	2026-05-08 09:01:51	\N	2026-05-08 09:01:50.704468	2026-05-08 09:01:50.704468	\N	\N	\N	repair	\N	\N
3560	\N	\N	\N	8	5	2	3244	1	2	\N	2	2	WH/OUT/02560	OT-6122	direct	draft	0	\N	<p>Factura: 250020 | Ppto: Ppto 018-2025 | Pedido: Acept. Ppto. | Marca: Alconza</p>	f	\N	t	2025-01-01 23:00:00	\N	2026-05-08 09:01:51	\N	2026-05-08 09:01:50.704468	2026-05-08 09:01:50.704468	\N	\N	\N	repair	\N	\N
3561	\N	\N	\N	8	5	2	3590	1	2	\N	2	2	WH/OUT/02561	5111282466 / OT-6129	direct	draft	0	\N	<p>Factura: 250021 | Ppto: Ppto 019-2025 | Marca: M.G.M. Motori Elettrici | Tipo: BA 80B4 | NS: 17061125</p>	f	\N	t	2025-01-22 23:00:00	\N	2026-05-08 09:01:51	\N	2026-05-08 09:01:50.704468	2026-05-08 09:01:50.704468	\N	\N	\N	repair	\N	\N
3562	\N	\N	\N	8	5	2	3035	1	2	\N	2	2	WH/OUT/02562	4500523115 / OT-6152	direct	draft	0	\N	<p>Factura: 250031 | Ppto: Ppto 020-2024 | Marca: Alquiler equipo Megger DLRO10HD</p>	f	\N	t	2025-01-23 23:00:00	\N	2026-05-08 09:01:51	\N	2026-05-08 09:01:50.704468	2026-05-08 09:01:50.704468	\N	\N	\N	repair	\N	\N
3563	\N	\N	\N	8	5	2	3151	1	2	\N	2	2	WH/OUT/02563	022-2025 / OT-6154	direct	draft	0	\N	<p>Factura: 250024 | Ppto: Ppto 022-2025 | Marca: Suministro 1ud.Cosimat N+</p>	f	\N	t	2025-01-23 23:00:00	\N	2026-05-08 09:01:51	\N	2026-05-08 09:01:50.704468	2026-05-08 09:01:50.704468	\N	\N	\N	repair	\N	\N
3564	\N	\N	\N	8	5	2	2881	1	2	\N	2	2	WH/OUT/02564	OT-6138	direct	draft	0	\N	<p>Factura: No se factura | Ppto: Ppto 013-2025 | Marca: Power Generator | Tipo: EL80 | NS: 202304024</p>	f	\N	t	2025-01-27 23:00:00	\N	2026-05-08 09:01:51	\N	2026-05-08 09:01:50.704468	2026-05-08 09:01:50.704468	\N	\N	\N	repair	\N	\N
3565	\N	\N	\N	8	5	2	2969	1	2	\N	2	2	WH/OUT/02565	2024/1002294 / OT-6131	direct	draft	0	\N	<p>Factura: 250025 | Ppto: Ppto 423Rev1-2024 | Planta: Triangulo | Marca: Suministro y montaje Unidad Coseno Phi R726</p>	f	\N	t	2025-01-29 23:00:00	\N	2026-05-08 09:01:51	\N	2026-05-08 09:01:50.704468	2026-05-08 09:01:50.704468	\N	\N	\N	repair	\N	\N
3566	\N	\N	\N	8	5	2	3107	1	2	\N	2	2	WH/OUT/02566	4010567 / OT-6148	direct	draft	0	\N	<p>Factura: 250026 | Ppto: Ppto 005-2025 | Marca: Suministro Resistencia Caldeo LSA53VL9-4P</p>	f	\N	t	2025-01-29 23:00:00	\N	2026-05-08 09:01:51	\N	2026-05-08 09:01:50.704468	2026-05-08 09:01:50.704468	\N	\N	\N	repair	\N	\N
3567	\N	\N	\N	8	5	2	3107	1	2	\N	2	2	WH/OUT/02567	4010590 / OT-6148	direct	draft	0	\N	<p>Factura: 250027 | Ppto: Ppto 014-2025 | Marca: Suministro Sonda temperatura LSA53VL9-4P</p>	f	\N	t	2025-01-29 23:00:00	\N	2026-05-08 09:01:51	\N	2026-05-08 09:01:50.704468	2026-05-08 09:01:50.704468	\N	\N	\N	repair	\N	\N
3568	\N	\N	\N	8	5	2	3107	1	2	\N	2	2	WH/OUT/02568	4010604 / OT-6156	direct	draft	0	\N	<p>Factura: 250028 | Ppto: Ppto 023-2025 | Marca: Suministro kit rectificador (diodos+varistores)</p>	f	\N	t	2025-01-29 23:00:00	\N	2026-05-08 09:01:51	\N	2026-05-08 09:01:50.704468	2026-05-08 09:01:50.704468	\N	\N	\N	repair	\N	\N
3569	\N	\N	\N	8	5	2	2954	1	2	\N	2	2	WH/OUT/02569	4100009416 / OT-6167	direct	draft	0	\N	<p>Factura: 250032 | Ppto: Ppto 027-2025 y 028-2025 | Marca: Suministro 1ud.CosPhi R726 y AVR 449 y  2ud.MA330 y 2ud.PFC3</p>	f	\N	t	2025-02-11 23:00:00	\N	2026-05-08 09:01:51	\N	2026-05-08 09:01:50.704468	2026-05-08 09:01:50.704468	\N	\N	\N	repair	\N	\N
3570	\N	\N	\N	8	5	2	2917	1	2	\N	2	2	WH/OUT/02570	OT-6174	direct	draft	0	\N	<p>Factura: 250034 | Ppto: Ppto 041-2025 | Pedido: Acept. Ppto. | Marca: Asistencia Verificación GENERADOR UC22</p>	f	\N	t	2025-02-11 23:00:00	\N	2026-05-08 09:01:51	\N	2026-05-08 09:01:50.704468	2026-05-08 09:01:50.704468	\N	\N	\N	repair	\N	\N
3571	\N	\N	\N	8	5	2	2835	1	2	\N	2	2	WH/OUT/02571	67860 / OT-6164	direct	draft	0	\N	<p>Factura: 250030 | Ppto: Ppto 042-2025 | Marca: Alquiler Videoscopio OLYMPUS IPLEX MXR</p>	f	\N	t	2025-02-12 23:00:00	\N	2026-05-08 09:01:51	\N	2026-05-08 09:01:50.704468	2026-05-08 09:01:50.704468	\N	\N	\N	repair	\N	\N
3572	\N	\N	\N	8	5	2	2877	1	2	\N	2	2	WH/OUT/02572	OT-6157	direct	draft	0	\N	<p>Factura: 250033 | Ppto: Ppto 420Rev2-2024 | Pedido: Acept. Ppto. | Marca: Stamford | Tipo: PE734E2 | NS: A16H341822</p>	f	\N	t	2025-02-12 23:00:00	\N	2026-05-08 09:01:51	\N	2026-05-08 09:01:50.704468	2026-05-08 09:01:50.704468	\N	\N	\N	repair	\N	\N
3573	\N	\N	\N	8	5	2	3567	1	2	\N	2	2	WH/OUT/02573	4500065286 / OT-6175	direct	draft	0	\N	<p>Factura: 250058 | Ppto: Ppto 046-2025 | Marca: Reprogramación Tarjeta y planos electricos de reconexión</p>	f	\N	t	2025-02-16 23:00:00	\N	2026-05-08 09:01:51	\N	2026-05-08 09:01:50.704468	2026-05-08 09:01:50.704468	\N	\N	\N	repair	\N	\N
3574	\N	\N	\N	8	5	2	2946	1	2	\N	2	2	WH/OUT/02574	OT-6182	direct	draft	0	\N	<p>Factura: 250113 | Ppto: Ppto 049-2025 y 160-2025 | Pedido: Acept. Ppto. | Marca: Suministro 2 cajas Spray Antiflash</p>	f	\N	t	2025-02-20 23:00:00	\N	2026-05-08 09:01:51	\N	2026-05-08 09:01:50.704468	2026-05-08 09:01:50.704468	\N	\N	\N	repair	\N	\N
3575	\N	\N	\N	8	5	2	3037	1	2	\N	2	2	WH/OUT/02575	4105006388 / OT-6159	direct	draft	0	\N	<p>Factura: 250059 | Ppto: Ppto 068-2025 | Marca: Alternador | Tipo: Olympian | NS: LL5014H</p>	f	\N	t	2025-02-24 23:00:00	\N	2026-05-08 09:01:51	\N	2026-05-08 09:01:50.704468	2026-05-08 09:01:50.704468	\N	\N	\N	repair	\N	\N
3576	\N	\N	\N	8	5	2	3296	1	2	\N	2	2	WH/OUT/02576	PO2502614	direct	draft	0	\N	<p>Ppto: Ppto 034-2025 | Planta: My Lady (Puerto Amdsterdam) | Marca: Stamford | Tipo: HCM634J2</p>	f	\N	t	2025-02-25 23:00:00	\N	2026-05-08 09:01:51	\N	2026-05-08 09:01:50.704468	2026-05-08 09:01:50.704468	\N	\N	\N	repair	\N	\N
3577	\N	\N	\N	8	5	2	2871	1	2	\N	2	2	WH/OUT/02577	4514300136 / OT-6184	direct	draft	0	\N	<p>Factura: 250037 | Ppto: Ppto 047-2025 | Marca: Suministro resitencia de caldeo para HC5</p>	f	\N	t	2025-02-26 23:00:00	\N	2026-05-08 09:01:51	\N	2026-05-08 09:01:50.704468	2026-05-08 09:01:50.704468	\N	\N	\N	repair	\N	\N
3578	\N	\N	\N	8	5	2	2908	1	2	\N	2	2	WH/OUT/02578	25PC001300 / OT-6188	direct	draft	0	\N	<p>Factura: 250062 | Ppto: Ppto 056-2025 | Marca: Suministro 2 Uds. AS540</p>	f	\N	t	2025-03-02 23:00:00	\N	2026-05-08 09:01:51	\N	2026-05-08 09:01:50.704468	2026-05-08 09:01:50.704468	\N	\N	\N	repair	\N	\N
3729	\N	\N	\N	8	5	2	3198	1	2	\N	2	2	WH/OUT/02729	\N	direct	draft	0	\N	<p>Comentarios: Salida Baker DX - 15</p>	f	\N	t	2025-10-07 22:00:00	\N	2026-05-08 09:01:52	\N	2026-05-08 09:01:50.704468	2026-05-08 09:01:50.704468	\N	\N	\N	repair	\N	\N
3579	\N	\N	\N	8	5	2	2908	1	2	\N	2	2	WH/OUT/02579	25PC001309 / OT-6191	direct	draft	0	\N	<p>Factura: 250063 | Ppto: Ppto 057-2025 | Marca: Suministro AS540 y MX341</p>	f	\N	t	2025-03-03 23:00:00	\N	2026-05-08 09:01:51	\N	2026-05-08 09:01:50.704468	2026-05-08 09:01:50.704468	\N	\N	\N	repair	\N	\N
3580	\N	\N	\N	8	5	2	2908	1	2	\N	2	2	WH/OUT/02580	25PC001323 / OT-6192	direct	draft	0	\N	<p>Factura: 250064 | Ppto: Ppto 059-2025 | Marca: Suministro 2 Uds. AS540</p>	f	\N	t	2025-03-03 23:00:00	\N	2026-05-08 09:01:51	\N	2026-05-08 09:01:50.704468	2026-05-08 09:01:50.704468	\N	\N	\N	repair	\N	\N
3581	\N	\N	\N	8	5	2	3125	1	2	\N	2	2	WH/OUT/02581	PC-25-1017-2 / OT-6206	direct	draft	0	\N	<p>Factura: 250069 | Ppto: Ppto 029-2025 | Marca: Suministro grasa ASONIC GHY 72</p>	f	\N	t	2025-03-04 23:00:00	\N	2026-05-08 09:01:51	\N	2026-05-08 09:01:50.704468	2026-05-08 09:01:50.704468	\N	\N	\N	repair	\N	\N
3582	\N	\N	\N	8	5	2	2974	1	2	\N	2	2	WH/OUT/02582	\N	direct	draft	0	\N	<p>Factura: No se factura | Comentarios: Entrega de pletinas de cobre 5,00mm x 2,50mm peso total 86Kg. -Peso carretes. DIN 500 (38kg.) Carrete de plastico. DIN 700 (48 Kg.) Carrete madera</p>	f	\N	t	2025-03-06 23:00:00	\N	2026-05-08 09:01:51	\N	2026-05-08 09:01:50.704468	2026-05-08 09:01:50.704468	\N	\N	\N	repair	\N	\N
3583	\N	\N	\N	8	5	2	2908	1	2	\N	2	2	WH/OUT/02583	25PC001395 / OT-6196	direct	draft	0	\N	<p>Factura: 250061 | Ppto: Ppto 045Rev1-2025 | Marca: Suministro Kit RSK 1101 y tarjeta MX341</p>	f	\N	t	2025-03-09 23:00:00	\N	2026-05-08 09:01:51	\N	2026-05-08 09:01:50.704468	2026-05-08 09:01:50.704468	\N	\N	\N	repair	\N	\N
3584	\N	\N	\N	8	5	2	3146	1	2	\N	2	2	WH/OUT/02584	OT-6132-6133-6134	direct	draft	0	\N	<p>Factura: 250036 | Ppto: Ppto 076-2024 | Pedido: Acept. Ppto. | Marca: Stamford | Tipo: S4L12D.F41 | NS: X24D14661 X24E215624 X24C116623</p>	f	\N	t	2025-02-25 23:00:00	\N	2026-05-08 09:01:51	\N	2026-05-08 09:01:50.704468	2026-05-08 09:01:50.704468	\N	\N	\N	repair	\N	\N
3585	\N	\N	\N	8	5	2	3118	1	2	\N	2	2	WH/OUT/02585	4100049101 / OT-6135	direct	draft	0	\N	<p>Factura: 250057 | Ppto: Pptp 453-2024 | Planta: My Phoenix II | Marca: Leroy Somer | Tipo: LSA47.2S5C6/4 y LSA49.1M6C6S/4 | NS: 220897/1, 220897/2 y 220898/1</p>	f	\N	t	2025-03-11 23:00:00	\N	2026-05-08 09:01:51	\N	2026-05-08 09:01:50.704468	2026-05-08 09:01:50.704468	\N	\N	\N	repair	\N	\N
3586	\N	\N	\N	8	5	2	3304	1	2	\N	2	2	WH/OUT/02586	OT-6145	direct	draft	0	\N	<p>Factura: 250038 | Ppto: Sin Ppto | Pedido: Sin pedido | Marca: Suministro maletas</p>	f	\N	t	2025-02-25 23:00:00	\N	2026-05-08 09:01:51	\N	2026-05-08 09:01:50.704468	2026-05-08 09:01:50.704468	\N	\N	\N	repair	\N	\N
3587	\N	\N	\N	8	5	2	3304	1	2	\N	2	2	WH/OUT/02587	OT-6136	direct	draft	0	\N	<p>Factura: 250039 | Ppto: Ppto 418-2024 | Pedido: Sin pedido | Marca: Analisis de aceite</p>	f	\N	t	2025-02-25 23:00:00	\N	2026-05-08 09:01:51	\N	2026-05-08 09:01:50.704468	2026-05-08 09:01:50.704468	\N	\N	\N	repair	\N	\N
3588	\N	\N	\N	8	5	2	2946	1	2	\N	2	2	WH/OUT/02588	OT-6151	direct	draft	0	\N	<p>Factura: 250040 | Ppto: Ppto 069-2025 | Pedido: Telefonico | Marca: Stamford | Tipo: Varios  | NS: Varios</p>	f	\N	t	2025-02-25 23:00:00	\N	2026-05-08 09:01:51	\N	2026-05-08 09:01:50.704468	2026-05-08 09:01:50.704468	\N	\N	\N	repair	\N	\N
3589	\N	\N	\N	8	5	2	2946	1	2	\N	2	2	WH/OUT/02589	OT-6139-6140-6141	direct	draft	0	\N	<p>Factura: 250041 | Ppto: Ppto 070-2025 | Pedido: Telefonico | Marca: Varios alternadores Stamford</p>	f	\N	t	2025-02-25 23:00:00	\N	2026-05-08 09:01:51	\N	2026-05-08 09:01:50.704468	2026-05-08 09:01:50.704468	\N	\N	\N	repair	\N	\N
3590	\N	\N	\N	8	5	2	2954	1	2	\N	2	2	WH/OUT/02590	4100009417 / OT-6181	direct	draft	0	\N	<p>Factura: 250042 | Ppto: Ppto 026-2025 | Marca: Medidas de vibraciones</p>	f	\N	t	2025-02-25 23:00:00	\N	2026-05-08 09:01:51	\N	2026-05-08 09:01:50.704468	2026-05-08 09:01:50.704468	\N	\N	\N	repair	\N	\N
3591	\N	\N	\N	8	5	2	2919	1	2	\N	2	2	WH/OUT/02591	PCC25000569 / OT-6193	direct	draft	0	\N	<p>Factura: 250060 | Ppto: Ppto 060-2025 | Marca: Suministro 1 Ud. Kit diodos y varistor RSK-6001</p>	f	\N	t	2025-03-04 23:00:00	\N	2026-05-08 09:01:51	\N	2026-05-08 09:01:50.704468	2026-05-08 09:01:50.704468	\N	\N	\N	repair	\N	\N
3592	\N	\N	\N	8	5	2	2835	1	2	\N	2	2	WH/OUT/02592	66289 / OT-6178	direct	draft	0	\N	<p>Factura: 250044 | Ppto: Ppto 462Rev1-2024 | Marca: Leroy Somer | Tipo: LSA56</p>	f	\N	t	2025-02-17 23:00:00	\N	2026-05-08 09:01:51	\N	2026-05-08 09:01:50.704468	2026-05-08 09:01:50.704468	\N	\N	\N	repair	\N	\N
3593	\N	\N	\N	8	5	2	3035	1	2	\N	2	2	WH/OUT/02593	4500524624 / OT-6177	direct	draft	0	\N	<p>Factura: 250043 | Ppto: Ppto 012-2025 | Planta: Base Arganda | Marca: Análisis de vibraciones y auditoría en banco de pruebas</p>	f	\N	t	2025-02-06 23:00:00	\N	2026-05-08 09:01:51	\N	2026-05-08 09:01:50.704468	2026-05-08 09:01:50.704468	\N	\N	\N	repair	\N	\N
3594	\N	\N	\N	8	5	2	2921	1	2	\N	2	2	WH/OUT/02594	Pedido Ariba: 4700646586 / OT-6213	direct	draft	0	\N	<p>Factura: 250045 | Ppto: Ppto 008-2025 | Marca: Asistencia medidas vibraciones 2025</p>	f	\N	t	2025-02-25 23:00:00	\N	2026-05-08 09:01:51	\N	2026-05-08 09:01:50.704468	2026-05-08 09:01:50.704468	\N	\N	\N	repair	\N	\N
3595	\N	\N	\N	8	5	2	3324	1	2	\N	2	2	WH/OUT/02595	Joan Marimon / OT-6187	direct	draft	0	\N	<p>Factura: 250046 | Ppto: Ppto 072-2025 | Planta: Nufri 3 M5 | Marca: Leroy Somer | Tipo: LSA540L95/4P | NS: 601718</p>	f	\N	t	2025-02-25 23:00:00	\N	2026-05-08 09:01:51	\N	2026-05-08 09:01:50.704468	2026-05-08 09:01:50.704468	\N	\N	\N	repair	\N	\N
3596	\N	\N	\N	8	5	2	2959	1	2	\N	2	2	WH/OUT/02596	OT-6172	direct	draft	0	\N	<p>Factura: 250049 | Ppto: Ppto 352-2024 | Pedido: Acept. Ppto. | Marca: Stamford | Tipo: HVX1824H2 | NS: 850421</p>	f	\N	t	2025-02-12 23:00:00	\N	2026-05-08 09:01:51	\N	2026-05-08 09:01:50.704468	2026-05-08 09:01:50.704468	\N	\N	\N	repair	\N	\N
3597	\N	\N	\N	8	5	2	2871	1	2	\N	2	2	WH/OUT/02597	4514201921 / OT-6166	direct	draft	0	\N	<p>Factura: 250050 | Ppto: Ppto 031Rev1-2025 | Planta: Zaragoza | Marca: Stamford | Tipo: HCI734F1 | NS: A04D202435</p>	f	\N	t	2025-02-05 23:00:00	\N	2026-05-08 09:01:51	\N	2026-05-08 09:01:50.704468	2026-05-08 09:01:50.704468	\N	\N	\N	repair	\N	\N
3598	\N	\N	\N	8	5	2	2959	1	2	\N	2	2	WH/OUT/02598	OT-5989	direct	draft	0	\N	<p>Factura: 250051 | Ppto: Ppto 268-2024 | Pedido: Acept. Ppto. | Marca: Stamford | Tipo: HVSI804X2 | NS: 0854271/01</p>	f	\N	t	2025-02-23 23:00:00	\N	2026-05-08 09:01:51	\N	2026-05-08 09:01:50.704468	2026-05-08 09:01:50.704468	\N	\N	\N	repair	\N	\N
3599	\N	\N	\N	8	5	2	3324	1	2	\N	2	2	WH/OUT/02599	Joan Marimon / OT-6176	direct	draft	0	\N	<p>Factura: 250047 | Ppto: Ppto 0073-2025 | Planta: Nufri 3 M4 | Marca: Leroy Somer | Tipo: LSA54UL95/4P | NS: 601456/1</p>	f	\N	t	2025-02-25 23:00:00	\N	2026-05-08 09:01:51	\N	2026-05-08 09:01:50.704468	2026-05-08 09:01:50.704468	\N	\N	\N	repair	\N	\N
3600	\N	\N	\N	8	5	2	3324	1	2	\N	2	2	WH/OUT/02600	Joan Marimon / OT-6183	direct	draft	0	\N	<p>Factura: 250048 | Ppto: Ppto 074-2025 | Planta: Nufri 3 M6 | Marca: Leroy Somer | Tipo: LSA522XL80-4P | NS: 600181-1</p>	f	\N	t	2025-02-25 23:00:00	\N	2026-05-08 09:01:51	\N	2026-05-08 09:01:50.704468	2026-05-08 09:01:50.704468	\N	\N	\N	repair	\N	\N
3601	\N	\N	\N	8	5	2	3227	1	2	\N	2	2	WH/OUT/02601	8P-24004791 / OT-3434	direct	draft	0	\N	<p>Factura: 250066 | Ppto: Ppto 054-2025 | Marca: Sustitución motor Leroy Somer 675701WJ007</p>	f	\N	t	2025-03-17 23:00:00	\N	2026-05-08 09:01:51	\N	2026-05-08 09:01:50.704468	2026-05-08 09:01:50.704468	\N	\N	\N	repair	\N	\N
3602	\N	\N	\N	8	5	2	2908	1	2	\N	2	2	WH/OUT/02602	25PC001649 / OT-6204	direct	draft	0	\N	<p>Factura: 250065 | Ppto: Ppto 079-2025 | Marca: Suministro tarjeta MX341</p>	f	\N	t	2025-03-19 23:00:00	\N	2026-05-08 09:01:51	\N	2026-05-08 09:01:50.704468	2026-05-08 09:01:50.704468	\N	\N	\N	repair	\N	\N
3603	\N	\N	\N	8	5	2	3325	1	2	\N	2	2	WH/OUT/02603	Joan Marimon / OT-6155	direct	draft	0	\N	<p>Factura: 250052 | Ppto: Ppto 081-2025 | Planta: Nufri 2 M2 | Marca: AVK | Tipo: DIG150L/6 | NS: 8322970A202</p>	f	\N	t	2025-02-25 23:00:00	\N	2026-05-08 09:01:51	\N	2026-05-08 09:01:50.704468	2026-05-08 09:01:50.704468	\N	\N	\N	repair	\N	\N
3604	\N	\N	\N	8	5	2	3325	1	2	\N	2	2	WH/OUT/02604	Joan Marimon / OT-6155	direct	draft	0	\N	<p>Factura: 250053 | Ppto: Ppto 082-2025 | Planta: Nufri 2 M2 | Marca: AVK | Tipo: DIG150L/6 | NS: 8322970A202</p>	f	\N	t	2025-03-25 23:00:00	\N	2026-05-08 09:01:51	\N	2026-05-08 09:01:50.704468	2026-05-08 09:01:50.704468	\N	\N	\N	repair	\N	\N
3605	\N	\N	\N	8	5	2	3325	1	2	\N	2	2	WH/OUT/02605	Joan Marimon / OT-6155	direct	draft	0	\N	<p>Factura: 250054 | Ppto: Ppto 083-2025 | Planta: Nufri 2 M2 | Marca: AVK | Tipo: DIG150L/6 | NS: 8322970A202</p>	f	\N	t	2025-02-25 23:00:00	\N	2026-05-08 09:01:51	\N	2026-05-08 09:01:50.704468	2026-05-08 09:01:50.704468	\N	\N	\N	repair	\N	\N
3606	\N	\N	\N	8	5	2	3325	1	2	\N	2	2	WH/OUT/02606	Joan Marimon / OT-6155	direct	draft	0	\N	<p>Factura: 250055 | Ppto: Ppto 084-2025 | Planta: Nufri 2 M1 y M2</p>	f	\N	t	2025-02-25 23:00:00	\N	2026-05-08 09:01:51	\N	2026-05-08 09:01:50.704468	2026-05-08 09:01:50.704468	\N	\N	\N	repair	\N	\N
3607	\N	\N	\N	8	5	2	3325	1	2	\N	2	2	WH/OUT/02607	Joan Marimon / OT-6155	direct	draft	0	\N	<p>Factura: 250056 | Ppto: Ppto 085-2025 | Planta: Nufri 2 M2 | Marca: AVK | Tipo: DIG150L/6 | NS: 8322970A202</p>	f	\N	t	2025-02-25 23:00:00	\N	2026-05-08 09:01:51	\N	2026-05-08 09:01:50.704468	2026-05-08 09:01:50.704468	\N	\N	\N	repair	\N	\N
3608	\N	\N	\N	8	5	2	3118	1	2	\N	2	2	WH/OUT/02608	4100055111 / OT-6211	direct	draft	0	\N	<p>Factura: 250067 | Ppto: Ppto 470Rev1-2024 | Planta: My Dytan | Marca: Stamford | Tipo: HCM4 y HCM5 | NS: 0251864/1</p>	f	\N	t	2025-03-20 23:00:00	\N	2026-05-08 09:01:51	\N	2026-05-08 09:01:50.704468	2026-05-08 09:01:50.704468	\N	\N	\N	repair	\N	\N
3609	\N	\N	\N	8	5	2	3258	1	2	\N	2	2	WH/OUT/02609	7725027677 / OT-6254	direct	draft	0	\N	<p>Factura: 250068 | Ppto: Ppto 035-2025 | Marca: Stamford | Tipo: PE734E2 | NS: 0270808/001</p>	f	\N	t	2025-03-20 23:00:00	\N	2026-05-08 09:01:51	\N	2026-05-08 09:01:50.704468	2026-05-08 09:01:50.704468	\N	\N	\N	repair	\N	\N
3610	\N	\N	\N	8	5	2	3345	1	2	\N	2	2	WH/OUT/02610	OT-6207	direct	draft	0	\N	<p>Factura: 250073 | Ppto: Ppto 080-2025 | Pedido: Acept. Ppto. | Planta: Suministro 1 Ud. kit RSK-5001</p>	f	\N	t	2025-03-23 23:00:00	\N	2026-05-08 09:01:51	\N	2026-05-08 09:01:50.704468	2026-05-08 09:01:50.704468	\N	\N	\N	repair	\N	\N
3611	\N	\N	\N	8	5	2	3253	1	2	\N	2	2	WH/OUT/02611	1069 / OT-6208	direct	draft	0	\N	<p>Factura: 250072 | Ppto: Ppto 441-2024 | Planta: Suministro Rotor excitación, Estator excitación y RSK-2001</p>	f	\N	t	2025-03-23 23:00:00	\N	2026-05-08 09:01:51	\N	2026-05-08 09:01:50.704468	2026-05-08 09:01:50.704468	\N	\N	\N	repair	\N	\N
3612	\N	\N	\N	8	5	2	2871	1	2	\N	2	2	WH/OUT/02612	4514299276 / OT-6168	direct	draft	0	\N	<p>Factura: 250070 | Ppto: Ppto 044-2025 | Marca: Stamford | Tipo: HCI734E1 | NS: A04D202435</p>	f	\N	t	2025-03-23 23:00:00	\N	2026-05-08 09:01:51	\N	2026-05-08 09:01:50.704468	2026-05-08 09:01:50.704468	\N	\N	\N	repair	\N	\N
3613	\N	\N	\N	8	5	2	2969	1	2	\N	2	2	WH/OUT/02613	2024/1000495 / OT-6153	direct	draft	0	\N	<p>Factura: 250071 | Ppto: Ppto 443Rev1-2024 | Planta: Riu Sec | Marca: Leroy Somer | Tipo: LSA46.2VL12C6/41 | NS: 289628/1</p>	f	\N	t	2025-03-23 23:00:00	\N	2026-05-08 09:01:51	\N	2026-05-08 09:01:50.704468	2026-05-08 09:01:50.704468	\N	\N	\N	repair	\N	\N
3614	\N	\N	\N	8	5	2	3227	1	2	\N	2	2	WH/OUT/02614	SEROTH-21-A y CRY17-103 / OT-3604 y 3864	direct	draft	0	\N	<p>Factura: 250140 | Ppto: Ppto 173-2016 | Planta: Alternador y Motor | Marca: AVK y Leroy Somer | Tipo: DIG142 1/4 y LS180 MT | NS: 8430816A101 y 602088L0003</p>	f	\N	t	2025-03-26 23:00:00	\N	2026-05-08 09:01:51	\N	2026-05-08 09:01:50.704468	2026-05-08 09:01:50.704468	\N	\N	\N	repair	\N	\N
3615	\N	\N	\N	8	5	2	2871	1	2	\N	2	2	WH/OUT/02615	OT-6173	direct	draft	0	\N	<p>Factura: Facturado en albarán 8853 | Ppto: Ppto 089-2025 | Planta: GAM (Almería) | Marca: Stamford | Tipo: HCI634 | NS: HCI634</p>	f	\N	t	2025-03-23 23:00:00	\N	2026-05-08 09:01:51	\N	2026-05-08 09:01:50.704468	2026-05-08 09:01:50.704468	\N	\N	\N	repair	\N	\N
3616	\N	\N	\N	8	5	2	3035	1	2	\N	2	2	WH/OUT/02616	4000045220 / OT-6222	direct	draft	0	\N	<p>Factura: 250121 | Ppto: Ppto 106Rev1-2025 | Planta: Zaragoza | Marca: Caterpillar | Tipo: DE850EO | NS: CAT00CL18ELXK03787</p>	f	\N	t	2025-04-09 22:00:00	\N	2026-05-08 09:01:51	\N	2026-05-08 09:01:50.704468	2026-05-08 09:01:50.704468	\N	\N	\N	repair	\N	\N
3617	\N	\N	\N	8	5	2	2969	1	2	\N	2	2	WH/OUT/02617	2025/1000510 / OT-6202	direct	draft	0	\N	<p>Factura: 250074 | Ppto: Ppto 030-2025 | Planta: Suministro generador Leroy Somer LSA47.3</p>	f	\N	t	2025-03-27 23:00:00	\N	2026-05-08 09:01:51	\N	2026-05-08 09:01:50.704468	2026-05-08 09:01:50.704468	\N	\N	\N	repair	\N	\N
3618	\N	\N	\N	8	5	2	2858	1	2	\N	2	2	WH/OUT/02618	3201852023 / OT-6195	direct	draft	0	\N	<p>Factura: 250079 | Ppto: Ppto 036-2025 | Marca: Marelli | Tipo: MJB 355 MB4 B20 | NS: 1017779</p>	f	\N	t	2025-03-31 22:00:00	\N	2026-05-08 09:01:51	\N	2026-05-08 09:01:50.704468	2026-05-08 09:01:50.704468	\N	\N	\N	repair	\N	\N
3619	\N	\N	\N	8	5	2	2858	1	2	\N	2	2	WH/OUT/02619	3201885446 / OT-6195	direct	draft	0	\N	<p>Factura: 250080 | Ppto: Ppto 036Rev1-2025 | Marca: Marelli | Tipo: MJB 355 MB4 B20 | NS: 1017779</p>	f	\N	t	2025-03-31 22:00:00	\N	2026-05-08 09:01:51	\N	2026-05-08 09:01:50.704468	2026-05-08 09:01:50.704468	\N	\N	\N	repair	\N	\N
3620	\N	\N	\N	8	5	2	3035	1	2	\N	2	2	WH/OUT/02620	4500526698 / OT-6163	direct	draft	0	\N	<p>Factura: 250081 | Ppto: Ppto 090-2025 | Marca: Caterpillar | Tipo: DE715EO | NS: CAT00C18CLNB01932</p>	f	\N	t	2025-03-31 22:00:00	\N	2026-05-08 09:01:51	\N	2026-05-08 09:01:50.704468	2026-05-08 09:01:50.704468	\N	\N	\N	repair	\N	\N
3621	\N	\N	\N	8	5	2	2871	1	2	\N	2	2	WH/OUT/02621	4514545259 / OT-6173	direct	draft	0	\N	<p>Factura: 250077 | Ppto: Ppto 089-2025 | Planta: GAM (Almería) | Marca: Stamford | Tipo: HCI634</p>	f	\N	t	2025-04-03 22:00:00	\N	2026-05-08 09:01:51	\N	2026-05-08 09:01:50.704468	2026-05-08 09:01:50.704468	\N	\N	\N	repair	\N	\N
3622	\N	\N	\N	8	5	2	2908	1	2	\N	2	2	WH/OUT/02622	25PC001957 / OT-6216	direct	draft	0	\N	<p>Factura: 250078 | Ppto: Ppto 094-2025 | Planta: Suministro MX341</p>	f	\N	t	2025-04-03 22:00:00	\N	2026-05-08 09:01:51	\N	2026-05-08 09:01:50.704468	2026-05-08 09:01:50.704468	\N	\N	\N	repair	\N	\N
3623	\N	\N	\N	8	5	2	3062	1	2	\N	2	2	WH/OUT/02623	AG-3108 / OT-6171	direct	draft	0	\N	<p>Factura: 250093 | Ppto: Ppto 048-2025 | Marca: Stamford | Tipo: PI734A1 | NS: A17B071041</p>	f	\N	t	2025-04-07 22:00:00	\N	2026-05-08 09:01:51	\N	2026-05-08 09:01:50.704468	2026-05-08 09:01:50.704468	\N	\N	\N	repair	\N	\N
3624	\N	\N	\N	8	5	2	2866	1	2	\N	2	2	WH/OUT/02624	OT-6230	direct	draft	0	\N	<p>Factura: 250075 | Ppto: Ppto 095-2025 | Pedido: Acept. Ppto. | Planta: Mauritania | Marca: AVK | Tipo: DIG130</p>	f	\N	t	2025-04-08 22:00:00	\N	2026-05-08 09:01:51	\N	2026-05-08 09:01:50.704468	2026-05-08 09:01:50.704468	\N	\N	\N	repair	\N	\N
3625	\N	\N	\N	8	5	2	3324	1	2	\N	2	2	WH/OUT/02625	OT-6214	direct	draft	0	\N	<p>Factura: 250076 | Ppto: Ppto 066-2025 | Pedido: Acept. Ppto. | Marca: Leroy Somer | Tipo: LSA54</p>	f	\N	t	2025-04-08 22:00:00	\N	2026-05-08 09:01:51	\N	2026-05-08 09:01:50.704468	2026-05-08 09:01:50.704468	\N	\N	\N	repair	\N	\N
3626	\N	\N	\N	8	5	2	3232	1	2	\N	2	2	WH/OUT/02626	OT-6214	direct	draft	0	\N	<p>Factura: 250092 | Ppto: Ppto 066-2025 | Pedido: Acept. Ppto. | Planta: Nufri 3 | Marca: Leroy Somer | Tipo: LSA54</p>	f	\N	t	2025-04-08 22:00:00	\N	2026-05-08 09:01:51	\N	2026-05-08 09:01:50.704468	2026-05-08 09:01:50.704468	\N	\N	\N	repair	\N	\N
3627	\N	\N	\N	8	5	2	3035	1	2	\N	2	2	WH/OUT/02627	4000043360 / OT-6221	direct	draft	0	\N	<p>Factura: 250084 | Ppto: Ppto 092-2025 | Planta: Teruel | Marca: Caterpillar</p>	f	\N	t	2025-04-09 22:00:00	\N	2026-05-08 09:01:51	\N	2026-05-08 09:01:50.704468	2026-05-08 09:01:50.704468	\N	\N	\N	repair	\N	\N
3628	\N	\N	\N	8	5	2	3285	1	2	\N	2	2	WH/OUT/02628	35829/25 / OT-6227	direct	draft	0	\N	<p>Factura: 250083 | Ppto: Ppto 099-2025 | Marca: Suministro discos de acoplamiento 45-0765 para STAMFORD UCM274H1</p>	f	\N	t	2025-04-10 22:00:00	\N	2026-05-08 09:01:51	\N	2026-05-08 09:01:50.704468	2026-05-08 09:01:50.704468	\N	\N	\N	repair	\N	\N
3629	\N	\N	\N	8	5	2	2987	1	2	\N	2	2	WH/OUT/02629	PP_2025_56 / OT-6229	direct	draft	0	\N	<p>Factura: 250082 | Ppto: Ppto 101-2025 | Marca: Suministro alternador S4L1D4E1 Nº N25A020589</p>	f	\N	t	2025-04-14 22:00:00	\N	2026-05-08 09:01:51	\N	2026-05-08 09:01:50.704468	2026-05-08 09:01:50.704468	\N	\N	\N	repair	\N	\N
3630	\N	\N	\N	8	5	2	2871	1	2	\N	2	2	WH/OUT/02630	4514632599 / OT-6226	direct	draft	0	\N	<p>Factura: 250094 | Ppto: Ppto 088-2025 | Marca: Stamford | Tipo: HCI734F1 | NS: A04D202435</p>	f	\N	t	2025-04-14 22:00:00	\N	2026-05-08 09:01:51	\N	2026-05-08 09:01:50.704468	2026-05-08 09:01:50.704468	\N	\N	\N	repair	\N	\N
3631	\N	\N	\N	8	5	2	3002	1	2	\N	2	2	WH/OUT/02631	ECF 2025/224 / OT-6232	direct	draft	0	\N	<p>Factura: 250086 | Ppto: Ppto 105-2025 | Marca: Suministro MX341, PFC3 y RSK-5001</p>	f	\N	t	2025-04-21 22:00:00	\N	2026-05-08 09:01:51	\N	2026-05-08 09:01:50.704468	2026-05-08 09:01:50.704468	\N	\N	\N	repair	\N	\N
3632	\N	\N	\N	8	5	2	2959	1	2	\N	2	2	WH/OUT/02632	OT-6231	direct	draft	0	\N	<p>Factura: 250085 | Ppto: Ppto 107-2025 | Pedido: Acept. Ppto. | Marca: Suministro 1ud.Regulador Cosimat N+</p>	f	\N	t	2025-04-22 22:00:00	\N	2026-05-08 09:01:51	\N	2026-05-08 09:01:50.704468	2026-05-08 09:01:50.704468	\N	\N	\N	repair	\N	\N
3633	\N	\N	\N	8	5	2	2938	1	2	\N	2	2	WH/OUT/02633	11910 / OT-6233	direct	draft	0	\N	<p>Factura: 250087 | Ppto: Ppto 112-2025 | Marca: Suministro 3 ud. cartucho grasa ASONIC GHY 72</p>	f	\N	t	2025-04-24 22:00:00	\N	2026-05-08 09:01:51	\N	2026-05-08 09:01:50.704468	2026-05-08 09:01:50.704468	\N	\N	\N	repair	\N	\N
3634	\N	\N	\N	8	5	2	2908	1	2	\N	2	2	WH/OUT/02634	25PC002414 / OT-6237	direct	draft	0	\N	<p>Factura: 250097 | Ppto: Ppto 115-2025 | Marca: Suministro Tarjeta Regulación Voltaje AS540</p>	f	\N	t	2025-05-05 22:00:00	\N	2026-05-08 09:01:51	\N	2026-05-08 09:01:50.704468	2026-05-08 09:01:50.704468	\N	\N	\N	repair	\N	\N
3635	\N	\N	\N	8	5	2	3158	1	2	\N	2	2	WH/OUT/02635	P2510605 / OT-6234	direct	draft	0	\N	<p>Factura: 250088 | Ppto: Ppto 052Rev2-2025 | Planta: Equinix (Alcobendas) | Marca: Leroy Somer | Tipo: LSA54.2ZL16/4P | NS: 61450000003</p>	f	\N	t	2025-04-29 22:00:00	\N	2026-05-08 09:01:51	\N	2026-05-08 09:01:50.704468	2026-05-08 09:01:50.704468	\N	\N	\N	repair	\N	\N
3636	\N	\N	\N	8	5	2	3118	1	2	\N	2	2	WH/OUT/02636	4100057842 / OT-6241	direct	draft	0	\N	<p>Factura: 250096 | Ppto: Ppto 067-2025 | Planta: My Seven Seas | Marca: Stamford | Tipo: HCM434F1 | NS: C19D159205</p>	f	\N	t	2025-05-20 22:00:00	\N	2026-05-08 09:01:51	\N	2026-05-08 09:01:50.704468	2026-05-08 09:01:50.704468	\N	\N	\N	repair	\N	\N
3637	\N	\N	\N	8	5	2	2969	1	2	\N	2	2	WH/OUT/02637	2025/1000523 / OT-6240	direct	draft	0	\N	<p>Factura: 250104 | Ppto: Ppto 116-2025 | Planta: Ecoparc (Barcelona) M1 y M4 | Marca: Stamford | Tipo: HCI 734F2 | NS: M4</p>	f	\N	t	2025-05-20 22:00:00	\N	2026-05-08 09:01:51	\N	2026-05-08 09:01:50.704468	2026-05-08 09:01:50.704468	\N	\N	\N	repair	\N	\N
3638	\N	\N	\N	8	5	2	2931	1	2	\N	2	2	WH/OUT/02638	OT-6239	direct	draft	0	\N	<p>Factura: 250098 | Ppto: Ppto 121-2025 | Pedido: Acept. Ppto. | Planta: Civantrans Civantos Prieto | Marca: Caterpillar | Tipo: LC6134G | NS: L6B10863</p>	f	\N	t	2025-05-21 22:00:00	\N	2026-05-08 09:01:51	\N	2026-05-08 09:01:50.704468	2026-05-08 09:01:50.704468	\N	\N	\N	repair	\N	\N
3639	\N	\N	\N	8	5	2	2954	1	2	\N	2	2	WH/OUT/02639	4100008025 / OT-5959	direct	draft	0	\N	<p>Factura: 250089 | Ppto: Ppto 209-REV1/2024 | Planta: Natra Cacao - Quart de Poblet (Valencia) | Marca: Leroy Somer | Tipo: LSA54 S65-4P | NS: 600322-3</p>	f	\N	t	2025-04-24 22:00:00	\N	2026-05-08 09:01:51	\N	2026-05-08 09:01:50.704468	2026-05-08 09:01:50.704468	\N	\N	\N	repair	\N	\N
3640	\N	\N	\N	8	5	2	2954	1	2	\N	2	2	WH/OUT/02640	4100009873 / OT-6112	direct	draft	0	\N	<p>Factura: 250090 | Ppto: Ppto 450-Rev.2/2024 | Planta: Natra Cacao | Marca: Stamford | Tipo: LVSI804W2 | NS: 0856298/01</p>	f	\N	t	2025-04-23 22:00:00	\N	2026-05-08 09:01:51	\N	2026-05-08 09:01:50.704468	2026-05-08 09:01:50.704468	\N	\N	\N	repair	\N	\N
3641	\N	\N	\N	8	5	2	3107	1	2	\N	2	2	WH/OUT/02641	4010509 / OT-6075	direct	draft	0	\N	<p>Factura: 250091 | Ppto: Ppto 409-2024 | Planta: Saica M1 (En Tresa) | Marca: AVK | Tipo: DIG 142 | NS: 8329528A303</p>	f	\N	t	2025-04-27 22:00:00	\N	2026-05-08 09:01:51	\N	2026-05-08 09:01:50.704468	2026-05-08 09:01:50.704468	\N	\N	\N	repair	\N	\N
3642	\N	\N	\N	8	5	2	2871	1	2	\N	2	2	WH/OUT/02642	4514566660 / OT-6209	direct	draft	0	\N	<p>Factura: 250095 | Ppto: Ppto 096-2025 | Planta: HCI 734K1 1250-KVA | Tipo: HCI 734K1 1250-KVA | NS: A0147845-3</p>	f	\N	t	2025-04-24 22:00:00	\N	2026-05-08 09:01:51	\N	2026-05-08 09:01:50.704468	2026-05-08 09:01:50.704468	\N	\N	\N	repair	\N	\N
3643	\N	\N	\N	8	5	2	2916	1	2	\N	2	2	WH/OUT/02643	OT-6235	direct	draft	0	\N	<p>Factura: 250099 | Ppto: Ppto 119-2025 | Pedido: Acept. Ppto. | Planta: Amazon | Marca: Stamford | Tipo: UCI274H1 | NS: N24E181390</p>	f	\N	t	2025-05-22 22:00:00	\N	2026-05-08 09:01:51	\N	2026-05-08 09:01:50.704468	2026-05-08 09:01:50.704468	\N	\N	\N	repair	\N	\N
3644	\N	\N	\N	8	5	2	3170	1	2	\N	2	2	WH/OUT/02644	SC140425 / OT-6245	direct	draft	0	\N	<p>Factura: 250100 | Ppto: Ppto 097 y 123-2025 | Planta: Vertedero Málaga | Marca: Stamford | Tipo: PEG734E2 | NS: A13F255458</p>	f	\N	t	2025-05-22 22:00:00	\N	2026-05-08 09:01:51	\N	2026-05-08 09:01:50.704468	2026-05-08 09:01:50.704468	\N	\N	\N	repair	\N	\N
3645	\N	\N	\N	8	5	2	3311	1	2	\N	2	2	WH/OUT/02645	OT-6228	direct	draft	0	\N	<p>Factura: 250144 | Planta: Talleres y Repuestos | Marca: General Eléctrica Española | Tipo: 5GEB16A4 | NS: EE17120282 | Comentarios: Salida de tapa alternador</p>	f	\N	t	2025-05-25 22:00:00	\N	2026-05-08 09:01:51	\N	2026-05-08 09:01:50.704468	2026-05-08 09:01:50.704468	\N	\N	\N	repair	\N	\N
3646	\N	\N	\N	8	5	2	3253	1	2	\N	2	2	WH/OUT/02646	1378 / OT-6249	direct	draft	0	\N	<p>Factura: 250101 | Ppto: Ppto 124-2025 | Marca: Suministro 1ud. MX341</p>	f	\N	t	2025-05-26 22:00:00	\N	2026-05-08 09:01:51	\N	2026-05-08 09:01:50.704468	2026-05-08 09:01:50.704468	\N	\N	\N	repair	\N	\N
3647	\N	\N	\N	8	5	2	2804	1	2	\N	2	2	WH/OUT/02647	OT-6179	direct	draft	0	\N	<p>Factura: 250108 | Ppto: Ppto 050Rev1-2025 | Marca: Stamford | Tipo: UCI224E1 | NS: A14D155226</p>	f	\N	t	2025-05-28 22:00:00	\N	2026-05-08 09:01:51	\N	2026-05-08 09:01:50.704468	2026-05-08 09:01:50.704468	\N	\N	\N	repair	\N	\N
3648	\N	\N	\N	8	5	2	2908	1	2	\N	2	2	WH/OUT/02648	OT-6242	direct	draft	0	\N	<p>Factura: 250115 | Ppto: Ppto 141-2025 | Marca: Stamford | Tipo: UCI224F14 | NS: G23F268139</p>	f	\N	t	2025-05-28 22:00:00	\N	2026-05-08 09:01:51	\N	2026-05-08 09:01:50.704468	2026-05-08 09:01:50.704468	\N	\N	\N	repair	\N	\N
3649	\N	\N	\N	8	5	2	3253	1	2	\N	2	2	WH/OUT/02649	1386 / OT-6252	direct	draft	0	\N	<p>Factura: 250102 | Ppto: Ppto 129-2025 | Marca: Suministro Discos Acople SAE 11,5</p>	f	\N	t	2025-05-28 22:00:00	\N	2026-05-08 09:01:51	\N	2026-05-08 09:01:50.704468	2026-05-08 09:01:50.704468	\N	\N	\N	repair	\N	\N
3650	\N	\N	\N	8	5	2	2969	1	2	\N	2	2	WH/OUT/02650	2025/1000510 / OT-6202	direct	draft	0	\N	<p>Factura: 250103 | Ppto: Ppto 030Rev1-2025 | Planta: Triangulo | Marca: Suministro generador Leroy Somer LSA47.3</p>	f	\N	t	2025-05-29 22:00:00	\N	2026-05-08 09:01:51	\N	2026-05-08 09:01:50.704468	2026-05-08 09:01:50.704468	\N	\N	\N	repair	\N	\N
3651	\N	\N	\N	8	5	2	3028	1	2	\N	2	2	WH/OUT/02651	OT-6149	direct	draft	0	\N	<p>Factura: 260018 | Marca: Grundfos | Tipo: CHI12-30 A-W-G-BQQV | NS: D4F20095P10801</p>	f	\N	t	2025-06-01 22:00:00	\N	2026-05-08 09:01:51	\N	2026-05-08 09:01:50.704468	2026-05-08 09:01:50.704468	\N	\N	\N	repair	\N	\N
3652	\N	\N	\N	8	5	2	3158	1	2	\N	2	2	WH/OUT/02652	P2510944 / OT-6255	direct	draft	0	\N	<p>Factura: 250118 | Ppto: Ppto 130-2025 | Marca: Suministro grasa MOBIL POLYREX EM</p>	f	\N	t	2025-06-01 22:00:00	\N	2026-05-08 09:01:51	\N	2026-05-08 09:01:50.704468	2026-05-08 09:01:50.704468	\N	\N	\N	repair	\N	\N
3653	\N	\N	\N	8	5	2	3258	1	2	\N	2	2	WH/OUT/02653	7725027677 / OT-6254	direct	draft	0	\N	<p>Factura: 250123 | Ppto: Ppto 035-2025 | Planta: Vertedero Albacete | Marca: Stamford | Tipo: PE734E2 | NS: 0270808/001</p>	f	\N	t	2025-06-08 22:00:00	\N	2026-05-08 09:01:51	\N	2026-05-08 09:01:50.704468	2026-05-08 09:01:50.704468	\N	\N	\N	repair	\N	\N
3654	\N	\N	\N	8	5	2	3324	1	2	\N	2	2	WH/OUT/02654	OT-6217	direct	draft	0	\N	<p>Factura: 250105 | Ppto: Ppto 138-2025 | Pedido: Sin pedido | Planta: Nufri 3 | Marca: Leroy Somer | Tipo: LSA54</p>	f	\N	t	2025-05-29 22:00:00	\N	2026-05-08 09:01:51	\N	2026-05-08 09:01:50.704468	2026-05-08 09:01:50.704468	\N	\N	\N	repair	\N	\N
3655	\N	\N	\N	8	5	2	3035	1	2	\N	2	2	WH/OUT/02655	OT-6114	direct	draft	0	\N	<p>Factura: 250120 | Ppto: Ppto 139-2025 | Planta: Finanzauto Zaragoza | Marca: Caterpillar | Tipo: DE850EO | NS: CAT00C18LXK05136</p>	f	\N	t	2025-03-31 22:00:00	\N	2026-05-08 09:01:51	\N	2026-05-08 09:01:50.704468	2026-05-08 09:01:50.704468	\N	\N	\N	repair	\N	\N
3656	\N	\N	\N	8	5	2	2946	1	2	\N	2	2	WH/OUT/02656	OT-6219 y 6220	direct	draft	0	\N	<p>Factura: 250106 | Ppto: Ppto 140-2025 | Pedido: Sin pedido | Marca: Stamford | Tipo: S7L1D-C41 | NS: X25A023713 y X25A023712</p>	f	\N	t	2025-05-29 22:00:00	\N	2026-05-08 09:01:51	\N	2026-05-08 09:01:50.704468	2026-05-08 09:01:50.704468	\N	\N	\N	repair	\N	\N
3657	\N	\N	\N	8	5	2	3327	1	2	\N	2	2	WH/OUT/02657	OT-6248	direct	draft	0	\N	<p>Factura: 250107 | Ppto: Ppto 126-2025 | Planta: Museo Reina Sofía | Comentarios: Puesto Kit RSK-6001</p>	f	\N	t	2025-05-29 22:00:00	\N	2026-05-08 09:01:51	\N	2026-05-08 09:01:50.704468	2026-05-08 09:01:50.704468	\N	\N	\N	repair	\N	\N
3658	\N	\N	\N	8	5	2	2946	1	2	\N	2	2	WH/OUT/02658	OT-6244	direct	draft	0	\N	<p>Factura: 250109 | Ppto: Ppto 142-2025 | Pedido: Sin pedido | Marca: Stamford | Tipo: UCI274F1 | NS: X104190/100</p>	f	\N	t	2025-05-29 22:00:00	\N	2026-05-08 09:01:51	\N	2026-05-08 09:01:50.704468	2026-05-08 09:01:50.704468	\N	\N	\N	repair	\N	\N
3659	\N	\N	\N	8	5	2	3008	1	2	\N	2	2	WH/OUT/02659	OT-6224 y 6225	direct	draft	0	\N	<p>Factura: 260034 | Ppto: Ppto 113-2025 | Pedido: Sin pedido | Marca: Meccalte | Tipo: ECO 37-1S/4 y ECO 38 2S4 | NS:  997236 y 1920046</p>	f	\N	t	2025-06-10 22:00:00	\N	2026-05-08 09:01:51	\N	2026-05-08 09:01:50.704468	2026-05-08 09:01:50.704468	\N	\N	\N	repair	\N	\N
3660	\N	\N	\N	8	5	2	3028	1	2	\N	2	2	WH/OUT/02660	OT-6259	direct	draft	0	\N	<p>Factura: 260018 | Pedido: Sin pedido | Marca: ZIEHL-ABEGG | Tipo: FL050-VDIC.91 V55 | NS: 134011</p>	f	\N	t	2025-06-12 22:00:00	\N	2026-05-08 09:01:51	\N	2026-05-08 09:01:50.704468	2026-05-08 09:01:50.704468	\N	\N	\N	repair	\N	\N
3661	\N	\N	\N	8	5	2	2946	1	2	\N	2	2	WH/OUT/02661	OT-6189 y 6190	direct	draft	0	\N	<p>Factura: 250110 | Ppto: Ppto 150-2025 | Pedido: Sin pedido | Marca: Stamford | Tipo: UCI274C1 | NS: G25A010282 y G25A010139</p>	f	\N	t	2025-05-29 22:00:00	\N	2026-05-08 09:01:51	\N	2026-05-08 09:01:50.704468	2026-05-08 09:01:50.704468	\N	\N	\N	repair	\N	\N
3662	\N	\N	\N	8	5	2	2871	1	2	\N	2	2	WH/OUT/02662	4514703023 / OT-6197	direct	draft	0	\N	<p>Factura: 250119 | Ppto: Ppto 021-2025 | Marca: Stamford | Tipo: HCI634J1 | NS: A05H433369</p>	f	\N	t	2025-06-16 22:00:00	\N	2026-05-08 09:01:51	\N	2026-05-08 09:01:50.704468	2026-05-08 09:01:50.704468	\N	\N	\N	repair	\N	\N
3663	\N	\N	\N	8	5	2	2946	1	2	\N	2	2	WH/OUT/02663	OT-6203	direct	draft	0	\N	<p>Factura: 250111 | Ppto: Ppto 153-2025 | Pedido: Sin pedido | Marca: Stamford | Tipo: UCI274F1 | NS: N25A041824</p>	f	\N	t	2025-05-29 22:00:00	\N	2026-05-08 09:01:51	\N	2026-05-08 09:01:50.704468	2026-05-08 09:01:50.704468	\N	\N	\N	repair	\N	\N
3664	\N	\N	\N	8	5	2	2854	1	2	\N	2	2	WH/OUT/02664	OT-6200	direct	draft	0	\N	<p>Factura: 250112 | Ppto: Ppto 155-2025 | Pedido: Sin pedido | Marca: Pruebas en grupo de carga</p>	f	\N	t	2025-05-29 22:00:00	\N	2026-05-08 09:01:51	\N	2026-05-08 09:01:50.704468	2026-05-08 09:01:50.704468	\N	\N	\N	repair	\N	\N
3665	\N	\N	\N	8	5	2	2895	1	2	\N	2	2	WH/OUT/02665	OT-6006	direct	draft	0	\N	<p>Factura: 250114 | Ppto: Ppto 159-2025 | Planta: Dagartech | Marca: Stamford | Tipo: UCI274D1 | NS: N24E191720</p>	f	\N	t	2025-05-29 22:00:00	\N	2026-05-08 09:01:51	\N	2026-05-08 09:01:50.704468	2026-05-08 09:01:50.704468	\N	\N	\N	repair	\N	\N
3666	\N	\N	\N	8	5	2	3037	1	2	\N	2	2	WH/OUT/02666	4105006970 / OT-6263 y 6236	direct	draft	0	\N	<p>Factura: 250122 | Ppto: Ppto 144Rev1-2025 | Marca: Caterpillar | Tipo: LC6134 | NS: L6B10406</p>	f	\N	t	2025-06-22 22:00:00	\N	2026-05-08 09:01:51	\N	2026-05-08 09:01:50.704468	2026-05-08 09:01:50.704468	\N	\N	\N	repair	\N	\N
3667	\N	\N	\N	8	5	2	3118	1	2	\N	2	2	WH/OUT/02667	4100055111 / OT-6211	direct	draft	0	\N	<p>Factura: 250129 | Ppto: Ppto 470Rev1-2024 | Planta: My Dytan | Marca: Stamford | Tipo: HCM4 y HCM5 | NS: 0251864/1</p>	f	\N	t	2025-06-23 22:00:00	\N	2026-05-08 09:01:51	\N	2026-05-08 09:01:50.704468	2026-05-08 09:01:50.704468	\N	\N	\N	repair	\N	\N
3668	\N	\N	\N	8	5	2	3118	1	2	\N	2	2	WH/OUT/02668	4100058672 / OT-6251	direct	draft	0	\N	<p>Factura: 250130 | Ppto: Ppto 120-2025 | Planta: My Dytan | Marca: Stamford | Tipo: HCM534C2 | NS: 0251865/1</p>	f	\N	t	2025-06-23 22:00:00	\N	2026-05-08 09:01:51	\N	2026-05-08 09:01:50.704468	2026-05-08 09:01:50.704468	\N	\N	\N	repair	\N	\N
3669	\N	\N	\N	8	5	2	2895	1	2	\N	2	2	WH/OUT/02669	OT-6045 y 6076	direct	draft	0	\N	<p>Factura: 250128 | Ppto: Ppto 161-2025 | Planta: Agrico Bis (Bailén) y Monzón | Marca: Stamford | Tipo: S0L2-P1 | NS: G23D138728</p>	f	\N	t	2025-05-29 22:00:00	\N	2026-05-08 09:01:51	\N	2026-05-08 09:01:50.704468	2026-05-08 09:01:50.704468	\N	\N	\N	repair	\N	\N
3670	\N	\N	\N	8	5	2	3227	1	2	\N	2	2	WH/OUT/02670	OT-3603	direct	draft	0	\N	<p>Factura: 250116 | Ppto: Ppto 053-2025 | Planta: Pedido antiguo de Air Liquide: 161-I | Marca: Leroy Somer | Tipo: LS180MT-T | NS: 091557-JM005</p>	f	\N	t	2025-05-29 22:00:00	\N	2026-05-08 09:01:51	\N	2026-05-08 09:01:50.704468	2026-05-08 09:01:50.704468	\N	\N	\N	repair	\N	\N
3671	\N	\N	\N	8	5	2	2946	1	2	\N	2	2	WH/OUT/02671	OT-6120	direct	draft	0	\N	<p>Factura: 250117 | Ppto: Ppto 467-2024 | Marca: Upfit varios generadores Stamford</p>	f	\N	t	2025-06-25 22:00:00	\N	2026-05-08 09:01:51	\N	2026-05-08 09:01:50.704468	2026-05-08 09:01:50.704468	\N	\N	\N	repair	\N	\N
3672	\N	\N	\N	8	5	2	3327	1	2	\N	2	2	WH/OUT/02672	OT-6194	direct	draft	0	\N	<p>Factura: 250124 | Ppto: Ppto 087-2025 | Planta: El Corte Inglés (Gijón) | Marca: Lancor | Tipo: AS3355-454 | NS: 886469</p>	f	\N	t	2025-06-08 22:00:00	\N	2026-05-08 09:01:51	\N	2026-05-08 09:01:50.704468	2026-05-08 09:01:50.704468	\N	\N	\N	repair	\N	\N
3673	\N	\N	\N	8	5	2	3324	1	2	\N	2	2	WH/OUT/02673	OT-6253	direct	draft	0	\N	<p>Factura: 250125 | Ppto: Ppto 163-2025 | Planta: Nufri 3 M3 y M4 | Marca: Leroy Somer | Tipo: LSA54UL95-4P | NS: 168163-2</p>	f	\N	t	2025-06-08 22:00:00	\N	2026-05-08 09:01:51	\N	2026-05-08 09:01:50.704468	2026-05-08 09:01:50.704468	\N	\N	\N	repair	\N	\N
3674	\N	\N	\N	8	5	2	3324	1	2	\N	2	2	WH/OUT/02674	OT-6258	direct	draft	0	\N	<p>Factura: 250126 | Ppto: Ppto 164-2025 | Planta: Nufri 3 M5 | Marca: Leroy Somer | Tipo: LSA54VL9-4P | NS: 601455-1</p>	f	\N	t	2025-06-11 22:00:00	\N	2026-05-08 09:01:51	\N	2026-05-08 09:01:50.704468	2026-05-08 09:01:50.704468	\N	\N	\N	repair	\N	\N
3676	\N	\N	\N	8	5	2	2946	1	2	\N	2	2	WH/OUT/02676	OT-6266	direct	draft	0	\N	<p>Factura: 250135 | Ppto: Ppto 166-2025 | Pedido: Sin pedido | Marca: Suministro 1 caja Antiflash</p>	f	\N	t	2025-06-30 22:00:00	\N	2026-05-08 09:01:51	\N	2026-05-08 09:01:50.704468	2026-05-08 09:01:50.704468	\N	\N	\N	repair	\N	\N
3677	\N	\N	\N	8	5	2	2908	1	2	\N	2	2	WH/OUT/02677	25PC003497 / OT-6267	direct	draft	0	\N	<p>Factura: 250131 | Ppto: Ppto 165-2025 | Marca: Suministro 3 Tarjetas MX341</p>	f	\N	t	2025-06-30 22:00:00	\N	2026-05-08 09:01:51	\N	2026-05-08 09:01:50.704468	2026-05-08 09:01:50.704468	\N	\N	\N	repair	\N	\N
3678	\N	\N	\N	8	5	2	2950	1	2	\N	2	2	WH/OUT/02678	DMA-9022/2025E-P0001-1 / OT-6272	direct	draft	0	\N	<p>Factura: 250134 | Ppto: Ppto 104-2025 | Marca: Suministro repuestos para generador DSG 99 M1 6W</p>	f	\N	t	2025-07-02 22:00:00	\N	2026-05-08 09:01:51	\N	2026-05-08 09:01:50.704468	2026-05-08 09:01:50.704468	\N	\N	\N	repair	\N	\N
3679	\N	\N	\N	8	5	2	2978	1	2	\N	2	2	WH/OUT/02679	4500353450 / OT-6277	direct	draft	0	\N	<p>Factura: 250132 | Ppto: Ppto 152-2025 | Marca: Suministro Regulador Cosimat N+ (Las Azores)</p>	f	\N	t	2025-07-03 22:00:00	\N	2026-05-08 09:01:51	\N	2026-05-08 09:01:50.704468	2026-05-08 09:01:50.704468	\N	\N	\N	repair	\N	\N
3680	\N	\N	\N	8	5	2	3198	1	2	\N	2	2	WH/OUT/02680	\N	direct	draft	0	\N	<p>Comentarios: Salida Equipo de medida de rigidez dieléctrica</p>	f	\N	t	2025-07-09 22:00:00	\N	2026-05-08 09:01:51	\N	2026-05-08 09:01:50.704468	2026-05-08 09:01:50.704468	\N	\N	\N	repair	\N	\N
3681	\N	\N	\N	8	5	2	2946	1	2	\N	2	2	WH/OUT/02681	OT-6266	direct	draft	0	\N	<p>Factura: 250135 | Ppto: Ppto 166-2025 | Pedido: Sin pedido | Marca: Suministro botes antiflas 500 ml (4 cajas)</p>	f	\N	t	2025-07-13 22:00:00	\N	2026-05-08 09:01:51	\N	2026-05-08 09:01:50.704468	2026-05-08 09:01:50.704468	\N	\N	\N	repair	\N	\N
3682	\N	\N	\N	8	5	2	2996	1	2	\N	2	2	WH/OUT/02682	OT-6265	direct	draft	0	\N	<p>Factura: No se factura | Ppto: Sin Ppto | Pedido: Sin pedido | Marca: Nord | Tipo: 1AV2162B | NS: 60034 | Comentarios: Salida de Motor, no quiere la reparación.</p>	f	\N	t	2025-07-15 22:00:00	\N	2026-05-08 09:01:51	\N	2026-05-08 09:01:50.704468	2026-05-08 09:01:50.704468	\N	\N	\N	repair	\N	\N
3683	\N	\N	\N	8	5	2	3107	1	2	\N	2	2	WH/OUT/02683	4010965 / OT-6273	direct	draft	0	\N	<p>Factura: 250133 | Ppto: Ppto 176-2025 | Planta: Embutidos Palacios | Marca: Suministro 1ud sonda PT-100</p>	f	\N	t	2025-07-09 22:00:00	\N	2026-05-08 09:01:51	\N	2026-05-08 09:01:50.704468	2026-05-08 09:01:50.704468	\N	\N	\N	repair	\N	\N
3684	\N	\N	\N	8	5	2	2796	1	2	\N	2	2	WH/OUT/02684	A100389923 / OT-6280	direct	draft	0	\N	<p>Factura: 250136 | Ppto: Ppto 177-2025 | Marca: Suministro Generador S5L1S-C41</p>	f	\N	t	2025-07-20 22:00:00	\N	2026-05-08 09:01:51	\N	2026-05-08 09:01:50.704468	2026-05-08 09:01:50.704468	\N	\N	\N	repair	\N	\N
3685	\N	\N	\N	8	5	2	2959	1	2	\N	2	2	WH/OUT/02685	OT-6186	direct	draft	0	\N	<p>Factura: 250148 | Ppto: Ppto 134-2025 | Pedido: Aceptac.Ppto. | Planta: Tracjusa | Marca: Stamford | Tipo: HVXI824H2 | NS: 204924</p>	f	\N	t	2025-07-17 22:00:00	\N	2026-05-08 09:01:51	\N	2026-05-08 09:01:50.704468	2026-05-08 09:01:50.704468	\N	\N	\N	repair	\N	\N
3686	\N	\N	\N	8	5	2	3186	1	2	\N	2	2	WH/OUT/02686	OT-4567	direct	draft	0	\N	<p>Factura: 250137 | Marca: Mecc Alte | Tipo: ECP34 2-S4 | NS: 1780554 | Comentarios: Vendido a Armengol el 21/07/25</p>	f	\N	t	2025-07-20 22:00:00	\N	2026-05-08 09:01:51	\N	2026-05-08 09:01:50.704468	2026-05-08 09:01:50.704468	\N	\N	\N	repair	\N	\N
3687	\N	\N	\N	8	5	2	2969	1	2	\N	2	2	WH/OUT/02687	2025/1000550 / OT-6261	direct	draft	0	\N	<p>Factura: 250149 | Ppto: Ppto 169-2025 | Planta: Ecoparc (Barcelona) | Marca: Stamford | Tipo: HCI734F2-CG | NS: 0134077/02</p>	f	\N	t	2025-07-21 22:00:00	\N	2026-05-08 09:01:51	\N	2026-05-08 09:01:50.704468	2026-05-08 09:01:50.704468	\N	\N	\N	repair	\N	\N
3688	\N	\N	\N	8	5	2	3379	1	2	\N	2	2	WH/OUT/02688	006-2025 / OT-6274	direct	draft	0	\N	<p>Factura: 250138 | Ppto: Ppto 182-2025 | Planta: Elmya (Sevilla) | Marca: Medidas en instalación de analizadores de redes</p>	f	\N	t	2025-07-22 22:00:00	\N	2026-05-08 09:01:51	\N	2026-05-08 09:01:50.704468	2026-05-08 09:01:50.704468	\N	\N	\N	repair	\N	\N
3689	\N	\N	\N	8	5	2	2908	1	2	\N	2	2	WH/OUT/02689	25PC003934 / OT-6283	direct	draft	0	\N	<p>Factura: 250142 | Ppto: Ppto 187-2025 | Marca: Suministro AVR AS540</p>	f	\N	t	2025-07-28 22:00:00	\N	2026-05-08 09:01:51	\N	2026-05-08 09:01:50.704468	2026-05-08 09:01:50.704468	\N	\N	\N	repair	\N	\N
3690	\N	\N	\N	8	5	2	2858	1	2	\N	2	2	WH/OUT/02690	3201827907 / OT-6271	direct	draft	0	\N	<p>Factura: 250145 | Ppto: Ppto 003-2025 | Planta: Edar Viveros | Marca: Marelli Motori | Tipo: MJB400LC4B24 | NS: 15926</p>	f	\N	t	2025-07-27 22:00:00	\N	2026-05-08 09:01:51	\N	2026-05-08 09:01:50.704468	2026-05-08 09:01:50.704468	\N	\N	\N	repair	\N	\N
3691	\N	\N	\N	8	5	2	2858	1	2	\N	2	2	WH/OUT/02691	3201959097 / OT-6271	direct	draft	0	\N	<p>Factura: 250146 | Ppto: Ppto 003Rev1-2025 | Planta: Edar Viveros | Marca: Marelli Motori | Tipo: MJB400LC4B24 | NS: 15926</p>	f	\N	t	2025-07-27 22:00:00	\N	2026-05-08 09:01:51	\N	2026-05-08 09:01:50.704468	2026-05-08 09:01:50.704468	\N	\N	\N	repair	\N	\N
3692	\N	\N	\N	8	5	2	3223	1	2	\N	2	2	WH/OUT/02692	079-REV25 / OT-6276	direct	draft	0	\N	<p>Factura: 250143 | Ppto: Ppto 180-2025 | Planta: Carrefour Córdoba | Marca: Leroy Somer</p>	f	\N	t	2025-07-23 22:00:00	\N	2026-05-08 09:01:51	\N	2026-05-08 09:01:50.704468	2026-05-08 09:01:50.704468	\N	\N	\N	repair	\N	\N
3693	\N	\N	\N	8	5	2	3198	1	2	\N	2	2	WH/OUT/02693	250730-1 MLR / OT-6286	direct	draft	0	\N	<p>Factura: 250141 | Ppto: Ppto 193-2025 | Marca: Suministro Pletina </p>	f	\N	t	2025-07-29 22:00:00	\N	2026-05-08 09:01:51	\N	2026-05-08 09:01:50.704468	2026-05-08 09:01:50.704468	\N	\N	\N	repair	\N	\N
3694	\N	\N	\N	8	5	2	3062	1	2	\N	2	2	WH/OUT/02694	AG-3129 / OT-6287	direct	draft	0	\N	<p>Factura: 250152 | Ppto: Ppto 194-2025 | Marca: Suministro 3 Tarjetas MX341 y 3 Kit Rectificación RSK-6001</p>	f	\N	t	2025-07-31 22:00:00	\N	2026-05-08 09:01:51	\N	2026-05-08 09:01:50.704468	2026-05-08 09:01:50.704468	\N	\N	\N	repair	\N	\N
3695	\N	\N	\N	8	5	2	2835	1	2	\N	2	2	WH/OUT/02695	66289 / OT-6178	direct	draft	0	\N	<p>Factura: 250154 | Ppto: Ppto 462Rev1-2024 | Marca: Vibraciones 5 alternadaores 2ª medida</p>	f	\N	t	2025-08-05 22:00:00	\N	2026-05-08 09:01:51	\N	2026-05-08 09:01:50.704468	2026-05-08 09:01:50.704468	\N	\N	\N	repair	\N	\N
3696	\N	\N	\N	8	5	2	3118	1	2	\N	2	2	WH/OUT/02696	4100061213 / OT-6289	direct	draft	0	\N	<p>Factura: 250153 | Ppto: Ppto. 189-2025 | Planta: My Seven Seas | Marca: Suministro de dos sondas de temperatura</p>	f	\N	t	2025-08-04 22:00:00	\N	2026-05-08 09:01:51	\N	2026-05-08 09:01:50.704468	2026-05-08 09:01:50.704468	\N	\N	\N	repair	\N	\N
3697	\N	\N	\N	8	5	2	2880	1	2	\N	2	2	WH/OUT/02697	OT-6293	direct	draft	0	\N	<p>Factura: 250155 | Ppto: Ppto. 200Rev1-2025 | Pedido: Aceptac.Ppto. | Planta: Getafe | Marca: Olympian | Tipo: GEP18-4 | NS: OLY00000JMMG00926</p>	f	\N	t	2025-08-10 22:00:00	\N	2026-05-08 09:01:51	\N	2026-05-08 09:01:50.704468	2026-05-08 09:01:50.704468	\N	\N	\N	repair	\N	\N
3698	\N	\N	\N	8	5	2	3325	1	2	\N	2	2	WH/OUT/02698	OT-6269	direct	draft	0	\N	<p>Factura: 250139 | Ppto: Ppto. 205-2025 | Pedido: Sin pedido | Planta: Deutz 3 Nufri II | Marca: AVK | Tipo: DIG156</p>	f	\N	t	2025-07-24 22:00:00	\N	2026-05-08 09:01:51	\N	2026-05-08 09:01:50.704468	2026-05-08 09:01:50.704468	\N	\N	\N	repair	\N	\N
3699	\N	\N	\N	8	5	2	3035	1	2	\N	2	2	WH/OUT/02699	4500533309 / OT-6290	direct	draft	0	\N	<p>Factura: 250156 | Ppto: Ppto. 401Rev1-2024 | Planta: Base Arganda y NASA (Robledo Chavela) | Marca: Caterpillar | Tipo: 3512 | NS: G2Y02011</p>	f	\N	t	2025-08-13 22:00:00	\N	2026-05-08 09:01:51	\N	2026-05-08 09:01:50.704468	2026-05-08 09:01:50.704468	\N	\N	\N	repair	\N	\N
3700	\N	\N	\N	8	5	2	3035	1	2	\N	2	2	WH/OUT/02700	4000046099 / OT-6285	direct	draft	0	\N	<p>Factura: 250151 | Ppto: Ppto. 192-2025 | Planta: NASA (Robledo de Chavela) | Marca: EM-SYNCHRONUS GEN | Tipo: C-8RKT | NS: 870198111</p>	f	\N	t	2025-07-29 22:00:00	\N	2026-05-08 09:01:51	\N	2026-05-08 09:01:50.704468	2026-05-08 09:01:50.704468	\N	\N	\N	repair	\N	\N
3701	\N	\N	\N	8	5	2	2871	1	2	\N	2	2	WH/OUT/02701	4515002966 / OT-6256	direct	draft	0	\N	<p>Factura: 250147 | Ppto: Ppto. 157-2025 | Marca: Caterpillar | Tipo: SR4B | NS: 9LW01678</p>	f	\N	t	2025-07-07 22:00:00	\N	2026-05-08 09:01:51	\N	2026-05-08 09:01:50.704468	2026-05-08 09:01:50.704468	\N	\N	\N	repair	\N	\N
3702	\N	\N	\N	8	5	2	2908	1	2	\N	2	2	WH/OUT/02702	25PC004052 / OT-6295	direct	draft	0	\N	<p>Factura: 250157 | Ppto: Ppto. 209-2025 | Marca: Suministro 1ud.AS540</p>	f	\N	t	2025-08-19 22:00:00	\N	2026-05-08 09:01:51	\N	2026-05-08 09:01:50.704468	2026-05-08 09:01:50.704468	\N	\N	\N	repair	\N	\N
3703	\N	\N	\N	8	5	2	2812	1	2	\N	2	2	WH/OUT/02703	4105007414 / OT-6024	direct	draft	0	\N	<p>Factura: 250150 | Ppto: Ppto. 244-2024 | Marca: Contenedor transformadores | NS: 55063000014</p>	f	\N	t	2025-07-24 22:00:00	\N	2026-05-08 09:01:51	\N	2026-05-08 09:01:50.704468	2026-05-08 09:01:50.704468	\N	\N	\N	repair	\N	\N
3704	\N	\N	\N	8	5	2	2812	1	2	\N	2	2	WH/OUT/02704	4105007453 / OT-5809	direct	draft	0	\N	<p>Factura: 250158 | Ppto: Ppto. 149-2025 | Planta: Arganda | Marca: Alayan Rental | NS: 550-6300-0012</p>	f	\N	t	2025-08-26 22:00:00	\N	2026-05-08 09:01:51	\N	2026-05-08 09:01:50.704468	2026-05-08 09:01:50.704468	\N	\N	\N	repair	\N	\N
3705	\N	\N	\N	8	5	2	3319	1	2	\N	2	2	WH/OUT/02705	1508 / OT-6297	direct	draft	0	\N	<p>Factura: 250159 | Ppto: Ppto. 201Rev1-2025 | Marca: Suministro 2ud.RSK-2001, 2ud.Rotor excitac.y 2ud.Estator Excitac.</p>	f	\N	t	2025-08-27 22:00:00	\N	2026-05-08 09:01:51	\N	2026-05-08 09:01:50.704468	2026-05-08 09:01:50.704468	\N	\N	\N	repair	\N	\N
3706	\N	\N	\N	8	5	2	3035	1	2	\N	2	2	WH/OUT/02706	4000046426 / OT-6281	direct	draft	0	\N	<p>Factura: 250160 | Ppto: Ppto. 212-2025 | Planta: Cerámica Zaratan (Valladolid) | Marca: Caterpillar | Tipo: G3512E | NS: NWC00122</p>	f	\N	t	2025-08-31 22:00:00	\N	2026-05-08 09:01:51	\N	2026-05-08 09:01:50.704468	2026-05-08 09:01:50.704468	\N	\N	\N	repair	\N	\N
3707	\N	\N	\N	8	5	2	3035	1	2	\N	2	2	WH/OUT/02707	4000046427 / OT-6284	direct	draft	0	\N	<p>Factura: 250161 | Ppto: Ppto. 213-2025 | Planta: Cerámica Zaratan (Valladolid) | Marca: Caterpillar | Tipo: G3512E | NS: NWC00122</p>	f	\N	t	2025-08-31 22:00:00	\N	2026-05-08 09:01:51	\N	2026-05-08 09:01:50.704468	2026-05-08 09:01:50.704468	\N	\N	\N	repair	\N	\N
3708	\N	\N	\N	8	5	2	3294	1	2	\N	2	2	WH/OUT/02708	4500068104 / OT-6296	direct	draft	0	\N	<p>Factura: 250162 | Ppto: Ppto. 143-2025 | Planta: Arasur (Ribabellosa - Alava) | Marca: Leroy Somer | Tipo: LSA54.2ZL14/4P | NS: M1-614020/3 M2-614020/1 M3-614020/2 M4-614816/1 M5-614816/2 M6-619015/1</p>	f	\N	t	2025-08-28 22:00:00	\N	2026-05-08 09:01:51	\N	2026-05-08 09:01:50.704468	2026-05-08 09:01:50.704468	\N	\N	\N	repair	\N	\N
3709	\N	\N	\N	8	5	2	2812	1	2	\N	2	2	WH/OUT/02709	4105007511 / OT-6275	direct	draft	0	\N	<p>Factura: 250163 | Ppto: Ppto. 224-2025 | Marca: Caterpillar | Tipo: SR4B-GD | NS: G5C00711</p>	f	\N	t	2025-08-28 22:00:00	\N	2026-05-08 09:01:51	\N	2026-05-08 09:01:50.704468	2026-05-08 09:01:50.704468	\N	\N	\N	repair	\N	\N
3710	\N	\N	\N	8	5	2	2796	1	2	\N	2	2	WH/OUT/02710	A100406405 / OT-6299	direct	draft	0	\N	<p>Factura: 250164 | Ppto: Ppto 215Rev1-2025 | Marca: Suministro repuestos STAMFORD S5L1S-C41</p>	f	\N	t	2025-09-08 22:00:00	\N	2026-05-08 09:01:51	\N	2026-05-08 09:01:50.704468	2026-05-08 09:01:50.704468	\N	\N	\N	repair	\N	\N
3711	\N	\N	\N	8	5	2	2906	1	2	\N	2	2	WH/OUT/02711	808221 / OT-6316	direct	draft	0	\N	<p>Factura: 250180 | Ppto: Ppto. 086Rev1-2025 | Planta: Suministros e instalación | Marca: Suministros e instalación</p>	f	\N	t	2025-09-08 22:00:00	\N	2026-05-08 09:01:51	\N	2026-05-08 09:01:50.704468	2026-05-08 09:01:50.704468	\N	\N	\N	repair	\N	\N
3712	\N	\N	\N	8	5	2	2871	1	2	\N	2	2	WH/OUT/02712	4515446253 / OT-6279	direct	draft	0	\N	<p>Factura: 250165 | Ppto: Ppto 228-2025 | Planta: Atlas Copco - Rentaire (Las Rozas) | Marca: Leroy Somer | Tipo: TAL044M M6/4 | NS: 40346700011</p>	f	\N	t	2025-09-14 22:00:00	\N	2026-05-08 09:01:52	\N	2026-05-08 09:01:50.704468	2026-05-08 09:01:50.704468	\N	\N	\N	repair	\N	\N
3713	\N	\N	\N	8	5	2	3107	1	2	\N	2	2	WH/OUT/02713	4010974 / OT-6300	direct	draft	0	\N	<p>Factura: 250179 | Ppto: Ppto 179-2025 | Planta: Vertedero de Málaga | Marca: STAMFORD | Tipo: PE734E2 | NS: X22A034705</p>	f	\N	t	2025-09-14 22:00:00	\N	2026-05-08 09:01:52	\N	2026-05-08 09:01:50.704468	2026-05-08 09:01:50.704468	\N	\N	\N	repair	\N	\N
3714	\N	\N	\N	8	5	2	2871	1	2	\N	2	2	WH/OUT/02714	4515456474 / OT-6308	direct	draft	0	\N	<p>Factura: 250166 | Ppto: Ppto 208-2025 | Marca: Suministro 1ud.AS440</p>	f	\N	t	2025-09-15 22:00:00	\N	2026-05-08 09:01:52	\N	2026-05-08 09:01:50.704468	2026-05-08 09:01:50.704468	\N	\N	\N	repair	\N	\N
3715	\N	\N	\N	8	5	2	2871	1	2	\N	2	2	WH/OUT/02715	4515460283 / OT-6309	direct	draft	0	\N	<p>Factura: 250167 | Ppto: Ppto 220-2025 | Marca: Suministro 1ud.MX341</p>	f	\N	t	2025-09-16 22:00:00	\N	2026-05-08 09:01:52	\N	2026-05-08 09:01:50.704468	2026-05-08 09:01:50.704468	\N	\N	\N	repair	\N	\N
3716	\N	\N	\N	8	5	2	2856	1	2	\N	2	2	WH/OUT/02716	OT-6150	direct	draft	0	\N	<p>Factura: 250178 | Ppto: Ppto 109-2025 | Pedido: Sin pedido | Marca: Kaiser | Tipo: TWG1111674C | NS: 19092901A | Comentarios: Se llevan también alternador usado BCI184E1</p>	f	\N	t	2025-09-21 22:00:00	\N	2026-05-08 09:01:52	\N	2026-05-08 09:01:50.704468	2026-05-08 09:01:50.704468	\N	\N	\N	repair	\N	\N
3717	\N	\N	\N	8	5	2	3043	1	2	\N	2	2	WH/OUT/02717	OT-6314	direct	draft	0	\N	<p>Factura: 250169 | Ppto: Ppto 241-2025 | Pedido: Sin pedido | Planta: Camión cisterna Air Liquide 3806-KSW | Marca: CRYOMEC | Tipo: DSIG 40/50 MK1 | NS: BE3055/1</p>	f	\N	t	2025-09-21 22:00:00	\N	2026-05-08 09:01:52	\N	2026-05-08 09:01:50.704468	2026-05-08 09:01:50.704468	\N	\N	\N	repair	\N	\N
3718	\N	\N	\N	8	5	2	2895	1	2	\N	2	2	WH/OUT/02718	IND8252689 / OT-6205	direct	draft	0	\N	<p>Factura: 250168 | Ppto: Ppto 171-2025 | Planta: Dagartech (Zaragoza) | Marca: STAMFORD | Tipo: S6L1D-G41 | NS: X24E216718</p>	f	\N	t	2025-09-23 22:00:00	\N	2026-05-08 09:01:52	\N	2026-05-08 09:01:50.704468	2026-05-08 09:01:50.704468	\N	\N	\N	repair	\N	\N
3719	\N	\N	\N	8	5	2	2812	1	2	\N	2	2	WH/OUT/02719	4105007414 / OT-6024	direct	draft	0	\N	<p>Factura: 250170 | Ppto: Ppto 244-2024 | NS: 550-6300-0011 | Comentarios: Contenedor transformadores</p>	f	\N	t	2025-09-28 22:00:00	\N	2026-05-08 09:01:52	\N	2026-05-08 09:01:50.704468	2026-05-08 09:01:50.704468	\N	\N	\N	repair	\N	\N
3720	\N	\N	\N	8	5	2	3294	1	2	\N	2	2	WH/OUT/02720	4500068111 / OT-6311	direct	draft	0	\N	<p>Factura: 250176 | Ppto: Ppto 146-2025 | Planta: Serveo (Barcelona) | Marca: Leroy Somer | Comentarios: 8 Alternadores</p>	f	\N	t	2025-09-29 22:00:00	\N	2026-05-08 09:01:52	\N	2026-05-08 09:01:50.704468	2026-05-08 09:01:50.704468	\N	\N	\N	repair	\N	\N
3721	\N	\N	\N	8	5	2	2969	1	2	\N	2	2	WH/OUT/02721	2025/1000556 / OT-6312	direct	draft	0	\N	<p>Factura: 250175 | Ppto: Ppto 232Rev1-2025 | Planta: Edar Terrasa (Barcelona) | Marca: Marelli Generators | Tipo: MJB400SR4B24 | NS: MS24850</p>	f	\N	t	2025-09-29 22:00:00	\N	2026-05-08 09:01:52	\N	2026-05-08 09:01:50.704468	2026-05-08 09:01:50.704468	\N	\N	\N	repair	\N	\N
3722	\N	\N	\N	8	5	2	2844	1	2	\N	2	2	WH/OUT/02722	25451 / OT-6301	direct	draft	0	\N	<p>Factura: 250174 | Ppto: Ppto 247-2025 | Marca: STAMFORD | Tipo: SAL1D-41 | NS: N21E209469</p>	f	\N	t	2025-09-29 22:00:00	\N	2026-05-08 09:01:52	\N	2026-05-08 09:01:50.704468	2026-05-08 09:01:50.704468	\N	\N	\N	repair	\N	\N
3723	\N	\N	\N	8	5	2	3107	1	2	\N	2	2	WH/OUT/02723	4011132 / OT-6318	direct	draft	0	\N	<p>Factura: 250172 | Ppto: Ppto 210Rev2-2025 | Planta: Edar Arazuri (Navarra) | Marca: STAMFORD | Tipo: HVSI804R2 | NS: P12A857790</p>	f	\N	t	2025-09-30 22:00:00	\N	2026-05-08 09:01:52	\N	2026-05-08 09:01:50.704468	2026-05-08 09:01:50.704468	\N	\N	\N	repair	\N	\N
3724	\N	\N	\N	8	5	2	2933	1	2	\N	2	2	WH/OUT/02724	4100012007 / OT-6307	direct	draft	0	\N	<p>Factura: 250173 | Ppto: Ppto 227-2025 | Planta: Bieffe - Baxter (Sabiñanigo) | Marca: AVK | Tipo: DIG142/E4 | NS: 8430144A203</p>	f	\N	t	2025-09-30 22:00:00	\N	2026-05-08 09:01:52	\N	2026-05-08 09:01:50.704468	2026-05-08 09:01:50.704468	\N	\N	\N	repair	\N	\N
3725	\N	\N	\N	8	5	2	3035	1	2	\N	2	2	WH/OUT/02725	4500535298 / OT-6282	direct	draft	0	\N	<p>Factura: 250177 | Ppto: Ppto 222-2025 | Planta: Arganda | Comentarios: Banco de pruebas</p>	f	\N	t	2025-09-30 22:00:00	\N	2026-05-08 09:01:52	\N	2026-05-08 09:01:50.704468	2026-05-08 09:01:50.704468	\N	\N	\N	repair	\N	\N
3726	\N	\N	\N	8	5	2	2919	1	2	\N	2	2	WH/OUT/02726	PCC25002102 / OT-6320	direct	draft	0	\N	<p>Factura: 250171 | Ppto: Ppto 243-2025 | Marca: Suministro 1ud.RSK-2001</p>	f	\N	t	2025-09-30 22:00:00	\N	2026-05-08 09:01:52	\N	2026-05-08 09:01:50.704468	2026-05-08 09:01:50.704468	\N	\N	\N	repair	\N	\N
3727	\N	\N	\N	8	5	2	2908	1	2	\N	2	2	WH/OUT/02727	25PC004855 / OT-6323	direct	draft	0	\N	<p>Factura: 250182 | Ppto: Ppto 256-2025 | Marca: Suministro 3ud.MX341</p>	f	\N	t	2025-10-07 22:00:00	\N	2026-05-08 09:01:52	\N	2026-05-08 09:01:50.704468	2026-05-08 09:01:50.704468	\N	\N	\N	repair	\N	\N
3728	\N	\N	\N	8	5	2	3079	1	2	\N	2	2	WH/OUT/02728	\N	direct	draft	0	\N	<p>Factura: 250181 | Ppto: Ppto 258-2025 | Pedido: Aceptac.Ppto. | Marca: Suministro alternador LSA44.2S7C 6/4</p>	f	\N	t	2025-10-07 22:00:00	\N	2026-05-08 09:01:52	\N	2026-05-08 09:01:50.704468	2026-05-08 09:01:50.704468	\N	\N	\N	repair	\N	\N
3730	\N	\N	\N	8	5	2	3194	1	2	\N	2	2	WH/OUT/02730	25.0946-T / OT-6326	direct	draft	0	\N	<p>Factura: 250184 | Ppto: Ppto 251-2025 | Marca: Suministro RSK-2001</p>	f	\N	t	2025-10-09 22:00:00	\N	2026-05-08 09:01:52	\N	2026-05-08 09:01:50.704468	2026-05-08 09:01:50.704468	\N	\N	\N	repair	\N	\N
3731	\N	\N	\N	8	5	2	3118	1	2	\N	2	2	WH/OUT/02731	4100062259	direct	draft	0	\N	<p>Factura: 250183 | Ppto: Ppto 199-2025</p>	f	\N	t	2025-10-09 22:00:00	\N	2026-05-08 09:01:52	\N	2026-05-08 09:01:50.704468	2026-05-08 09:01:50.704468	\N	\N	\N	repair	\N	\N
3732	\N	\N	\N	8	5	2	3259	1	2	\N	2	2	WH/OUT/02732	7725081197 / OT-6319	direct	draft	0	\N	<p>Factura: 250193 | Ppto: Ppto 175-2025 | Planta: Vertedero Murcia | Marca: STAMFORD | Tipo: HC734F</p>	f	\N	t	2025-10-13 22:00:00	\N	2026-05-08 09:01:52	\N	2026-05-08 09:01:50.704468	2026-05-08 09:01:50.704468	\N	\N	\N	repair	\N	\N
3733	\N	\N	\N	8	5	2	3035	1	2	\N	2	2	WH/OUT/02733	4500534384 / OT-6321	direct	draft	0	\N	<p>Factura: 250192 | Ppto: Ppto 184-2025 | Marca: Caterpillar | Tipo: SR500 | NS: DE660GC</p>	f	\N	t	2025-10-14 22:00:00	\N	2026-05-08 09:01:52	\N	2026-05-08 09:01:50.704468	2026-05-08 09:01:50.704468	\N	\N	\N	repair	\N	\N
3734	\N	\N	\N	8	5	2	2817	1	2	\N	2	2	WH/OUT/02734	106926_444 / OT-6298	direct	draft	0	\N	<p>Factura: 250190 | Ppto: Ppto 244-2025 | Marca: Caterpillar | Tipo: LL6114G | NS: 36488300001</p>	f	\N	t	2025-10-14 22:00:00	\N	2026-05-08 09:01:52	\N	2026-05-08 09:01:50.704468	2026-05-08 09:01:50.704468	\N	\N	\N	repair	\N	\N
3735	\N	\N	\N	8	5	2	2946	1	2	\N	2	2	WH/OUT/02735	OT-6288	direct	draft	0	\N	<p>Factura: 250185 | Ppto: Ppto 223-2025 | Pedido: Sin pedido | Planta: Monzón | Marca: STAMFORD | Tipo: S0L2-P1 | NS: G24G270827</p>	f	\N	t	2025-10-15 22:00:00	\N	2026-05-08 09:01:52	\N	2026-05-08 09:01:50.704468	2026-05-08 09:01:50.704468	\N	\N	\N	repair	\N	\N
3825	\N	\N	\N	8	5	2	3082	1	2	\N	2	2	WH/OUT/02825	PC26-00553 / OT-6402	direct	draft	0	\N	<p>Factura: 260047 | Ppto: Ppto 028Rev1-2026 | Marca: Suministro 5ud.PFC3</p>	f	\N	t	2026-02-17 23:00:00	\N	2026-05-08 09:01:52	\N	2026-05-08 09:01:50.704468	2026-05-08 09:01:50.704468	\N	\N	\N	repair	\N	\N
3736	\N	\N	\N	8	5	2	3107	1	2	\N	2	2	WH/OUT/02736	4011200 / OT-6328	direct	draft	0	\N	<p>Factura: 250189 | Ppto: Ppto 263-2025 | Planta: Ecoparc 2 (Barcelona) | Marca: STAMFORD | Tipo: HCI734G2-CG | NS: 0158377/02      A03B016417</p>	f	\N	t	2025-10-15 22:00:00	\N	2026-05-08 09:01:52	\N	2026-05-08 09:01:50.704468	2026-05-08 09:01:50.704468	\N	\N	\N	repair	\N	\N
3737	\N	\N	\N	8	5	2	2954	1	2	\N	2	2	WH/OUT/02737	4100012164 / OT-6313	direct	draft	0	\N	<p>Factura: 250194 | Ppto: Ppto 231-2025 | Planta: Bieffe - Baxter (Sabniñanigo) | Marca: AVK | Tipo: DIG142/E4 | NS: 8430144A203</p>	f	\N	t	2025-10-16 22:00:00	\N	2026-05-08 09:01:52	\N	2026-05-08 09:01:50.704468	2026-05-08 09:01:50.704468	\N	\N	\N	repair	\N	\N
3738	\N	\N	\N	8	5	2	3294	1	2	\N	2	2	WH/OUT/02738	4500071947 / OT-6329	direct	draft	0	\N	<p>Factura: 250191 | Ppto: Ppto 230-2025 | Planta: Merlin Edge Getafe | Marca: Leroy Somer | Tipo: LSA54.2ZL14/4P</p>	f	\N	t	2025-10-16 22:00:00	\N	2026-05-08 09:01:52	\N	2026-05-08 09:01:50.704468	2026-05-08 09:01:50.704468	\N	\N	\N	repair	\N	\N
3739	\N	\N	\N	8	5	2	2919	1	2	\N	2	2	WH/OUT/02739	PCC25002309 / OT-6327	direct	draft	0	\N	<p>Factura: 250186 | Ppto: Ppto 249Rev1-2025 | Marca: Suministro alternador Leroy Somer LSA40 VS2</p>	f	\N	t	2025-10-16 22:00:00	\N	2026-05-08 09:01:52	\N	2026-05-08 09:01:50.704468	2026-05-08 09:01:50.704468	\N	\N	\N	repair	\N	\N
3740	\N	\N	\N	8	5	2	3203	1	2	\N	2	2	WH/OUT/02740	1023-25	direct	draft	0	\N	<p>Factura: 250187 | Ppto: Ppto 236-2025 | Marca: Suministro AS440, MX341 y RSK-5001</p>	f	\N	t	2025-10-23 22:00:00	\N	2026-05-08 09:01:52	\N	2026-05-08 09:01:50.704468	2026-05-08 09:01:50.704468	\N	\N	\N	repair	\N	\N
3741	\N	\N	\N	8	5	2	3244	1	2	\N	2	2	WH/OUT/02741	OT-5565	direct	draft	0	\N	<p>Factura: No se factura</p>	f	\N	t	2025-10-23 22:00:00	\N	2026-05-08 09:01:52	\N	2026-05-08 09:01:50.704468	2026-05-08 09:01:50.704468	\N	\N	\N	repair	\N	\N
3742	\N	\N	\N	8	5	2	3035	1	2	\N	2	2	WH/OUT/02742	4000047627 / OT-6334	direct	draft	0	\N	<p>Factura: 250195 | Ppto: Ppto 217-2025 | Marca: Suministro Varistor de protección LSA 50.1</p>	f	\N	t	2025-10-26 23:00:00	\N	2026-05-08 09:01:52	\N	2026-05-08 09:01:50.704468	2026-05-08 09:01:50.704468	\N	\N	\N	repair	\N	\N
3822	\N	\N	\N	8	5	2	2835	1	2	\N	2	2	WH/OUT/02822	74103 / OT-6398	direct	draft	0	\N	<p>Factura: 260051 | Ppto: Ppto 235-2025 | Marca: Leroy Somer | Tipo: LSA56BXL60-4P</p>	f	\N	t	2026-02-12 23:00:00	\N	2026-05-08 09:01:52	\N	2026-05-08 09:01:50.704468	2026-05-08 09:01:50.704468	\N	\N	\N	repair	\N	\N
3757	\N	\N	\N	8	5	2	2808	1	2	\N	2	2	WH/OUT/02757	OT-6352	direct	draft	0	\N	<p>Factura: 250208 | Ppto: Ppto 290Rev1-2025 | Pedido: Aceptac.Ppto. | Marca: Suministro Regulador STAMFORD DM110</p>	f	\N	t	2025-11-18 23:00:00	\N	2026-05-08 09:01:52	\N	2026-05-08 09:01:50.704468	2026-05-08 09:01:50.704468	\N	\N	\N	repair	\N	\N
3743	\N	\N	\N	8	5	2	3011	1	2	\N	2	2	WH/OUT/02743	\N	direct	draft	0	\N	<p>Comentarios: Salida material: Tanquetas y Gatos de uña</p>	f	\N	t	2025-10-26 23:00:00	\N	2026-05-08 09:01:52	\N	2026-05-08 09:01:50.704468	2026-05-08 09:01:50.704468	\N	\N	\N	repair	\N	\N
3744	\N	\N	\N	8	5	2	2870	1	2	\N	2	2	WH/OUT/02744	P17894 / OT-6337	direct	draft	0	\N	<p>Factura: 250188 | Ppto: Ppto 264Rev1-2025 | Marca: STAMFORD | Tipo: HCM434F1 | NS: C19J1425211 | Comentarios: (Primer 50%)</p>	f	\N	t	2025-10-30 23:00:00	\N	2026-05-08 09:01:52	\N	2026-05-08 09:01:50.704468	2026-05-08 09:01:50.704468	\N	\N	\N	repair	\N	\N
3745	\N	\N	\N	8	5	2	3035	1	2	\N	2	2	WH/OUT/02745	OT-6268	direct	draft	0	\N	<p>Factura: 250198 | Ppto: Ppto 178-2025 | Marca: Caterpillar | Tipo: 900F | NS: CAT00000C8V00750 (ilegible)</p>	f	\N	t	2025-11-02 23:00:00	\N	2026-05-08 09:01:52	\N	2026-05-08 09:01:50.704468	2026-05-08 09:01:50.704468	\N	\N	\N	repair	\N	\N
3746	\N	\N	\N	8	5	2	3190	1	2	\N	2	2	WH/OUT/02746	OT-6339	direct	draft	0	\N	<p>Factura: 250197 | Ppto: Ppto 271-2025 | Pedido: Aceptac.Ppto. | Marca: Suministro repuestos STAMFORD UCI274D1</p>	f	\N	t	2025-11-02 23:00:00	\N	2026-05-08 09:01:52	\N	2026-05-08 09:01:50.704468	2026-05-08 09:01:50.704468	\N	\N	\N	repair	\N	\N
3747	\N	\N	\N	8	5	2	3033	1	2	\N	2	2	WH/OUT/02747	C5081-2025C508102468 / OT-6331	direct	draft	0	\N	<p>Factura: 250196 | Ppto: Ppto 270-2025 | Marca: Vogele | Tipo: SDF3055-4 12 | NS: 10024419</p>	f	\N	t	2025-10-29 23:00:00	\N	2026-05-08 09:01:52	\N	2026-05-08 09:01:50.704468	2026-05-08 09:01:50.704468	\N	\N	\N	repair	\N	\N
3748	\N	\N	\N	8	5	2	3294	1	2	\N	2	2	WH/OUT/02748	4500073830 / OT-6329	direct	draft	0	\N	<p>Factura: 250202 | Ppto: Ppto 268-2025 | Planta: Merlin Edge Getafe</p>	f	\N	t	2025-11-06 23:00:00	\N	2026-05-08 09:01:52	\N	2026-05-08 09:01:50.704468	2026-05-08 09:01:50.704468	\N	\N	\N	repair	\N	\N
3749	\N	\N	\N	8	5	2	3107	1	2	\N	2	2	WH/OUT/02749	4011068 / OT-6303, 6304 y 6305	direct	draft	0	\N	<p>Factura: 250200 | Ppto: Ppto 147-2025 | Planta: Edar Loyola | Marca: STAMFORD | Tipo: PE734F2 | NS: A05C379254, A05C379255 y A05D383815</p>	f	\N	t	2025-11-10 23:00:00	\N	2026-05-08 09:01:52	\N	2026-05-08 09:01:50.704468	2026-05-08 09:01:50.704468	\N	\N	\N	repair	\N	\N
3750	\N	\N	\N	8	5	2	3107	1	2	\N	2	2	WH/OUT/02750	4011221 / OT-6303, 6304 y 6305	direct	draft	0	\N	<p>Factura: 250201 | Ppto: Ppto 248-2025 | Planta: Edar Loyola (Extras) | Marca: STAMFORD | Tipo: PE734F2 | NS: A05C379254, A05C379255 y A05D383815</p>	f	\N	t	2025-11-10 23:00:00	\N	2026-05-08 09:01:52	\N	2026-05-08 09:01:50.704468	2026-05-08 09:01:50.704468	\N	\N	\N	repair	\N	\N
3751	\N	\N	\N	8	5	2	3167	1	2	\N	2	2	WH/OUT/02751	Proceso 12501051 / OT-6338	direct	draft	0	\N	<p>Factura: 250217 | Ppto: Ppto 282-2025 | Planta: Guadalajara | Marca: Mozelt | Tipo: DPE-0715/DGT-060 | NS: 17-017299</p>	f	\N	t	2025-11-12 23:00:00	\N	2026-05-08 09:01:52	\N	2026-05-08 09:01:50.704468	2026-05-08 09:01:50.704468	\N	\N	\N	repair	\N	\N
3752	\N	\N	\N	8	5	2	3327	1	2	\N	2	2	WH/OUT/02752	OT-6346	direct	draft	0	\N	<p>Factura: 250205 | Ppto: Ppto 100-2025 | Pedido: Aceptac.Ppto. | Marca: Suministro repuestos para Leroy Somer LSA43.2</p>	f	\N	t	2025-11-12 23:00:00	\N	2026-05-08 09:01:52	\N	2026-05-08 09:01:50.704468	2026-05-08 09:01:50.704468	\N	\N	\N	repair	\N	\N
3753	\N	\N	\N	8	5	2	3358	1	2	\N	2	2	WH/OUT/02753	OT-6348	direct	draft	0	\N	<p>Factura: 250209 | Ppto: Ppto 286-2025 | Pedido: Aceptac.Ppto. | Marca: Suministro kit rectificador (diodos+varistor) para AVK DSG43L-4</p>	f	\N	t	2025-11-13 23:00:00	\N	2026-05-08 09:01:52	\N	2026-05-08 09:01:50.704468	2026-05-08 09:01:50.704468	\N	\N	\N	repair	\N	\N
3754	\N	\N	\N	8	5	2	3223	1	2	\N	2	2	WH/OUT/02754	045-NC25 SILLAC / OT-6302	direct	draft	0	\N	<p>Factura: 250199 | Ppto: Ppto 283-2025 | Planta: Aggreko (Humanes) | Marca: Leroy Somer | Tipo: LSA46.3M8C6/4 | NS: 45976600006</p>	f	\N	t	2025-11-02 23:00:00	\N	2026-05-08 09:01:52	\N	2026-05-08 09:01:50.704468	2026-05-08 09:01:50.704468	\N	\N	\N	repair	\N	\N
3755	\N	\N	\N	8	5	2	3118	1	2	\N	2	2	WH/OUT/02755	4100064405 / OT-6322	direct	draft	0	\N	<p>Factura: 250207 | Ppto: Ppto 242-2025 | Planta: My Viva | Marca: STAMFORD | Tipo: HCM634J2 | NS: A17L497193</p>	f	\N	t	2025-11-18 23:00:00	\N	2026-05-08 09:01:52	\N	2026-05-08 09:01:50.704468	2026-05-08 09:01:50.704468	\N	\N	\N	repair	\N	\N
3756	\N	\N	\N	8	5	2	3078	1	2	\N	2	2	WH/OUT/02756	\N	direct	draft	0	\N	<p>Factura: 250203 | Ppto: Ppto 260-2025</p>	f	\N	t	2025-11-18 23:00:00	\N	2026-05-08 09:01:52	\N	2026-05-08 09:01:50.704468	2026-05-08 09:01:50.704468	\N	\N	\N	repair	\N	\N
3758	\N	\N	\N	8	5	2	2941	1	2	\N	2	2	WH/OUT/02758	2857/25 / OT-6347	direct	draft	0	\N	<p>Factura: 250204 | Planta: Edificio Torre Madnum (Madrid) | Marca: STAMFORD | Tipo: UCI274H1 | NS: N23A031516</p>	f	\N	t	2025-11-10 23:00:00	\N	2026-05-08 09:01:52	\N	2026-05-08 09:01:50.704468	2026-05-08 09:01:50.704468	\N	\N	\N	repair	\N	\N
3759	\N	\N	\N	8	5	2	3278	1	2	\N	2	2	WH/OUT/02759	\N	direct	draft	0	\N	<p>Factura: 250206 | Marca: Venta de chatarra</p>	f	\N	t	2025-11-18 23:00:00	\N	2026-05-08 09:01:52	\N	2026-05-08 09:01:50.704468	2026-05-08 09:01:50.704468	\N	\N	\N	repair	\N	\N
3760	\N	\N	\N	8	5	2	3011	1	2	\N	2	2	WH/OUT/02760	OT-6333	direct	draft	0	\N	<p>Factura: 250210 | Ppto: Ppto 294-2025 | Pedido: Sin pedido | Marca: THIGE-TITAN ELECTRIC | Tipo: GB160 517 BF | NS: 920215</p>	f	\N	t	2025-11-18 23:00:00	\N	2026-05-08 09:01:52	\N	2026-05-08 09:01:50.704468	2026-05-08 09:01:50.704468	\N	\N	\N	repair	\N	\N
3761	\N	\N	\N	8	5	2	3118	1	2	\N	2	2	WH/OUT/02761	4100062259 / OT-6332	direct	draft	0	\N	<p>Factura: 250212 | Ppto: Ppto 199-2025 | Planta: My Seven Seas | Marca: STAMFORD | Tipo: HCM634 | NS: HCM634K2 -C18I381962    HCM634J2 - C18I381963    HCM634K2 - C18I38196    HCM634J2 - C18I381964</p>	f	\N	t	2025-11-18 23:00:00	\N	2026-05-08 09:01:52	\N	2026-05-08 09:01:50.704468	2026-05-08 09:01:50.704468	\N	\N	\N	repair	\N	\N
3762	\N	\N	\N	8	5	2	2946	1	2	\N	2	2	WH/OUT/02762	OT-6306	direct	draft	0	\N	<p>Factura: 250211 | Ppto: Ppto 239-2025 | Pedido: Aceptac.Ppto. | Planta: Dagartech | Marca: STAMFORD | Tipo: HCI534D1 | NS: X25A024624</p>	f	\N	t	2025-11-18 23:00:00	\N	2026-05-08 09:01:52	\N	2026-05-08 09:01:50.704468	2026-05-08 09:01:50.704468	\N	\N	\N	repair	\N	\N
3763	\N	\N	\N	8	5	2	2959	1	2	\N	2	2	WH/OUT/02763	OT-6349	direct	draft	0	\N	<p>Factura: 250213 | Ppto: Ppto 261Rev1-2025 | Pedido: Aceptac.Ppto. | Planta: Tracjusa | Marca: STAMFORD | Tipo: HVXI824H2 | NS: 0850568/01 y 0850569/01</p>	f	\N	t	2025-11-20 23:00:00	\N	2026-05-08 09:01:52	\N	2026-05-08 09:01:50.704468	2026-05-08 09:01:50.704468	\N	\N	\N	repair	\N	\N
3764	\N	\N	\N	8	5	2	3076	1	2	\N	2	2	WH/OUT/02764	OT-6355	direct	draft	0	\N	<p>Factura: 250214 | Ppto: Ppto 288Rev1-2025 | Pedido: Aceptac.Ppto. | Planta: Icasa | Marca: Suministro transformador marcha en paralelo HC6/7 </p>	f	\N	t	2025-11-24 23:00:00	\N	2026-05-08 09:01:52	\N	2026-05-08 09:01:50.704468	2026-05-08 09:01:50.704468	\N	\N	\N	repair	\N	\N
3765	\N	\N	\N	8	5	2	3203	1	2	\N	2	2	WH/OUT/02765	OT-6357	direct	draft	0	\N	<p>Factura: 250216 | Marca: Suministro RSK-5001</p>	f	\N	t	2025-11-25 23:00:00	\N	2026-05-08 09:01:52	\N	2026-05-08 09:01:50.704468	2026-05-08 09:01:50.704468	\N	\N	\N	repair	\N	\N
3766	\N	\N	\N	8	5	2	2934	1	2	\N	2	2	WH/OUT/02766	OT-3783	direct	draft	0	\N	<p>Factura: 250215 | Ppto: Ppto 252-2025 | Pedido: Sin pedido (donación) | Marca: STAMFORD | Tipo: UCI274F1 | NS: A15A055015</p>	f	\N	t	2025-11-25 23:00:00	\N	2026-05-08 09:01:52	\N	2026-05-08 09:01:50.704468	2026-05-08 09:01:50.704468	\N	\N	\N	repair	\N	\N
3767	\N	\N	\N	8	5	2	2895	1	2	\N	2	2	WH/OUT/02767	IND8316694 / OT-6291	direct	draft	0	\N	<p>Factura: 260008 | Ppto: Ppto 303-2025 | Planta: Dagartech | Marca: STAMFORD | Tipo: S1L2-K1 | NS: G24A010341</p>	f	\N	t	2025-11-27 23:00:00	\N	2026-05-08 09:01:52	\N	2026-05-08 09:01:50.704468	2026-05-08 09:01:50.704468	\N	\N	\N	repair	\N	\N
3768	\N	\N	\N	8	5	2	3107	1	2	\N	2	2	WH/OUT/02768	4011297 / OT-6335	direct	draft	0	\N	<p>Factura: 260001 | Ppto: Ppto 284-2025 | Planta: Ecoparc 2 (Barcelona) | Marca: STAMFORD | Tipo: HCI734G2-CG | NS: 0158377/02</p>	f	\N	t	2025-12-01 23:00:00	\N	2026-05-08 09:01:52	\N	2026-05-08 09:01:50.704468	2026-05-08 09:01:50.704468	\N	\N	\N	repair	\N	\N
3769	\N	\N	\N	8	5	2	3107	1	2	\N	2	2	WH/OUT/02769	4011349 / OT-6358	direct	draft	0	\N	<p>Factura: 260002 | Ppto: Ppto 298-2025 | Marca: Suministro bancada serie 3</p>	f	\N	t	2025-12-01 23:00:00	\N	2026-05-08 09:01:52	\N	2026-05-08 09:01:50.704468	2026-05-08 09:01:50.704468	\N	\N	\N	repair	\N	\N
3770	\N	\N	\N	8	5	2	2959	1	2	\N	2	2	WH/OUT/02770	OT-6361	direct	draft	0	\N	<p>Factura: 260009 | Ppto: Ppto 307-2025 | Pedido: Aceptac.Ppto. | Marca: Suministro imán permanente para HVXI824H2</p>	f	\N	t	2025-12-04 23:00:00	\N	2026-05-08 09:01:52	\N	2026-05-08 09:01:50.704468	2026-05-08 09:01:50.704468	\N	\N	\N	repair	\N	\N
3771	\N	\N	\N	8	5	2	2987	1	2	\N	2	2	WH/OUT/02771	OT-6364	direct	draft	0	\N	<p>Factura: 250220 | Ppto: Ppto 309-2025 | Pedido: Aceptac.Ppto. | Marca: Suministro alternador STAMFORD S4L1D</p>	f	\N	t	2025-12-10 23:00:00	\N	2026-05-08 09:01:52	\N	2026-05-08 09:01:50.704468	2026-05-08 09:01:50.704468	\N	\N	\N	repair	\N	\N
3772	\N	\N	\N	8	5	2	2844	1	2	\N	2	2	WH/OUT/02772	OT-6362	direct	draft	0	\N	<p>Factura: 260006 | Ppto: Sin presupuesto | Pedido: Sin pedido | Marca: MECALTE | Tipo: ECN 34-LA/4 | NS: 686753</p>	f	\N	t	2025-12-15 23:00:00	\N	2026-05-08 09:01:52	\N	2026-05-08 09:01:50.704468	2026-05-08 09:01:50.704468	\N	\N	\N	repair	\N	\N
3773	\N	\N	\N	8	5	2	2908	1	2	\N	2	2	WH/OUT/02773	25PC006205 / OT-6368	direct	draft	0	\N	<p>Factura: 250218 | Ppto: Ppto 312-2025 | Marca: Suministro 2 Tarjetas Regulación Voltaje MX341</p>	f	\N	t	2025-12-16 23:00:00	\N	2026-05-08 09:01:52	\N	2026-05-08 09:01:50.704468	2026-05-08 09:01:50.704468	\N	\N	\N	repair	\N	\N
3774	\N	\N	\N	8	5	2	3035	1	2	\N	2	2	WH/OUT/02774	OT-6343	direct	draft	0	\N	<p>Factura: 260012 | Ppto: Ppto 295-2025 | Marca: Caterpillar | Tipo: G3512E | NS: CATG3512VNGS00138</p>	f	\N	t	2025-12-17 23:00:00	\N	2026-05-08 09:01:52	\N	2026-05-08 09:01:50.704468	2026-05-08 09:01:50.704468	\N	\N	\N	repair	\N	\N
3775	\N	\N	\N	8	5	2	3277	1	2	\N	2	2	WH/OUT/02775	\N	direct	draft	0	\N	<p>Factura: 250219 | Marca: Venta de chatarra</p>	f	\N	t	2025-12-17 23:00:00	\N	2026-05-08 09:01:52	\N	2026-05-08 09:01:50.704468	2026-05-08 09:01:50.704468	\N	\N	\N	repair	\N	\N
3776	\N	\N	\N	8	5	2	3035	1	2	\N	2	2	WH/OUT/02776	4500538956 / OT-6370	direct	draft	0	\N	<p>Factura: 260013 | Ppto: Ppto 093-2025 | Marca: Curso de armónicos</p>	f	\N	t	2025-12-17 23:00:00	\N	2026-05-08 09:01:52	\N	2026-05-08 09:01:50.704468	2026-05-08 09:01:50.704468	\N	\N	\N	repair	\N	\N
3777	\N	\N	\N	8	5	2	2987	1	2	\N	2	2	WH/OUT/02777	OT-6364	direct	draft	0	\N	<p>Factura: 260014 | Ppto: Ppto 309-2025 | Pedido: Aceptac.Ppto. | Marca: Suministro alternador STAMFORD S4L1D NºN25I382590 | Comentarios: 9003 (primer 50%) y 9009</p>	f	\N	t	2025-12-22 23:00:00	\N	2026-05-08 09:01:52	\N	2026-05-08 09:01:50.704468	2026-05-08 09:01:50.704468	\N	\N	\N	repair	\N	\N
3778	\N	\N	\N	8	5	2	2862	1	2	\N	2	2	WH/OUT/02778	\N	direct	draft	0	\N	\N	f	\N	t	2025-12-30 23:00:00	\N	2026-05-08 09:01:52	\N	2026-05-08 09:01:50.704468	2026-05-08 09:01:50.704468	\N	\N	\N	repair	\N	\N
3779	\N	\N	\N	8	5	2	3028	1	2	\N	2	2	WH/OUT/02779	OT-6247	direct	draft	0	\N	<p>Factura: 260018 | Ppto: Sin presupuesto | Pedido: Sin pedido | Marca: Laser | Tipo: TRUMF</p>	f	\N	t	2025-05-25 22:00:00	\N	2026-05-08 09:01:52	\N	2026-05-08 09:01:50.704468	2026-05-08 09:01:50.704468	\N	\N	\N	repair	\N	\N
3780	\N	\N	\N	8	5	2	3591	1	2	\N	2	2	WH/OUT/02780	OT-6185	direct	draft	0	\N	<p>Ppto: Ppto 065-2025 | Pedido: Sin pedido | Marca: Leroy Somer | Tipo: LSA44.2VS45J6/4 | NS: 258039/7 | Comentarios: Salida sin reparación</p>	f	\N	t	2025-04-29 22:00:00	\N	2026-05-08 09:01:52	\N	2026-05-08 09:01:50.704468	2026-05-08 09:01:50.704468	\N	\N	\N	repair	\N	\N
3781	\N	\N	\N	8	5	2	3107	1	2	\N	2	2	WH/OUT/02781	4011408 / OT-6324 y 6325	direct	draft	0	\N	<p>Factura: 260021 | Ppto: Ppto 006-2026 | Marca: Bosch | Tipo: 0 001 601 028 | NS: 223 y 708</p>	f	\N	t	2026-01-01 23:00:00	\N	2026-05-08 09:01:52	\N	2026-05-08 09:01:50.704468	2026-05-08 09:01:50.704468	\N	\N	\N	repair	\N	\N
3782	\N	\N	\N	8	5	2	3107	1	2	\N	2	2	WH/OUT/02782	4011030 / OT-6260	direct	draft	0	\N	<p>Factura: 260003 | Ppto: Ppto 174Rev1-2025 | Marca: AVK | Tipo: DIG142C/4 | NS: 8329528A203</p>	f	\N	t	2026-01-01 23:00:00	\N	2026-05-08 09:01:52	\N	2026-05-08 09:01:50.704468	2026-05-08 09:01:50.704468	\N	\N	\N	repair	\N	\N
3783	\N	\N	\N	8	5	2	3107	1	2	\N	2	2	WH/OUT/02783	4011082 / OT-6260	direct	draft	0	\N	<p>Factura: 260004 | Ppto: Ppto 174-2025 | Marca: AVK | Tipo: DIG142C/4 | NS: 8329528A203</p>	f	\N	t	2026-01-01 23:00:00	\N	2026-05-08 09:01:52	\N	2026-05-08 09:01:50.704468	2026-05-08 09:01:50.704468	\N	\N	\N	repair	\N	\N
3784	\N	\N	\N	8	5	2	2817	1	2	\N	2	2	WH/OUT/02784	OCAS01-00000000035 / OT-6373	direct	draft	0	\N	<p>Factura: 260005 | Ppto: Ppto 001-2026 | Marca: Suministro AS540</p>	f	\N	t	2026-01-07 23:00:00	\N	2026-05-08 09:01:52	\N	2026-05-08 09:01:50.704468	2026-05-08 09:01:50.704468	\N	\N	\N	repair	\N	\N
3785	\N	\N	\N	8	5	2	3324	1	2	\N	2	2	WH/OUT/02785	OT-6198	direct	draft	0	\N	<p>Factura: 260007 | Ppto: Ppto 010-2026 | Planta: Nufri 3 M3 | Marca: Leroy Somer | Tipo: LSA54UL95-4P | NS: 168163-4</p>	f	\N	t	2026-01-07 23:00:00	\N	2026-05-08 09:01:52	\N	2026-05-08 09:01:50.704468	2026-05-08 09:01:50.704468	\N	\N	\N	repair	\N	\N
3786	\N	\N	\N	8	5	2	2817	1	2	\N	2	2	WH/OUT/02786	OT-6369	direct	draft	0	\N	<p>Factura: No se factura | Marca: Caterpillar | Tipo: LC6134G | NS: L6B10406</p>	f	\N	t	2026-01-13 23:00:00	\N	2026-05-08 09:01:52	\N	2026-05-08 09:01:50.704468	2026-05-08 09:01:50.704468	\N	\N	\N	repair	\N	\N
3787	\N	\N	\N	8	5	2	2818	1	2	\N	2	2	WH/OUT/02787	\N	direct	draft	0	\N	\N	f	\N	t	2026-01-07 23:00:00	\N	2026-05-08 09:01:52	\N	2026-05-08 09:01:50.704468	2026-05-08 09:01:50.704468	\N	\N	\N	repair	\N	\N
3788	\N	\N	\N	8	5	2	2959	1	2	\N	2	2	WH/OUT/02788	OT-6367	direct	draft	0	\N	<p>Factura: 260010 | Ppto: Ppto 320-2025 | Pedido: Sin pedido | Planta: Grupo 6 | Marca: STAMFORD | Tipo: HVXI824H2 | NS: 0850569/01/00204924</p>	f	\N	t	2026-01-07 23:00:00	\N	2026-05-08 09:01:52	\N	2026-05-08 09:01:50.704468	2026-05-08 09:01:50.704468	\N	\N	\N	repair	\N	\N
3789	\N	\N	\N	8	5	2	2817	1	2	\N	2	2	WH/OUT/02789	OCAS01-00000000075 / OT-6342	direct	draft	0	\N	<p>Factura: 260011 | Ppto: Ppto 011-2026 | Marca: STAMFORD | Tipo: UCDI274K1 | NS: A16E219147</p>	f	\N	t	2026-01-07 23:00:00	\N	2026-05-08 09:01:52	\N	2026-05-08 09:01:50.704468	2026-05-08 09:01:50.704468	\N	\N	\N	repair	\N	\N
3821	\N	\N	\N	8	5	2	2908	1	2	\N	2	2	WH/OUT/02821	26PC000850 / OT-6399	direct	draft	0	\N	<p>Factura: 260044 | Ppto: Ppto 054-2026 | Marca: Suministro AS540</p>	f	\N	t	2026-02-12 23:00:00	\N	2026-05-08 09:01:52	\N	2026-05-08 09:01:50.704468	2026-05-08 09:01:50.704468	\N	\N	\N	repair	\N	\N
3790	\N	\N	\N	8	5	2	2933	1	2	\N	2	2	WH/OUT/02790	4100012164 / OT-6354	direct	draft	0	\N	<p>Factura: 260031 | Ppto: Ppto 306-2025 | Planta: Bieffe - Baxter (Sabiñanigo) | Marca: AVK | Tipo: DIG142C/4 | NS: 8430144A203</p>	f	\N	t	2026-01-07 23:00:00	\N	2026-05-08 09:01:52	\N	2026-05-08 09:01:50.704468	2026-05-08 09:01:50.704468	\N	\N	\N	repair	\N	\N
3791	\N	\N	\N	8	5	2	2946	1	2	\N	2	2	WH/OUT/02791	OT-6375	direct	draft	0	\N	<p>Factura: 260017 | Ppto: Ppto. 013-2026 | Pedido: Aceptac.Ppto. | Marca: Suministro Antiflash</p>	f	\N	t	2026-01-14 23:00:00	\N	2026-05-08 09:01:52	\N	2026-05-08 09:01:50.704468	2026-05-08 09:01:50.704468	\N	\N	\N	repair	\N	\N
3792	\N	\N	\N	8	5	2	3324	1	2	\N	2	2	WH/OUT/02792	OT-6223	direct	draft	0	\N	<p>Factura: 260015 | Ppto: Ppto 014-2026 | Pedido: Sin pedido | Planta: M5 | Marca: Leroy Somer | Tipo: LSA54OL95/4P | NS: 601718/1</p>	f	\N	t	2026-01-07 23:00:00	\N	2026-05-08 09:01:52	\N	2026-05-08 09:01:50.704468	2026-05-08 09:01:50.704468	\N	\N	\N	repair	\N	\N
3793	\N	\N	\N	8	5	2	2895	1	2	\N	2	2	WH/OUT/02793	IND8358308 / OT-6317	direct	draft	0	\N	<p>Factura: 260016 | Ppto: Ppto 313-2025 | Planta: Monzón | Marca: STAMFORD | Tipo: UCI224G1 | NS: G25C125379</p>	f	\N	t	2026-01-07 23:00:00	\N	2026-05-08 09:01:52	\N	2026-05-08 09:01:50.704468	2026-05-08 09:01:50.704468	\N	\N	\N	repair	\N	\N
3794	\N	\N	\N	8	5	2	3043	1	2	\N	2	2	WH/OUT/02794	OT-6210	direct	draft	0	\N	<p>Factura: 260019 | Ppto: Ppto 015-2026  | Pedido: Sin pedido | Planta: Fco.Sanchez - 629137546 | Marca: KWG | Tipo: 41286 | NS: KWG350/4-Z40-033</p>	f	\N	t	2026-01-07 23:00:00	\N	2026-05-08 09:01:52	\N	2026-05-08 09:01:50.704468	2026-05-08 09:01:50.704468	\N	\N	\N	repair	\N	\N
3795	\N	\N	\N	8	5	2	3326	1	2	\N	2	2	WH/OUT/02795	OT-6199	direct	draft	0	\N	<p>Factura: 260020 | Ppto: Ppto 016-2026 | Pedido: Sin pedido | Planta: Nufri 2 M2 (Grumadisa) | Marca: AVK | Tipo: DIG150L/6 | NS: 8322970A202</p>	f	\N	t	2026-01-07 23:00:00	\N	2026-05-08 09:01:52	\N	2026-05-08 09:01:50.704468	2026-05-08 09:01:50.704468	\N	\N	\N	repair	\N	\N
3796	\N	\N	\N	8	5	2	2914	1	2	\N	2	2	WH/OUT/02796	OT-6341	direct	draft	0	\N	<p>Factura: 260023 | Ppto: Ppto. 017-2026 | Pedido: Sin pedido | Planta: Pinto | Marca: Elettrom Durante | Tipo: 71B6 C.M.C.</p>	f	\N	t	2026-01-15 23:00:00	\N	2026-05-08 09:01:52	\N	2026-05-08 09:01:50.704468	2026-05-08 09:01:50.704468	\N	\N	\N	repair	\N	\N
3797	\N	\N	\N	8	5	2	3107	1	2	\N	2	2	WH/OUT/02797	4011409 / OT-6260	direct	draft	0	\N	<p>Factura: 260022 | Ppto: Ppto 007-2026 | Marca: AVK | Tipo: DIG142C/4 | NS: 8329528A203</p>	f	\N	t	2026-01-07 23:00:00	\N	2026-05-08 09:01:52	\N	2026-05-08 09:01:50.704468	2026-05-08 09:01:50.704468	\N	\N	\N	repair	\N	\N
3798	\N	\N	\N	8	5	2	2871	1	2	\N	2	2	WH/OUT/02798	4516135962 / OT-6310	direct	draft	0	\N	<p>Factura: 260024 | Ppto: Ppto 245Rev1-2025 | Marca: STAMFORD | Tipo: HCI634G1 | NS: 0192562/001</p>	f	\N	t	2026-01-15 23:00:00	\N	2026-05-08 09:01:52	\N	2026-05-08 09:01:50.704468	2026-05-08 09:01:50.704468	\N	\N	\N	repair	\N	\N
3799	\N	\N	\N	8	5	2	2871	1	2	\N	2	2	WH/OUT/02799	4516135924 / OT-6356	direct	draft	0	\N	<p>Factura: 260025 | Ppto: Ppto 314-2025 | Marca: STAMFORD | Tipo: HCI634K1 | NS: A06F587443</p>	f	\N	t	2026-01-15 23:00:00	\N	2026-05-08 09:01:52	\N	2026-05-08 09:01:50.704468	2026-05-08 09:01:50.704468	\N	\N	\N	repair	\N	\N
3800	\N	\N	\N	8	5	2	2946	1	2	\N	2	2	WH/OUT/02800	OT-6315	direct	draft	0	\N	<p>Factura: 260026 | Ppto: Ppto 022-2026 | Pedido: Sin pedido | Planta: Dagartech | Marca: STAMFORD | Tipo: HCI534D1 | NS: X25B094639</p>	f	\N	t	2026-01-07 23:00:00	\N	2026-05-08 09:01:52	\N	2026-05-08 09:01:50.704468	2026-05-08 09:01:50.704468	\N	\N	\N	repair	\N	\N
3801	\N	\N	\N	8	5	2	2946	1	2	\N	2	2	WH/OUT/02801	OT-6124, 6126 y 6127	direct	draft	0	\N	<p>Factura: 260027 | Ppto: Ppto 469Rev1-2024 | Pedido: Sin pedido | Marca: STAMFORD | Tipo: UCI224F1, UCI224D1 y UCI224C1 | NS: G22J393056, G23A045425 y G23C103724</p>	f	\N	t	2026-01-07 23:00:00	\N	2026-05-08 09:01:52	\N	2026-05-08 09:01:50.704468	2026-05-08 09:01:50.704468	\N	\N	\N	repair	\N	\N
3802	\N	\N	\N	8	5	2	2946	1	2	\N	2	2	WH/OUT/02802	OT-6125	direct	draft	0	\N	<p>Factura: 260028 | Ppto: Ppto 468Rev1-2024 | Pedido: Sin pedido | Marca: STAMFORD | Tipo: UCI274H1 | NS: N2C137781</p>	f	\N	t	2026-01-07 23:00:00	\N	2026-05-08 09:01:52	\N	2026-05-08 09:01:50.704468	2026-05-08 09:01:50.704468	\N	\N	\N	repair	\N	\N
3803	\N	\N	\N	8	5	2	2927	1	2	\N	2	2	WH/OUT/02803	OT-6085	direct	draft	0	\N	<p>Factura: 260029 | Ppto: Ppto 023-2026 | Pedido: Sin pedido | Marca: Trumpf | Tipo: TRUFLOW 6000 | NS: D0004 B0207</p>	f	\N	t	2026-01-07 23:00:00	\N	2026-05-08 09:01:52	\N	2026-05-08 09:01:50.704468	2026-05-08 09:01:50.704468	\N	\N	\N	repair	\N	\N
3804	\N	\N	\N	8	5	2	3035	1	2	\N	2	2	WH/OUT/02804	4500540934 / OT-6379	direct	draft	0	\N	<p>Factura: 260035 | Ppto: Ppto 021-2026 | Planta: Arganda | Marca: Caterpillar | Tipo: 3516E/SR500 | NS: ZZC00656</p>	f	\N	t	2026-01-18 23:00:00	\N	2026-05-08 09:01:52	\N	2026-05-08 09:01:50.704468	2026-05-08 09:01:50.704468	\N	\N	\N	repair	\N	\N
3805	\N	\N	\N	8	5	2	3035	1	2	\N	2	2	WH/OUT/02805	4000046260 / OT-6292	direct	draft	0	\N	<p>Factura: 260030 | Ppto: Ppto 218-2025 | Planta: Zaragoza | Marca: Caterpillar | Tipo: 900F | NS: CAT0000HRTY00186</p>	f	\N	t	2026-01-19 23:00:00	\N	2026-05-08 09:01:52	\N	2026-05-08 09:01:50.704468	2026-05-08 09:01:50.704468	\N	\N	\N	repair	\N	\N
3806	\N	\N	\N	8	5	2	3035	1	2	\N	2	2	WH/OUT/02806	4000049212 / OT-6359	direct	draft	0	\N	<p>Factura: 260032 | Ppto: Ppto 304-2025 | Planta: Nabiax | Marca: Caterpillar | Tipo: 3512B | NS: JM300185 y JM300193</p>	f	\N	t	2026-01-19 23:00:00	\N	2026-05-08 09:01:52	\N	2026-05-08 09:01:50.704468	2026-05-08 09:01:50.704468	\N	\N	\N	repair	\N	\N
3807	\N	\N	\N	8	5	2	3035	1	2	\N	2	2	WH/OUT/02807	4000049215 / OT-6363	direct	draft	0	\N	<p>Factura: 260033 | Ppto: Ppto 318bis-2025 | Planta: Nabiax | Marca: Caterpillar | Tipo: 3512B | NS: JM300185 y JM300184</p>	f	\N	t	2026-01-19 23:00:00	\N	2026-05-08 09:01:52	\N	2026-05-08 09:01:50.704468	2026-05-08 09:01:50.704468	\N	\N	\N	repair	\N	\N
3808	\N	\N	\N	8	5	2	3001	1	2	\N	2	2	WH/OUT/02808	\N	direct	draft	0	\N	<p>Factura: 260034 | Marca: Suministro placa de bornes para generador STAMFORD UC 22</p>	f	\N	t	2026-01-20 23:00:00	\N	2026-05-08 09:01:52	\N	2026-05-08 09:01:50.704468	2026-05-08 09:01:50.704468	\N	\N	\N	repair	\N	\N
3809	\N	\N	\N	8	5	2	2817	1	2	\N	2	2	WH/OUT/02809	4105003258 / OT-5757	direct	draft	0	\N	<p>Ppto: Ppto 271Rev1-2023 | Planta: Arganda | Marca: Entrega de los 7 Relés de protección restantes | Comentarios: 7 Reles de protección</p>	f	\N	t	2026-01-21 23:00:00	\N	2026-05-08 09:01:52	\N	2026-05-08 09:01:50.704468	2026-05-08 09:01:50.704468	\N	\N	\N	repair	\N	\N
3810	\N	\N	\N	8	5	2	2895	1	2	\N	2	2	WH/OUT/02810	IND8365756 / OT-6015	direct	draft	0	\N	<p>Factura: 260036 | Ppto: Ppto 315-2024 | Planta: Gravera Mariano Bravo e Hijos (Paracuellos) | Marca: Stamford | Tipo: HCI544E1 | NS: N23F244999</p>	f	\N	t	2026-01-21 23:00:00	\N	2026-05-08 09:01:52	\N	2026-05-08 09:01:50.704468	2026-05-08 09:01:50.704468	\N	\N	\N	repair	\N	\N
3811	\N	\N	\N	8	5	2	2946	1	2	\N	2	2	WH/OUT/02811	OT-6375	direct	draft	0	\N	<p>Factura: 260037 | Ppto: Ppto. 013Rev1-2026 | Pedido: Aceptac.Ppto. | Marca: Suministro Antiflash</p>	f	\N	t	2026-01-25 23:00:00	\N	2026-05-08 09:01:52	\N	2026-05-08 09:01:50.704468	2026-05-08 09:01:50.704468	\N	\N	\N	repair	\N	\N
3812	\N	\N	\N	8	5	2	2908	1	2	\N	2	2	WH/OUT/02812	26PC000451 / OT-6386	direct	draft	0	\N	<p>Factura: 260038 | Ppto: Ppto 034-2026 | Marca: Suministro 3ud.MX341</p>	f	\N	t	2026-01-25 23:00:00	\N	2026-05-08 09:01:52	\N	2026-05-08 09:01:50.704468	2026-05-08 09:01:50.704468	\N	\N	\N	repair	\N	\N
3813	\N	\N	\N	8	5	2	2895	1	2	\N	2	2	WH/OUT/02813	IND8370203 / OT-6257	direct	draft	0	\N	<p>Factura: 260039 | Ppto: Ppto 026-2026 | Planta: Dagartech (Zaragoza) | Marca: STAMFORD | Tipo: S4L1D-G41 | NS: N25B084238</p>	f	\N	t	2026-01-26 23:00:00	\N	2026-05-08 09:01:52	\N	2026-05-08 09:01:50.704468	2026-05-08 09:01:50.704468	\N	\N	\N	repair	\N	\N
3814	\N	\N	\N	8	5	2	2908	1	2	\N	2	2	WH/OUT/02814	25PC000516 / OT-6388	direct	draft	0	\N	<p>Factura: 260040 | Ppto: Ppto 043-2026 | Marca: Suministro 2ud.MX341</p>	f	\N	t	2026-01-28 23:00:00	\N	2026-05-08 09:01:52	\N	2026-05-08 09:01:50.704468	2026-05-08 09:01:50.704468	\N	\N	\N	repair	\N	\N
3815	\N	\N	\N	8	5	2	3136	1	2	\N	2	2	WH/OUT/02815	OT-6366	direct	draft	0	\N	<p>Factura: 260046 | Ppto: Ppto 031Rev1-2026 | Pedido: Aceptac.Ppto. | Marca: STAMFORD | Tipo: UCI274E1 | NS: X22C123448</p>	f	\N	t	2026-02-03 23:00:00	\N	2026-05-08 09:01:52	\N	2026-05-08 09:01:50.704468	2026-05-08 09:01:50.704468	\N	\N	\N	repair	\N	\N
3816	\N	\N	\N	8	5	2	2841	1	2	\N	2	2	WH/OUT/02816	OT-6056	direct	draft	0	\N	<p>Factura: 260041 | Ppto: Ppto 036-2026 | Pedido: Telefónico | Planta: Aranjuez | Marca: Caterpillar | Tipo: 550F</p>	f	\N	t	2026-02-03 23:00:00	\N	2026-05-08 09:01:52	\N	2026-05-08 09:01:50.704468	2026-05-08 09:01:50.704468	\N	\N	\N	repair	\N	\N
3817	\N	\N	\N	8	5	2	2946	1	2	\N	2	2	WH/OUT/02817	OT-6385	direct	draft	0	\N	<p>Factura: 260066 | Ppto: Ppto 047-2026 | Marca: STAMFORD | Tipo: UCI274F1 | NS: X25K483472</p>	f	\N	t	2026-02-05 23:00:00	\N	2026-05-08 09:01:52	\N	2026-05-08 09:01:50.704468	2026-05-08 09:01:50.704468	\N	\N	\N	repair	\N	\N
3818	\N	\N	\N	8	5	2	3035	1	2	\N	2	2	WH/OUT/02818	4000049651 / OT-6381	direct	draft	0	\N	<p>Factura: 260064 | Ppto: Ppto 048-2026 | Planta: Nabiax | Marca: Caterpillar | Tipo: 3512B | NS:  JM300184</p>	f	\N	t	2026-02-08 23:00:00	\N	2026-05-08 09:01:52	\N	2026-05-08 09:01:50.704468	2026-05-08 09:01:50.704468	\N	\N	\N	repair	\N	\N
3819	\N	\N	\N	8	5	2	3035	1	2	\N	2	2	WH/OUT/02819	4000049648 / OT-6382	direct	draft	0	\N	<p>Factura: 260065 | Ppto: Ppto 049-2026 | Planta: Nabiax | Marca: Caterpillar | Tipo: 3512B | NS: JM300185</p>	f	\N	t	2026-02-08 23:00:00	\N	2026-05-08 09:01:52	\N	2026-05-08 09:01:50.704468	2026-05-08 09:01:50.704468	\N	\N	\N	repair	\N	\N
3820	\N	\N	\N	8	5	2	3076	1	2	\N	2	2	WH/OUT/02820	OT-6395	direct	draft	0	\N	<p>Factura: 260042 | Ppto: Ppto 050-2026 | Pedido: Aceptac.Ppto. | Marca: Suministro RSK-6001</p>	f	\N	t	2026-02-08 23:00:00	\N	2026-05-08 09:01:52	\N	2026-05-08 09:01:50.704468	2026-05-08 09:01:50.704468	\N	\N	\N	repair	\N	\N
3823	\N	\N	\N	8	5	2	2805	1	2	\N	2	2	WH/OUT/02823	OT-6366	direct	draft	0	\N	<p>Factura: 260046 | Ppto: Ppto 031Rev1-2026 | Pedido: Aceptac.Ppto. | Marca: STAMFORD | Tipo: UCI274E1 | NS: X22C123448</p>	f	\N	t	2026-02-12 23:00:00	\N	2026-05-08 09:01:52	\N	2026-05-08 09:01:50.704468	2026-05-08 09:01:50.704468	\N	\N	\N	repair	\N	\N
3824	\N	\N	\N	8	5	2	2890	1	2	\N	2	2	WH/OUT/02824	OT-6393	direct	draft	0	\N	<p>Factura: 260045 | Ppto: Ppto 057-2026 | Pedido: Aceptac.Ppto. | Marca: STAMFORD | Tipo: 6244B3 | NS: 704046</p>	f	\N	t	2026-02-15 23:00:00	\N	2026-05-08 09:01:52	\N	2026-05-08 09:01:50.704468	2026-05-08 09:01:50.704468	\N	\N	\N	repair	\N	\N
3826	\N	\N	\N	8	5	2	2871	1	2	\N	2	2	WH/OUT/02826	4516295849 / OT-5810	direct	draft	0	\N	<p>Factura: 260052 | Ppto: Ppto 391Rev1-2023 | Marca: STAMFORD | Tipo: HCI634K1 | NS: A05A347474</p>	f	\N	t	2026-02-18 23:00:00	\N	2026-05-08 09:01:52	\N	2026-05-08 09:01:50.704468	2026-05-08 09:01:50.704468	\N	\N	\N	repair	\N	\N
3827	\N	\N	\N	8	5	2	2871	1	2	\N	2	2	WH/OUT/02827	4516254783 / OT-6391	direct	draft	0	\N	<p>Factura: 260053 | Ppto: Ppto 046-2026 | Marca: Leroy Somer | Tipo: LSA47.2M7J6/4 | NS: 263558/1</p>	f	\N	t	2026-02-18 23:00:00	\N	2026-05-08 09:01:52	\N	2026-05-08 09:01:50.704468	2026-05-08 09:01:50.704468	\N	\N	\N	repair	\N	\N
3828	\N	\N	\N	8	5	2	2871	1	2	\N	2	2	WH/OUT/02828	4516295676 / OT-6396	direct	draft	0	\N	<p>Factura: 260054 | Ppto: Ppto 052-2026 | Marca: STAMFORD | Tipo: S6L1D-F41 | NS: X25I371738</p>	f	\N	t	2026-02-18 23:00:00	\N	2026-05-08 09:01:52	\N	2026-05-08 09:01:50.704468	2026-05-08 09:01:50.704468	\N	\N	\N	repair	\N	\N
3829	\N	\N	\N	8	5	2	3590	1	2	\N	2	2	WH/OUT/02829	5111531260 / OT-6394	direct	draft	0	\N	<p>Factura: 260067 | Ppto: Ppto 053-2026 | Marca: ATB | NS: A132S/8A-21</p>	f	\N	t	2026-02-23 23:00:00	\N	2026-05-08 09:01:52	\N	2026-05-08 09:01:50.704468	2026-05-08 09:01:50.704468	\N	\N	\N	repair	\N	\N
3830	\N	\N	\N	8	5	2	2908	1	2	\N	2	2	WH/OUT/02830	26PC001161 / OT-6408	direct	draft	0	\N	<p>Factura: 260048 | Ppto: Ppto 061-2026 | Marca: Suministro MX341</p>	f	\N	t	2026-02-23 23:00:00	\N	2026-05-08 09:01:52	\N	2026-05-08 09:01:50.704468	2026-05-08 09:01:50.704468	\N	\N	\N	repair	\N	\N
3831	\N	\N	\N	8	5	2	3158	1	2	\N	2	2	WH/OUT/02831	P2610320 / OT-6410	direct	draft	0	\N	<p>Factura: 260049 | Ppto: Ppto 062-2026 | Marca: Calibración equipo Chauvin Arnoux</p>	f	\N	t	2026-02-25 23:00:00	\N	2026-05-08 09:01:52	\N	2026-05-08 09:01:50.704468	2026-05-08 09:01:50.704468	\N	\N	\N	repair	\N	\N
3832	\N	\N	\N	8	5	2	3107	1	2	\N	2	2	WH/OUT/02832	4010973 / OT-6406	direct	draft	0	\N	<p>Factura: 260055 | Ppto: Ppto 179-2025 | Marca: STAMFORD | Tipo: PE734E2 | NS: A13F255158</p>	f	\N	t	2026-02-25 23:00:00	\N	2026-05-08 09:01:52	\N	2026-05-08 09:01:50.704468	2026-05-08 09:01:50.704468	\N	\N	\N	repair	\N	\N
3833	\N	\N	\N	8	5	2	2906	1	2	\N	2	2	WH/OUT/02833	892025 / OT-6411	direct	draft	0	\N	<p>Factura: 260062 | Ppto: Ppto 070-2026 | Marca: Leroy Somer | Tipo: LSA52.2XL70-4P | NS: 169239-1</p>	f	\N	t	2026-03-04 23:00:00	\N	2026-05-08 09:01:52	\N	2026-05-08 09:01:50.704468	2026-05-08 09:01:50.704468	\N	\N	\N	repair	\N	\N
3834	\N	\N	\N	8	5	2	3276	1	2	\N	2	2	WH/OUT/02834	OT-6405	direct	draft	0	\N	<p>Factura: 260068 | Ppto: Ppto 059-2026 | Pedido: Aceptac.Ppto. | Marca: Caterpillar | Tipo: 250F | NS: P8NS04858</p>	f	\N	t	2026-03-04 23:00:00	\N	2026-05-08 09:01:52	\N	2026-05-08 09:01:50.704468	2026-05-08 09:01:50.704468	\N	\N	\N	repair	\N	\N
3835	\N	\N	\N	8	5	2	2946	1	2	\N	2	2	WH/OUT/02835	OT-6401	direct	draft	0	\N	<p>Marca: STAMFORD | Tipo: HCI534D1 | NS: N25I361588</p>	f	\N	t	2026-03-05 23:00:00	\N	2026-05-08 09:01:52	\N	2026-05-08 09:01:50.704468	2026-05-08 09:01:50.704468	\N	\N	\N	repair	\N	\N
3836	\N	\N	\N	8	5	2	3125	1	2	\N	2	2	WH/OUT/02836	PC26-1929	direct	draft	0	\N	<p>Ppto: Ppto 071-2026 | Marca: Suministro grasa ASONIC GHY 72</p>	f	\N	t	2026-03-08 23:00:00	\N	2026-05-08 09:01:52	\N	2026-05-08 09:01:50.704468	2026-05-08 09:01:50.704468	\N	\N	\N	repair	\N	\N
3837	\N	\N	\N	8	5	2	2842	1	2	\N	2	2	WH/OUT/02837	142387	direct	draft	0	\N	<p>Factura: 260050 | Ppto: Ppto 173Rev1-2025</p>	f	\N	t	2026-03-09 23:00:00	\N	2026-05-08 09:01:52	\N	2026-05-08 09:01:50.704468	2026-05-08 09:01:50.704468	\N	\N	\N	repair	\N	\N
3838	\N	\N	\N	8	5	2	2946	1	2	\N	2	2	WH/OUT/02838	3409055 / OT-6400	direct	draft	0	\N	<p>Factura: 260069 | Ppto: Ppto 066-2026 | Marca: STAMFORD | Tipo: S4L1D-G41 | NS: X23B062636</p>	f	\N	t	2026-03-16 23:00:00	\N	2026-05-08 09:01:52	\N	2026-05-08 09:01:50.704468	2026-05-08 09:01:50.704468	\N	\N	\N	repair	\N	\N
3839	\N	\N	\N	8	5	2	3170	1	2	\N	2	2	WH/OUT/02839	SC170326/3 / OT-6412	direct	draft	0	\N	<p>Factura: 260061 | Ppto: Ppto 076-2026</p>	f	\N	t	2026-03-16 23:00:00	\N	2026-05-08 09:01:52	\N	2026-05-08 09:01:50.704468	2026-05-08 09:01:50.704468	\N	\N	\N	repair	\N	\N
3840	\N	\N	\N	8	5	2	3027	1	2	\N	2	2	WH/OUT/02840	OT-6409	direct	draft	0	\N	<p>Ppto: Ppto 042-2026 | Pedido: Aceptac.Ppto.</p>	f	\N	t	2026-03-23 23:00:00	\N	2026-05-08 09:01:52	\N	2026-05-08 09:01:50.704468	2026-05-08 09:01:50.704468	\N	\N	\N	repair	\N	\N
3841	\N	\N	\N	8	5	2	3158	1	2	\N	2	2	WH/OUT/02841	P2610191 / OT-6387	direct	draft	0	\N	<p>Factura: 260063 | Ppto: Ppto 037-2026 | Marca: Leroy Somer | Tipo: LSA55.3UL14/4P | NS: 61592500001</p>	f	\N	t	2026-03-23 23:00:00	\N	2026-05-08 09:01:52	\N	2026-05-08 09:01:50.704468	2026-05-08 09:01:50.704468	\N	\N	\N	repair	\N	\N
3842	\N	\N	\N	8	5	2	3107	1	2	\N	2	2	WH/OUT/02842	4010975 / OT-6374	direct	draft	0	\N	<p>Factura: 260056 | Ppto: Ppto 305Rev1-2025 | Marca: STAMFORD | Tipo: PE734E2 | NS: C19E190179</p>	f	\N	t	2026-03-23 23:00:00	\N	2026-05-08 09:01:52	\N	2026-05-08 09:01:50.704468	2026-05-08 09:01:50.704468	\N	\N	\N	repair	\N	\N
\.


--
-- Data for Name: stock_picking_backorder_rel; Type: TABLE DATA; Schema: public; Owner: odoo
--

COPY public.stock_picking_backorder_rel (stock_backorder_confirmation_id, stock_picking_id) FROM stdin;
\.


--
-- Data for Name: stock_picking_sms_rel; Type: TABLE DATA; Schema: public; Owner: odoo
--

COPY public.stock_picking_sms_rel (confirm_stock_sms_id, stock_picking_id) FROM stdin;
\.


--
-- Data for Name: stock_picking_type; Type: TABLE DATA; Schema: public; Owner: odoo
--

COPY public.stock_picking_type (id, color, sequence, sequence_id, default_location_src_id, default_location_dest_id, return_picking_type_id, warehouse_id, reservation_days_before, reservation_days_before_priority, company_id, create_uid, write_uid, sequence_code, code, reservation_method, product_label_format, lot_label_format, package_label_to_print, barcode, create_backorder, move_type, name, picking_properties_definition, show_entire_packs, active, use_create_lots, use_existing_lots, print_label, show_operations, auto_show_reception_report, auto_print_delivery_slip, auto_print_return_slip, auto_print_product_labels, auto_print_lot_labels, auto_print_reception_report, auto_print_reception_report_labels, auto_print_packages, auto_print_package_label, create_date, write_date, analytic_costs, default_product_location_src_id, default_product_location_dest_id, default_remove_location_dest_id, default_recycle_location_dest_id, repair_properties_definition, is_repairable) FROM stdin;
3	0	5	7	8	12	\N	1	\N	\N	1	1	1	PICK	internal	at_confirm	2x7xprice	4x12_lots	pdf	WHPICK	ask	direct	{"en_US": "Elegir"}	\N	\N	f	f	t	f	f	\N	\N	\N	\N	\N	\N	\N	\N	\N	2026-04-08 08:46:08.412603	2026-04-14 08:54:08.878044	\N	\N	\N	\N	\N	\N	f
4	0	6	8	12	8	\N	1	\N	\N	1	1	1	PACK	internal	at_confirm	2x7xprice	4x12_lots	pdf	WHPACK	ask	direct	{"en_US": "Empaquetar"}	\N	\N	f	f	t	f	f	\N	\N	\N	\N	\N	\N	\N	\N	\N	2026-04-08 08:46:08.412603	2026-04-14 08:54:08.878044	\N	\N	\N	\N	\N	\N	f
5	0	2	9	9	10	\N	1	\N	\N	1	1	1	QC	internal	at_confirm	2x7xprice	4x12_lots	pdf	WHQC	ask	direct	{"en_US": "Control de calidad"}	\N	\N	f	f	t	f	f	\N	\N	\N	\N	\N	\N	\N	\N	\N	2026-04-08 08:46:08.412603	2026-04-14 08:54:08.878044	\N	\N	\N	\N	\N	\N	f
6	0	3	10	10	8	\N	1	\N	\N	1	1	1	STOR	internal	at_confirm	2x7xprice	4x12_lots	pdf	WHSTOR	ask	direct	{"en_US": "Almacenamiento"}	\N	\N	f	f	t	f	f	\N	\N	\N	\N	\N	\N	\N	\N	\N	2026-04-08 08:46:08.412603	2026-04-14 08:54:08.878044	\N	\N	\N	\N	\N	\N	f
8	0	8	12	9	11	\N	1	\N	\N	1	1	1	XD	internal	at_confirm	2x7xprice	4x12_lots	pdf	WHXD	ask	direct	{"en_US": "Sin almacenaje intermedio (cross dock)"}	\N	\N	f	f	t	f	f	\N	\N	\N	\N	\N	\N	\N	\N	\N	2026-04-08 08:46:08.412603	2026-04-14 08:54:08.878044	\N	\N	\N	\N	\N	\N	f
10	0	11	21	8	17	\N	1	\N	\N	1	1	1	PC	internal	at_confirm	2x7xprice	4x12_lots	pdf	WHPC	ask	direct	{"en_US": "Elegir componentes"}	\N	\N	f	t	t	f	f	\N	\N	\N	\N	\N	\N	\N	\N	\N	2026-04-08 09:11:55.219689	2026-04-14 08:54:08.878044	\N	\N	\N	\N	\N	\N	f
11	0	13	22	18	8	\N	1	\N	\N	1	1	1	SFP	internal	at_confirm	2x7xprice	4x12_lots	pdf	WHSFP	ask	direct	{"en_US": "Almacenar producto terminado"}	\N	\N	f	t	t	f	f	\N	\N	\N	\N	\N	\N	\N	\N	\N	2026-04-08 09:11:55.219689	2026-04-14 08:54:08.878044	\N	\N	\N	\N	\N	\N	f
12	0	12	23	4	8	\N	1	\N	\N	1	1	1	MO	incoming	at_confirm	2x7xprice	4x12_lots	pdf	WHMANUF	ask	direct	{"en_US": "Fabricación"}	\N	\N	f	t	t	f	f	\N	\N	\N	\N	\N	\N	\N	\N	\N	2026-04-08 09:11:55.219689	2026-05-08 08:01:01.594811	\N	\N	\N	\N	\N	\N	f
1	0	1	5	4	8	2	1	\N	\N	1	1	1	IN	incoming	at_confirm	2x7xprice	4x12_lots	pdf	WHIN	ask	direct	{"en_US": "Recepciones", "es_ES": "Recepciones", "pt_PT": "Recebimentos"}	\N	\N	t	t	f	f	f	\N	\N	\N	\N	\N	\N	\N	\N	\N	2026-04-08 08:46:08.412603	2026-04-14 08:54:08.878044	\N	\N	\N	\N	\N	\N	\N
2	0	7	6	8	5	1	1	\N	\N	1	1	1	OUT	outgoing	at_confirm	2x7xprice	4x12_lots	pdf	WHOUT	ask	direct	{"en_US": "Órdenes de entrega", "es_ES": "Órdenes de entrega", "pt_PT": "Entregas"}	\N	\N	t	f	t	t	f	\N	\N	\N	\N	\N	\N	\N	\N	\N	2026-04-08 08:46:08.412603	2026-04-14 08:54:08.878044	\N	\N	\N	\N	\N	\N	\N
7	0	4	11	8	8	\N	1	\N	\N	1	1	1	INT	internal	at_confirm	2x7xprice	4x12_lots	pdf	WHINT	ask	direct	{"en_US": "Traslados internos", "es_ES": "Traslados internos", "pt_PT": "Transferências Internas"}	\N	\N	f	f	t	f	f	\N	\N	\N	\N	\N	\N	\N	\N	\N	2026-04-08 08:46:08.412603	2026-04-14 08:54:08.878044	\N	\N	\N	\N	\N	\N	f
9	\N	\N	19	8	15	\N	1	\N	\N	1	1	1	RO	repair_operation	at_confirm	2x7xprice	4x12_lots	pdf	WHRO	ask	direct	{"en_US": "Repairs", "es_ES": "Reparaciones", "pt_PT": "Reparações"}	\N	\N	t	t	t	\N	f	\N	\N	\N	\N	\N	\N	\N	\N	\N	2026-04-08 09:05:50.079825	2026-04-14 08:54:08.878044	\N	8	8	16	8	\N	f
\.


--
-- Data for Name: stock_putaway_rule; Type: TABLE DATA; Schema: public; Owner: odoo
--

COPY public.stock_putaway_rule (id, product_id, category_id, location_in_id, location_out_id, sequence, company_id, storage_category_id, create_uid, write_uid, sublocation, active, create_date, write_date) FROM stdin;
\.


--
-- Data for Name: stock_quant; Type: TABLE DATA; Schema: public; Owner: odoo
--

COPY public.stock_quant (id, product_id, company_id, location_id, storage_category_id, lot_id, package_id, owner_id, user_id, create_uid, write_uid, inventory_date, quantity, reserved_quantity, inventory_quantity, inventory_diff_quantity, inventory_quantity_set, in_date, create_date, write_date, accounting_date) FROM stdin;
\.


--
-- Data for Name: stock_quant_package; Type: TABLE DATA; Schema: public; Owner: odoo
--

COPY public.stock_quant_package (id, package_type_id, location_id, company_id, create_uid, write_uid, name, package_use, pack_date, create_date, write_date, shipping_weight) FROM stdin;
\.


--
-- Data for Name: stock_quant_relocate; Type: TABLE DATA; Schema: public; Owner: odoo
--

COPY public.stock_quant_relocate (id, dest_location_id, dest_package_id, create_uid, write_uid, message, create_date, write_date) FROM stdin;
\.


--
-- Data for Name: stock_quant_stock_quant_relocate_rel; Type: TABLE DATA; Schema: public; Owner: odoo
--

COPY public.stock_quant_stock_quant_relocate_rel (stock_quant_relocate_id, stock_quant_id) FROM stdin;
\.


--
-- Data for Name: stock_quant_stock_request_count_rel; Type: TABLE DATA; Schema: public; Owner: odoo
--

COPY public.stock_quant_stock_request_count_rel (stock_request_count_id, stock_quant_id) FROM stdin;
\.


--
-- Data for Name: stock_quant_stock_track_confirmation_rel; Type: TABLE DATA; Schema: public; Owner: odoo
--

COPY public.stock_quant_stock_track_confirmation_rel (stock_track_confirmation_id, stock_quant_id) FROM stdin;
\.


--
-- Data for Name: stock_quantity_history; Type: TABLE DATA; Schema: public; Owner: odoo
--

COPY public.stock_quantity_history (id, create_uid, write_uid, inventory_datetime, create_date, write_date) FROM stdin;
\.


--
-- Data for Name: stock_replenishment_info; Type: TABLE DATA; Schema: public; Owner: odoo
--

COPY public.stock_replenishment_info (id, orderpoint_id, create_uid, write_uid, create_date, write_date) FROM stdin;
\.


--
-- Data for Name: stock_replenishment_option; Type: TABLE DATA; Schema: public; Owner: odoo
--

COPY public.stock_replenishment_option (id, route_id, product_id, replenishment_info_id, create_uid, write_uid, create_date, write_date) FROM stdin;
\.


--
-- Data for Name: stock_request_count; Type: TABLE DATA; Schema: public; Owner: odoo
--

COPY public.stock_request_count (id, user_id, create_uid, write_uid, set_count, inventory_date, create_date, write_date, accounting_date) FROM stdin;
\.


--
-- Data for Name: stock_return_picking; Type: TABLE DATA; Schema: public; Owner: odoo
--

COPY public.stock_return_picking (id, picking_id, create_uid, write_uid, create_date, write_date) FROM stdin;
\.


--
-- Data for Name: stock_return_picking_line; Type: TABLE DATA; Schema: public; Owner: odoo
--

COPY public.stock_return_picking_line (id, product_id, wizard_id, move_id, create_uid, write_uid, quantity, create_date, write_date, to_refund) FROM stdin;
\.


--
-- Data for Name: stock_route; Type: TABLE DATA; Schema: public; Owner: odoo
--

COPY public.stock_route (id, sequence, supplied_wh_id, supplier_wh_id, company_id, create_uid, write_uid, name, active, product_selectable, product_categ_selectable, warehouse_selectable, packaging_selectable, create_date, write_date, sale_selectable) FROM stdin;
2	9	\N	\N	1	1	1	{"en_US": "RELSUM HEREDEROS SL.: Receive in 1 step (stock)"}	t	f	t	t	\N	2026-04-08 08:46:08.412603	2026-04-14 08:54:08.878044	\N
3	10	\N	\N	1	1	1	{"en_US": "RELSUM HEREDEROS SL.: Deliver in 1 step (ship)"}	t	f	t	t	\N	2026-04-08 08:46:08.412603	2026-04-14 08:54:08.878044	\N
4	20	\N	\N	1	1	1	{"en_US": "RELSUM HEREDEROS SL.: Cross-Dock"}	f	f	f	\N	\N	2026-04-08 08:46:08.412603	2026-04-14 08:54:08.878044	t
1	5	\N	\N	\N	1	1	{"en_US": "Replenish on Order (MTO)", "es_ES": "Reposición bajo pedido (fabricación sobre pedido)", "pt_PT": "Reposição por pedido (sob demanda)"}	f	t	\N	\N	\N	2026-04-08 08:46:08.412603	2026-04-08 08:46:17.232705	t
7	5	\N	\N	\N	1	1	{"en_US": "Buy", "es_ES": "Comprar", "pt_PT": "Comprar"}	t	t	\N	\N	\N	2026-04-14 08:54:08.878044	2026-04-14 08:54:08.878044	\N
\.


--
-- Data for Name: stock_route_categ; Type: TABLE DATA; Schema: public; Owner: odoo
--

COPY public.stock_route_categ (route_id, categ_id) FROM stdin;
\.


--
-- Data for Name: stock_route_move; Type: TABLE DATA; Schema: public; Owner: odoo
--

COPY public.stock_route_move (move_id, route_id) FROM stdin;
\.


--
-- Data for Name: stock_route_packaging; Type: TABLE DATA; Schema: public; Owner: odoo
--

COPY public.stock_route_packaging (route_id, packaging_id) FROM stdin;
\.


--
-- Data for Name: stock_route_product; Type: TABLE DATA; Schema: public; Owner: odoo
--

COPY public.stock_route_product (route_id, product_id) FROM stdin;
7	5
7	8
7	9
7	10
7	11
7	12
7	13
7	14
7	15
7	16
7	17
7	18
7	19
7	20
\.


--
-- Data for Name: stock_route_stock_rules_report_rel; Type: TABLE DATA; Schema: public; Owner: odoo
--

COPY public.stock_route_stock_rules_report_rel (stock_rules_report_id, stock_route_id) FROM stdin;
\.


--
-- Data for Name: stock_route_warehouse; Type: TABLE DATA; Schema: public; Owner: odoo
--

COPY public.stock_route_warehouse (route_id, warehouse_id) FROM stdin;
2	1
3	1
\.


--
-- Data for Name: stock_rule; Type: TABLE DATA; Schema: public; Owner: odoo
--

COPY public.stock_rule (id, group_id, sequence, company_id, location_dest_id, location_src_id, route_id, route_sequence, picking_type_id, delay, partner_address_id, warehouse_id, propagate_warehouse_id, create_uid, write_uid, group_propagation_option, action, procure_method, auto, push_domain, name, active, location_dest_from_rule, propagate_cancel, propagate_carrier, create_date, write_date) FROM stdin;
5	\N	20	1	5	8	1	5	2	0	\N	1	\N	1	1	propagate	pull	make_to_order	manual	\N	{"en_US": "WH: Stock → Customers (MTO)"}	t	f	f	t	2026-04-08 08:46:08.412603	2026-04-14 08:54:08.878044
1	\N	20	1	8	4	2	9	1	0	\N	1	\N	1	1	propagate	pull	make_to_stock	manual	\N	{"en_US": "WH: Vendors → Stock"}	f	f	f	f	2026-04-08 08:46:08.412603	2026-04-14 08:54:08.878044
2	\N	20	1	5	8	3	10	2	0	\N	1	\N	1	1	propagate	pull	make_to_stock	manual	\N	{"en_US": "WH: Stock → Customers"}	t	f	f	t	2026-04-08 08:46:08.412603	2026-04-14 08:54:08.878044
3	\N	20	1	5	4	4	20	1	0	\N	1	\N	1	1	propagate	pull	make_to_stock	manual	\N	{"en_US": "WH: Vendors → Customers"}	f	f	f	f	2026-04-08 08:46:08.412603	2026-04-14 08:54:08.878044
9	\N	20	1	17	8	1	5	10	0	\N	1	\N	1	1	propagate	pull	make_to_order	manual	\N	{"en_US": "WH: Stock → Preproducción (MTO)"}	f	f	f	f	2026-04-08 09:11:55.219689	2026-04-14 08:54:08.878044
4	\N	20	1	11	9	4	20	8	0	\N	1	\N	1	1	propagate	push	make_to_order	manual	\N	{"en_US": "WH: Entrada → Salida"}	t	f	f	f	2026-04-08 08:46:08.412603	2026-04-14 08:54:08.878044
10	\N	20	1	5	\N	4	20	1	0	\N	1	\N	1	1	propagate	buy	make_to_stock	manual	\N	{"en_US": "WH: False → Customers"}	t	f	f	f	2026-04-14 08:54:08.878044	2026-04-14 08:54:08.878044
11	\N	20	1	8	\N	7	5	1	0	\N	1	\N	1	1	none	buy	make_to_stock	manual	\N	{"en_US": "WH: Stock (Buy)"}	t	f	f	f	2026-04-14 08:54:08.878044	2026-04-14 08:54:08.878044
8	\N	20	1	15	8	1	5	12	0	\N	1	\N	1	1	propagate	pull	make_to_order	manual	\N	{"en_US": "WH: Stock → Production (MTO)"}	t	f	f	f	2026-04-08 09:11:55.219689	2026-04-14 08:54:08.878044
6	\N	20	1	15	8	1	5	9	0	\N	1	\N	1	1	propagate	pull	make_to_order	manual	\N	{"en_US": "WH: Stock → Production (MTO)"}	t	f	f	f	2026-04-08 09:05:50.079825	2026-04-14 08:54:08.878044
\.


--
-- Data for Name: stock_rules_report; Type: TABLE DATA; Schema: public; Owner: odoo
--

COPY public.stock_rules_report (id, product_id, product_tmpl_id, create_uid, write_uid, product_has_variants, create_date, write_date) FROM stdin;
\.


--
-- Data for Name: stock_rules_report_stock_warehouse_rel; Type: TABLE DATA; Schema: public; Owner: odoo
--

COPY public.stock_rules_report_stock_warehouse_rel (stock_rules_report_id, stock_warehouse_id) FROM stdin;
\.


--
-- Data for Name: stock_scrap; Type: TABLE DATA; Schema: public; Owner: odoo
--

COPY public.stock_scrap (id, company_id, product_id, product_uom_id, lot_id, package_id, owner_id, picking_id, location_id, scrap_location_id, create_uid, write_uid, name, origin, state, scrap_qty, should_replenish, date_done, create_date, write_date) FROM stdin;
\.


--
-- Data for Name: stock_scrap_reason_tag; Type: TABLE DATA; Schema: public; Owner: odoo
--

COPY public.stock_scrap_reason_tag (id, sequence, create_uid, write_uid, color, name, create_date, write_date) FROM stdin;
\.


--
-- Data for Name: stock_scrap_stock_scrap_reason_tag_rel; Type: TABLE DATA; Schema: public; Owner: odoo
--

COPY public.stock_scrap_stock_scrap_reason_tag_rel (stock_scrap_id, stock_scrap_reason_tag_id) FROM stdin;
\.


--
-- Data for Name: stock_storage_category; Type: TABLE DATA; Schema: public; Owner: odoo
--

COPY public.stock_storage_category (id, company_id, create_uid, write_uid, name, allow_new_product, max_weight, create_date, write_date) FROM stdin;
\.


--
-- Data for Name: stock_storage_category_capacity; Type: TABLE DATA; Schema: public; Owner: odoo
--

COPY public.stock_storage_category_capacity (id, storage_category_id, product_id, package_type_id, create_uid, write_uid, create_date, write_date, quantity) FROM stdin;
\.


--
-- Data for Name: stock_traceability_report; Type: TABLE DATA; Schema: public; Owner: odoo
--

COPY public.stock_traceability_report (id, create_uid, write_uid, create_date, write_date) FROM stdin;
\.


--
-- Data for Name: stock_track_confirmation; Type: TABLE DATA; Schema: public; Owner: odoo
--

COPY public.stock_track_confirmation (id, create_uid, write_uid, create_date, write_date) FROM stdin;
\.


--
-- Data for Name: stock_track_line; Type: TABLE DATA; Schema: public; Owner: odoo
--

COPY public.stock_track_line (id, product_id, wizard_id, create_uid, write_uid, create_date, write_date) FROM stdin;
\.


--
-- Data for Name: stock_valuation_layer; Type: TABLE DATA; Schema: public; Owner: odoo
--

COPY public.stock_valuation_layer (id, company_id, product_id, categ_id, stock_valuation_layer_id, stock_move_id, account_move_id, account_move_line_id, lot_id, create_uid, write_uid, description, quantity, unit_cost, value, remaining_qty, remaining_value, create_date, write_date, price_diff_value) FROM stdin;
\.


--
-- Data for Name: stock_valuation_layer_revaluation; Type: TABLE DATA; Schema: public; Owner: odoo
--

COPY public.stock_valuation_layer_revaluation (id, company_id, product_id, lot_id, account_journal_id, account_id, create_uid, write_uid, reason, date, added_value, create_date, write_date) FROM stdin;
\.


--
-- Data for Name: stock_valuation_layer_stock_valuation_layer_revaluation_rel; Type: TABLE DATA; Schema: public; Owner: odoo
--

COPY public.stock_valuation_layer_stock_valuation_layer_revaluation_rel (stock_valuation_layer_revaluation_id, stock_valuation_layer_id) FROM stdin;
\.


--
-- Data for Name: stock_warehouse; Type: TABLE DATA; Schema: public; Owner: odoo
--

COPY public.stock_warehouse (id, company_id, partner_id, view_location_id, lot_stock_id, wh_input_stock_loc_id, wh_qc_stock_loc_id, wh_output_stock_loc_id, wh_pack_stock_loc_id, mto_pull_id, pick_type_id, pack_type_id, out_type_id, in_type_id, int_type_id, qc_type_id, store_type_id, xdock_type_id, crossdock_route_id, reception_route_id, delivery_route_id, sequence, create_uid, write_uid, name, code, reception_steps, delivery_steps, active, create_date, write_date, repair_type_id, repair_mto_pull_id, buy_pull_id, buy_to_resupply) FROM stdin;
1	1	1	7	8	9	10	11	12	5	3	4	2	1	7	5	6	8	4	2	3	10	1	1	RELSUM HEREDEROS SL.	WH	one_step	ship_only	t	2026-04-08 08:46:08.412603	2026-05-08 08:01:01.594811	9	6	11	t
\.


--
-- Data for Name: stock_warehouse_orderpoint; Type: TABLE DATA; Schema: public; Owner: odoo
--

COPY public.stock_warehouse_orderpoint (id, warehouse_id, location_id, product_id, product_category_id, group_id, company_id, route_id, create_uid, write_uid, name, trigger, snoozed_until, product_min_qty, product_max_qty, qty_multiple, qty_to_order_manual, active, create_date, write_date, supplier_id, vendor_id, product_supplier_id, purchase_visibility_days) FROM stdin;
\.


--
-- Data for Name: stock_warn_insufficient_qty_repair; Type: TABLE DATA; Schema: public; Owner: odoo
--

COPY public.stock_warn_insufficient_qty_repair (id, product_id, location_id, repair_id, create_uid, write_uid, product_uom_name, create_date, write_date, quantity) FROM stdin;
\.


--
-- Data for Name: stock_warn_insufficient_qty_scrap; Type: TABLE DATA; Schema: public; Owner: odoo
--

COPY public.stock_warn_insufficient_qty_scrap (id, product_id, location_id, scrap_id, create_uid, write_uid, product_uom_name, create_date, write_date, quantity) FROM stdin;
\.


--
-- Data for Name: stock_wh_resupply_table; Type: TABLE DATA; Schema: public; Owner: odoo
--

COPY public.stock_wh_resupply_table (supplied_wh_id, supplier_wh_id) FROM stdin;
\.


--
-- Data for Name: task_dependencies_rel; Type: TABLE DATA; Schema: public; Owner: odoo
--

COPY public.task_dependencies_rel (task_id, depends_on_id) FROM stdin;
\.


--
-- Data for Name: team_favorite_user_rel; Type: TABLE DATA; Schema: public; Owner: odoo
--

COPY public.team_favorite_user_rel (team_id, user_id) FROM stdin;
1	1
2	1
3	1
\.


--
-- Data for Name: template_attribute_value_stock_move_rel; Type: TABLE DATA; Schema: public; Owner: odoo
--

COPY public.template_attribute_value_stock_move_rel (move_id, template_attribute_value_id) FROM stdin;
\.


--
-- Data for Name: theme_ir_asset; Type: TABLE DATA; Schema: public; Owner: odoo
--

COPY public.theme_ir_asset (id, sequence, create_uid, write_uid, key, name, bundle, directive, path, target, active, create_date, write_date) FROM stdin;
\.


--
-- Data for Name: theme_ir_attachment; Type: TABLE DATA; Schema: public; Owner: odoo
--

COPY public.theme_ir_attachment (id, create_uid, write_uid, name, key, url, create_date, write_date) FROM stdin;
\.


--
-- Data for Name: theme_ir_ui_view; Type: TABLE DATA; Schema: public; Owner: odoo
--

COPY public.theme_ir_ui_view (id, priority, create_uid, write_uid, name, key, type, mode, arch_fs, inherit_id, arch, active, customize_show, create_date, write_date) FROM stdin;
\.


--
-- Data for Name: theme_website_menu; Type: TABLE DATA; Schema: public; Owner: odoo
--

COPY public.theme_website_menu (id, page_id, sequence, parent_id, create_uid, write_uid, url, mega_menu_classes, name, mega_menu_content, new_window, use_main_menu_as_parent, create_date, write_date) FROM stdin;
\.


--
-- Data for Name: theme_website_page; Type: TABLE DATA; Schema: public; Owner: odoo
--

COPY public.theme_website_page (id, view_id, create_uid, write_uid, url, header_color, website_indexed, is_published, is_new_page_template, header_overlay, header_visible, footer_visible, create_date, write_date) FROM stdin;
\.


--
-- Data for Name: uom_category; Type: TABLE DATA; Schema: public; Owner: odoo
--

COPY public.uom_category (id, create_uid, write_uid, name, create_date, write_date) FROM stdin;
5	1	1	{"en_US": "Surface", "es_ES": "Superficie"}	2026-04-08 08:34:23.145155	2026-04-08 08:34:23.145155
1	1	1	{"en_US": "Unit", "es_ES": "Unidad", "pt_PT": "Unidade"}	2026-04-08 08:34:23.145155	2026-04-08 08:34:23.145155
2	1	1	{"en_US": "Weight", "es_ES": "Peso", "pt_PT": "Peso"}	2026-04-08 08:34:23.145155	2026-04-08 08:34:23.145155
3	1	1	{"en_US": "Working Time", "es_ES": "Horario de trabajo", "pt_PT": "Tempo de Trabalho"}	2026-04-08 08:34:23.145155	2026-04-08 08:34:23.145155
4	1	1	{"en_US": "Length / Distance", "es_ES": "Longitud / Distancia", "pt_PT": "Comprimento / Distância"}	2026-04-08 08:34:23.145155	2026-04-08 08:34:23.145155
6	1	1	{"en_US": "Volume", "es_ES": "Volumen", "pt_PT": "Volume"}	2026-04-08 08:34:23.145155	2026-04-08 08:34:23.145155
7	1	1	{"en_US": "Energy", "es_ES": "Energía", "pt_PT": "Energia"}	2026-04-08 08:34:23.145155	2026-04-08 08:34:23.145155
\.


--
-- Data for Name: uom_uom; Type: TABLE DATA; Schema: public; Owner: odoo
--

COPY public.uom_uom (id, category_id, create_uid, write_uid, uom_type, name, factor, rounding, active, create_date, write_date, l10n_es_edi_facturae_uom_code, timesheet_widget) FROM stdin;
3	3	1	1	reference	{"en_US": "Days", "es_ES": "Días", "pt_PT": "Dias"}	1.0	0.01	t	2026-04-08 08:34:23.145155	2026-05-18 09:28:44.688432	05	float_toggle
4	3	1	1	smaller	{"en_US": "Hours", "es_ES": "Horas", "pt_PT": "Horas"}	8.0	0.01	t	2026-04-08 08:34:23.145155	2026-05-18 09:28:44.688432	02	float_time
28	7	1	1	reference	{"en_US": "KWH", "es_ES": "kWh"}	1.0	0.01	t	2026-04-08 08:34:23.145155	2026-04-08 08:34:23.145155	05	\N
6	4	1	1	reference	{"en_US": "m"}	1.0	0.01	t	2026-04-08 08:34:23.145155	2026-04-08 08:35:04.148936	25	\N
11	6	1	1	reference	{"en_US": "L"}	1.0	0.01	t	2026-04-08 08:34:23.145155	2026-04-08 08:35:04.148936	04	\N
14	2	1	1	smaller	{"en_US": "g"}	1000.0	0.01	t	2026-04-08 08:34:23.145155	2026-04-08 08:35:04.148936	21	\N
15	2	1	1	bigger	{"en_US": "t"}	0.001	0.01	t	2026-04-08 08:34:23.145155	2026-04-08 08:35:04.148936	05	\N
2	1	1	1	bigger	{"en_US": "Dozens", "es_ES": "Docenas", "pt_PT": "Dúzias"}	0.08333333333333333	0.01	t	2026-04-08 08:34:23.145155	2026-04-08 08:35:04.148936	18	\N
5	3	1	1	smaller	{"en_US": "Minutes", "es_ES": "Minutos", "pt_PT": "Minutos"}	480.0	0.01	t	2026-04-08 08:34:23.145155	2026-04-08 08:34:23.145155	05	\N
1	1	1	1	reference	{"en_US": "Units", "es_ES": "Unidades", "pt_PT": "Unidades"}	1.0	0.01	t	2026-04-08 08:34:23.145155	2026-04-08 08:35:04.148936	01	\N
9	4	1	1	smaller	{"en_US": "cm", "es_ES": "cm", "pt_PT": "cm"}	100.0	0.01	t	2026-04-08 08:34:23.145155	2026-04-08 08:35:04.148936	16	\N
23	6	1	1	smaller	{"en_US": "fl oz (US)", "es_ES": "fl oz (EE. UU.)", "pt_PT": "fl oz (US)"}	33.814	0.01	t	2026-04-08 08:34:23.145155	2026-04-08 08:34:23.145155	05	\N
19	4	1	1	smaller	{"en_US": "ft", "es_ES": "ft", "pt_PT": "ft"}	3.28084	0.01	t	2026-04-08 08:34:23.145155	2026-04-08 08:34:23.145155	05	\N
22	5	1	1	smaller	{"en_US": "ft²", "es_ES": "ft²", "pt_PT": "ft²"}	10.76391	0.01	t	2026-04-08 08:34:23.145155	2026-04-08 08:34:23.145155	05	\N
18	4	1	1	smaller	{"en_US": "in", "es_ES": "in", "pt_PT": "in"}	39.3701	0.01	t	2026-04-08 08:34:23.145155	2026-04-08 08:34:23.145155	05	\N
27	6	1	1	bigger	{"en_US": "ft³", "es_ES": "ft³", "pt_PT": "ft³"}	0.035314724827664144	0.01	t	2026-04-08 08:34:23.145155	2026-04-08 08:34:23.145155	05	\N
25	6	1	1	bigger	{"en_US": "gal (US)", "es_ES": "gal (EE. UU.)", "pt_PT": "gal (US)"}	0.26417217685798894	0.01	t	2026-04-08 08:34:23.145155	2026-04-08 08:34:23.145155	05	\N
26	6	1	1	smaller	{"en_US": "in³", "es_ES": "in³", "pt_PT": "in³"}	61.0237	0.01	t	2026-04-08 08:34:23.145155	2026-04-08 08:34:23.145155	05	\N
13	2	1	1	reference	{"en_US": "kg", "es_ES": "kg", "pt_PT": "kg"}	1.0	0.01	t	2026-04-08 08:34:23.145155	2026-04-08 08:35:04.148936	03	\N
8	4	1	1	bigger	{"en_US": "km", "es_ES": "km", "pt_PT": "km"}	0.001	0.01	t	2026-04-08 08:34:23.145155	2026-04-08 08:35:04.148936	22	\N
16	2	1	1	smaller	{"en_US": "lb", "es_ES": "lb", "pt_PT": "lb"}	2.20462	0.01	t	2026-04-08 08:34:23.145155	2026-04-08 08:34:23.145155	05	\N
21	4	1	1	bigger	{"en_US": "mi", "es_ES": "mi", "pt_PT": "mi"}	0.0006213727366498068	0.01	t	2026-04-08 08:34:23.145155	2026-04-08 08:34:23.145155	05	\N
7	4	1	1	smaller	{"en_US": "mm", "es_ES": "mm", "pt_PT": "mm"}	1000.0	0.01	t	2026-04-08 08:34:23.145155	2026-04-08 08:35:04.148936	26	\N
10	5	1	1	reference	{"en_US": "m²", "es_ES": "m²", "pt_PT": "m²"}	1.0	0.01	t	2026-04-08 08:34:23.145155	2026-04-08 08:35:04.148936	05	\N
12	6	1	1	bigger	{"en_US": "m³", "es_ES": "m³", "pt_PT": "m³"}	0.001	0.01	t	2026-04-08 08:34:23.145155	2026-04-08 08:35:04.148936	33	\N
17	2	1	1	smaller	{"en_US": "oz", "es_ES": "oz", "pt_PT": "oz"}	35.274	0.01	t	2026-04-08 08:34:23.145155	2026-04-08 08:34:23.145155	05	\N
24	6	1	1	smaller	{"en_US": "qt (US)", "es_ES": "qt (EE. UU.)", "pt_PT": "qt (US)"}	1.05669	0.01	t	2026-04-08 08:34:23.145155	2026-04-08 08:34:23.145155	05	\N
20	4	1	1	smaller	{"en_US": "yd", "es_ES": "yd", "pt_PT": "yd"}	1.09361	0.01	t	2026-04-08 08:34:23.145155	2026-04-08 08:34:23.145155	05	\N
\.


--
-- Data for Name: update_product_attribute_value; Type: TABLE DATA; Schema: public; Owner: odoo
--

COPY public.update_product_attribute_value (id, attribute_value_id, create_uid, write_uid, mode, create_date, write_date) FROM stdin;
\.


--
-- Data for Name: utm_campaign; Type: TABLE DATA; Schema: public; Owner: odoo
--

COPY public.utm_campaign (id, user_id, stage_id, color, create_uid, write_uid, name, title, active, is_auto_campaign, create_date, write_date, company_id) FROM stdin;
\.


--
-- Data for Name: utm_medium; Type: TABLE DATA; Schema: public; Owner: odoo
--

COPY public.utm_medium (id, create_uid, write_uid, name, active, create_date, write_date) FROM stdin;
1	1	1	Website	t	2026-04-08 08:34:26.323112	2026-04-08 08:34:26.323112
2	1	1	Phone	t	2026-04-08 08:34:26.323112	2026-04-08 08:34:26.323112
3	1	1	Direct	t	2026-04-08 08:34:26.323112	2026-04-08 08:34:26.323112
4	1	1	Email	t	2026-04-08 08:34:26.323112	2026-04-08 08:34:26.323112
5	1	1	Banner	t	2026-04-08 08:34:26.323112	2026-04-08 08:34:26.323112
6	1	1	X	t	2026-04-08 08:34:26.323112	2026-04-08 08:34:26.323112
7	1	1	Facebook	t	2026-04-08 08:34:26.323112	2026-04-08 08:34:26.323112
8	1	1	LinkedIn	t	2026-04-08 08:34:26.323112	2026-04-08 08:34:26.323112
9	1	1	Television	t	2026-04-08 08:34:26.323112	2026-04-08 08:34:26.323112
10	1	1	Google Adwords	t	2026-04-08 08:34:26.323112	2026-04-08 08:34:26.323112
\.


--
-- Data for Name: utm_source; Type: TABLE DATA; Schema: public; Owner: odoo
--

COPY public.utm_source (id, create_uid, write_uid, name, create_date, write_date) FROM stdin;
1	1	1	Search engine	2026-04-08 08:34:26.323112	2026-04-08 08:34:26.323112
2	1	1	Lead Recall	2026-04-08 08:34:26.323112	2026-04-08 08:34:26.323112
3	1	1	Newsletter	2026-04-08 08:34:26.323112	2026-04-08 08:34:26.323112
4	1	1	Facebook	2026-04-08 08:34:26.323112	2026-04-08 08:34:26.323112
5	1	1	X	2026-04-08 08:34:26.323112	2026-04-08 08:34:26.323112
6	1	1	LinkedIn	2026-04-08 08:34:26.323112	2026-04-08 08:34:26.323112
7	1	1	Monster	2026-04-08 08:34:26.323112	2026-04-08 08:34:26.323112
8	1	1	Glassdoor	2026-04-08 08:34:26.323112	2026-04-08 08:34:26.323112
9	1	1	Craigslist	2026-04-08 08:34:26.323112	2026-04-08 08:34:26.323112
\.


--
-- Data for Name: utm_stage; Type: TABLE DATA; Schema: public; Owner: odoo
--

COPY public.utm_stage (id, sequence, create_uid, write_uid, name, create_date, write_date) FROM stdin;
1	10	1	1	{"en_US": "New", "es_ES": "Nuevo", "pt_PT": "Novo"}	2026-04-08 08:34:26.323112	2026-04-08 08:34:26.323112
\.


--
-- Data for Name: utm_tag; Type: TABLE DATA; Schema: public; Owner: odoo
--

COPY public.utm_tag (id, color, create_uid, write_uid, name, create_date, write_date) FROM stdin;
1	1	1	1	{"en_US": "Marketing", "es_ES": "Marketing", "pt_PT": "Marketing"}	2026-04-08 08:34:26.323112	2026-04-08 08:34:26.323112
\.


--
-- Data for Name: utm_tag_rel; Type: TABLE DATA; Schema: public; Owner: odoo
--

COPY public.utm_tag_rel (tag_id, campaign_id) FROM stdin;
\.


--
-- Data for Name: validate_account_move; Type: TABLE DATA; Schema: public; Owner: odoo
--

COPY public.validate_account_move (id, create_uid, write_uid, force_post, ignore_abnormal_date, ignore_abnormal_amount, create_date, write_date) FROM stdin;
\.


--
-- Data for Name: web_editor_converter_test; Type: TABLE DATA; Schema: public; Owner: odoo
--

COPY public.web_editor_converter_test (id, "integer", many2one, create_uid, write_uid, "char", selection_str, date, html, text, "numeric", datetime, create_date, write_date, "float", "binary") FROM stdin;
\.


--
-- Data for Name: web_editor_converter_test_sub; Type: TABLE DATA; Schema: public; Owner: odoo
--

COPY public.web_editor_converter_test_sub (id, create_uid, write_uid, name, create_date, write_date) FROM stdin;
\.


--
-- Data for Name: web_tour_tour; Type: TABLE DATA; Schema: public; Owner: odoo
--

COPY public.web_tour_tour (id, sequence, create_uid, write_uid, name, url, rainbow_man_message, custom, create_date, write_date) FROM stdin;
1	2000	1	1	discuss_channel_tour	/odoo	{"en_US": "<span><b>Good job!</b> You went through all steps of this tour.</span>", "es_ES": "<span><b>¡Buen trabajo!</b> Pasó por todos los pasos de este recorrido.</span>", "pt_PT": "<span><b>Bom trabalho!</b> Passou por todas as etapas desta visita guiada.</span>"}	\N	2026-04-08 08:34:27.650619	2026-04-08 08:34:27.650619
2	60	1	1	account_tour	/odoo	{"en_US": "<span><b>Good job!</b> You went through all steps of this tour.</span>", "es_ES": "<span><b>¡Buen trabajo!</b> Pasó por todos los pasos de este recorrido.</span>", "pt_PT": "<span><b>Bom trabalho!</b> Passou por todas as etapas desta visita guiada.</span>"}	\N	2026-04-08 08:34:46.340378	2026-04-08 08:34:46.340378
3	20	1	1	sale_tour	/odoo	{"en_US": "<span><b>Congratulations</b>, your first quotation is sent!<br>Check your email to validate the quote.\\n        </span>", "es_ES": "<span><b>Felicidades</b>, envió su primer presupuesto.<br>Revise su correo electrónico para validarlo.\\n        </span>", "pt_PT": "<span><b>Parabéns</b>, o sua primeiro orçamento foi enviado!<br>Verifique o seu e-mail para validar o orçamento.\\n        </span>"}	\N	2026-04-08 08:35:00.749484	2026-04-08 08:35:00.749484
8	40	1	1	purchase_tour	/odoo	{"en_US": "<span><b>Good job!</b> You went through all steps of this tour.</span>", "es_ES": "<span><b>¡Buen trabajo!</b> Pasó por todos los pasos de este recorrido.</span>", "pt_PT": "<span><b>Muito bem!</b> Você passou por todas as etapas deste tour.</span>"}	\N	2026-04-14 08:54:03.289914	2026-04-14 08:54:03.289914
6	110	1	1	project_tour	/odoo	{"en_US": "<p>Congratulations, you are now a master of project management.</p>", "es_ES": "<p>Enhorabuena, ahora es usted un maestro de la gestión de proyectos.</p>", "pt_PT": "<p>Parabéns, agora você é um mestre em gerenciamento de projetos.</p>"}	\N	2026-04-08 08:35:22.624638	2026-05-18 07:10:46.574676
\.


--
-- Data for Name: web_tour_tour_step; Type: TABLE DATA; Schema: public; Owner: odoo
--

COPY public.web_tour_tour_step (id, tour_id, sequence, create_uid, write_uid, trigger, content, run, create_date, write_date) FROM stdin;
\.


--
-- Data for Name: website; Type: TABLE DATA; Schema: public; Owner: odoo
--

COPY public.website (id, sequence, company_id, default_lang_id, user_id, theme_id, create_uid, write_uid, name, domain, social_twitter, social_facebook, social_github, social_linkedin, social_youtube, social_instagram, social_tiktok, google_analytics_key, google_search_console, google_maps_api_key, plausible_shared_key, plausible_site, cdn_url, homepage_url, auth_signup_uninvited, custom_blocked_third_party_domains, cdn_filters, custom_code_head, custom_code_footer, robots_txt, auto_redirect_lang, cookies_bar, configurator_done, block_third_party_domains, has_social_default_image, cdn_activated, specific_user_account, create_date, write_date) FROM stdin;
1	10	1	83	4	\N	1	6	My Website	\N		https://www.facebook.com/people/Relsum-Herederos-SL/100076431185252/		https://www.linkedin.com/company/relsum-sl/	https://www.youtube.com/@relsumherederos9679	https://www.instagram.com/_relsumherederos_/		\N	\N	\N	\N	\N	\N	\N	b2b	\N	^/[^/]+/static/\n^/web/(css|js)/\n^/web/image\n^/web/content\n^/web/assets\n^/website/image/	\N	\N	\N	t	\N	\N	t	f	\N	\N	2026-05-12 08:53:11.316986	2026-05-25 07:24:25.033748
\.


--
-- Data for Name: website_configurator_feature; Type: TABLE DATA; Schema: public; Owner: odoo
--

COPY public.website_configurator_feature (id, sequence, page_view_id, module_id, menu_sequence, create_uid, write_uid, icon, iap_page_code, website_config_preselection, feature_url, name, description, menu_company, create_date, write_date) FROM stdin;
1	1	3148	\N	50	1	1	fa-building	about_us	\N	/about-us	{"en_US": "About Us", "es_ES": "Sobre nosotros", "pt_PT": "Sobre nós"}	{"en_US": "Info and stats about your company", "es_ES": "Información y estadísticas sobre su empresa", "pt_PT": "Informações e estatísticas da sua empresa"}	t	2026-05-12 08:53:11.316986	2026-05-12 08:53:11.316986
2	3	3149	\N	30	1	1	fa-handshake-o	our_services	\N	/our-services	{"en_US": "Services", "es_ES": "Servicios", "pt_PT": "Serviços"}	{"en_US": "Description of your services offer", "es_ES": "Descripción de su oferta de servicios", "pt_PT": "Descrição dos seus serviços"}	\N	2026-05-12 08:53:11.316986	2026-05-12 08:53:11.316986
3	4	3150	\N	35	1	1	fa-random	pricing	\N	/pricing	{"en_US": "Pricing", "es_ES": "Precio", "pt_PT": "Preços"}	{"en_US": "Designed to drive conversion", "es_ES": "Diseñado para impulsar la conversión", "pt_PT": "Projetado para impulsionar a conversão"}	\N	2026-05-12 08:53:11.316986	2026-05-12 08:53:11.316986
4	5	3151	\N	\N	1	1	fa-gavel	privacy_policy	\N	/privacy	{"en_US": "Privacy Policy", "es_ES": "Política de privacidad", "pt_PT": "Política de privacidade"}	{"en_US": "Explain how you protect privacy", "es_ES": "Explique cómo protege la privacidad", "pt_PT": "Explique como você protege a privacidade"}	\N	2026-05-12 08:53:11.316986	2026-05-12 08:53:11.316986
5	6	\N	623	40	1	1	fa-rss	\N	blog	/blog	{"en_US": "News", "es_ES": "Noticias", "pt_PT": "Notícias"}	{"en_US": "Blogging and posting relevant content", "es_ES": "Blogueo y publicación de contenido relevante", "pt_PT": "Blog e publicação de conteúdo relevante"}	t	2026-05-12 08:53:11.316986	2026-05-12 08:53:11.316986
7	8	\N	648	\N	1	1	fa-address-card	\N	\N	\N	{"en_US": "Career", "es_ES": "Carrera profesional", "pt_PT": "Carreira"}	{"en_US": "Publish job offers and let people apply", "es_ES": "Publicar ofertas de empleo y dejar que la gente solicite"}	\N	2026-05-12 08:53:11.316986	2026-05-12 08:53:11.316986
6	7	\N	623	45	1	1	fa-star	\N	\N	/blog	{"en_US": "Success Stories", "es_ES": "Historias de éxito", "pt_PT": "Histórias de sucesso"}	{"en_US": "Share your best case studies", "es_ES": "Comparta sus mejores estudios de casos", "pt_PT": "Compartilhe seus melhores estudos de caso"}	t	2026-05-12 08:53:11.316986	2026-05-12 08:53:11.316986
8	9	\N	662	15	1	1	fa-shopping-cart	\N	online_store	/shop	{"en_US": "Shop", "es_ES": "Tienda", "pt_PT": "Loja"}	{"en_US": "Sell more with an eCommerce", "es_ES": "Venda más con la aplicación Comercio electrónico", "pt_PT": "Venda mais com um e-Commerce"}	\N	2026-05-12 08:53:11.316986	2026-05-12 08:53:11.316986
9	10	\N	631	20	1	1	fa-ticket	\N	event	/event	{"en_US": "Events", "es_ES": "Eventos", "pt_PT": "Eventos"}	{"en_US": "Publish on-site and online events", "es_ES": "Publicar eventos en el sitio y en línea", "pt_PT": "Publicar eventos online e locais"}	\N	2026-05-12 08:53:11.316986	2026-05-12 08:53:11.316986
10	11	\N	646	\N	1	1	fa-users	\N	\N	/forum	{"en_US": "Forum", "es_ES": "Foro", "pt_PT": "Fórum"}	{"en_US": "Give visitors the information they need", "es_ES": "Proporcione a los visitantes la información que necesitan", "pt_PT": "Forneça as informações que os visitantes precisam"}	\N	2026-05-12 08:53:11.316986	2026-05-12 08:53:11.316986
11	12	\N	651	\N	1	1	fa-comments	\N	\N	\N	{"en_US": "Live Chat", "es_ES": "Chat en directo", "pt_PT": "Conversação ao Vivo"}	{"en_US": "Chat with visitors to improve traction", "es_ES": "Charlar con los visitantes para mejorar la tracción", "pt_PT": "Converse com visitantes para aumentar a tração"}	\N	2026-05-12 08:53:11.316986	2026-05-12 08:53:11.316986
12	13	\N	676	25	1	1	fa-graduation-cap	\N	elearning	/slides	{"en_US": "eLearning", "es_ES": "eLearning", "pt_PT": "eLearning"}	{"en_US": "Share knowledge publicly or for a fee", "es_ES": "Comparta sus conocimientos públicamente o a establezca una tarifa", "pt_PT": "Compartilhe conhecimento publicamente ou a um custo"}	\N	2026-05-12 08:53:11.316986	2026-05-12 08:53:11.316986
13	15	\N	647	\N	1	1	fa-map-marker	\N	\N	\N	{"en_US": "Stores Locator", "es_ES": "Localizador de tiendas", "pt_PT": "Localizador de lojas"}	{"en_US": "A map and a listing of your stores", "es_ES": "Un mapa y una lista de sus tiendas", "pt_PT": "Um mapa e uma lista das suas lojas"}	\N	2026-05-12 08:53:11.316986	2026-05-12 08:53:11.316986
\.


--
-- Data for Name: website_controller_page; Type: TABLE DATA; Schema: public; Owner: odoo
--

COPY public.website_controller_page (id, website_id, view_id, record_view_id, create_uid, write_uid, name, name_slugified, record_domain, default_layout, is_published, create_date, write_date) FROM stdin;
\.


--
-- Data for Name: website_custom_blocked_third_party_domains; Type: TABLE DATA; Schema: public; Owner: odoo
--

COPY public.website_custom_blocked_third_party_domains (id, create_uid, write_uid, content, create_date, write_date) FROM stdin;
\.


--
-- Data for Name: website_lang_rel; Type: TABLE DATA; Schema: public; Owner: odoo
--

COPY public.website_lang_rel (website_id, lang_id) FROM stdin;
1	1
1	61
1	83
\.


--
-- Data for Name: website_menu; Type: TABLE DATA; Schema: public; Owner: odoo
--

COPY public.website_menu (id, page_id, controller_page_id, sequence, website_id, parent_id, create_uid, write_uid, theme_template_id, url, parent_path, mega_menu_classes, name, mega_menu_content, new_window, create_date, write_date) FROM stdin;
4	\N	\N	0	1	\N	1	1	\N	/default-main-menu	4/	\N	{"en_US": "Top Menu for Website 1"}	\N	f	2026-05-12 08:53:11.316986	2026-05-12 08:53:11.316986
3	3	\N	60	\N	1	1	1	\N	/contactus	1/3/	\N	{"en_US": "Contact us", "es_ES": "Contáctenos", "pt_PT": "Contacte-nos"}	\N	\N	2026-05-12 08:53:11.316986	2026-05-12 08:53:11.316986
1	\N	\N	0	\N	\N	1	1	\N	/default-main-menu	1/	\N	{"en_US": "Default Main Menu", "es_ES": "Menú principal por defecto ", "pt_PT": "Menu principal padrão"}	\N	\N	2026-05-12 08:53:11.316986	2026-05-12 08:53:11.316986
2	2	\N	10	\N	1	1	1	\N	/	1/2/	\N	{"en_US": "Home", "es_ES": "Inicio", "pt_PT": "Início"}	\N	\N	2026-05-12 08:53:11.316986	2026-05-12 08:53:11.316986
15	4	\N	0	1	4	17	17	\N	/	4/15/	\N	{"en_US": "HOME", "es_ES": "INICIO", "pt_PT": "INÍCIO"}	\N	f	2026-05-21 08:29:35.412981	2026-05-21 08:51:26.461328
7	6	\N	2	1	4	16	17	\N	/catalogo	4/7/	\N	{"en_US": "CATALOGUE", "es_ES": "CATÁLOGO", "pt_PT": "CATALOGO"}	\N	f	2026-05-12 08:57:56.489285	2026-05-21 08:51:26.461328
8	7	\N	1	1	4	16	17	\N	/conocenos	4/8/	\N	{"en_US": "ABOUT US", "es_ES": "CONÓCENOS", "pt_PT": "SOBRE NÓS"}	\N	f	2026-05-12 09:02:36.652981	2026-05-21 08:51:26.461328
9	8	\N	3	1	4	16	17	\N	/servicios	4/9/	\N	{"en_US": "SERVICES", "es_ES": "SERVICIOS", "pt_PT": "SERVIÇOS"}	\N	f	2026-05-12 09:06:16.052215	2026-05-21 08:51:26.461328
10	9	\N	0	1	9	16	17	\N	/acreditaciones	4/9/10/	\N	{"en_US": "ACCREDITATIONS", "es_ES": "ACREDITACIONES", "pt_PT": "Acreditações"}	\N	f	2026-05-12 09:10:22.74909	2026-05-21 08:51:26.461328
11	10	\N	1	1	9	16	17	\N	/ensayos-y-diagnosis	4/9/11/	\N	{"en_US": "TESTING AND DIAGNOSIS", "es_ES": "ENSAYOS Y DIAGNOSIS ", "pt_PT": "Testes e diagnósticos"}	\N	f	2026-05-12 09:11:15.892992	2026-05-21 08:51:26.461328
12	11	\N	2	1	9	16	17	\N	/revision-y-reparacion	4/9/12/	\N	{"en_US": "REVIEW AND REPAIR", "es_ES": "REVISIÓN Y REPARACIÓN", "pt_PT": "Revisão e reparação"}	\N	f	2026-05-12 09:12:06.339629	2026-05-21 08:51:26.461328
13	13	\N	4	1	4	16	17	\N	/noticias	4/13/	\N	{"en_US": "NEWS", "es_ES": "NOTICIAS", "pt_PT": "NOTÍCIAS"}	\N	f	2026-05-12 09:19:15.436949	2026-05-21 08:51:26.461328
14	12	\N	5	1	4	16	17	\N	/contactus	4/14/	\N	{"en_US": "CONTACT", "es_ES": "CONTACTOS", "pt_PT": "CONACTAR"}	\N	f	2026-05-13 07:22:04.311353	2026-05-21 08:51:26.461328
\.


--
-- Data for Name: website_page; Type: TABLE DATA; Schema: public; Owner: odoo
--

COPY public.website_page (id, website_id, view_id, create_uid, write_uid, theme_template_id, url, header_color, header_text_color, is_published, website_indexed, is_new_page_template, header_overlay, header_visible, footer_visible, date_publish, create_date, write_date) FROM stdin;
1	\N	3146	1	1	\N	/contactus-thank-you	\N	\N	t	f	\N	\N	t	t	\N	2026-05-12 08:53:11.316986	2026-05-12 08:53:11.316986
2	\N	3144	1	1	\N	/	\N	\N	t	t	\N	\N	t	t	\N	2026-05-12 08:53:11.316986	2026-05-12 08:53:11.316986
3	\N	3145	1	1	\N	/contactus	\N	\N	t	t	\N	\N	t	t	\N	2026-05-12 08:53:11.316986	2026-05-12 08:53:11.316986
6	1	3943	16	16	\N	/catalogo	\N	\N	f	t	\N	\N	t	t	\N	2026-05-12 08:57:56.489285	2026-05-12 08:57:56.489285
7	1	3944	16	16	\N	/conocenos	\N	\N	f	t	\N	\N	t	t	\N	2026-05-12 09:02:36.652981	2026-05-12 09:02:36.652981
8	1	3948	16	16	\N	/servicios	\N	\N	f	t	\N	\N	t	t	\N	2026-05-12 09:06:16.052215	2026-05-12 09:06:16.052215
9	1	3953	16	16	\N	/acreditaciones	\N	\N	f	t	\N	\N	t	t	\N	2026-05-12 09:10:22.74909	2026-05-12 09:10:22.74909
10	1	3954	16	16	\N	/ensayos-y-diagnosis	\N	\N	f	t	\N	\N	t	t	\N	2026-05-12 09:11:15.892992	2026-05-12 09:11:15.892992
11	1	3955	16	16	\N	/revision-y-reparacion	\N	\N	f	t	\N	\N	t	t	\N	2026-05-12 09:12:06.339629	2026-05-12 09:12:06.339629
13	1	3957	16	16	\N	/noticias	\N	\N	f	t	\N	\N	t	t	\N	2026-05-12 09:19:15.436949	2026-05-12 09:19:15.436949
14	1	3972	16	16	\N	/contacto	\N	\N	f	t	\N	\N	t	t	\N	2026-05-13 07:22:04.311353	2026-05-13 07:22:04.311353
15	1	3987	16	16	\N	/avisos-legales	\N	\N	f	t	\N	\N	t	t	\N	2026-05-13 07:37:28.682784	2026-05-13 07:37:28.682784
16	1	3988	16	16	\N	/politica-de-privacidad	\N	\N	f	t	\N	\N	t	t	\N	2026-05-13 07:48:21.030748	2026-05-13 07:48:21.030748
17	1	3989	17	17	\N	/celebrating-excellence-stamford-i-avk-authorised-dealer-excellence-awards-2025	\N	\N	f	t	\N	\N	t	t	\N	2026-05-13 07:57:48.598385	2026-05-13 07:57:48.598385
18	1	3990	16	16	\N	/politica-de-cookies	\N	\N	f	t	\N	\N	t	t	\N	2026-05-13 08:02:01.162712	2026-05-13 08:02:01.162712
19	1	3991	20	20	\N	/feliz-ano	\N	\N	f	t	\N	\N	t	t	\N	2026-05-13 08:02:37.184709	2026-05-13 08:02:37.184709
20	1	3992	20	20	\N	/unete-a-nuestro-equipo	\N	\N	f	t	\N	\N	t	t	\N	2026-05-13 08:07:26.535439	2026-05-13 08:07:26.535439
21	1	3993	20	20	\N	/we-are-pleased-to-announce-our-annual	\N	\N	f	t	\N	\N	t	t	\N	2026-05-13 08:09:25.799509	2026-05-13 08:09:25.799509
22	1	3994	16	16	\N	/declaracion-de-accesibilidad	\N	\N	f	t	\N	\N	t	t	\N	2026-05-13 08:16:46.394883	2026-05-13 08:16:46.394883
23	1	3995	20	20	\N	/tercer-ano-consecutivo	\N	\N	f	t	\N	\N	t	t	\N	2026-05-13 08:17:20.338896	2026-05-13 08:17:20.338896
24	1	3996	20	20	\N	/nuevo-pack	\N	\N	f	t	\N	\N	t	t	\N	2026-05-13 08:19:25.815269	2026-05-13 08:19:25.815269
25	1	3997	20	20	\N	/nuevo-race	\N	\N	f	t	\N	\N	t	t	\N	2026-05-13 08:23:16.569485	2026-05-13 08:23:16.569485
26	1	3998	20	20	\N	/ganadores-del-premio	\N	\N	f	t	\N	\N	t	t	\N	2026-05-13 08:24:35.226594	2026-05-13 08:24:35.226594
27	1	3999	20	20	\N	/bateria-de-ensayos	\N	\N	f	t	\N	\N	t	t	\N	2026-05-13 08:29:39.877065	2026-05-13 08:29:39.877065
28	1	4000	20	20	\N	/equilibrado	\N	\N	f	t	\N	\N	t	t	\N	2026-05-13 08:30:48.606896	2026-05-13 08:30:48.606896
29	1	4001	20	20	\N	/rebobinado	\N	\N	f	t	\N	\N	t	t	\N	2026-05-13 08:34:20.373278	2026-05-13 08:34:20.373278
30	1	4002	20	20	\N	/sustitucion	\N	\N	f	t	\N	\N	t	t	\N	2026-05-13 08:36:22.857915	2026-05-13 08:36:22.857915
31	1	4009	20	20	\N	/ganador	\N	\N	f	t	\N	\N	t	t	\N	2026-05-13 08:39:21.975215	2026-05-13 08:39:21.975215
32	1	4010	20	20	\N	/curso	\N	\N	f	t	\N	\N	t	t	\N	2026-05-13 08:55:50.543178	2026-05-13 08:55:50.543178
33	1	4023	17	17	\N	/tercer-alo-consecutivo	\N	\N	f	t	\N	\N	t	t	\N	2026-05-14 08:47:10.450478	2026-05-14 08:47:10.450478
34	1	4024	20	20	\N	/ganadordelprimer	\N	\N	f	t	\N	\N	t	t	\N	2026-05-14 09:17:22.695169	2026-05-14 09:17:22.695169
35	1	4027	13	13	\N	/bateria	\N	\N	f	t	\N	\N	t	t	\N	2026-05-14 11:30:03.879232	2026-05-14 11:30:03.879232
36	1	4028	13	13	\N	/sustitucion-1	\N	\N	f	t	\N	\N	t	t	\N	2026-05-14 11:47:32.467281	2026-05-14 11:47:32.467281
37	1	4029	13	13	\N	/sustitucion-og	\N	\N	f	t	\N	\N	t	t	\N	2026-05-14 11:49:07.962954	2026-05-14 11:49:07.962954
5	\N	3924	1	1	\N	/your-task-has-been-submitted	\N	\N	t	f	\N	\N	t	t	\N	2026-05-12 08:53:28.677403	2026-05-18 07:10:52.425972
12	1	3956	19	17	\N	/contactus	\N	\N	f	t	f	f	t	t	\N	2026-05-12 09:12:29.468149	2026-05-19 09:08:25.181232
4	1	3152	1	17	\N	/	\N	\N	f	t	f	f	t	t	\N	2026-05-12 08:53:11.316986	2026-05-20 07:12:20.824016
\.


--
-- Data for Name: website_page_properties; Type: TABLE DATA; Schema: public; Owner: odoo
--

COPY public.website_page_properties (id, target_model_id, website_id, create_uid, write_uid, old_url, create_date, write_date) FROM stdin;
\.


--
-- Data for Name: website_page_properties_base; Type: TABLE DATA; Schema: public; Owner: odoo
--

COPY public.website_page_properties_base (id, website_id, create_uid, write_uid, target_model_id, url, create_date, write_date) FROM stdin;
\.


--
-- Data for Name: website_rewrite; Type: TABLE DATA; Schema: public; Owner: odoo
--

COPY public.website_rewrite (id, website_id, route_id, sequence, create_uid, write_uid, name, url_from, url_to, redirect_type, active, create_date, write_date) FROM stdin;
\.


--
-- Data for Name: website_robots; Type: TABLE DATA; Schema: public; Owner: odoo
--

COPY public.website_robots (id, create_uid, write_uid, content, create_date, write_date) FROM stdin;
\.


--
-- Data for Name: website_route; Type: TABLE DATA; Schema: public; Owner: odoo
--

COPY public.website_route (id, create_uid, write_uid, path, create_date, write_date) FROM stdin;
\.


--
-- Data for Name: website_snippet_filter; Type: TABLE DATA; Schema: public; Owner: odoo
--

COPY public.website_snippet_filter (id, website_id, action_server_id, filter_id, "limit", create_uid, write_uid, field_names, name, is_published, create_date, write_date) FROM stdin;
\.


--
-- Data for Name: website_track; Type: TABLE DATA; Schema: public; Owner: odoo
--

COPY public.website_track (id, visitor_id, page_id, url, visit_datetime) FROM stdin;
1	1	4	http://172.19.70.29:8069/	2026-05-12 08:54:08.729785
2	2	4	http://172.19.70.29:8069/	2026-05-12 08:54:09.102497
3	2	4	http://172.19.70.29:8069/	2026-05-12 08:54:50.489366
4	1	4	http://172.19.70.29:8069/	2026-05-12 08:54:59.22475
5	2	4	http://172.19.70.29:8069/	2026-05-12 08:55:07.502577
6	1	3	http://172.19.70.29:8069/contactus	2026-05-12 08:55:12.79289
7	1	4	http://172.19.70.29:8069/	2026-05-12 08:55:15.687922
8	8	4	http://172.19.70.29:8069/	2026-05-12 08:55:18.308249
9	2	4	http://172.19.70.29:8069/	2026-05-12 08:55:22.126521
10	1	4	http://172.19.70.29:8069/	2026-05-12 08:56:06.229893
11	1	4	http://172.19.70.29:8069/	2026-05-12 08:56:10.340359
12	1	4	http://172.19.70.29:8069/	2026-05-12 08:56:46.375395
13	1	4	http://172.19.70.29:8069/	2026-05-12 08:57:16.891425
14	1	6	http://172.19.70.29:8069/catalogo	2026-05-12 08:57:56.640693
15	1	6	http://172.19.70.29:8069/catalogo	2026-05-12 08:58:57.778823
16	1	6	http://172.19.70.29:8069/catalogo	2026-05-12 08:59:15.226948
17	1	7	http://172.19.70.29:8069/conocenos	2026-05-12 09:02:36.764098
18	1	7	http://172.19.70.29:8069/conocenos	2026-05-12 09:02:41.280151
19	1	7	http://172.19.70.29:8069/conocenos	2026-05-12 09:03:59.175299
20	2	4	http://172.19.70.29:8069/	2026-05-12 09:04:57.397154
21	2	4	http://172.19.70.29:8069/	2026-05-12 09:05:00.499096
22	2	4	http://172.19.70.29:8069/	2026-05-12 09:05:34.575917
23	2	6	http://172.19.70.29:8069/catalogo	2026-05-12 09:05:44.055517
24	2	7	http://172.19.70.29:8069/conocenos	2026-05-12 09:05:45.424077
25	2	6	http://172.19.70.29:8069/catalogo	2026-05-12 09:05:46.8534
26	2	4	http://172.19.70.29:8069/	2026-05-12 09:05:47.528938
27	2	4	http://172.19.70.29:8069/	2026-05-12 09:06:05.028533
28	2	4	http://172.19.70.29:8069/	2026-05-12 09:06:11.316409
29	1	8	http://172.19.70.29:8069/servicios	2026-05-12 09:06:16.223089
30	1	6	http://172.19.70.29:8069/catalogo	2026-05-12 09:06:20.135504
31	2	4	http://172.19.70.29:8069/	2026-05-12 09:06:23.188283
32	1	8	http://172.19.70.29:8069/servicios	2026-05-12 09:06:22.889761
33	1	8	http://172.19.70.29:8069/servicios	2026-05-12 09:06:26.116873
34	2	4	http://172.19.70.29:8069/	2026-05-12 09:06:29.718597
35	1	6	http://172.19.70.29:8069/catalogo	2026-05-12 09:06:31.0758
36	1	8	http://172.19.70.29:8069/servicios	2026-05-12 09:06:32.347726
37	2	3	http://172.19.70.29:8069/contactus	2026-05-12 09:06:36.460436
38	1	6	http://172.19.70.29:8069/catalogo	2026-05-12 09:06:38.57535
39	39	4	http://172.19.70.29:8069/	2026-05-12 09:07:18.34506
40	1	8	http://172.19.70.29:8069/servicios	2026-05-12 09:08:34.226307
41	1	8	http://172.19.70.29:8069/servicios	2026-05-12 09:08:45.519115
42	1	8	http://172.19.70.29:8069/servicios	2026-05-12 09:08:52.550043
43	1	6	http://172.19.70.29:8069/catalogo	2026-05-12 09:09:10.429961
44	2	4	http://172.19.70.29:8069/	2026-05-12 09:09:14.862251
45	1	6	http://172.19.70.29:8069/catalogo	2026-05-12 09:09:20.094646
46	1	6	http://172.19.70.29:8069/catalogo	2026-05-12 09:09:29.699756
47	1	8	http://172.19.70.29:8069/servicios	2026-05-12 09:09:32.033723
48	1	6	http://172.19.70.29:8069/catalogo	2026-05-12 09:09:52.247965
49	1	6	http://172.19.70.29:8069/catalogo	2026-05-12 09:09:54.359983
50	1	9	http://172.19.70.29:8069/acreditaciones	2026-05-12 09:10:22.892029
51	1	8	http://172.19.70.29:8069/servicios	2026-05-12 09:10:27.532984
52	1	9	http://172.19.70.29:8069/acreditaciones	2026-05-12 09:10:33.902179
53	1	9	http://172.19.70.29:8069/acreditaciones	2026-05-12 09:10:36.724856
54	2	3	http://172.19.70.29:8069/contactus	2026-05-12 09:10:36.758234
55	2	3	http://172.19.70.29:8069/contactus	2026-05-12 09:10:37.897913
56	2	4	http://172.19.70.29:8069/	2026-05-12 09:10:42.800967
57	2	3	http://172.19.70.29:8069/contactus	2026-05-12 09:10:45.947472
58	1	10	http://172.19.70.29:8069/ensayos-y-diagnosis	2026-05-12 09:11:16.032768
59	1	7	http://172.19.70.29:8069/conocenos	2026-05-12 09:11:20.869452
60	1	10	http://172.19.70.29:8069/ensayos-y-diagnosis	2026-05-12 09:11:26.569426
61	1	10	http://172.19.70.29:8069/ensayos-y-diagnosis	2026-05-12 09:11:29.485262
62	1	11	http://172.19.70.29:8069/revision-y-reparacion	2026-05-12 09:12:06.514979
63	1	7	http://172.19.70.29:8069/conocenos	2026-05-12 09:12:09.424505
64	2	12	http://172.19.70.29:8069/contactus	2026-05-12 09:12:29.56588
65	1	11	http://172.19.70.29:8069/revision-y-reparacion	2026-05-12 09:12:37.2039
66	1	11	http://172.19.70.29:8069/revision-y-reparacion	2026-05-12 09:12:39.828165
67	2	4	http://172.19.70.29:8069/	2026-05-12 09:12:49.77714
68	2	4	http://172.19.70.29:8069/	2026-05-12 09:13:01.145625
69	1	11	http://172.19.70.29:8069/revision-y-reparacion	2026-05-12 09:14:39.678692
70	1	4	http://172.19.70.29:8069/	2026-05-12 09:14:42.084898
71	1	12	http://172.19.70.29:8069/contactus	2026-05-12 09:14:51.128489
72	1	12	http://172.19.70.29:8069/contactus	2026-05-12 09:14:52.308892
73	2	4	http://172.19.70.29:8069/	2026-05-12 09:14:57.981152
74	2	4	http://172.19.70.29:8069/	2026-05-12 09:15:12.950129
75	1	4	http://172.19.70.29:8069/	2026-05-12 09:16:41.176088
76	2	4	http://172.19.70.29:8069/	2026-05-12 09:16:51.930231
77	1	4	http://172.19.70.29:8069/	2026-05-12 09:16:53.008956
78	1	4	http://172.19.70.29:8069/	2026-05-12 09:17:32.36387
79	1	4	http://172.19.70.29:8069/	2026-05-12 09:17:38.722726
80	1	13	http://172.19.70.29:8069/noticias	2026-05-12 09:19:15.61662
81	1	13	http://172.19.70.29:8069/noticias	2026-05-12 09:19:24.320479
82	1	12	http://172.19.70.29:8069/contactus	2026-05-12 09:19:58.555303
83	1	12	http://172.19.70.29:8069/contactus	2026-05-12 09:21:29.066806
84	2	4	http://172.19.70.29:8069/	2026-05-12 09:21:36.271855
85	8	4	http://172.19.70.29:8069/	2026-05-12 09:21:48.300784
86	8	4	http://172.19.70.29:8069/	2026-05-12 09:24:51.371858
87	87	4	http://172.19.70.29:8069/	2026-05-12 10:14:31.787694
88	87	4	http://172.19.70.29:8069/	2026-05-12 10:14:31.92032
89	2	4	http://172.19.70.29:8069/	2026-05-12 10:14:34.563766
90	87	4	http://172.19.70.29:8069/	2026-05-12 10:14:41.114567
91	87	4	http://172.19.70.29:8069/	2026-05-12 10:14:41.504846
92	87	4	http://172.19.70.29:8069/	2026-05-12 10:18:26.785131
93	2	4	http://172.19.70.29:8069/	2026-05-12 10:19:21.032967
94	1	12	http://172.19.70.29:8069/contactus	2026-05-12 10:20:56.949534
95	87	4	http://172.19.70.29:8069/	2026-05-12 10:21:05.157934
96	87	4	http://172.19.70.29:8069/	2026-05-12 10:21:23.805226
97	8	4	http://172.19.70.29:8069/	2026-05-12 10:21:56.609589
98	1	12	http://172.19.70.29:8069/contactus	2026-05-12 10:22:19.030129
99	1	6	http://172.19.70.29:8069/catalogo	2026-05-12 10:22:40.616067
100	87	4	http://172.19.70.29:8069/	2026-05-12 10:23:55.80014
101	8	4	http://172.19.70.29:8069/	2026-05-12 10:24:01.349686
102	87	4	http://172.19.70.29:8069/	2026-05-12 10:24:05.08226
104	1	6	http://172.19.70.29:8069/catalogo	2026-05-12 10:25:51.264576
105	1	6	http://172.19.70.29:8069/catalogo	2026-05-12 10:27:50.016284
106	1	6	http://172.19.70.29:8069/catalogo	2026-05-12 10:29:32.50438
107	1	6	http://172.19.70.29:8069/catalogo	2026-05-12 10:30:09.096603
108	1	4	http://172.19.70.29:8069/	2026-05-12 10:30:10.746649
109	2	4	http://172.19.70.29:8069/	2026-05-12 10:30:38.11697
110	2	4	http://172.19.70.29:8069/	2026-05-12 10:31:15.377657
111	2	4	http://172.19.70.29:8069/	2026-05-12 10:31:25.570018
112	1	4	http://172.19.70.29:8069/	2026-05-12 10:31:29.520005
113	2	4	http://172.19.70.29:8069/	2026-05-12 10:31:37.507417
1236	2	7	http://172.19.70.29:8069/conocenos	2026-05-14 08:12:58.358406
1238	87	9	http://172.19.70.29:8069/acreditaciones	2026-05-14 08:13:12.492106
1239	87	9	http://172.19.70.29:8069/acreditaciones	2026-05-14 08:13:15.073398
1240	87	9	http://172.19.70.29:8069/acreditaciones?edit_translations=1	2026-05-14 08:13:19.88164
1241	2	9	http://172.19.70.29:8069/acreditaciones	2026-05-14 08:13:31.467904
1243	87	9	http://172.19.70.29:8069/acreditaciones	2026-05-14 08:13:34.141114
1244	87	9	http://172.19.70.29:8069/acreditaciones	2026-05-14 08:13:39.017545
1245	87	9	http://172.19.70.29:8069/acreditaciones	2026-05-14 08:13:43.160402
1246	87	9	http://172.19.70.29:8069/acreditaciones?edit_translations=1	2026-05-14 08:13:45.932788
1247	87	9	http://172.19.70.29:8069/acreditaciones	2026-05-14 08:13:48.788578
1251	87	9	http://172.19.70.29:8069/acreditaciones	2026-05-14 08:13:59.911713
1252	87	9	http://172.19.70.29:8069/acreditaciones	2026-05-14 08:14:00.782625
1253	87	9	http://172.19.70.29:8069/acreditaciones	2026-05-14 08:14:01.190932
1254	87	9	http://172.19.70.29:8069/acreditaciones	2026-05-14 08:14:01.57637
1255	87	9	http://172.19.70.29:8069/acreditaciones	2026-05-14 08:14:01.871851
1256	87	9	http://172.19.70.29:8069/acreditaciones	2026-05-14 08:14:02.335729
1259	2	11	http://172.19.70.29:8069/revision-y-reparacion	2026-05-14 08:14:10.950739
1260	2	11	http://172.19.70.29:8069/revision-y-reparacion	2026-05-14 08:14:32.838174
1261	2	13	http://172.19.70.29:8069/noticias	2026-05-14 08:14:36.360723
1262	1	6	http://172.19.70.29:8069/catalogo	2026-05-14 08:14:43.385387
1263	2	13	http://172.19.70.29:8069/noticias	2026-05-14 08:15:19.330125
1264	2	12	http://172.19.70.29:8069/contactus	2026-05-14 08:15:21.881744
1265	1	6	http://172.19.70.29:8069/catalogo?edit_translations=1	2026-05-14 08:15:25.47342
1266	87	9	http://172.19.70.29:8069/acreditaciones	2026-05-14 08:15:26.591319
1267	87	9	http://172.19.70.29:8069/acreditaciones	2026-05-14 08:15:36.420813
1268	87	9	http://172.19.70.29:8069/acreditaciones	2026-05-14 08:15:40.069961
1269	2	12	http://172.19.70.29:8069/contactus	2026-05-14 08:15:54.005897
1272	2	6	http://172.19.70.29:8069/catalogo	2026-05-14 08:16:16.744606
1273	2	7	http://172.19.70.29:8069/conocenos	2026-05-14 08:16:19.357714
1274	2	9	http://172.19.70.29:8069/acreditaciones	2026-05-14 08:16:22.213413
1276	2	11	http://172.19.70.29:8069/revision-y-reparacion	2026-05-14 08:16:27.633651
1278	2	12	http://172.19.70.29:8069/contactus	2026-05-14 08:16:34.734508
1279	2	6	http://172.19.70.29:8069/catalogo	2026-05-14 08:16:38.122923
1284	87	9	http://172.19.70.29:8069/acreditaciones	2026-05-14 08:16:49.576382
1286	2	9	http://172.19.70.29:8069/acreditaciones	2026-05-14 08:16:57.009195
1289	87	9	http://172.19.70.29:8069/acreditaciones?edit_translations=1	2026-05-14 08:17:19.014708
1291	87	9	http://172.19.70.29:8069/acreditaciones?edit_translations=1	2026-05-14 08:17:54.897109
1292	2	4	http://172.19.70.29:8069/	2026-05-14 08:17:59.015525
1293	2	4	http://172.19.70.29:8069/	2026-05-14 08:18:07.719588
1294	87	9	http://172.19.70.29:8069/acreditaciones	2026-05-14 08:18:14.022629
1295	87	9	http://172.19.70.29:8069/acreditaciones?edit_translations=1	2026-05-14 08:18:16.820048
1296	2	4	http://172.19.70.29:8069/?edit_translations=1	2026-05-14 08:18:20.234938
1298	2	6	http://172.19.70.29:8069/catalogo	2026-05-14 08:18:48.994498
1299	87	9	http://172.19.70.29:8069/acreditaciones	2026-05-14 08:19:20.553476
1300	2	4	http://172.19.70.29:8069/	2026-05-14 08:19:23.787618
1301	2	4	http://172.19.70.29:8069/?edit_translations=1	2026-05-14 08:19:28.858957
1304	479	4	http://172.19.70.29:8069/	2026-05-14 08:19:54.417155
1307	87	9	http://172.19.70.29:8069/acreditaciones?edit_translations=1	2026-05-14 08:20:13.12416
1308	87	9	http://172.19.70.29:8069/acreditaciones	2026-05-14 08:20:36.049339
1312	479	6	http://172.19.70.29:8069/catalogo	2026-05-14 08:21:19.700923
1313	479	4	http://172.19.70.29:8069/	2026-05-14 08:21:31.94681
1314	479	4	http://172.19.70.29:8069/	2026-05-14 08:21:39.401324
1635	479	13	http://172.19.70.29:8069/noticias	2026-05-14 08:52:02.456779
1636	1	16	http://172.19.70.29:8069/politica-de-privacidad	2026-05-14 08:52:03.245659
1637	1	16	http://172.19.70.29:8069/politica-de-privacidad	2026-05-14 08:52:05.205241
1639	1	16	http://172.19.70.29:8069/politica-de-privacidad	2026-05-14 08:52:09.63481
1640	479	13	http://172.19.70.29:8069/noticias	2026-05-14 08:52:10.752442
1642	1	4	http://172.19.70.29:8069/	2026-05-14 08:52:15.625515
1643	1532	12	http://172.19.70.29:8069/contactus	2026-05-14 08:52:17.501518
1644	1532	12	http://172.19.70.29:8069/contactus	2026-05-14 08:52:20.373419
1645	1532	12	http://172.19.70.29:8069/contactus	2026-05-14 08:52:21.149966
1646	1532	12	http://172.19.70.29:8069/contactus	2026-05-14 08:52:28.234362
1647	1	4	http://172.19.70.29:8069/	2026-05-14 08:52:28.54679
1648	1	16	http://172.19.70.29:8069/politica-de-privacidad	2026-05-14 08:52:33.815627
1649	1	16	http://172.19.70.29:8069/politica-de-privacidad	2026-05-14 08:52:34.964302
1650	1	16	http://172.19.70.29:8069/politica-de-privacidad	2026-05-14 08:52:36.694696
1652	1	16	http://172.19.70.29:8069/politica-de-privacidad	2026-05-14 08:52:40.592934
1653	1	16	http://172.19.70.29:8069/politica-de-privacidad	2026-05-14 08:52:46.36833
1654	1	16	http://172.19.70.29:8069/politica-de-privacidad	2026-05-14 08:52:47.507128
1655	87	4	http://172.19.70.29:8069/	2026-05-14 08:52:50.717669
1656	1	16	http://172.19.70.29:8069/politica-de-privacidad	2026-05-14 08:52:52.191264
1657	1	16	http://172.19.70.29:8069/politica-de-privacidad	2026-05-14 08:52:53.330682
1658	1	16	http://172.19.70.29:8069/politica-de-privacidad	2026-05-14 08:52:56.782614
1659	1	16	http://172.19.70.29:8069/politica-de-privacidad	2026-05-14 08:52:57.926315
1660	1	16	http://172.19.70.29:8069/politica-de-privacidad	2026-05-14 08:52:59.99174
1661	87	4	http://172.19.70.29:8069/	2026-05-14 08:53:00.620203
1662	1	16	http://172.19.70.29:8069/politica-de-privacidad	2026-05-14 08:53:01.156385
1663	1	16	http://172.19.70.29:8069/politica-de-privacidad	2026-05-14 08:53:03.206934
103	87	4	http://172.19.70.29:8069/	2026-05-12 10:24:16.835748
114	39	4	http://172.19.70.29:8069/	2026-05-12 10:32:37.053249
115	115	4	http://172.19.70.29:8069/	2026-05-12 10:32:39.385556
116	87	4	http://172.19.70.29:8069/	2026-05-12 10:33:43.825499
117	87	13	http://172.19.70.29:8069/noticias	2026-05-12 10:33:48.318451
118	87	9	http://172.19.70.29:8069/acreditaciones	2026-05-12 10:33:51.714278
119	87	6	http://172.19.70.29:8069/catalogo	2026-05-12 10:33:59.160983
120	87	7	http://172.19.70.29:8069/conocenos	2026-05-12 10:34:00.944392
121	87	6	http://172.19.70.29:8069/catalogo	2026-05-12 10:34:03.607843
122	1	6	http://172.19.70.29:8069/catalogo	2026-05-12 10:34:52.557769
123	1	4	http://172.19.70.29:8069/	2026-05-12 10:34:59.712927
124	1	6	http://172.19.70.29:8069/catalogo	2026-05-12 10:35:02.305976
125	1	6	http://172.19.70.29:8069/catalogo	2026-05-12 10:35:08.315288
126	1	6	http://172.19.70.29:8069/catalogo	2026-05-12 10:35:12.673147
127	1	6	http://172.19.70.29:8069/catalogo	2026-05-12 10:35:14.167013
128	1	6	http://172.19.70.29:8069/catalogo	2026-05-12 10:35:14.2301
129	129	4	http://172.19.70.29:8069/	2026-05-12 10:35:34.203263
130	1	6	http://172.19.70.29:8069/catalogo	2026-05-12 10:35:35.872828
131	1	6	http://172.19.70.29:8069/catalogo	2026-05-12 10:35:36.965704
132	1	6	http://172.19.70.29:8069/catalogo	2026-05-12 10:35:37.035877
133	129	6	http://172.19.70.29:8069/catalogo	2026-05-12 10:35:39.595194
134	129	9	http://172.19.70.29:8069/acreditaciones	2026-05-12 10:35:46.667071
135	1	6	http://172.19.70.29:8069/catalogo	2026-05-12 10:35:47.248648
136	1	6	http://172.19.70.29:8069/catalogo	2026-05-12 10:35:50.333907
137	1	6	http://172.19.70.29:8069/catalogo	2026-05-12 10:35:51.51231
138	1	6	http://172.19.70.29:8069/catalogo	2026-05-12 10:35:53.031235
139	1	6	http://172.19.70.29:8069/catalogo	2026-05-12 10:35:53.812706
140	129	4	http://172.19.70.29:8069/	2026-05-12 10:35:54.360382
141	129	4	http://172.19.70.29:8069/	2026-05-12 10:35:56.985835
142	1	6	http://172.19.70.29:8069/catalogo	2026-05-12 10:36:03.368393
143	1	6	http://172.19.70.29:8069/catalogo	2026-05-12 10:36:36.279173
144	1	6	http://172.19.70.29:8069/catalogo	2026-05-12 10:36:38.695591
145	1	6	http://172.19.70.29:8069/catalogo	2026-05-12 10:36:42.056196
146	1	6	http://172.19.70.29:8069/catalogo	2026-05-12 10:36:46.229943
147	1	6	http://172.19.70.29:8069/catalogo	2026-05-12 10:37:00.586415
148	87	9	http://172.19.70.29:8069/acreditaciones	2026-05-12 10:38:06.746888
149	87	9	http://172.19.70.29:8069/acreditaciones	2026-05-12 10:38:49.667461
150	87	6	http://172.19.70.29:8069/catalogo	2026-05-12 10:38:52.672633
151	87	6	http://172.19.70.29:8069/catalogo	2026-05-12 10:38:56.542441
152	87	4	http://172.19.70.29:8069/	2026-05-12 10:38:59.097282
153	87	9	http://172.19.70.29:8069/acreditaciones	2026-05-12 10:39:12.024158
154	1	6	http://172.19.70.29:8069/catalogo	2026-05-12 10:39:48.892096
155	155	4	http://172.19.70.29:8069/	2026-05-12 10:39:57.792447
156	1	4	http://172.19.70.29:8069/	2026-05-12 10:39:58.965727
157	155	6	http://172.19.70.29:8069/catalogo	2026-05-12 10:40:02.058765
158	155	7	http://172.19.70.29:8069/conocenos	2026-05-12 10:40:17.246295
159	155	9	http://172.19.70.29:8069/acreditaciones	2026-05-12 10:40:22.400515
160	155	10	http://172.19.70.29:8069/ensayos-y-diagnosis	2026-05-12 10:40:27.968282
161	155	11	http://172.19.70.29:8069/revision-y-reparacion	2026-05-12 10:40:31.692296
162	155	13	http://172.19.70.29:8069/noticias	2026-05-12 10:40:33.366392
163	87	9	http://172.19.70.29:8069/acreditaciones	2026-05-12 10:41:06.468466
164	87	9	http://172.19.70.29:8069/acreditaciones	2026-05-12 10:42:00.42795
165	87	9	http://172.19.70.29:8069/acreditaciones	2026-05-12 10:42:02.499381
166	87	9	http://172.19.70.29:8069/acreditaciones	2026-05-12 10:42:06.685324
167	87	9	http://172.19.70.29:8069/acreditaciones	2026-05-12 10:42:12.983874
168	87	9	http://172.19.70.29:8069/acreditaciones	2026-05-12 10:42:13.073165
169	87	9	http://172.19.70.29:8069/acreditaciones	2026-05-12 10:42:13.129564
170	87	9	http://172.19.70.29:8069/acreditaciones	2026-05-12 10:42:17.03389
171	87	9	http://172.19.70.29:8069/acreditaciones	2026-05-12 10:42:18.083005
172	87	9	http://172.19.70.29:8069/acreditaciones	2026-05-12 10:42:18.142488
173	87	9	http://172.19.70.29:8069/acreditaciones	2026-05-12 10:42:34.058351
174	87	9	http://172.19.70.29:8069/acreditaciones	2026-05-12 10:42:47.507309
175	87	9	http://172.19.70.29:8069/acreditaciones	2026-05-12 10:42:52.182133
176	155	4	http://172.19.70.29:8069/	2026-05-12 10:43:21.740779
177	155	12	http://172.19.70.29:8069/contactus	2026-05-12 10:43:27.513507
178	87	9	http://172.19.70.29:8069/acreditaciones	2026-05-12 10:44:43.307807
179	87	9	http://172.19.70.29:8069/acreditaciones	2026-05-12 10:44:47.168639
180	87	9	http://172.19.70.29:8069/acreditaciones	2026-05-12 10:45:29.939306
181	1	4	http://172.19.70.29:8069/	2026-05-12 10:46:02.826971
182	87	13	http://172.19.70.29:8069/noticias	2026-05-12 10:47:52.291729
183	87	9	http://172.19.70.29:8069/acreditaciones	2026-05-12 10:48:05.572203
184	1	6	http://172.19.70.29:8069/catalogo	2026-05-12 10:48:37.215716
185	1	4	http://172.19.70.29:8069/	2026-05-12 10:48:38.630602
186	1	4	http://172.19.70.29:8069/	2026-05-12 10:48:47.804945
187	2	4	http://172.19.70.29:8069/	2026-05-12 10:48:48.549935
188	1	4	http://172.19.70.29:8069/	2026-05-12 10:48:51.392451
189	87	9	http://172.19.70.29:8069/acreditaciones	2026-05-12 10:49:10.192306
190	87	9	http://172.19.70.29:8069/acreditaciones	2026-05-12 10:49:13.62604
191	87	9	http://172.19.70.29:8069/acreditaciones	2026-05-12 10:49:15.880779
192	87	9	http://172.19.70.29:8069/acreditaciones	2026-05-12 10:49:16.712514
193	87	9	http://172.19.70.29:8069/acreditaciones	2026-05-12 10:49:28.868379
194	87	9	http://172.19.70.29:8069/acreditaciones	2026-05-12 10:49:31.369745
195	87	9	http://172.19.70.29:8069/acreditaciones	2026-05-12 10:49:36.264982
196	87	9	http://172.19.70.29:8069/acreditaciones	2026-05-12 10:49:39.448768
197	87	9	http://172.19.70.29:8069/acreditaciones	2026-05-12 10:49:52.248824
198	87	9	http://172.19.70.29:8069/acreditaciones	2026-05-12 10:49:53.734403
199	87	9	http://172.19.70.29:8069/acreditaciones	2026-05-12 10:49:54.718458
200	87	9	http://172.19.70.29:8069/acreditaciones	2026-05-12 10:49:56.53952
201	87	9	http://172.19.70.29:8069/acreditaciones	2026-05-12 10:50:08.352091
202	87	9	http://172.19.70.29:8069/acreditaciones	2026-05-12 10:50:19.305727
203	87	9	http://172.19.70.29:8069/acreditaciones	2026-05-12 10:50:20.709001
204	87	9	http://172.19.70.29:8069/acreditaciones	2026-05-12 10:50:21.245624
205	87	9	http://172.19.70.29:8069/acreditaciones	2026-05-12 10:50:29.880535
206	87	9	http://172.19.70.29:8069/acreditaciones	2026-05-12 10:50:55.506123
207	87	9	http://172.19.70.29:8069/acreditaciones	2026-05-12 10:50:57.96927
208	87	10	http://172.19.70.29:8069/ensayos-y-diagnosis	2026-05-12 10:51:03.774487
209	87	11	http://172.19.70.29:8069/revision-y-reparacion	2026-05-12 10:51:08.001913
210	87	9	http://172.19.70.29:8069/acreditaciones	2026-05-12 10:51:13.734736
211	87	4	http://172.19.70.29:8069/	2026-05-12 10:51:35.825761
213	87	9	http://172.19.70.29:8069/acreditaciones	2026-05-12 10:52:24.496837
214	87	9	http://172.19.70.29:8069/acreditaciones	2026-05-12 10:52:41.312528
215	1	4	http://172.19.70.29:8069/	2026-05-12 10:52:44.240717
216	87	9	http://172.19.70.29:8069/acreditaciones	2026-05-12 10:53:00.895536
217	87	9	http://172.19.70.29:8069/acreditaciones	2026-05-12 10:53:02.895596
218	1	4	http://172.19.70.29:8069/	2026-05-12 10:53:46.277763
219	1	4	http://172.19.70.29:8069/	2026-05-12 10:54:11.770791
220	87	9	http://172.19.70.29:8069/acreditaciones	2026-05-12 10:54:37.623866
221	87	9	http://172.19.70.29:8069/acreditaciones	2026-05-12 10:54:52.848372
222	87	9	http://172.19.70.29:8069/acreditaciones	2026-05-12 10:54:58.370252
223	87	9	http://172.19.70.29:8069/acreditaciones	2026-05-12 10:55:03.01466
224	87	9	http://172.19.70.29:8069/acreditaciones	2026-05-12 10:56:11.388246
226	1	4	http://172.19.70.29:8069/	2026-05-12 10:58:35.811978
227	87	9	http://172.19.70.29:8069/acreditaciones	2026-05-12 10:59:19.447406
228	87	9	http://172.19.70.29:8069/acreditaciones	2026-05-12 10:59:33.009827
230	87	9	http://172.19.70.29:8069/acreditaciones	2026-05-12 10:59:48.550868
231	87	9	http://172.19.70.29:8069/acreditaciones	2026-05-12 11:00:12.108486
232	87	9	http://172.19.70.29:8069/acreditaciones	2026-05-12 11:00:17.849096
233	87	4	http://172.19.70.29:8069/	2026-05-12 11:00:27.617657
234	87	9	http://172.19.70.29:8069/acreditaciones	2026-05-12 11:00:31.547418
236	87	9	http://172.19.70.29:8069/acreditaciones	2026-05-12 11:01:41.9621
238	1	4	http://172.19.70.29:8069/	2026-05-12 11:02:31.491378
239	1	11	http://172.19.70.29:8069/revision-y-reparacion	2026-05-12 11:02:58.985696
240	1	10	http://172.19.70.29:8069/ensayos-y-diagnosis	2026-05-12 11:03:01.648872
241	1	9	http://172.19.70.29:8069/acreditaciones	2026-05-12 11:03:03.969203
242	1	9	http://172.19.70.29:8069/acreditaciones	2026-05-12 11:03:05.896625
243	1	4	http://172.19.70.29:8069/	2026-05-12 11:03:56.945536
245	1	9	http://172.19.70.29:8069/acreditaciones	2026-05-12 11:04:02.555266
1237	2	9	http://172.19.70.29:8069/acreditaciones	2026-05-14 08:13:02.388684
1248	87	9	http://172.19.70.29:8069/acreditaciones	2026-05-14 08:13:50.909111
1249	87	9	http://172.19.70.29:8069/acreditaciones	2026-05-14 08:13:53.246446
1250	1	4	http://172.19.70.29:8069/	2026-05-14 08:13:56.033859
1258	2	10	http://172.19.70.29:8069/ensayos-y-diagnosis	2026-05-14 08:14:08.214034
1270	87	9	http://172.19.70.29:8069/acreditaciones?edit_translations=1	2026-05-14 08:16:05.230087
1271	2	4	http://172.19.70.29:8069/	2026-05-14 08:16:10.655237
1277	2	13	http://172.19.70.29:8069/noticias	2026-05-14 08:16:29.548332
1282	87	9	http://172.19.70.29:8069/acreditaciones?edit_translations=1	2026-05-14 08:16:42.554054
1283	2	15	http://172.19.70.29:8069/avisos-legales	2026-05-14 08:16:43.427049
1285	87	9	http://172.19.70.29:8069/acreditaciones?edit_translations=1	2026-05-14 08:16:51.682181
1287	2	4	http://172.19.70.29:8069/	2026-05-14 08:16:58.858117
1290	87	9	http://172.19.70.29:8069/acreditaciones	2026-05-14 08:17:48.371644
1302	87	9	http://172.19.70.29:8069/acreditaciones?edit_translations=1	2026-05-14 08:19:42.463579
1305	87	9	http://172.19.70.29:8069/acreditaciones?edit_translations=1	2026-05-14 08:19:56.83509
1306	87	9	http://172.19.70.29:8069/acreditaciones	2026-05-14 08:20:08.967464
1309	1	6	http://172.19.70.29:8069/catalogo?edit_translations=1	2026-05-14 08:20:42.52583
1310	479	13	http://172.19.70.29:8069/noticias	2026-05-14 08:21:13.631619
1315	87	9	http://172.19.70.29:8069/acreditaciones?edit_translations=1	2026-05-14 08:21:39.913329
1664	1	16	http://172.19.70.29:8069/politica-de-privacidad	2026-05-14 08:53:04.346897
1666	1	16	http://172.19.70.29:8069/politica-de-privacidad	2026-05-14 08:53:06.735133
1669	1	16	http://172.19.70.29:8069/politica-de-privacidad	2026-05-14 08:53:08.473816
1671	1	16	http://172.19.70.29:8069/politica-de-privacidad	2026-05-14 08:53:09.350791
1672	87	6	http://172.19.70.29:8069/catalogo	2026-05-14 08:53:11.138631
1673	1	16	http://172.19.70.29:8069/politica-de-privacidad	2026-05-14 08:53:12.50311
1674	1	16	http://172.19.70.29:8069/politica-de-privacidad	2026-05-14 08:53:13.635079
1675	87	6	http://172.19.70.29:8069/catalogo	2026-05-14 08:53:13.847739
1677	87	6	http://172.19.70.29:8069/catalogo	2026-05-14 08:53:16.084811
1679	87	9	http://172.19.70.29:8069/acreditaciones	2026-05-14 08:53:18.516977
1680	2	11	http://172.19.70.29:8069/revision-y-reparacion?edit_translations=1	2026-05-14 08:53:18.587182
1682	87	9	http://172.19.70.29:8069/acreditaciones	2026-05-14 08:53:24.794461
1683	1	16	http://172.19.70.29:8069/politica-de-privacidad	2026-05-14 08:53:26.768953
1686	87	10	http://172.19.70.29:8069/ensayos-y-diagnosis	2026-05-14 08:53:30.425751
1687	87	10	http://172.19.70.29:8069/ensayos-y-diagnosis	2026-05-14 08:53:30.898879
1688	87	10	http://172.19.70.29:8069/ensayos-y-diagnosis	2026-05-14 08:53:32.348342
1689	87	10	http://172.19.70.29:8069/ensayos-y-diagnosis	2026-05-14 08:53:33.466155
1690	87	10	http://172.19.70.29:8069/ensayos-y-diagnosis	2026-05-14 08:53:33.841532
1692	87	10	http://172.19.70.29:8069/ensayos-y-diagnosis	2026-05-14 08:53:40.905032
1694	1	4	http://172.19.70.29:8069/	2026-05-14 08:53:43.13672
1695	1	18	http://172.19.70.29:8069/politica-de-cookies	2026-05-14 08:53:45.706
1696	87	11	http://172.19.70.29:8069/revision-y-reparacion	2026-05-14 08:53:46.229158
1697	87	11	http://172.19.70.29:8069/revision-y-reparacion	2026-05-14 08:53:46.863775
1698	87	11	http://172.19.70.29:8069/revision-y-reparacion	2026-05-14 08:53:47.83215
1699	87	13	http://172.19.70.29:8069/noticias	2026-05-14 08:53:51.508454
1701	1	4	http://172.19.70.29:8069/	2026-05-14 08:54:00.760835
1703	87	12	http://172.19.70.29:8069/contactus	2026-05-14 08:54:04.941464
1705	87	12	http://172.19.70.29:8069/contactus	2026-05-14 08:54:06.068991
1706	87	12	http://172.19.70.29:8069/contactus	2026-05-14 08:54:06.615713
1707	1	4	http://172.19.70.29:8069/	2026-05-14 08:54:11.508088
1708	87	9	http://172.19.70.29:8069/acreditaciones	2026-05-14 08:54:15.805918
1709	87	9	http://172.19.70.29:8069/acreditaciones	2026-05-14 08:54:16.62072
1710	1	18	http://172.19.70.29:8069/politica-de-cookies	2026-05-14 08:54:21.797961
1711	1	18	http://172.19.70.29:8069/politica-de-cookies	2026-05-14 08:54:22.95138
1933	1	4	http://172.19.70.29:8069/?edit_translations=1	2026-05-14 09:08:43.285291
1934	479	15	http://172.19.70.29:8069/avisos-legales	2026-05-14 09:08:44.989465
212	87	10	http://172.19.70.29:8069/ensayos-y-diagnosis	2026-05-12 10:51:45.835457
225	87	9	http://172.19.70.29:8069/acreditaciones	2026-05-12 10:56:28.832772
229	87	9	http://172.19.70.29:8069/acreditaciones	2026-05-12 10:59:44.714345
235	87	9	http://172.19.70.29:8069/acreditaciones	2026-05-12 11:00:49.159868
237	87	9	http://172.19.70.29:8069/acreditaciones	2026-05-12 11:02:08.284203
1242	2	10	http://172.19.70.29:8069/ensayos-y-diagnosis	2026-05-14 08:13:34.15461
1667	1	16	http://172.19.70.29:8069/politica-de-privacidad	2026-05-14 08:53:07.878817
1935	1	16	http://172.19.70.29:8069/politica-de-privacidad	2026-05-14 09:08:50.841236
1936	1	16	http://172.19.70.29:8069/politica-de-privacidad	2026-05-14 09:08:51.819957
2022	2	10	http://172.19.70.29:8069/ensayos-y-diagnosis	2026-05-14 10:12:10.917923
2023	2	10	http://172.19.70.29:8069/ensayos-y-diagnosis?edit_translations=1	2026-05-14 10:12:33.163907
2030	1	11	http://172.19.70.29:8069/revision-y-reparacion	2026-05-14 10:26:16.012309
2036	1	12	http://172.19.70.29:8069/contactus	2026-05-14 10:27:33.099367
2054	2	13	http://172.19.70.29:8069/noticias	2026-05-14 10:29:03.384231
2056	1	12	http://172.19.70.29:8069/contactus	2026-05-14 10:29:12.059847
2057	1	12	http://172.19.70.29:8069/contactus	2026-05-14 10:29:16.444818
2064	1	16	http://172.19.70.29:8069/politica-de-privacidad	2026-05-14 10:29:48.469005
2065	87	15	http://172.19.70.29:8069/avisos-legales	2026-05-14 10:29:48.829043
2069	1	16	http://172.19.70.29:8069/politica-de-privacidad	2026-05-14 10:30:05.547041
2070	1	16	http://172.19.70.29:8069/politica-de-privacidad	2026-05-14 10:30:06.585928
2092	2	13	http://172.19.70.29:8069/noticias	2026-05-14 10:31:54.380156
2093	2	13	http://172.19.70.29:8069/noticias	2026-05-14 10:32:05.039346
2094	87	15	http://172.19.70.29:8069/avisos-legales	2026-05-14 10:32:08.088886
2097	2	13	http://172.19.70.29:8069/noticias	2026-05-14 10:32:19.695228
2103	87	15	http://172.19.70.29:8069/avisos-legales?edit_translations=1	2026-05-14 10:32:29.784769
2110	2	19	http://172.19.70.29:8069/feliz-ano	2026-05-14 10:33:42.174897
2122	1	16	http://172.19.70.29:8069/politica-de-privacidad	2026-05-14 10:34:24.3668
2123	2	17	http://172.19.70.29:8069/celebrating-excellence-stamford-i-avk-authorised-dealer-excellence-awards-2025	2026-05-14 10:34:50.258934
2132	1532	4	http://172.19.70.29:8069/	2026-05-14 10:35:34.886869
2135	1	16	http://172.19.70.29:8069/politica-de-privacidad	2026-05-14 10:36:16.522185
2137	1	16	http://172.19.70.29:8069/politica-de-privacidad	2026-05-14 10:36:21.757366
2140	1	16	http://172.19.70.29:8069/politica-de-privacidad	2026-05-14 10:36:53.044393
2145	1	16	http://172.19.70.29:8069/politica-de-privacidad	2026-05-14 10:37:51.494743
2158	2	13	http://172.19.70.29:8069/noticias	2026-05-14 10:39:27.922558
2163	1	16	http://172.19.70.29:8069/politica-de-privacidad	2026-05-14 10:39:41.752247
2168	1	16	http://172.19.70.29:8069/politica-de-privacidad	2026-05-14 10:39:56.228391
2172	2	4	http://172.19.70.29:8069/	2026-05-14 10:40:12.886015
2174	479	4	http://172.19.70.29:8069/	2026-05-14 10:40:19.169252
2187	1	12	http://172.19.70.29:8069/contactus	2026-05-14 10:41:04.042089
2202	87	15	http://172.19.70.29:8069/avisos-legales	2026-05-14 10:42:22.238413
2205	2	30	http://172.19.70.29:8069/sustitucion	2026-05-14 10:42:26.445749
2211	2	13	http://172.19.70.29:8069/noticias	2026-05-14 10:42:39.867357
2212	87	16	http://172.19.70.29:8069/politica-de-privacidad?edit_translations=1	2026-05-14 10:42:41.536814
2217	1	4	http://172.19.70.29:8069/	2026-05-14 10:43:02.128588
2221	1	18	http://172.19.70.29:8069/politica-de-cookies	2026-05-14 10:43:11.229312
2227	2	23	http://172.19.70.29:8069/tercer-ano-consecutivo?edit_translations=1	2026-05-14 10:43:39.851327
2229	1	22	http://172.19.70.29:8069/declaracion-de-accesibilidad	2026-05-14 10:43:44.261217
2236	1	12	http://172.19.70.29:8069/contactus	2026-05-14 10:44:35.668785
2237	2	13	http://172.19.70.29:8069/noticias	2026-05-14 10:44:44.803925
2238	1	12	http://172.19.70.29:8069/contactus	2026-05-14 10:44:44.931719
2243	1	12	http://172.19.70.29:8069/contactus?edit_translations=1	2026-05-14 10:44:56.987984
2248	1	4	http://172.19.70.29:8069/	2026-05-14 10:46:05.114999
2252	1	18	http://172.19.70.29:8069/politica-de-cookies	2026-05-14 10:46:23.547019
2253	1	16	http://172.19.70.29:8069/politica-de-privacidad	2026-05-14 10:46:24.12679
2254	1	16	http://172.19.70.29:8069/politica-de-privacidad	2026-05-14 10:46:25.13273
2266	2	23	http://172.19.70.29:8069/tercer-ano-consecutivo	2026-05-14 10:48:14.74564
2271	1	13	http://172.19.70.29:8069/noticias?edit_translations=1	2026-05-14 10:48:51.650865
2272	2	24	http://172.19.70.29:8069/nuevo-pack	2026-05-14 10:48:55.506994
2273	87	16	http://172.19.70.29:8069/politica-de-privacidad	2026-05-14 10:48:56.932427
2276	1	16	http://172.19.70.29:8069/politica-de-privacidad	2026-05-14 10:49:02.979115
2277	1	16	http://172.19.70.29:8069/politica-de-privacidad	2026-05-14 10:49:16.76752
2278	2	24	http://172.19.70.29:8069/nuevo-pack	2026-05-14 10:49:21.948058
2282	2	32	http://172.19.70.29:8069/curso	2026-05-14 10:49:35.089454
2308	2	12	http://172.19.70.29:8069/contactus	2026-05-14 10:52:54.134002
2309	2	12	http://172.19.70.29:8069/contactus	2026-05-14 10:52:57.744472
2312	2	13	http://172.19.70.29:8069/noticias	2026-05-14 10:53:27.040154
2316	2	24	http://172.19.70.29:8069/nuevo-pack	2026-05-14 10:53:41.347368
2318	2	32	http://172.19.70.29:8069/curso	2026-05-14 10:54:10.505972
2332	87	4	http://172.19.70.29:8069/	2026-05-14 11:02:40.20993
2338	2	32	http://172.19.70.29:8069/curso	2026-05-14 11:03:14.857664
2339	2	4	http://172.19.70.29:8069/	2026-05-14 11:03:17.357699
2346	479	4	http://172.19.70.29:8069/	2026-05-14 11:04:53.092688
2347	2	32	http://172.19.70.29:8069/curso	2026-05-14 11:04:57.891863
2364	479	4	http://172.19.70.29:8069/	2026-05-14 11:05:45.010697
2366	1	13	http://172.19.70.29:8069/noticias	2026-05-14 11:06:44.72518
2368	1	6	http://172.19.70.29:8069/catalogo	2026-05-14 11:07:11.680114
2388	1	22	http://172.19.70.29:8069/declaracion-de-accesibilidad	2026-05-14 11:09:40.909734
2389	1	13	http://172.19.70.29:8069/noticias	2026-05-14 11:09:45.421648
2399	2	32	http://172.19.70.29:8069/curso	2026-05-14 11:10:46.979491
2402	479	4	http://172.19.70.29:8069/	2026-05-14 11:11:14.004782
2403	87	32	http://172.19.70.29:8069/curso	2026-05-14 11:11:14.644551
2405	479	16	http://172.19.70.29:8069/politica-de-privacidad	2026-05-14 11:11:25.69968
2409	1	10	http://172.19.70.29:8069/ensayos-y-diagnosis	2026-05-14 11:11:38.328462
2410	1532	4	http://172.19.70.29:8069/	2026-05-14 11:11:38.531878
2412	87	13	http://172.19.70.29:8069/noticias	2026-05-14 11:11:50.590445
2417	87	13	http://172.19.70.29:8069/noticias	2026-05-14 11:12:01.197304
2419	479	22	http://172.19.70.29:8069/declaracion-de-accesibilidad	2026-05-14 11:12:17.267713
2421	87	22	http://172.19.70.29:8069/declaracion-de-accesibilidad	2026-05-14 11:12:22.255252
244	1	4	http://172.19.70.29:8069/	2026-05-12 11:04:00.031171
246	1	9	http://172.19.70.29:8069/acreditaciones	2026-05-12 11:04:28.939643
247	1	9	http://172.19.70.29:8069/acreditaciones	2026-05-12 11:04:43.069103
248	1	9	http://172.19.70.29:8069/acreditaciones	2026-05-12 11:04:44.187622
249	1	4	http://172.19.70.29:8069/	2026-05-12 11:04:49.309521
250	1	9	http://172.19.70.29:8069/acreditaciones	2026-05-12 11:04:53.373667
251	1	9	http://172.19.70.29:8069/acreditaciones	2026-05-12 11:05:01.991785
252	1	4	http://172.19.70.29:8069/	2026-05-12 11:05:11.994717
253	1	12	http://172.19.70.29:8069/contactus	2026-05-12 11:05:17.572799
254	1	4	http://172.19.70.29:8069/	2026-05-12 11:05:20.380296
255	1	4	http://172.19.70.29:8069/	2026-05-12 11:05:28.483474
256	1	4	http://172.19.70.29:8069/	2026-05-12 11:05:45.340043
257	87	9	http://172.19.70.29:8069/acreditaciones	2026-05-12 11:09:18.774825
258	2	4	http://172.19.70.29:8069/	2026-05-12 11:10:26.620151
259	1	4	http://172.19.70.29:8069/	2026-05-12 11:11:10.40449
260	1	4	http://172.19.70.29:8069/	2026-05-12 11:11:12.957051
261	1	4	http://172.19.70.29:8069/	2026-05-12 11:11:16.520084
262	1	7	http://172.19.70.29:8069/conocenos	2026-05-12 11:11:20.847634
263	1	7	http://172.19.70.29:8069/conocenos	2026-05-12 11:11:24.919582
264	1	6	http://172.19.70.29:8069/catalogo	2026-05-12 11:11:26.545549
265	1	7	http://172.19.70.29:8069/conocenos	2026-05-12 11:11:30.057783
266	1	4	http://172.19.70.29:8069/	2026-05-12 11:11:36.76276
267	1	4	http://172.19.70.29:8069/	2026-05-12 11:11:37.816069
268	1	7	http://172.19.70.29:8069/conocenos	2026-05-12 11:11:55.423255
269	1	4	http://172.19.70.29:8069/	2026-05-12 11:11:57.306694
270	1	7	http://172.19.70.29:8069/conocenos	2026-05-12 11:11:59.517077
271	1	7	http://172.19.70.29:8069/conocenos	2026-05-12 11:12:16.442849
272	1	4	http://172.19.70.29:8069/	2026-05-12 11:12:32.714383
273	1	13	http://172.19.70.29:8069/noticias	2026-05-12 11:12:36.902548
274	2	4	http://172.19.70.29:8069/	2026-05-12 11:12:39.092456
275	1	7	http://172.19.70.29:8069/conocenos	2026-05-12 11:12:40.268371
276	1	13	http://172.19.70.29:8069/noticias	2026-05-12 11:12:42.681118
277	1	6	http://172.19.70.29:8069/catalogo	2026-05-12 11:12:45.190163
278	1	12	http://172.19.70.29:8069/contactus	2026-05-12 11:12:47.817745
279	1	6	http://172.19.70.29:8069/catalogo	2026-05-12 11:12:50.007587
280	1	4	http://172.19.70.29:8069/	2026-05-12 11:12:54.312568
281	1	12	http://172.19.70.29:8069/contactus	2026-05-12 11:13:01.545814
282	1	12	http://172.19.70.29:8069/contactus	2026-05-12 11:13:02.74843
283	1	13	http://172.19.70.29:8069/noticias	2026-05-12 11:13:12.531553
284	1	13	http://172.19.70.29:8069/noticias	2026-05-12 11:13:13.559428
285	1	7	http://172.19.70.29:8069/conocenos	2026-05-12 11:13:18.391527
286	1	7	http://172.19.70.29:8069/conocenos	2026-05-12 11:13:20.868475
287	1	7	http://172.19.70.29:8069/conocenos	2026-05-12 11:13:23.746413
288	1	4	http://172.19.70.29:8069/	2026-05-12 11:13:27.73695
289	1	4	http://172.19.70.29:8069/	2026-05-12 11:13:33.207858
290	1	4	http://172.19.70.29:8069/	2026-05-12 11:14:07.323218
291	1	6	http://172.19.70.29:8069/catalogo	2026-05-12 11:15:31.822174
292	1	7	http://172.19.70.29:8069/conocenos	2026-05-12 11:15:33.748711
293	1	4	http://172.19.70.29:8069/	2026-05-12 11:15:54.072911
294	1	7	http://172.19.70.29:8069/conocenos	2026-05-12 11:16:00.969204
295	2	6	http://172.19.70.29:8069/catalogo	2026-05-12 11:16:25.235867
296	2	4	http://172.19.70.29:8069/	2026-05-12 11:16:30.822166
297	2	6	http://172.19.70.29:8069/catalogo	2026-05-12 11:16:33.092752
298	2	7	http://172.19.70.29:8069/conocenos	2026-05-12 11:16:36.032817
299	2	9	http://172.19.70.29:8069/acreditaciones	2026-05-12 11:16:38.879869
300	2	10	http://172.19.70.29:8069/ensayos-y-diagnosis	2026-05-12 11:16:41.350395
301	2	6	http://172.19.70.29:8069/catalogo	2026-05-12 11:16:45.333361
302	2	4	http://172.19.70.29:8069/	2026-05-12 11:16:45.928048
303	39	4	http://172.19.70.29:8069/	2026-05-12 11:17:48.959694
304	1	7	http://172.19.70.29:8069/conocenos	2026-05-12 11:17:57.702156
305	1	10	http://172.19.70.29:8069/ensayos-y-diagnosis	2026-05-12 11:18:15.814546
306	39	10	http://172.19.70.29:8069/ensayos-y-diagnosis	2026-05-12 11:18:28.620092
307	39	7	http://172.19.70.29:8069/conocenos	2026-05-12 11:18:31.074352
308	39	13	http://172.19.70.29:8069/noticias	2026-05-12 11:18:36.578213
309	39	4	http://172.19.70.29:8069/	2026-05-12 11:18:59.066778
310	1	10	http://172.19.70.29:8069/ensayos-y-diagnosis	2026-05-12 11:19:08.201355
311	87	10	http://172.19.70.29:8069/ensayos-y-diagnosis	2026-05-12 11:19:11.168133
312	39	4	http://172.19.70.29:8069/	2026-05-12 11:19:15.288735
313	1	10	http://172.19.70.29:8069/ensayos-y-diagnosis	2026-05-12 11:20:09.423841
314	87	10	http://172.19.70.29:8069/ensayos-y-diagnosis	2026-05-12 11:21:27.185765
315	1	10	http://172.19.70.29:8069/ensayos-y-diagnosis	2026-05-12 11:24:11.987354
316	2	4	http://172.19.70.29:8069/	2026-05-12 11:24:23.485789
317	87	10	http://172.19.70.29:8069/ensayos-y-diagnosis	2026-05-12 11:24:29.019798
318	87	11	http://172.19.70.29:8069/revision-y-reparacion	2026-05-12 11:24:46.566742
319	87	11	http://172.19.70.29:8069/revision-y-reparacion	2026-05-12 11:24:50.586563
320	1	10	http://172.19.70.29:8069/ensayos-y-diagnosis	2026-05-12 11:25:14.657134
321	1	10	http://172.19.70.29:8069/ensayos-y-diagnosis	2026-05-12 11:25:21.685234
322	87	11	http://172.19.70.29:8069/revision-y-reparacion	2026-05-12 11:25:36.867052
323	1	10	http://172.19.70.29:8069/ensayos-y-diagnosis	2026-05-12 11:26:39.752237
324	1	10	http://172.19.70.29:8069/ensayos-y-diagnosis	2026-05-12 11:27:09.491811
325	1	10	http://172.19.70.29:8069/ensayos-y-diagnosis	2026-05-12 11:27:20.404753
326	1	13	http://172.19.70.29:8069/noticias	2026-05-12 11:27:35.817822
327	1	7	http://172.19.70.29:8069/conocenos	2026-05-12 11:27:36.895542
328	1	13	http://172.19.70.29:8069/noticias	2026-05-12 11:27:38.075103
329	87	11	http://172.19.70.29:8069/revision-y-reparacion	2026-05-12 11:29:06.917888
330	87	10	http://172.19.70.29:8069/ensayos-y-diagnosis	2026-05-12 11:29:10.683779
331	87	9	http://172.19.70.29:8069/acreditaciones	2026-05-12 11:29:15.436576
332	1	13	http://172.19.70.29:8069/noticias	2026-05-12 11:29:46.406713
333	1	13	http://172.19.70.29:8069/noticias	2026-05-12 11:30:09.535943
334	87	4	http://172.19.70.29:8069/	2026-05-12 11:30:25.547622
335	87	9	http://172.19.70.29:8069/acreditaciones	2026-05-12 11:30:36.093506
336	87	11	http://172.19.70.29:8069/revision-y-reparacion	2026-05-12 11:30:38.721533
337	87	6	http://172.19.70.29:8069/catalogo	2026-05-12 11:32:19.230332
338	87	11	http://172.19.70.29:8069/revision-y-reparacion	2026-05-12 11:32:22.726839
339	87	4	http://172.19.70.29:8069/	2026-05-12 11:32:24.138022
340	87	4	http://172.19.70.29:8069/	2026-05-12 11:32:24.856539
341	87	4	http://172.19.70.29:8069/	2026-05-12 11:32:25.174306
342	87	9	http://172.19.70.29:8069/acreditaciones	2026-05-12 11:32:36.938
343	87	9	http://172.19.70.29:8069/acreditaciones	2026-05-12 11:32:41.360648
344	87	4	http://172.19.70.29:8069/	2026-05-12 11:32:44.43325
346	87	4	http://172.19.70.29:8069/	2026-05-12 11:32:50.510065
347	87	4	http://172.19.70.29:8069/	2026-05-12 11:32:51.65536
348	87	4	http://172.19.70.29:8069/	2026-05-12 11:33:01.125499
349	87	9	http://172.19.70.29:8069/acreditaciones	2026-05-12 11:33:04.887956
351	87	7	http://172.19.70.29:8069/conocenos	2026-05-12 11:33:09.105416
352	87	11	http://172.19.70.29:8069/revision-y-reparacion	2026-05-12 11:34:25.880749
353	87	11	http://172.19.70.29:8069/revision-y-reparacion	2026-05-12 11:34:39.231352
354	87	7	http://172.19.70.29:8069/conocenos	2026-05-12 11:35:05.697453
355	87	13	http://172.19.70.29:8069/noticias	2026-05-12 11:35:06.365051
356	87	7	http://172.19.70.29:8069/conocenos	2026-05-12 11:35:08.231301
357	87	6	http://172.19.70.29:8069/catalogo	2026-05-12 11:35:09.444798
358	87	7	http://172.19.70.29:8069/conocenos	2026-05-12 11:35:12.037165
359	87	6	http://172.19.70.29:8069/catalogo	2026-05-12 11:35:13.733639
360	87	4	http://172.19.70.29:8069/	2026-05-12 11:35:14.278812
361	87	13	http://172.19.70.29:8069/noticias	2026-05-12 11:35:16.79068
362	2	4	http://172.19.70.29:8069/	2026-05-12 11:40:58.310865
363	1	13	http://172.19.70.29:8069/noticias	2026-05-12 11:41:40.620194
364	1	13	http://172.19.70.29:8069/noticias	2026-05-12 11:41:52.868513
365	1	13	http://172.19.70.29:8069/noticias	2026-05-12 11:42:27.088679
367	2	4	http://172.19.70.29:8069/	2026-05-12 11:47:15.420447
368	2	6	http://172.19.70.29:8069/catalogo	2026-05-12 11:47:17.147857
369	2	7	http://172.19.70.29:8069/conocenos	2026-05-12 11:47:19.906592
370	2	9	http://172.19.70.29:8069/acreditaciones	2026-05-12 11:47:33.955714
371	2	10	http://172.19.70.29:8069/ensayos-y-diagnosis	2026-05-12 11:47:35.660442
372	2	11	http://172.19.70.29:8069/revision-y-reparacion	2026-05-12 11:47:37.212986
373	2	13	http://172.19.70.29:8069/noticias	2026-05-12 11:47:38.721148
374	2	6	http://172.19.70.29:8069/catalogo	2026-05-12 11:47:39.91801
375	2	4	http://172.19.70.29:8069/	2026-05-12 11:47:40.641622
376	87	11	http://172.19.70.29:8069/revision-y-reparacion	2026-05-12 11:47:57.641354
377	2	4	http://172.19.70.29:8069/	2026-05-12 11:48:11.075319
378	87	13	http://172.19.70.29:8069/noticias	2026-05-12 11:49:12.376701
381	2	4	http://172.19.70.29:8069/	2026-05-12 11:49:47.354649
382	87	13	http://172.19.70.29:8069/noticias	2026-05-12 11:50:03.901672
1257	87	9	http://172.19.70.29:8069/acreditaciones	2026-05-14 08:14:07.697035
1275	2	10	http://172.19.70.29:8069/ensayos-y-diagnosis	2026-05-14 08:16:24.530736
1281	87	9	http://172.19.70.29:8069/acreditaciones	2026-05-14 08:16:40.441047
1297	1	6	http://172.19.70.29:8069/catalogo	2026-05-14 08:18:41.748855
1311	479	13	http://172.19.70.29:8069/noticias	2026-05-14 08:21:15.654285
1702	87	12	http://172.19.70.29:8069/contactus	2026-05-14 08:54:01.53415
1937	1	4	http://172.19.70.29:8069/	2026-05-14 09:09:07.475853
1938	1	4	http://172.19.70.29:8069/	2026-05-14 09:09:16.819118
1939	87	16	http://172.19.70.29:8069/politica-de-privacidad	2026-05-14 09:09:50.61102
1941	87	6	http://172.19.70.29:8069/catalogo	2026-05-14 09:09:57.328543
1942	87	15	http://172.19.70.29:8069/avisos-legales	2026-05-14 09:10:03.064414
1943	87	6	http://172.19.70.29:8069/catalogo	2026-05-14 09:10:07.563375
1944	87	6	http://172.19.70.29:8069/catalogo	2026-05-14 09:10:14.921842
1945	87	6	http://172.19.70.29:8069/catalogo	2026-05-14 09:10:16.377476
1946	87	7	http://172.19.70.29:8069/conocenos	2026-05-14 09:10:20.82467
1947	87	9	http://172.19.70.29:8069/acreditaciones	2026-05-14 09:10:23.367829
1948	87	10	http://172.19.70.29:8069/ensayos-y-diagnosis	2026-05-14 09:10:26.224856
1949	87	11	http://172.19.70.29:8069/revision-y-reparacion	2026-05-14 09:10:29.633062
1950	1532	13	http://172.19.70.29:8069/noticias	2026-05-14 09:10:31.850308
1951	87	10	http://172.19.70.29:8069/ensayos-y-diagnosis	2026-05-14 09:10:36.688471
1952	1532	26	http://172.19.70.29:8069/ganadores-del-premio	2026-05-14 09:10:39.905446
1954	87	7	http://172.19.70.29:8069/conocenos	2026-05-14 09:10:42.872357
1955	87	6	http://172.19.70.29:8069/catalogo	2026-05-14 09:10:45.83356
1956	87	13	http://172.19.70.29:8069/noticias	2026-05-14 09:10:48.281499
1957	1532	26	http://172.19.70.29:8069/ganadores-del-premio	2026-05-14 09:10:48.71453
1958	87	12	http://172.19.70.29:8069/contactus	2026-05-14 09:10:53.000986
1959	1	4	http://172.19.70.29:8069/	2026-05-14 09:10:59.904604
1960	1	18	http://172.19.70.29:8069/politica-de-cookies	2026-05-14 09:11:03.556315
1961	2	16	http://172.19.70.29:8069/politica-de-privacidad	2026-05-14 09:11:04.26386
1962	2	16	http://172.19.70.29:8069/politica-de-privacidad	2026-05-14 09:11:05.377966
1963	1	22	http://172.19.70.29:8069/declaracion-de-accesibilidad	2026-05-14 09:11:06.198319
1964	1	15	http://172.19.70.29:8069/avisos-legales	2026-05-14 09:11:11.254197
1967	1532	31	http://172.19.70.29:8069/ganador	2026-05-14 09:11:45.994271
1968	1532	31	http://172.19.70.29:8069/ganador	2026-05-14 09:12:02.738905
1969	479	4	http://172.19.70.29:8069/	2026-05-14 09:12:03.065045
1970	1532	31	http://172.19.70.29:8069/ganador	2026-05-14 09:12:12.931056
1971	2	6	http://172.19.70.29:8069/catalogo?edit_translations=1	2026-05-14 09:12:23.095667
1973	1	23	http://172.19.70.29:8069/tercer-ano-consecutivo	2026-05-14 09:12:43.388598
1974	1532	13	http://172.19.70.29:8069/noticias	2026-05-14 09:12:43.849339
1975	1	4	http://172.19.70.29:8069/	2026-05-14 09:12:47.242574
1976	1532	31	http://172.19.70.29:8069/ganador	2026-05-14 09:12:57.17653
1977	1532	31	http://172.19.70.29:8069/ganador	2026-05-14 09:12:58.346514
1978	1532	4	http://172.19.70.29:8069/	2026-05-14 09:13:05.646477
1979	1532	31	http://172.19.70.29:8069/ganador	2026-05-14 09:13:09.379002
1980	1532	13	http://172.19.70.29:8069/noticias	2026-05-14 09:13:12.429165
1981	1532	31	http://172.19.70.29:8069/ganador	2026-05-14 09:13:14.790877
1982	1532	13	http://172.19.70.29:8069/noticias	2026-05-14 09:13:36.065743
1983	1532	31	http://172.19.70.29:8069/ganador	2026-05-14 09:13:37.722832
1984	1532	13	http://172.19.70.29:8069/noticias	2026-05-14 09:13:40.363846
1986	1532	31	http://172.19.70.29:8069/ganador	2026-05-14 09:14:08.754297
1987	1	18	http://172.19.70.29:8069/politica-de-cookies	2026-05-14 09:14:16.78843
1988	2	6	http://172.19.70.29:8069/catalogo	2026-05-14 09:14:20.266084
1989	1	4	http://172.19.70.29:8069/	2026-05-14 09:14:22.679133
1990	2	6	http://172.19.70.29:8069/catalogo	2026-05-14 09:14:24.849864
1991	2	6	http://172.19.70.29:8069/catalogo?edit_translations=1	2026-05-14 09:14:30.728669
1995	87	12	http://172.19.70.29:8069/contactus	2026-05-14 09:16:53.019266
345	87	9	http://172.19.70.29:8069/acreditaciones	2026-05-12 11:32:46.677298
350	87	4	http://172.19.70.29:8069/	2026-05-12 11:33:06.417024
366	1	6	http://172.19.70.29:8069/catalogo	2026-05-12 11:42:31.390431
379	87	10	http://172.19.70.29:8069/ensayos-y-diagnosis	2026-05-12 11:49:20.181352
380	87	13	http://172.19.70.29:8069/noticias	2026-05-12 11:49:23.033538
383	87	4	http://172.19.70.29:8069/	2026-05-13 06:59:32.017974
384	87	13	http://172.19.70.29:8069/noticias	2026-05-13 07:00:38.403552
385	2	4	http://172.19.70.29:8069/	2026-05-13 07:00:48.320456
386	8	4	http://172.19.70.29:8069/	2026-05-13 07:01:49.035165
387	8	7	http://172.19.70.29:8069/conocenos	2026-05-13 07:02:06.193027
388	2	4	http://172.19.70.29:8069/	2026-05-13 07:02:07.690253
389	1	4	http://172.19.70.29:8069/	2026-05-13 07:02:49.448591
390	2	6	http://172.19.70.29:8069/catalogo	2026-05-13 07:02:52.976954
391	2	7	http://172.19.70.29:8069/conocenos	2026-05-13 07:03:14.468817
392	2	6	http://172.19.70.29:8069/catalogo	2026-05-13 07:03:42.917277
393	2	4	http://172.19.70.29:8069/	2026-05-13 07:03:44.727414
394	8	9	http://172.19.70.29:8069/acreditaciones	2026-05-13 07:03:47.0987
395	2	4	http://172.19.70.29:8069/	2026-05-13 07:03:55.054269
396	8	9	http://172.19.70.29:8069/acreditaciones	2026-05-13 07:04:33.878524
397	2	4	http://172.19.70.29:8069/	2026-05-13 07:04:37.809209
398	8	6	http://172.19.70.29:8069/catalogo	2026-05-13 07:04:40.184649
399	8	4	http://172.19.70.29:8069/	2026-05-13 07:04:42.39997
400	8	4	http://172.19.70.29:8069/	2026-05-13 07:04:50.511954
401	8	6	http://172.19.70.29:8069/catalogo	2026-05-13 07:04:51.382754
402	8	7	http://172.19.70.29:8069/conocenos	2026-05-13 07:04:54.449217
403	8	13	http://172.19.70.29:8069/noticias	2026-05-13 07:04:56.413271
404	87	13	http://172.19.70.29:8069/noticias	2026-05-13 07:04:57.78845
405	8	4	http://172.19.70.29:8069/	2026-05-13 07:04:58.245764
406	1	4	http://172.19.70.29:8069/	2026-05-13 07:05:46.247481
407	2	4	http://172.19.70.29:8069/	2026-05-13 07:14:32.258421
408	2	4	http://172.19.70.29:8069/	2026-05-13 07:15:02.751207
409	2	4	http://172.19.70.29:8069/	2026-05-13 07:16:41.01026
410	1	4	http://172.19.70.29:8069/	2026-05-13 07:17:22.532025
411	1	4	http://172.19.70.29:8069/	2026-05-13 07:17:31.047591
412	2	4	http://172.19.70.29:8069/	2026-05-13 07:18:28.444476
413	1	4	http://172.19.70.29:8069/	2026-05-13 07:18:44.46359
414	1	4	http://172.19.70.29:8069/	2026-05-13 07:18:57.015064
415	2	4	http://172.19.70.29:8069/	2026-05-13 07:19:01.983371
416	2	12	http://172.19.70.29:8069/contactus	2026-05-13 07:19:11.669856
417	2	12	http://172.19.70.29:8069/contactus	2026-05-13 07:19:12.874583
418	2	12	http://172.19.70.29:8069/contactus	2026-05-13 07:19:19.968299
419	2	12	http://172.19.70.29:8069/contactus	2026-05-13 07:19:21.15283
420	2	4	http://172.19.70.29:8069/	2026-05-13 07:19:42.691778
421	2	12	http://172.19.70.29:8069/contactus	2026-05-13 07:19:47.344851
422	2	12	http://172.19.70.29:8069/contactus	2026-05-13 07:19:48.510377
423	2	12	http://172.19.70.29:8069/contactus	2026-05-13 07:20:00.631466
424	2	12	http://172.19.70.29:8069/contactus	2026-05-13 07:20:01.924086
425	2	12	http://172.19.70.29:8069/contactus	2026-05-13 07:20:15.904964
426	2	12	http://172.19.70.29:8069/contactus	2026-05-13 07:20:17.078419
427	2	12	http://172.19.70.29:8069/contactus	2026-05-13 07:20:38.296313
428	2	12	http://172.19.70.29:8069/contactus	2026-05-13 07:20:39.490668
429	2	4	http://172.19.70.29:8069/	2026-05-13 07:20:41.190726
430	2	12	http://172.19.70.29:8069/contactus	2026-05-13 07:20:42.478944
431	2	4	http://172.19.70.29:8069/	2026-05-13 07:21:31.634414
432	1	14	http://172.19.70.29:8069/contacto	2026-05-13 07:22:04.503979
433	1	14	http://172.19.70.29:8069/contacto	2026-05-13 07:22:29.722308
434	1	12	http://172.19.70.29:8069/contactus	2026-05-13 07:22:31.173702
435	1	12	http://172.19.70.29:8069/contactus	2026-05-13 07:23:06.987042
436	8	4	http://172.19.70.29:8069/	2026-05-13 07:23:20.024394
437	1	14	http://172.19.70.29:8069/contacto	2026-05-13 07:23:36.794675
438	1	12	http://172.19.70.29:8069/contactus	2026-05-13 07:23:41.389429
439	1	12	http://172.19.70.29:8069/contactus	2026-05-13 07:23:42.565717
440	1	14	http://172.19.70.29:8069/contacto	2026-05-13 07:23:50.717881
441	2	4	http://172.19.70.29:8069/	2026-05-13 07:23:57.309145
442	2	12	http://172.19.70.29:8069/contactus	2026-05-13 07:24:01.803858
443	2	12	http://172.19.70.29:8069/contactus	2026-05-13 07:24:03.01268
444	1	14	http://172.19.70.29:8069/contacto	2026-05-13 07:24:06.818658
445	1	12	http://172.19.70.29:8069/contactus	2026-05-13 07:24:17.146771
446	2	4	http://172.19.70.29:8069/	2026-05-13 07:24:19.606079
447	447	4	http://172.19.70.29:8069/	2026-05-13 07:24:19.546202
448	1	12	http://172.19.70.29:8069/contactus	2026-05-13 07:24:27.732992
449	2	4	http://172.19.70.29:8069/	2026-05-13 07:24:30.261372
450	447	12	http://172.19.70.29:8069/contactus	2026-05-13 07:24:32.271771
451	1	12	http://172.19.70.29:8069/contactus	2026-05-13 07:24:37.834105
452	447	6	http://172.19.70.29:8069/catalogo	2026-05-13 07:24:43.393296
453	447	7	http://172.19.70.29:8069/conocenos	2026-05-13 07:24:52.334364
454	8	6	http://172.19.70.29:8069/catalogo	2026-05-13 07:24:53.220719
455	447	13	http://172.19.70.29:8069/noticias	2026-05-13 07:24:57.868917
456	2	4	http://172.19.70.29:8069/	2026-05-13 07:25:08.956234
457	2	4	http://172.19.70.29:8069/	2026-05-13 07:25:41.083412
458	2	4	http://172.19.70.29:8069/	2026-05-13 07:25:53.569836
459	2	4	http://172.19.70.29:8069/	2026-05-13 07:26:08.20528
460	2	4	http://172.19.70.29:8069/	2026-05-13 07:26:35.04566
461	1	12	http://172.19.70.29:8069/contactus	2026-05-13 07:26:42.361188
462	2	12	http://172.19.70.29:8069/contactus	2026-05-13 07:26:49.553263
463	2	12	http://172.19.70.29:8069/contactus	2026-05-13 07:26:50.720134
464	2	4	http://172.19.70.29:8069/	2026-05-13 07:26:53.41178
465	2	4	http://172.19.70.29:8069/	2026-05-13 07:26:57.193925
466	2	12	http://172.19.70.29:8069/contactus	2026-05-13 07:27:02.054575
467	2	12	http://172.19.70.29:8069/contactus	2026-05-13 07:27:03.270375
468	2	4	http://172.19.70.29:8069/	2026-05-13 07:27:19.589682
469	2	12	http://172.19.70.29:8069/contactus	2026-05-13 07:28:12.256396
470	2	12	http://172.19.70.29:8069/contactus	2026-05-13 07:28:13.443252
471	2	4	http://172.19.70.29:8069/	2026-05-13 07:28:25.356131
472	1	12	http://172.19.70.29:8069/contactus	2026-05-13 07:28:35.750406
473	1	12	http://172.19.70.29:8069/contactus	2026-05-13 07:28:37.103458
474	1	13	http://172.19.70.29:8069/noticias	2026-05-13 07:28:38.07847
475	1	12	http://172.19.70.29:8069/contactus	2026-05-13 07:28:38.862651
476	1	6	http://172.19.70.29:8069/catalogo	2026-05-13 07:28:41.478156
477	2	4	http://172.19.70.29:8069/	2026-05-13 07:29:34.145133
478	2	4	http://172.19.70.29:8069/	2026-05-13 07:29:42.961603
479	479	12	http://172.19.70.29:8069/contactus	2026-05-13 07:29:57.150902
481	2	4	http://172.19.70.29:8069/	2026-05-13 07:31:15.655736
482	2	4	http://172.19.70.29:8069/	2026-05-13 07:31:22.814448
483	1	4	http://172.19.70.29:8069/	2026-05-13 07:32:02.971281
484	2	4	http://172.19.70.29:8069/	2026-05-13 07:32:12.72538
485	2	7	http://172.19.70.29:8069/conocenos	2026-05-13 07:32:14.220361
486	1	4	http://172.19.70.29:8069/	2026-05-13 07:32:31.965711
487	2	6	http://172.19.70.29:8069/catalogo	2026-05-13 07:32:42.216773
488	2	7	http://172.19.70.29:8069/conocenos	2026-05-13 07:32:50.586506
489	2	4	http://172.19.70.29:8069/	2026-05-13 07:32:52.913141
490	1	4	http://172.19.70.29:8069/	2026-05-13 07:35:49.543109
491	87	4	http://172.19.70.29:8069/	2026-05-13 07:35:52.575181
492	87	13	http://172.19.70.29:8069/noticias	2026-05-13 07:35:56.406577
494	1	4	http://172.19.70.29:8069/	2026-05-13 07:36:14.407967
496	1	15	http://172.19.70.29:8069/avisos-legales	2026-05-13 07:38:00.320533
1280	2	4	http://172.19.70.29:8069/	2026-05-14 08:16:38.672019
1288	87	9	http://172.19.70.29:8069/acreditaciones	2026-05-14 08:17:15.5321
1712	1	18	http://172.19.70.29:8069/politica-de-cookies	2026-05-14 08:54:59.0529
1713	1	4	http://172.19.70.29:8069/	2026-05-14 08:55:02.60583
1717	1	18	http://172.19.70.29:8069/politica-de-cookies	2026-05-14 08:55:11.062698
1718	1	18	http://172.19.70.29:8069/politica-de-cookies	2026-05-14 08:55:15.429337
1719	1	16	http://172.19.70.29:8069/politica-de-privacidad	2026-05-14 08:55:17.188899
1720	1	16	http://172.19.70.29:8069/politica-de-privacidad	2026-05-14 08:55:18.262661
1721	1532	4	http://172.19.70.29:8069/	2026-05-14 08:55:18.696972
1723	1	18	http://172.19.70.29:8069/politica-de-cookies	2026-05-14 08:55:20.558976
1725	1	18	http://172.19.70.29:8069/politica-de-cookies	2026-05-14 08:55:25.593988
1729	2	11	http://172.19.70.29:8069/revision-y-reparacion	2026-05-14 08:55:56.52417
1730	2	13	http://172.19.70.29:8069/noticias	2026-05-14 08:56:00.51857
1731	2	13	http://172.19.70.29:8069/noticias?edit_translations=1	2026-05-14 08:56:03.834939
1734	1532	13	http://172.19.70.29:8069/noticias	2026-05-14 08:56:20.48965
1736	1532	13	http://172.19.70.29:8069/noticias	2026-05-14 08:56:23.284642
1738	1532	13	http://172.19.70.29:8069/noticias	2026-05-14 08:56:24.092283
1742	1532	13	http://172.19.70.29:8069/noticias	2026-05-14 08:56:33.218148
1754	1532	7	http://172.19.70.29:8069/conocenos	2026-05-14 08:57:30.460012
1755	1532	7	http://172.19.70.29:8069/conocenos	2026-05-14 08:57:30.803468
1756	1532	7	http://172.19.70.29:8069/conocenos	2026-05-14 08:57:33.316285
1758	1	18	http://172.19.70.29:8069/politica-de-cookies	2026-05-14 08:57:36.46277
1759	1	18	http://172.19.70.29:8069/politica-de-cookies	2026-05-14 08:57:37.522287
1760	1532	9	http://172.19.70.29:8069/acreditaciones	2026-05-14 08:57:38.474353
1762	1532	13	http://172.19.70.29:8069/noticias	2026-05-14 08:57:50.749484
1763	1532	9	http://172.19.70.29:8069/acreditaciones	2026-05-14 08:57:58.321764
1764	1	18	http://172.19.70.29:8069/politica-de-cookies	2026-05-14 08:57:58.682971
1765	1532	9	http://172.19.70.29:8069/acreditaciones	2026-05-14 08:57:59.334332
1766	1	18	http://172.19.70.29:8069/politica-de-cookies	2026-05-14 08:57:59.73702
1767	1	18	http://172.19.70.29:8069/politica-de-cookies	2026-05-14 08:57:59.860246
1768	1	18	http://172.19.70.29:8069/politica-de-cookies	2026-05-14 08:58:02.467096
1769	1	18	http://172.19.70.29:8069/politica-de-cookies	2026-05-14 08:58:03.616436
1773	1532	13	http://172.19.70.29:8069/noticias	2026-05-14 08:58:08.948285
1774	1	18	http://172.19.70.29:8069/politica-de-cookies	2026-05-14 08:58:33.77466
1775	1	18	http://172.19.70.29:8069/politica-de-cookies	2026-05-14 08:58:47.189517
1777	1532	6	http://172.19.70.29:8069/catalogo	2026-05-14 08:58:54.566652
1778	1532	6	http://172.19.70.29:8069/catalogo	2026-05-14 08:58:55.209317
1779	1532	6	http://172.19.70.29:8069/catalogo	2026-05-14 08:58:55.834857
1780	1532	6	http://172.19.70.29:8069/catalogo	2026-05-14 08:58:56.321877
1782	1532	6	http://172.19.70.29:8069/catalogo	2026-05-14 08:58:57.349554
1783	1	18	http://172.19.70.29:8069/politica-de-cookies	2026-05-14 08:58:57.666706
1785	1	18	http://172.19.70.29:8069/politica-de-cookies	2026-05-14 08:59:33.263017
1788	1532	7	http://172.19.70.29:8069/conocenos	2026-05-14 08:59:40.150811
1790	1532	7	http://172.19.70.29:8069/conocenos	2026-05-14 08:59:40.96196
1791	1532	7	http://172.19.70.29:8069/conocenos	2026-05-14 08:59:41.468121
1792	1532	7	http://172.19.70.29:8069/conocenos	2026-05-14 08:59:41.930778
1793	1532	7	http://172.19.70.29:8069/conocenos	2026-05-14 08:59:42.426204
1794	1532	7	http://172.19.70.29:8069/conocenos	2026-05-14 08:59:42.949279
1795	1532	7	http://172.19.70.29:8069/conocenos	2026-05-14 08:59:43.397027
1799	1	22	http://172.19.70.29:8069/declaracion-de-accesibilidad	2026-05-14 08:59:48.638377
1803	1532	9	http://172.19.70.29:8069/acreditaciones	2026-05-14 09:00:03.965246
1804	1532	9	http://172.19.70.29:8069/acreditaciones	2026-05-14 09:00:06.854897
1805	1532	9	http://172.19.70.29:8069/acreditaciones	2026-05-14 09:00:07.465416
1806	1532	9	http://172.19.70.29:8069/acreditaciones	2026-05-14 09:00:08.093142
1808	1	22	http://172.19.70.29:8069/declaracion-de-accesibilidad	2026-05-14 09:00:12.625484
1809	1	22	http://172.19.70.29:8069/declaracion-de-accesibilidad	2026-05-14 09:00:13.770673
1812	1532	10	http://172.19.70.29:8069/ensayos-y-diagnosis	2026-05-14 09:00:21.661842
1813	1532	10	http://172.19.70.29:8069/ensayos-y-diagnosis	2026-05-14 09:00:22.215898
1814	1	22	http://172.19.70.29:8069/declaracion-de-accesibilidad	2026-05-14 09:00:22.350808
1815	1532	10	http://172.19.70.29:8069/ensayos-y-diagnosis	2026-05-14 09:00:22.787686
1816	1532	10	http://172.19.70.29:8069/ensayos-y-diagnosis	2026-05-14 09:00:23.644587
1820	1	22	http://172.19.70.29:8069/declaracion-de-accesibilidad	2026-05-14 09:00:26.342734
1821	1	22	http://172.19.70.29:8069/declaracion-de-accesibilidad	2026-05-14 09:00:28.16943
1822	1	22	http://172.19.70.29:8069/declaracion-de-accesibilidad	2026-05-14 09:00:29.324283
1823	1532	10	http://172.19.70.29:8069/ensayos-y-diagnosis	2026-05-14 09:00:34.463314
1824	1532	10	http://172.19.70.29:8069/ensayos-y-diagnosis	2026-05-14 09:00:35.116791
1825	1532	10	http://172.19.70.29:8069/ensayos-y-diagnosis	2026-05-14 09:00:43.938758
1826	1532	10	http://172.19.70.29:8069/ensayos-y-diagnosis	2026-05-14 09:00:44.530953
1829	1	22	http://172.19.70.29:8069/declaracion-de-accesibilidad	2026-05-14 09:01:24.88679
1831	479	13	http://172.19.70.29:8069/noticias?edit_translations=1	2026-05-14 09:01:32.432614
1832	1	4	http://172.19.70.29:8069/	2026-05-14 09:01:32.982743
1834	479	13	http://172.19.70.29:8069/noticias	2026-05-14 09:02:04.574387
1838	2	12	http://172.19.70.29:8069/contactus	2026-05-14 09:02:27.307781
480	1	4	http://172.19.70.29:8069/	2026-05-13 07:30:40.0192
1303	87	9	http://172.19.70.29:8069/acreditaciones	2026-05-14 08:19:51.999666
1714	1	18	http://172.19.70.29:8069/politica-de-cookies	2026-05-14 08:55:04.695804
1722	1	18	http://172.19.70.29:8069/politica-de-cookies	2026-05-14 08:55:19.488833
1761	1532	13	http://172.19.70.29:8069/noticias	2026-05-14 08:57:43.614672
1771	1532	13	http://172.19.70.29:8069/noticias	2026-05-14 08:58:08.293418
1802	479	13	http://172.19.70.29:8069/noticias	2026-05-14 09:00:02.370682
1828	479	13	http://172.19.70.29:8069/noticias	2026-05-14 09:01:00.988374
1841	2	4	http://172.19.70.29:8069/	2026-05-14 09:02:31.976629
1918	1	4	http://172.19.70.29:8069/	2026-05-14 09:08:03.808451
1923	1	4	http://172.19.70.29:8069/	2026-05-14 09:08:24.933117
1925	1532	31	http://172.19.70.29:8069/ganador	2026-05-14 09:08:26.508779
1929	479	13	http://172.19.70.29:8069/noticias	2026-05-14 09:08:36.658552
1940	87	16	http://172.19.70.29:8069/politica-de-privacidad	2026-05-14 09:09:52.680414
2004	479	18	http://172.19.70.29:8069/politica-de-cookies?edit_translations=1	2026-05-14 09:17:47.971451
2013	2	9	http://172.19.70.29:8069/acreditaciones	2026-05-14 09:18:06.464085
2028	1	9	http://172.19.70.29:8069/acreditaciones	2026-05-14 10:26:00.695878
2159	1	16	http://172.19.70.29:8069/politica-de-privacidad	2026-05-14 10:39:27.965741
2161	2	31	http://172.19.70.29:8069/ganador	2026-05-14 10:39:33.595396
2191	2	13	http://172.19.70.29:8069/noticias	2026-05-14 10:41:45.563064
2206	87	6	http://172.19.70.29:8069/catalogo	2026-05-14 10:42:26.470763
2213	2	19	http://172.19.70.29:8069/feliz-ano	2026-05-14 10:42:42.949526
2222	2	23	http://172.19.70.29:8069/tercer-ano-consecutivo	2026-05-14 10:43:11.351394
2245	2	21	http://172.19.70.29:8069/we-are-pleased-to-announce-our-annual	2026-05-14 10:45:03.405392
2365	1	6	http://172.19.70.29:8069/catalogo	2026-05-14 11:06:43.603303
2367	1	13	http://172.19.70.29:8069/noticias	2026-05-14 11:07:08.066836
2369	479	4	http://172.19.70.29:8069/	2026-05-14 11:07:19.35302
2370	479	13	http://172.19.70.29:8069/noticias	2026-05-14 11:07:23.731521
2371	479	13	http://172.19.70.29:8069/noticias	2026-05-14 11:07:36.362193
2372	479	13	http://172.19.70.29:8069/noticias	2026-05-14 11:07:37.835873
2373	479	13	http://172.19.70.29:8069/noticias	2026-05-14 11:07:38.890361
2374	479	13	http://172.19.70.29:8069/noticias	2026-05-14 11:07:39.59446
2375	479	13	http://172.19.70.29:8069/noticias	2026-05-14 11:07:41.477533
2376	1	6	http://172.19.70.29:8069/catalogo	2026-05-14 11:07:50.358488
2377	479	13	http://172.19.70.29:8069/noticias	2026-05-14 11:07:54.283654
2378	479	13	http://172.19.70.29:8069/noticias	2026-05-14 11:07:55.561932
2379	1	7	http://172.19.70.29:8069/conocenos	2026-05-14 11:07:55.756662
2380	479	13	http://172.19.70.29:8069/noticias	2026-05-14 11:08:09.842284
2381	1	7	http://172.19.70.29:8069/conocenos	2026-05-14 11:08:11.133912
2382	1	9	http://172.19.70.29:8069/acreditaciones	2026-05-14 11:08:13.759584
2383	479	13	http://172.19.70.29:8069/noticias	2026-05-14 11:08:16.77173
2384	479	4	http://172.19.70.29:8069/	2026-05-14 11:08:28.687745
2385	479	13	http://172.19.70.29:8069/noticias	2026-05-14 11:08:34.78938
2386	1	9	http://172.19.70.29:8069/acreditaciones	2026-05-14 11:09:32.069425
2387	1	13	http://172.19.70.29:8069/noticias	2026-05-14 11:09:34.679472
2390	1	4	http://172.19.70.29:8069/	2026-05-14 11:09:52.170686
2391	1	13	http://172.19.70.29:8069/noticias	2026-05-14 11:09:55.573893
2392	1	22	http://172.19.70.29:8069/declaracion-de-accesibilidad	2026-05-14 11:09:58.038117
2393	2	32	http://172.19.70.29:8069/curso	2026-05-14 11:10:02.684035
2394	2	13	http://172.19.70.29:8069/noticias	2026-05-14 11:10:06.216661
2395	1	9	http://172.19.70.29:8069/acreditaciones	2026-05-14 11:10:08.902723
2396	1	9	http://172.19.70.29:8069/acreditaciones	2026-05-14 11:10:14.073734
2397	2	32	http://172.19.70.29:8069/curso	2026-05-14 11:10:18.11949
2398	2	32	http://172.19.70.29:8069/curso	2026-05-14 11:10:25.836757
2400	87	4	http://172.19.70.29:8069/	2026-05-14 11:11:03.438197
2404	479	13	http://172.19.70.29:8069/noticias	2026-05-14 11:11:16.805054
2406	479	13	http://172.19.70.29:8069/noticias	2026-05-14 11:11:34.514475
2407	1	9	http://172.19.70.29:8069/acreditaciones	2026-05-14 11:11:35.715858
2408	479	13	http://172.19.70.29:8069/noticias	2026-05-14 11:11:36.22729
2411	479	22	http://172.19.70.29:8069/declaracion-de-accesibilidad	2026-05-14 11:11:46.44732
2413	479	22	http://172.19.70.29:8069/declaracion-de-accesibilidad	2026-05-14 11:11:51.163825
2414	479	22	http://172.19.70.29:8069/declaracion-de-accesibilidad	2026-05-14 11:11:52.389335
2415	479	22	http://172.19.70.29:8069/declaracion-de-accesibilidad	2026-05-14 11:11:53.730903
2416	1	10	http://172.19.70.29:8069/ensayos-y-diagnosis	2026-05-14 11:11:55.214751
2422	479	22	http://172.19.70.29:8069/declaracion-de-accesibilidad	2026-05-14 11:12:24.074463
2423	87	22	http://172.19.70.29:8069/declaracion-de-accesibilidad	2026-05-14 11:12:24.272513
2424	479	22	http://172.19.70.29:8069/declaracion-de-accesibilidad	2026-05-14 11:12:25.756228
2425	2	13	http://172.19.70.29:8069/noticias	2026-05-14 11:12:26.105533
2426	479	22	http://172.19.70.29:8069/declaracion-de-accesibilidad	2026-05-14 11:12:26.856735
2427	479	22	http://172.19.70.29:8069/declaracion-de-accesibilidad	2026-05-14 11:12:27.91649
2428	1	11	http://172.19.70.29:8069/revision-y-reparacion	2026-05-14 11:12:28.499024
2429	479	22	http://172.19.70.29:8069/declaracion-de-accesibilidad	2026-05-14 11:12:30.109121
2430	1532	13	http://172.19.70.29:8069/noticias	2026-05-14 11:12:39.891454
2431	1532	13	http://172.19.70.29:8069/noticias	2026-05-14 11:12:41.733022
2432	1532	13	http://172.19.70.29:8069/noticias	2026-05-14 11:12:44.033842
2433	1	11	http://172.19.70.29:8069/revision-y-reparacion	2026-05-14 11:12:56.473419
2434	1	22	http://172.19.70.29:8069/declaracion-de-accesibilidad	2026-05-14 11:12:58.138648
2435	1	13	http://172.19.70.29:8069/noticias	2026-05-14 11:13:02.827329
2436	2	13	http://172.19.70.29:8069/noticias	2026-05-14 11:13:05.159888
2438	479	22	http://172.19.70.29:8069/declaracion-de-accesibilidad	2026-05-14 11:13:13.109444
2439	479	22	http://172.19.70.29:8069/declaracion-de-accesibilidad	2026-05-14 11:13:15.294283
2440	479	22	http://172.19.70.29:8069/declaracion-de-accesibilidad	2026-05-14 11:13:16.899463
2441	1	12	http://172.19.70.29:8069/contactus	2026-05-14 11:13:20.653184
2442	1	6	http://172.19.70.29:8069/catalogo	2026-05-14 11:13:22.027365
2443	1	6	http://172.19.70.29:8069/catalogo	2026-05-14 11:13:28.584381
2444	1	7	http://172.19.70.29:8069/conocenos	2026-05-14 11:13:30.139949
2445	1	7	http://172.19.70.29:8069/conocenos	2026-05-14 11:13:36.550831
2446	1	4	http://172.19.70.29:8069/	2026-05-14 11:13:38.978232
2447	479	22	http://172.19.70.29:8069/declaracion-de-accesibilidad	2026-05-14 11:13:39.575373
2448	1	4	http://172.19.70.29:8069/	2026-05-14 11:13:46.958636
493	87	13	http://172.19.70.29:8069/noticias	2026-05-13 07:36:05.003515
495	1	15	http://172.19.70.29:8069/avisos-legales	2026-05-13 07:37:28.84889
497	1	4	http://172.19.70.29:8069/	2026-05-13 07:40:11.395224
498	1	15	http://172.19.70.29:8069/avisos-legales	2026-05-13 07:40:20.558084
499	1	15	http://172.19.70.29:8069/avisos-legales	2026-05-13 07:40:26.99746
500	1	15	http://172.19.70.29:8069/avisos-legales	2026-05-13 07:40:35.940755
501	1	15	http://172.19.70.29:8069/avisos-legales	2026-05-13 07:40:37.489217
502	87	13	http://172.19.70.29:8069/noticias	2026-05-13 07:41:46.849419
503	87	13	http://172.19.70.29:8069/noticias	2026-05-13 07:41:50.509564
504	87	13	http://172.19.70.29:8069/noticias	2026-05-13 07:41:56.044863
505	1	15	http://172.19.70.29:8069/avisos-legales	2026-05-13 07:43:53.871832
506	1	15	http://172.19.70.29:8069/avisos-legales	2026-05-13 07:47:34.185481
507	2	4	http://172.19.70.29:8069/	2026-05-13 07:47:40.665586
508	1	4	http://172.19.70.29:8069/	2026-05-13 07:47:58.687585
509	1	16	http://172.19.70.29:8069/politica-de-privacidad	2026-05-13 07:48:21.182374
510	87	13	http://172.19.70.29:8069/noticias	2026-05-13 07:49:36.056881
511	87	13	http://172.19.70.29:8069/noticias	2026-05-13 07:50:07.442652
512	2	4	http://172.19.70.29:8069/	2026-05-13 07:51:48.224249
513	87	13	http://172.19.70.29:8069/noticias	2026-05-13 07:52:29.032695
514	1	16	http://172.19.70.29:8069/politica-de-privacidad	2026-05-13 07:53:55.402319
515	1	16	http://172.19.70.29:8069/politica-de-privacidad	2026-05-13 07:56:07.373491
516	479	12	http://172.19.70.29:8069/contactus	2026-05-13 07:56:12.654186
517	479	12	http://172.19.70.29:8069/contactus	2026-05-13 07:56:13.393268
518	479	12	http://172.19.70.29:8069/contactus	2026-05-13 07:56:14.125904
519	87	13	http://172.19.70.29:8069/noticias	2026-05-13 07:57:21.070835
520	87	4	http://172.19.70.29:8069/	2026-05-13 07:57:31.725401
521	87	17	http://172.19.70.29:8069/celebrating-excellence-stamford-i-avk-authorised-dealer-excellence-awards-2025	2026-05-13 07:57:48.729378
522	87	12	http://172.19.70.29:8069/contactus	2026-05-13 07:57:54.428929
523	87	13	http://172.19.70.29:8069/noticias	2026-05-13 07:57:56.002432
524	87	17	http://172.19.70.29:8069/celebrating-excellence-stamford-i-avk-authorised-dealer-excellence-awards-2025	2026-05-13 07:57:58.803781
525	87	12	http://172.19.70.29:8069/contactus	2026-05-13 07:57:59.770791
526	87	13	http://172.19.70.29:8069/noticias	2026-05-13 07:58:00.280116
527	87	13	http://172.19.70.29:8069/noticias	2026-05-13 07:58:16.370367
528	87	13	http://172.19.70.29:8069/noticias	2026-05-13 07:58:24.457912
529	87	4	http://172.19.70.29:8069/	2026-05-13 07:58:41.833513
530	87	4	http://172.19.70.29:8069/	2026-05-13 07:58:51.171661
531	479	12	http://172.19.70.29:8069/contactus	2026-05-13 07:58:54.052877
532	87	17	http://172.19.70.29:8069/celebrating-excellence-stamford-i-avk-authorised-dealer-excellence-awards-2025	2026-05-13 07:58:54.892502
533	87	13	http://172.19.70.29:8069/noticias	2026-05-13 07:58:56.715446
534	87	17	http://172.19.70.29:8069/celebrating-excellence-stamford-i-avk-authorised-dealer-excellence-awards-2025	2026-05-13 07:58:58.509026
535	479	6	http://172.19.70.29:8069/catalogo	2026-05-13 07:59:01.940522
536	479	6	http://172.19.70.29:8069/catalogo	2026-05-13 07:59:02.806276
537	479	6	http://172.19.70.29:8069/catalogo	2026-05-13 07:59:03.109713
538	479	7	http://172.19.70.29:8069/conocenos	2026-05-13 07:59:07.300212
539	479	13	http://172.19.70.29:8069/noticias	2026-05-13 07:59:12.985595
540	479	13	http://172.19.70.29:8069/noticias	2026-05-13 07:59:19.775222
541	479	13	http://172.19.70.29:8069/noticias	2026-05-13 07:59:26.471247
542	479	17	http://172.19.70.29:8069/celebrating-excellence-stamford-i-avk-authorised-dealer-excellence-awards-2025	2026-05-13 07:59:31.843955
543	479	4	http://172.19.70.29:8069/	2026-05-13 07:59:55.086214
544	479	4	http://172.19.70.29:8069/	2026-05-13 08:00:11.363709
545	479	13	http://172.19.70.29:8069/noticias	2026-05-13 08:00:14.18412
546	479	13	http://172.19.70.29:8069/noticias	2026-05-13 08:00:30.906804
547	479	4	http://172.19.70.29:8069/	2026-05-13 08:00:31.525518
548	479	4	http://172.19.70.29:8069/	2026-05-13 08:00:32.521132
549	479	4	http://172.19.70.29:8069/	2026-05-13 08:00:37.568242
550	479	4	http://172.19.70.29:8069/	2026-05-13 08:00:37.630112
551	87	13	http://172.19.70.29:8069/noticias	2026-05-13 08:01:18.516358
552	479	13	http://172.19.70.29:8069/noticias	2026-05-13 08:01:18.980935
553	479	4	http://172.19.70.29:8069/	2026-05-13 08:01:24.153944
554	479	13	http://172.19.70.29:8069/noticias	2026-05-13 08:01:26.884593
555	1	16	http://172.19.70.29:8069/politica-de-privacidad	2026-05-13 08:01:36.857337
556	479	4	http://172.19.70.29:8069/	2026-05-13 08:01:41.341508
557	1	4	http://172.19.70.29:8069/	2026-05-13 08:01:43.838354
558	479	13	http://172.19.70.29:8069/noticias	2026-05-13 08:01:45.494444
559	479	4	http://172.19.70.29:8069/	2026-05-13 08:01:50.776024
560	479	13	http://172.19.70.29:8069/noticias	2026-05-13 08:01:55.097126
561	1	18	http://172.19.70.29:8069/politica-de-cookies	2026-05-13 08:02:01.294008
562	479	4	http://172.19.70.29:8069/	2026-05-13 08:02:06.341819
563	479	19	http://172.19.70.29:8069/feliz-ano	2026-05-13 08:02:37.314002
564	1	18	http://172.19.70.29:8069/politica-de-cookies	2026-05-13 08:02:43.027144
565	87	13	http://172.19.70.29:8069/noticias	2026-05-13 08:03:03.517959
566	87	9	http://172.19.70.29:8069/acreditaciones	2026-05-13 08:03:07.121471
567	87	9	http://172.19.70.29:8069/acreditaciones	2026-05-13 08:04:28.73884
568	479	19	http://172.19.70.29:8069/feliz-ano	2026-05-13 08:05:01.317092
569	479	13	http://172.19.70.29:8069/noticias	2026-05-13 08:05:07.087194
570	479	13	http://172.19.70.29:8069/noticias	2026-05-13 08:05:21.216991
571	1	18	http://172.19.70.29:8069/politica-de-cookies	2026-05-13 08:05:29.721869
572	479	13	http://172.19.70.29:8069/noticias	2026-05-13 08:05:36.268242
573	479	4	http://172.19.70.29:8069/	2026-05-13 08:05:38.318125
574	479	4	http://172.19.70.29:8069/	2026-05-13 08:05:39.317613
575	479	4	http://172.19.70.29:8069/	2026-05-13 08:05:43.489124
576	479	19	http://172.19.70.29:8069/feliz-ano	2026-05-13 08:05:48.361101
577	479	13	http://172.19.70.29:8069/noticias	2026-05-13 08:05:49.619632
578	479	19	http://172.19.70.29:8069/feliz-ano	2026-05-13 08:05:52.331034
579	479	4	http://172.19.70.29:8069/	2026-05-13 08:06:12.938881
580	479	4	http://172.19.70.29:8069/	2026-05-13 08:06:23.558741
581	479	13	http://172.19.70.29:8069/noticias	2026-05-13 08:06:28.247717
582	87	9	http://172.19.70.29:8069/acreditaciones	2026-05-13 08:06:38.510279
583	87	13	http://172.19.70.29:8069/noticias	2026-05-13 08:06:41.849614
584	87	13	http://172.19.70.29:8069/noticias	2026-05-13 08:06:48.232407
585	479	13	http://172.19.70.29:8069/noticias	2026-05-13 08:06:53.922987
586	479	4	http://172.19.70.29:8069/	2026-05-13 08:07:01.146265
587	479	20	http://172.19.70.29:8069/unete-a-nuestro-equipo	2026-05-13 08:07:26.643188
588	479	20	http://172.19.70.29:8069/unete-a-nuestro-equipo	2026-05-13 08:07:30.04755
589	479	4	http://172.19.70.29:8069/	2026-05-13 08:07:35.076994
590	479	13	http://172.19.70.29:8069/noticias	2026-05-13 08:07:38.231585
595	479	13	http://172.19.70.29:8069/noticias	2026-05-13 08:08:27.272657
596	479	20	http://172.19.70.29:8069/unete-a-nuestro-equipo	2026-05-13 08:08:41.262131
597	479	13	http://172.19.70.29:8069/noticias	2026-05-13 08:08:43.09204
598	1	18	http://172.19.70.29:8069/politica-de-cookies	2026-05-13 08:09:04.479491
600	479	4	http://172.19.70.29:8069/	2026-05-13 08:09:12.000177
602	479	21	http://172.19.70.29:8069/we-are-pleased-to-announce-our-annual	2026-05-13 08:09:30.687059
1316	479	4	http://172.19.70.29:8069/?edit_translations=1	2026-05-14 08:21:56.352022
1317	2	4	http://172.19.70.29:8069/	2026-05-14 08:22:04.063198
1318	479	4	http://172.19.70.29:8069/	2026-05-14 08:22:40.387652
1319	87	9	http://172.19.70.29:8069/acreditaciones	2026-05-14 08:22:44.387619
1320	479	10	http://172.19.70.29:8069/ensayos-y-diagnosis	2026-05-14 08:22:57.033538
1321	2	4	http://172.19.70.29:8069/?edit_translations=1	2026-05-14 08:23:21.267071
1325	479	10	http://172.19.70.29:8069/ensayos-y-diagnosis	2026-05-14 08:24:17.69775
1328	87	13	http://172.19.70.29:8069/noticias	2026-05-14 08:24:44.612594
1329	87	13	http://172.19.70.29:8069/noticias?edit_translations=1	2026-05-14 08:24:46.707019
1330	87	13	http://172.19.70.29:8069/noticias	2026-05-14 08:24:52.092228
1333	479	10	http://172.19.70.29:8069/ensayos-y-diagnosis	2026-05-14 08:25:12.353648
1335	1	6	http://172.19.70.29:8069/catalogo	2026-05-14 08:25:19.639366
1337	2	6	http://172.19.70.29:8069/catalogo	2026-05-14 08:25:22.814037
1338	2	6	http://172.19.70.29:8069/catalogo?edit_translations=1	2026-05-14 08:25:25.463259
1339	479	10	http://172.19.70.29:8069/ensayos-y-diagnosis	2026-05-14 08:25:43.279256
1340	1	7	http://172.19.70.29:8069/conocenos	2026-05-14 08:26:03.912366
1341	1	7	http://172.19.70.29:8069/conocenos?edit_translations=1	2026-05-14 08:26:21.71897
1342	87	11	http://172.19.70.29:8069/revision-y-reparacion	2026-05-14 08:26:31.837723
1343	479	10	http://172.19.70.29:8069/ensayos-y-diagnosis	2026-05-14 08:26:37.501446
1344	479	10	http://172.19.70.29:8069/ensayos-y-diagnosis	2026-05-14 08:26:57.003145
1345	479	11	http://172.19.70.29:8069/revision-y-reparacion	2026-05-14 08:27:18.719808
1346	479	11	http://172.19.70.29:8069/revision-y-reparacion	2026-05-14 08:27:42.357757
1347	2	6	http://172.19.70.29:8069/catalogo	2026-05-14 08:27:54.641844
1348	479	11	http://172.19.70.29:8069/revision-y-reparacion	2026-05-14 08:28:02.278228
1350	479	13	http://172.19.70.29:8069/noticias	2026-05-14 08:28:15.709201
1352	479	13	http://172.19.70.29:8069/noticias	2026-05-14 08:28:25.613234
1353	479	13	http://172.19.70.29:8069/noticias	2026-05-14 08:29:28.373391
1354	479	32	http://172.19.70.29:8069/curso	2026-05-14 08:29:51.937736
1355	479	32	http://172.19.70.29:8069/curso	2026-05-14 08:29:53.002461
1356	2	6	http://172.19.70.29:8069/catalogo	2026-05-14 08:30:02.70256
1357	479	13	http://172.19.70.29:8069/noticias	2026-05-14 08:30:03.593119
1358	2	6	http://172.19.70.29:8069/catalogo	2026-05-14 08:30:07.100118
1359	2	6	http://172.19.70.29:8069/catalogo	2026-05-14 08:30:13.212869
1360	1	7	http://172.19.70.29:8069/conocenos	2026-05-14 08:30:17.696141
1361	1	9	http://172.19.70.29:8069/acreditaciones	2026-05-14 08:30:24.699192
1362	479	13	http://172.19.70.29:8069/noticias	2026-05-14 08:30:26.51058
1363	2	6	http://172.19.70.29:8069/catalogo	2026-05-14 08:31:00.715842
1364	2	6	http://172.19.70.29:8069/catalogo	2026-05-14 08:31:06.82787
1365	2	6	http://172.19.70.29:8069/catalogo	2026-05-14 08:31:08.61991
1366	2	6	http://172.19.70.29:8069/catalogo?edit_translations=1	2026-05-14 08:31:13.255618
1368	2	7	http://172.19.70.29:8069/conocenos	2026-05-14 08:31:25.878302
1369	2	6	http://172.19.70.29:8069/catalogo	2026-05-14 08:31:33.731088
1372	87	9	http://172.19.70.29:8069/acreditaciones	2026-05-14 08:32:16.315952
1373	87	13	http://172.19.70.29:8069/noticias	2026-05-14 08:32:22.753153
1376	2	7	http://172.19.70.29:8069/conocenos?edit_translations=1	2026-05-14 08:32:31.495928
1379	87	6	http://172.19.70.29:8069/catalogo	2026-05-14 08:32:55.566127
1380	87	7	http://172.19.70.29:8069/conocenos	2026-05-14 08:32:57.803498
1384	479	13	http://172.19.70.29:8069/noticias	2026-05-14 08:33:23.855777
1385	1	9	http://172.19.70.29:8069/acreditaciones	2026-05-14 08:34:16.948143
1386	1	4	http://172.19.70.29:8069/	2026-05-14 08:34:21.342368
1387	479	13	http://172.19.70.29:8069/noticias	2026-05-14 08:34:39.903676
1388	1	4	http://172.19.70.29:8069/	2026-05-14 08:34:46.650529
1389	87	9	http://172.19.70.29:8069/acreditaciones	2026-05-14 08:35:19.804664
1390	87	10	http://172.19.70.29:8069/ensayos-y-diagnosis	2026-05-14 08:35:22.011343
1391	87	9	http://172.19.70.29:8069/acreditaciones	2026-05-14 08:35:24.818589
1392	87	9	http://172.19.70.29:8069/acreditaciones?edit_translations=1	2026-05-14 08:35:33.921306
1393	479	13	http://172.19.70.29:8069/noticias	2026-05-14 08:35:43.755453
1395	2	7	http://172.19.70.29:8069/conocenos?edit_translations=1	2026-05-14 08:35:54.068288
1397	479	13	http://172.19.70.29:8069/noticias	2026-05-14 08:36:43.511017
1399	2	7	http://172.19.70.29:8069/conocenos?edit_translations=1	2026-05-14 08:37:27.866236
1400	2	7	http://172.19.70.29:8069/conocenos	2026-05-14 08:37:34.497386
1401	2	7	http://172.19.70.29:8069/conocenos?edit_translations=1	2026-05-14 08:37:40.497638
1403	2	7	http://172.19.70.29:8069/conocenos	2026-05-14 08:39:06.580817
1404	2	6	http://172.19.70.29:8069/catalogo	2026-05-14 08:39:08.518953
1405	479	13	http://172.19.70.29:8069/noticias	2026-05-14 08:39:10.548292
1406	2	4	http://172.19.70.29:8069/	2026-05-14 08:39:12.112577
1407	479	13	http://172.19.70.29:8069/noticias	2026-05-14 08:39:20.881014
1408	2	4	http://172.19.70.29:8069/?edit_translations=1	2026-05-14 08:39:22.320549
1409	479	13	http://172.19.70.29:8069/noticias	2026-05-14 08:39:27.974861
1411	87	12	http://172.19.70.29:8069/contactus	2026-05-14 08:39:29.500625
1413	479	13	http://172.19.70.29:8069/noticias	2026-05-14 08:39:53.860991
1414	479	13	http://172.19.70.29:8069/noticias	2026-05-14 08:40:00.706503
1415	87	6	http://172.19.70.29:8069/catalogo	2026-05-14 08:40:01.319109
1416	479	13	http://172.19.70.29:8069/noticias	2026-05-14 08:40:02.206418
1417	87	4	http://172.19.70.29:8069/	2026-05-14 08:40:03.500094
1418	87	17	http://172.19.70.29:8069/celebrating-excellence-stamford-i-avk-authorised-dealer-excellence-awards-2025	2026-05-14 08:40:08.222373
1419	479	13	http://172.19.70.29:8069/noticias	2026-05-14 08:40:21.442885
1420	87	11	http://172.19.70.29:8069/revision-y-reparacion?edit_translations=1	2026-05-14 08:40:45.520808
1422	87	4	http://172.19.70.29:8069/	2026-05-14 08:40:52.177923
1424	2	4	http://172.19.70.29:8069/	2026-05-14 08:40:58.043447
591	87	13	http://172.19.70.29:8069/noticias	2026-05-13 08:07:48.410853
592	479	13	http://172.19.70.29:8069/noticias	2026-05-13 08:07:51.697685
593	87	13	http://172.19.70.29:8069/noticias	2026-05-13 08:07:59.603884
594	479	13	http://172.19.70.29:8069/noticias	2026-05-13 08:08:02.916153
599	479	13	http://172.19.70.29:8069/noticias	2026-05-13 08:09:05.612548
601	479	21	http://172.19.70.29:8069/we-are-pleased-to-announce-our-annual	2026-05-13 08:09:25.90371
603	479	13	http://172.19.70.29:8069/noticias	2026-05-13 08:09:37.847299
604	479	13	http://172.19.70.29:8069/noticias	2026-05-13 08:09:51.810504
605	479	21	http://172.19.70.29:8069/we-are-pleased-to-announce-our-annual	2026-05-13 08:09:56.664379
606	479	13	http://172.19.70.29:8069/noticias	2026-05-13 08:09:59.937531
607	1	18	http://172.19.70.29:8069/politica-de-cookies	2026-05-13 08:10:20.29755
608	479	21	http://172.19.70.29:8069/we-are-pleased-to-announce-our-annual	2026-05-13 08:10:37.844647
609	479	13	http://172.19.70.29:8069/noticias	2026-05-13 08:10:38.881832
610	479	20	http://172.19.70.29:8069/unete-a-nuestro-equipo	2026-05-13 08:10:58.198708
611	479	13	http://172.19.70.29:8069/noticias	2026-05-13 08:11:00.406888
612	479	19	http://172.19.70.29:8069/feliz-ano	2026-05-13 08:11:30.705258
613	479	13	http://172.19.70.29:8069/noticias	2026-05-13 08:11:31.978579
614	1	18	http://172.19.70.29:8069/politica-de-cookies	2026-05-13 08:11:40.628599
615	479	17	http://172.19.70.29:8069/celebrating-excellence-stamford-i-avk-authorised-dealer-excellence-awards-2025	2026-05-13 08:12:09.325319
616	479	13	http://172.19.70.29:8069/noticias	2026-05-13 08:12:10.244246
617	479	12	http://172.19.70.29:8069/contactus	2026-05-13 08:13:01.844539
618	479	13	http://172.19.70.29:8069/noticias	2026-05-13 08:13:02.34581
619	1	18	http://172.19.70.29:8069/politica-de-cookies	2026-05-13 08:13:24.352134
620	1	18	http://172.19.70.29:8069/politica-de-cookies	2026-05-13 08:13:52.529166
621	1	18	http://172.19.70.29:8069/politica-de-cookies	2026-05-13 08:14:48.700326
622	1	4	http://172.19.70.29:8069/	2026-05-13 08:14:52.955322
623	87	13	http://172.19.70.29:8069/noticias	2026-05-13 08:15:28.49637
624	87	13	http://172.19.70.29:8069/noticias	2026-05-13 08:15:44.440657
625	2	17	http://172.19.70.29:8069/celebrating-excellence-stamford-i-avk-authorised-dealer-excellence-awards-2025	2026-05-13 08:16:10.753534
626	2	4	http://172.19.70.29:8069/	2026-05-13 08:16:12.553034
627	2	17	http://172.19.70.29:8069/celebrating-excellence-stamford-i-avk-authorised-dealer-excellence-awards-2025	2026-05-13 08:16:14.418143
628	2	17	http://172.19.70.29:8069/celebrating-excellence-stamford-i-avk-authorised-dealer-excellence-awards-2025	2026-05-13 08:16:29.104031
629	1	22	http://172.19.70.29:8069/declaracion-de-accesibilidad	2026-05-13 08:16:46.557081
630	479	13	http://172.19.70.29:8069/noticias	2026-05-13 08:16:49.553324
631	479	13	http://172.19.70.29:8069/noticias	2026-05-13 08:16:57.677687
632	479	4	http://172.19.70.29:8069/	2026-05-13 08:17:01.441219
633	1	22	http://172.19.70.29:8069/declaracion-de-accesibilidad	2026-05-13 08:17:06.680343
634	1	18	http://172.19.70.29:8069/politica-de-cookies	2026-05-13 08:17:15.312863
635	479	23	http://172.19.70.29:8069/tercer-ano-consecutivo	2026-05-13 08:17:20.450478
636	479	23	http://172.19.70.29:8069/tercer-ano-consecutivo	2026-05-13 08:17:23.538164
637	479	13	http://172.19.70.29:8069/noticias	2026-05-13 08:17:25.613198
638	479	13	http://172.19.70.29:8069/noticias	2026-05-13 08:17:38.685377
639	2	17	http://172.19.70.29:8069/celebrating-excellence-stamford-i-avk-authorised-dealer-excellence-awards-2025	2026-05-13 08:18:07.201544
640	479	23	http://172.19.70.29:8069/tercer-ano-consecutivo	2026-05-13 08:18:07.670492
641	2	17	http://172.19.70.29:8069/celebrating-excellence-stamford-i-avk-authorised-dealer-excellence-awards-2025	2026-05-13 08:18:08.357457
642	479	13	http://172.19.70.29:8069/noticias	2026-05-13 08:18:08.399837
643	1	4	http://172.19.70.29:8069/	2026-05-13 08:18:23.358273
644	479	23	http://172.19.70.29:8069/tercer-ano-consecutivo	2026-05-13 08:18:30.516428
645	479	23	http://172.19.70.29:8069/tercer-ano-consecutivo	2026-05-13 08:18:31.565484
646	479	20	http://172.19.70.29:8069/unete-a-nuestro-equipo	2026-05-13 08:18:38.878713
647	479	13	http://172.19.70.29:8069/noticias	2026-05-13 08:18:40.502094
648	1	4	http://172.19.70.29:8069/	2026-05-13 08:18:45.514759
649	1	22	http://172.19.70.29:8069/declaracion-de-accesibilidad	2026-05-13 08:18:50.870814
650	479	13	http://172.19.70.29:8069/noticias	2026-05-13 08:18:59.48202
651	479	13	http://172.19.70.29:8069/noticias	2026-05-13 08:19:01.261523
652	1	18	http://172.19.70.29:8069/politica-de-cookies	2026-05-13 08:19:06.867195
653	479	23	http://172.19.70.29:8069/tercer-ano-consecutivo	2026-05-13 08:19:07.404032
654	479	13	http://172.19.70.29:8069/noticias	2026-05-13 08:19:07.940982
655	1	18	http://172.19.70.29:8069/politica-de-cookies	2026-05-13 08:19:10.863984
656	1	22	http://172.19.70.29:8069/declaracion-de-accesibilidad	2026-05-13 08:19:14.052204
657	479	4	http://172.19.70.29:8069/	2026-05-13 08:19:14.821112
658	479	24	http://172.19.70.29:8069/nuevo-pack	2026-05-13 08:19:25.957437
659	479	24	http://172.19.70.29:8069/nuevo-pack	2026-05-13 08:19:27.692222
660	479	13	http://172.19.70.29:8069/noticias	2026-05-13 08:19:28.565075
661	479	13	http://172.19.70.29:8069/noticias	2026-05-13 08:19:41.602832
662	479	24	http://172.19.70.29:8069/nuevo-pack	2026-05-13 08:19:47.137436
663	479	13	http://172.19.70.29:8069/noticias	2026-05-13 08:19:48.041467
664	87	13	http://172.19.70.29:8069/noticias	2026-05-13 08:19:53.534446
665	1	22	http://172.19.70.29:8069/declaracion-de-accesibilidad	2026-05-13 08:20:03.213762
666	1	22	http://172.19.70.29:8069/declaracion-de-accesibilidad	2026-05-13 08:20:11.32989
667	87	13	http://172.19.70.29:8069/noticias	2026-05-13 08:20:19.973245
668	479	23	http://172.19.70.29:8069/tercer-ano-consecutivo	2026-05-13 08:20:22.234686
669	479	13	http://172.19.70.29:8069/noticias	2026-05-13 08:20:22.530315
670	1	22	http://172.19.70.29:8069/declaracion-de-accesibilidad	2026-05-13 08:20:26.084908
671	479	24	http://172.19.70.29:8069/nuevo-pack	2026-05-13 08:20:33.777791
672	479	13	http://172.19.70.29:8069/noticias	2026-05-13 08:20:34.778314
673	87	13	http://172.19.70.29:8069/noticias	2026-05-13 08:20:44.687317
674	87	13	http://172.19.70.29:8069/noticias	2026-05-13 08:22:21.691957
675	87	13	http://172.19.70.29:8069/noticias	2026-05-13 08:22:33.205787
676	479	13	http://172.19.70.29:8069/noticias	2026-05-13 08:22:43.262952
677	479	13	http://172.19.70.29:8069/noticias	2026-05-13 08:22:55.239478
678	479	4	http://172.19.70.29:8069/	2026-05-13 08:23:06.872472
679	479	25	http://172.19.70.29:8069/nuevo-race	2026-05-13 08:23:16.684129
680	479	25	http://172.19.70.29:8069/nuevo-race	2026-05-13 08:23:20.748431
681	479	13	http://172.19.70.29:8069/noticias	2026-05-13 08:23:21.541648
682	479	25	http://172.19.70.29:8069/nuevo-race	2026-05-13 08:23:40.986306
683	479	13	http://172.19.70.29:8069/noticias	2026-05-13 08:23:41.262624
684	87	13	http://172.19.70.29:8069/noticias	2026-05-13 08:23:47.740504
685	479	25	http://172.19.70.29:8069/nuevo-race	2026-05-13 08:23:58.4361
686	479	13	http://172.19.70.29:8069/noticias	2026-05-13 08:24:00.388241
687	479	4	http://172.19.70.29:8069/	2026-05-13 08:24:21.279485
688	479	26	http://172.19.70.29:8069/ganadores-del-premio	2026-05-13 08:24:35.378209
689	479	26	http://172.19.70.29:8069/ganadores-del-premio	2026-05-13 08:24:42.57552
690	479	13	http://172.19.70.29:8069/noticias	2026-05-13 08:24:43.696074
692	479	13	http://172.19.70.29:8069/noticias	2026-05-13 08:25:05.272338
693	479	13	http://172.19.70.29:8069/noticias	2026-05-13 08:25:19.804999
694	479	26	http://172.19.70.29:8069/ganadores-del-premio	2026-05-13 08:25:24.176456
695	479	13	http://172.19.70.29:8069/noticias	2026-05-13 08:25:24.91814
696	1	4	http://172.19.70.29:8069/	2026-05-13 08:25:33.513116
697	1	12	http://172.19.70.29:8069/contactus	2026-05-13 08:25:36.714052
700	1	10	http://172.19.70.29:8069/ensayos-y-diagnosis	2026-05-13 08:26:07.710151
702	1	11	http://172.19.70.29:8069/revision-y-reparacion	2026-05-13 08:26:12.025805
703	1	7	http://172.19.70.29:8069/conocenos	2026-05-13 08:26:15.390067
704	1	6	http://172.19.70.29:8069/catalogo	2026-05-13 08:26:20.163174
705	87	13	http://172.19.70.29:8069/noticias	2026-05-13 08:27:55.257097
706	87	13	http://172.19.70.29:8069/noticias	2026-05-13 08:27:56.13599
708	87	13	http://172.19.70.29:8069/noticias	2026-05-13 08:28:53.357814
709	87	13	http://172.19.70.29:8069/noticias	2026-05-13 08:29:03.219779
710	479	13	http://172.19.70.29:8069/noticias	2026-05-13 08:29:15.348839
711	87	13	http://172.19.70.29:8069/noticias	2026-05-13 08:29:18.281317
713	2	17	http://172.19.70.29:8069/celebrating-excellence-stamford-i-avk-authorised-dealer-excellence-awards-2025	2026-05-13 08:29:23.070284
714	2	17	http://172.19.70.29:8069/celebrating-excellence-stamford-i-avk-authorised-dealer-excellence-awards-2025	2026-05-13 08:29:24.224586
715	479	4	http://172.19.70.29:8069/	2026-05-13 08:29:24.427923
1322	87	9	http://172.19.70.29:8069/acreditaciones?edit_translations=1	2026-05-14 08:23:26.252562
1323	479	10	http://172.19.70.29:8069/ensayos-y-diagnosis?edit_translations=1	2026-05-14 08:23:33.694099
1324	479	10	http://172.19.70.29:8069/ensayos-y-diagnosis	2026-05-14 08:23:57.84787
1326	87	10	http://172.19.70.29:8069/ensayos-y-diagnosis	2026-05-14 08:24:41.641562
1332	87	9	http://172.19.70.29:8069/acreditaciones?edit_translations=1	2026-05-14 08:24:56.336376
1334	87	9	http://172.19.70.29:8069/acreditaciones	2026-05-14 08:25:17.476471
1349	2	6	http://172.19.70.29:8069/catalogo?edit_translations=1	2026-05-14 08:28:10.269892
1351	479	13	http://172.19.70.29:8069/noticias	2026-05-14 08:28:22.459944
1367	2	6	http://172.19.70.29:8069/catalogo	2026-05-14 08:31:21.342365
1370	2	6	http://172.19.70.29:8069/catalogo?edit_translations=1	2026-05-14 08:31:38.76427
1374	2	7	http://172.19.70.29:8069/conocenos	2026-05-14 08:32:25.837285
1375	479	13	http://172.19.70.29:8069/noticias	2026-05-14 08:32:29.699309
1377	479	13	http://172.19.70.29:8069/noticias	2026-05-14 08:32:41.325595
1378	479	13	http://172.19.70.29:8069/noticias	2026-05-14 08:32:54.328557
1381	87	7	http://172.19.70.29:8069/conocenos	2026-05-14 08:33:07.778483
1382	87	9	http://172.19.70.29:8069/acreditaciones	2026-05-14 08:33:11.910187
1383	87	9	http://172.19.70.29:8069/acreditaciones	2026-05-14 08:33:19.981014
1394	2	7	http://172.19.70.29:8069/conocenos	2026-05-14 08:35:48.944879
1398	2	7	http://172.19.70.29:8069/conocenos	2026-05-14 08:37:24.856283
1402	479	13	http://172.19.70.29:8069/noticias	2026-05-14 08:37:47.93659
1412	87	12	http://172.19.70.29:8069/contactus	2026-05-14 08:39:48.303965
1421	87	11	http://172.19.70.29:8069/revision-y-reparacion	2026-05-14 08:40:49.11668
1423	87	4	http://172.19.70.29:8069/?edit_translations=1	2026-05-14 08:40:55.734583
1426	87	4	http://172.19.70.29:8069/	2026-05-14 08:41:01.255472
1427	2	4	http://172.19.70.29:8069/	2026-05-14 08:41:12.953202
1430	2	6	http://172.19.70.29:8069/catalogo?edit_translations=1	2026-05-14 08:41:30.550575
1441	87	17	http://172.19.70.29:8069/celebrating-excellence-stamford-i-avk-authorised-dealer-excellence-awards-2025	2026-05-14 08:43:07.311059
1448	2	6	http://172.19.70.29:8069/catalogo	2026-05-14 08:43:49.281167
1455	87	20	http://172.19.70.29:8069/unete-a-nuestro-equipo	2026-05-14 08:44:27.270049
1464	87	13	http://172.19.70.29:8069/noticias	2026-05-14 08:45:14.982004
1467	87	21	http://172.19.70.29:8069/we-are-pleased-to-announce-our-annual	2026-05-14 08:45:19.874837
1470	87	6	http://172.19.70.29:8069/catalogo	2026-05-14 08:45:24.999222
1483	2	9	http://172.19.70.29:8069/acreditaciones	2026-05-14 08:46:22.52674
1487	1	24	http://172.19.70.29:8069/nuevo-pack	2026-05-14 08:46:32.15069
1488	87	32	http://172.19.70.29:8069/curso	2026-05-14 08:46:32.353541
1490	479	13	http://172.19.70.29:8069/noticias	2026-05-14 08:46:42.596437
1499	87	4	http://172.19.70.29:8069/	2026-05-14 08:46:58.97795
1501	87	33	http://172.19.70.29:8069/tercer-alo-consecutivo	2026-05-14 08:47:10.56634
1715	1532	4	http://172.19.70.29:8069/	2026-05-14 08:55:04.804487
1716	1	18	http://172.19.70.29:8069/politica-de-cookies	2026-05-14 08:55:09.917178
1726	1	4	http://172.19.70.29:8069/	2026-05-14 08:55:28.800644
1728	1	4	http://172.19.70.29:8069/	2026-05-14 08:55:42.675518
1733	1532	13	http://172.19.70.29:8069/noticias	2026-05-14 08:56:19.558464
1739	1532	13	http://172.19.70.29:8069/noticias	2026-05-14 08:56:24.681697
1743	1532	13	http://172.19.70.29:8069/noticias	2026-05-14 08:56:36.768915
1745	1532	13	http://172.19.70.29:8069/noticias	2026-05-14 08:56:39.94935
1746	1532	13	http://172.19.70.29:8069/noticias	2026-05-14 08:56:42.764949
1747	1532	13	http://172.19.70.29:8069/noticias	2026-05-14 08:56:43.839576
1749	1532	13	http://172.19.70.29:8069/noticias	2026-05-14 08:56:45.056579
1750	479	13	http://172.19.70.29:8069/noticias?edit_translations=1	2026-05-14 08:56:53.682708
1751	1	4	http://172.19.70.29:8069/	2026-05-14 08:57:01.057255
1752	1532	13	http://172.19.70.29:8069/noticias	2026-05-14 08:57:26.655615
1753	1532	6	http://172.19.70.29:8069/catalogo	2026-05-14 08:57:27.901
1776	1532	6	http://172.19.70.29:8069/catalogo	2026-05-14 08:58:50.48359
1784	479	13	http://172.19.70.29:8069/noticias	2026-05-14 08:59:31.840188
1786	479	13	http://172.19.70.29:8069/noticias?edit_translations=1	2026-05-14 08:59:36.041308
1787	1532	7	http://172.19.70.29:8069/conocenos	2026-05-14 08:59:36.787214
1796	1532	7	http://172.19.70.29:8069/conocenos	2026-05-14 08:59:43.888339
1800	1	4	http://172.19.70.29:8069/	2026-05-14 08:59:53.422172
1807	1532	9	http://172.19.70.29:8069/acreditaciones	2026-05-14 09:00:08.688194
1810	479	13	http://172.19.70.29:8069/noticias?edit_translations=1	2026-05-14 09:00:16.094068
1811	1532	10	http://172.19.70.29:8069/ensayos-y-diagnosis	2026-05-14 09:00:19.486997
691	479	26	http://172.19.70.29:8069/ganadores-del-premio	2026-05-13 08:25:04.561557
701	87	13	http://172.19.70.29:8069/noticias	2026-05-13 08:26:10.77627
707	479	13	http://172.19.70.29:8069/noticias	2026-05-13 08:28:51.309627
712	479	13	http://172.19.70.29:8069/noticias	2026-05-13 08:29:20.703663
1327	87	9	http://172.19.70.29:8069/acreditaciones	2026-05-14 08:24:42.564704
1371	2	6	http://172.19.70.29:8069/catalogo	2026-05-14 08:32:05.006397
1396	87	9	http://172.19.70.29:8069/acreditaciones	2026-05-14 08:36:03.046222
1410	87	13	http://172.19.70.29:8069/noticias	2026-05-14 08:39:28.165454
1436	1	4	http://172.19.70.29:8069/	2026-05-14 08:42:51.73829
1462	87	6	http://172.19.70.29:8069/catalogo	2026-05-14 08:45:07.967763
1468	479	13	http://172.19.70.29:8069/noticias	2026-05-14 08:45:22.222485
1471	1	21	http://172.19.70.29:8069/we-are-pleased-to-announce-our-annual	2026-05-14 08:45:26.459158
1475	87	9	http://172.19.70.29:8069/acreditaciones	2026-05-14 08:45:49.521482
1724	1532	4	http://172.19.70.29:8069/	2026-05-14 08:55:24.775001
1727	1	4	http://172.19.70.29:8069/	2026-05-14 08:55:33.093712
1732	1532	13	http://172.19.70.29:8069/noticias	2026-05-14 08:56:14.830911
1735	1532	13	http://172.19.70.29:8069/noticias	2026-05-14 08:56:22.05386
1740	1532	13	http://172.19.70.29:8069/noticias	2026-05-14 08:56:25.234223
1741	1532	13	http://172.19.70.29:8069/noticias	2026-05-14 08:56:26.832872
1744	1532	13	http://172.19.70.29:8069/noticias	2026-05-14 08:56:37.669813
1772	1532	13	http://172.19.70.29:8069/noticias	2026-05-14 08:58:08.665592
1781	1532	6	http://172.19.70.29:8069/catalogo	2026-05-14 08:58:56.872039
1789	1532	7	http://172.19.70.29:8069/conocenos	2026-05-14 08:59:40.452536
1797	2	13	http://172.19.70.29:8069/noticias	2026-05-14 08:59:45.96967
1801	2	12	http://172.19.70.29:8069/contactus?edit_translations=1	2026-05-14 08:59:53.597501
1830	479	13	http://172.19.70.29:8069/noticias	2026-05-14 09:01:29.559454
1833	447	13	http://172.19.70.29:8069/noticias	2026-05-14 09:01:56.435921
1872	1532	11	http://172.19.70.29:8069/revision-y-reparacion	2026-05-14 09:03:24.729237
1883	479	13	http://172.19.70.29:8069/noticias	2026-05-14 09:04:07.286786
1890	1	22	http://172.19.70.29:8069/declaracion-de-accesibilidad	2026-05-14 09:04:57.50951
1907	2	4	http://172.19.70.29:8069/	2026-05-14 09:07:08.262328
1908	2	16	http://172.19.70.29:8069/politica-de-privacidad	2026-05-14 09:07:10.120932
1909	2	4	http://172.19.70.29:8069/?edit_translations=1	2026-05-14 09:07:16.020637
1916	479	13	http://172.19.70.29:8069/noticias	2026-05-14 09:07:58.477368
1919	2	4	http://172.19.70.29:8069/?edit_translations=1	2026-05-14 09:08:03.957432
1953	87	9	http://172.19.70.29:8069/acreditaciones	2026-05-14 09:10:39.98427
1965	2	4	http://172.19.70.29:8069/	2026-05-14 09:11:21.300341
1966	2	6	http://172.19.70.29:8069/catalogo	2026-05-14 09:11:28.189848
1972	1532	31	http://172.19.70.29:8069/ganador	2026-05-14 09:12:32.330916
1985	1532	19	http://172.19.70.29:8069/feliz-ano	2026-05-14 09:13:41.921305
1993	2	7	http://172.19.70.29:8069/conocenos	2026-05-14 09:15:01.26064
1994	2	7	http://172.19.70.29:8069/conocenos?edit_translations=1	2026-05-14 09:15:17.006424
2000	479	34	http://172.19.70.29:8069/ganadordelprimer	2026-05-14 09:17:22.828262
2001	479	4	http://172.19.70.29:8069/	2026-05-14 09:17:32.552749
2005	87	6	http://172.19.70.29:8069/catalogo	2026-05-14 09:17:48.273017
2105	1	16	http://172.19.70.29:8069/politica-de-privacidad	2026-05-14 10:32:41.744181
2106	1	4	http://172.19.70.29:8069/	2026-05-14 10:32:52.934403
2107	1	16	http://172.19.70.29:8069/politica-de-privacidad	2026-05-14 10:32:56.882811
2108	1	16	http://172.19.70.29:8069/politica-de-privacidad	2026-05-14 10:33:29.524157
2109	2	13	http://172.19.70.29:8069/noticias	2026-05-14 10:33:40.446088
2111	1	12	http://172.19.70.29:8069/contactus	2026-05-14 10:33:45.779825
2112	2	17	http://172.19.70.29:8069/celebrating-excellence-stamford-i-avk-authorised-dealer-excellence-awards-2025	2026-05-14 10:33:50.374651
2113	1	16	http://172.19.70.29:8069/politica-de-privacidad	2026-05-14 10:33:51.38626
2114	1	16	http://172.19.70.29:8069/politica-de-privacidad	2026-05-14 10:33:52.535056
2115	1	16	http://172.19.70.29:8069/politica-de-privacidad	2026-05-14 10:33:53.811036
2116	1	16	http://172.19.70.29:8069/politica-de-privacidad	2026-05-14 10:33:54.870116
2117	2	17	http://172.19.70.29:8069/celebrating-excellence-stamford-i-avk-authorised-dealer-excellence-awards-2025?edit_translations=1	2026-05-14 10:33:58.051868
2118	1	16	http://172.19.70.29:8069/politica-de-privacidad	2026-05-14 10:33:59.830025
2119	1	16	http://172.19.70.29:8069/politica-de-privacidad	2026-05-14 10:34:06.466999
2121	1	16	http://172.19.70.29:8069/politica-de-privacidad	2026-05-14 10:34:23.314431
2124	2	4	http://172.19.70.29:8069/	2026-05-14 10:34:53.739389
2125	2	13	http://172.19.70.29:8069/noticias	2026-05-14 10:34:56.279537
2126	1	16	http://172.19.70.29:8069/politica-de-privacidad	2026-05-14 10:34:57.10114
2127	2	13	http://172.19.70.29:8069/noticias?edit_translations=1	2026-05-14 10:35:05.684087
2128	1	16	http://172.19.70.29:8069/politica-de-privacidad	2026-05-14 10:35:08.600682
2129	1	16	http://172.19.70.29:8069/politica-de-privacidad	2026-05-14 10:35:30.453269
2130	1	16	http://172.19.70.29:8069/politica-de-privacidad	2026-05-14 10:35:33.697249
2131	1	16	http://172.19.70.29:8069/politica-de-privacidad	2026-05-14 10:35:34.752309
2133	1	16	http://172.19.70.29:8069/politica-de-privacidad	2026-05-14 10:35:40.728095
2134	1	16	http://172.19.70.29:8069/politica-de-privacidad	2026-05-14 10:35:41.866827
2136	1	16	http://172.19.70.29:8069/politica-de-privacidad	2026-05-14 10:36:17.579964
2138	1	12	http://172.19.70.29:8069/contactus	2026-05-14 10:36:30.210112
2139	1	16	http://172.19.70.29:8069/politica-de-privacidad	2026-05-14 10:36:44.888606
2141	1	16	http://172.19.70.29:8069/politica-de-privacidad	2026-05-14 10:37:02.928871
2142	1	4	http://172.19.70.29:8069/	2026-05-14 10:37:36.465694
2143	1	16	http://172.19.70.29:8069/politica-de-privacidad	2026-05-14 10:37:40.830695
2144	1	16	http://172.19.70.29:8069/politica-de-privacidad	2026-05-14 10:37:45.267313
2146	1	16	http://172.19.70.29:8069/politica-de-privacidad	2026-05-14 10:37:54.870754
2147	1	16	http://172.19.70.29:8069/politica-de-privacidad	2026-05-14 10:37:55.98289
2148	1	16	http://172.19.70.29:8069/politica-de-privacidad	2026-05-14 10:38:06.919475
2149	1	16	http://172.19.70.29:8069/politica-de-privacidad	2026-05-14 10:38:08.044179
2150	1	16	http://172.19.70.29:8069/politica-de-privacidad	2026-05-14 10:38:11.966233
2151	1	16	http://172.19.70.29:8069/politica-de-privacidad	2026-05-14 10:38:13.102132
2152	1	16	http://172.19.70.29:8069/politica-de-privacidad	2026-05-14 10:38:47.570439
2153	1	16	http://172.19.70.29:8069/politica-de-privacidad	2026-05-14 10:38:53.932897
2154	1	16	http://172.19.70.29:8069/politica-de-privacidad	2026-05-14 10:38:55.070774
2156	1	16	http://172.19.70.29:8069/politica-de-privacidad	2026-05-14 10:39:05.65165
698	1	13	http://172.19.70.29:8069/noticias	2026-05-13 08:25:41.210494
699	1	9	http://172.19.70.29:8069/acreditaciones	2026-05-13 08:26:03.028466
716	1	13	http://172.19.70.29:8069/noticias	2026-05-13 08:29:39.808396
717	479	27	http://172.19.70.29:8069/bateria-de-ensayos	2026-05-13 08:29:39.977957
718	479	27	http://172.19.70.29:8069/bateria-de-ensayos	2026-05-13 08:29:43.026794
719	479	13	http://172.19.70.29:8069/noticias	2026-05-13 08:29:45.070817
720	1	17	http://172.19.70.29:8069/celebrating-excellence-stamford-i-avk-authorised-dealer-excellence-awards-2025	2026-05-13 08:29:46.876686
721	1	13	http://172.19.70.29:8069/noticias	2026-05-13 08:29:48.642049
722	1	19	http://172.19.70.29:8069/feliz-ano	2026-05-13 08:29:51.400416
723	479	27	http://172.19.70.29:8069/bateria-de-ensayos	2026-05-13 08:30:03.597381
724	479	13	http://172.19.70.29:8069/noticias	2026-05-13 08:30:04.367602
725	479	27	http://172.19.70.29:8069/bateria-de-ensayos	2026-05-13 08:30:22.91505
726	479	13	http://172.19.70.29:8069/noticias	2026-05-13 08:30:23.197854
727	479	4	http://172.19.70.29:8069/	2026-05-13 08:30:28.916595
728	2	4	http://172.19.70.29:8069/	2026-05-13 08:30:46.834893
729	479	28	http://172.19.70.29:8069/equilibrado	2026-05-13 08:30:48.715368
730	479	28	http://172.19.70.29:8069/equilibrado	2026-05-13 08:30:51.086242
731	479	13	http://172.19.70.29:8069/noticias	2026-05-13 08:30:52.133857
732	479	28	http://172.19.70.29:8069/equilibrado	2026-05-13 08:31:07.197646
733	479	13	http://172.19.70.29:8069/noticias	2026-05-13 08:31:08.014662
734	2	4	http://172.19.70.29:8069/	2026-05-13 08:31:16.873598
735	479	13	http://172.19.70.29:8069/noticias	2026-05-13 08:31:20.45871
736	479	27	http://172.19.70.29:8069/bateria-de-ensayos	2026-05-13 08:31:31.663148
737	2	4	http://172.19.70.29:8069/	2026-05-13 08:31:35.664221
738	2	4	http://172.19.70.29:8069/	2026-05-13 08:31:45.138935
739	1	19	http://172.19.70.29:8069/feliz-ano	2026-05-13 08:32:00.509739
740	1	6	http://172.19.70.29:8069/catalogo	2026-05-13 08:32:06.961513
741	1	4	http://172.19.70.29:8069/	2026-05-13 08:32:15.203968
742	1	7	http://172.19.70.29:8069/conocenos	2026-05-13 08:32:19.246447
743	1	4	http://172.19.70.29:8069/	2026-05-13 08:32:22.046098
744	1	7	http://172.19.70.29:8069/conocenos	2026-05-13 08:32:51.354623
745	1	13	http://172.19.70.29:8069/noticias	2026-05-13 08:32:53.75663
746	1	6	http://172.19.70.29:8069/catalogo	2026-05-13 08:32:56.865223
747	1	6	http://172.19.70.29:8069/catalogo	2026-05-13 08:33:18.070353
748	1	7	http://172.19.70.29:8069/conocenos	2026-05-13 08:33:20.481132
749	87	13	http://172.19.70.29:8069/noticias	2026-05-13 08:33:22.55757
750	87	13	http://172.19.70.29:8069/noticias	2026-05-13 08:33:35.81312
751	479	13	http://172.19.70.29:8069/noticias	2026-05-13 08:33:39.369463
752	87	4	http://172.19.70.29:8069/	2026-05-13 08:33:49.813636
753	479	13	http://172.19.70.29:8069/noticias	2026-05-13 08:34:05.428896
754	479	4	http://172.19.70.29:8069/	2026-05-13 08:34:09.171095
755	87	13	http://172.19.70.29:8069/noticias	2026-05-13 08:34:12.016588
756	479	29	http://172.19.70.29:8069/rebobinado	2026-05-13 08:34:20.476089
757	479	29	http://172.19.70.29:8069/rebobinado	2026-05-13 08:34:26.458745
758	479	13	http://172.19.70.29:8069/noticias	2026-05-13 08:34:27.456555
759	479	26	http://172.19.70.29:8069/ganadores-del-premio	2026-05-13 08:34:40.138531
760	479	29	http://172.19.70.29:8069/rebobinado	2026-05-13 08:34:44.045774
761	479	13	http://172.19.70.29:8069/noticias	2026-05-13 08:34:44.826103
762	479	29	http://172.19.70.29:8069/rebobinado	2026-05-13 08:34:54.497235
763	479	13	http://172.19.70.29:8069/noticias	2026-05-13 08:34:54.721704
764	479	29	http://172.19.70.29:8069/rebobinado	2026-05-13 08:35:04.793641
765	479	29	http://172.19.70.29:8069/rebobinado	2026-05-13 08:35:05.926983
766	479	27	http://172.19.70.29:8069/bateria-de-ensayos	2026-05-13 08:35:10.437977
767	479	13	http://172.19.70.29:8069/noticias	2026-05-13 08:35:11.89867
768	479	29	http://172.19.70.29:8069/rebobinado	2026-05-13 08:35:16.335334
769	479	29	http://172.19.70.29:8069/rebobinado	2026-05-13 08:35:17.477339
770	479	27	http://172.19.70.29:8069/bateria-de-ensayos	2026-05-13 08:35:21.482675
771	479	13	http://172.19.70.29:8069/noticias	2026-05-13 08:35:21.686686
772	479	29	http://172.19.70.29:8069/rebobinado	2026-05-13 08:35:31.161182
773	479	13	http://172.19.70.29:8069/noticias	2026-05-13 08:35:32.545417
774	479	29	http://172.19.70.29:8069/rebobinado	2026-05-13 08:35:44.02218
775	479	13	http://172.19.70.29:8069/noticias	2026-05-13 08:35:45.899352
776	479	4	http://172.19.70.29:8069/	2026-05-13 08:35:52.645955
777	479	30	http://172.19.70.29:8069/sustitucion	2026-05-13 08:36:22.959846
778	479	30	http://172.19.70.29:8069/sustitucion	2026-05-13 08:36:25.749808
779	479	13	http://172.19.70.29:8069/noticias	2026-05-13 08:36:26.667413
780	2	4	http://172.19.70.29:8069/	2026-05-13 08:36:41.970557
781	479	13	http://172.19.70.29:8069/noticias	2026-05-13 08:36:42.400038
782	479	30	http://172.19.70.29:8069/sustitucion	2026-05-13 08:36:43.656019
783	479	13	http://172.19.70.29:8069/noticias	2026-05-13 08:36:52.38031
784	479	30	http://172.19.70.29:8069/sustitucion	2026-05-13 08:36:52.958073
785	87	13	http://172.19.70.29:8069/noticias	2026-05-13 08:37:02.942175
786	87	13	http://172.19.70.29:8069/noticias	2026-05-13 08:38:07.002412
787	87	13	http://172.19.70.29:8069/noticias	2026-05-13 08:38:22.91479
788	479	13	http://172.19.70.29:8069/noticias	2026-05-13 08:38:28.285591
789	2	13	http://172.19.70.29:8069/noticias	2026-05-13 08:38:54.930392
790	479	13	http://172.19.70.29:8069/noticias	2026-05-13 08:38:59.30463
791	479	4	http://172.19.70.29:8069/	2026-05-13 08:39:02.133401
792	2	4	http://172.19.70.29:8069/	2026-05-13 08:39:02.730557
793	2	13	http://172.19.70.29:8069/noticias	2026-05-13 08:39:04.630379
794	479	13	http://172.19.70.29:8069/noticias	2026-05-13 08:39:08.234371
795	479	4	http://172.19.70.29:8069/	2026-05-13 08:39:14.449374
796	2	4	http://172.19.70.29:8069/	2026-05-13 08:39:20.780662
797	479	31	http://172.19.70.29:8069/ganador	2026-05-13 08:39:22.102267
798	479	31	http://172.19.70.29:8069/ganador	2026-05-13 08:39:29.183703
799	479	13	http://172.19.70.29:8069/noticias	2026-05-13 08:39:30.058833
800	479	31	http://172.19.70.29:8069/ganador	2026-05-13 08:39:46.862162
801	479	13	http://172.19.70.29:8069/noticias	2026-05-13 08:39:47.235783
802	479	31	http://172.19.70.29:8069/ganador	2026-05-13 08:40:00.468257
803	479	13	http://172.19.70.29:8069/noticias	2026-05-13 08:40:01.416915
804	87	13	http://172.19.70.29:8069/noticias	2026-05-13 08:41:43.638215
805	479	13	http://172.19.70.29:8069/noticias	2026-05-13 08:42:08.463059
806	479	13	http://172.19.70.29:8069/noticias	2026-05-13 08:42:31.573466
807	479	13	http://172.19.70.29:8069/noticias	2026-05-13 08:42:39.057907
808	479	13	http://172.19.70.29:8069/noticias	2026-05-13 08:43:37.107432
809	479	13	http://172.19.70.29:8069/noticias	2026-05-13 08:44:22.39658
810	2	4	http://172.19.70.29:8069/	2026-05-13 08:44:25.617534
812	479	13	http://172.19.70.29:8069/noticias	2026-05-13 08:44:37.902444
813	2	4	http://172.19.70.29:8069/	2026-05-13 08:44:41.398671
814	479	13	http://172.19.70.29:8069/noticias	2026-05-13 08:45:45.645046
815	2	13	http://172.19.70.29:8069/noticias	2026-05-13 08:45:59.937664
817	2	13	http://172.19.70.29:8069/noticias	2026-05-13 08:46:07.910455
818	2	13	http://172.19.70.29:8069/noticias	2026-05-13 08:46:24.086235
819	2	4	http://172.19.70.29:8069/	2026-05-13 08:46:25.049268
820	479	13	http://172.19.70.29:8069/noticias	2026-05-13 08:46:49.828148
822	479	13	http://172.19.70.29:8069/noticias	2026-05-13 08:49:11.0067
823	479	13	http://172.19.70.29:8069/noticias	2026-05-13 08:49:55.978001
824	479	13	http://172.19.70.29:8069/noticias	2026-05-13 08:51:00.528592
825	479	30	http://172.19.70.29:8069/sustitucion	2026-05-13 08:51:11.546543
827	479	30	http://172.19.70.29:8069/sustitucion	2026-05-13 08:51:23.998072
830	479	13	http://172.19.70.29:8069/noticias	2026-05-13 08:52:30.580151
831	479	31	http://172.19.70.29:8069/ganador	2026-05-13 08:52:42.80402
832	479	13	http://172.19.70.29:8069/noticias	2026-05-13 08:52:43.668466
833	479	31	http://172.19.70.29:8069/ganador	2026-05-13 08:52:47.286667
834	479	31	http://172.19.70.29:8069/ganador	2026-05-13 08:52:48.418159
835	87	13	http://172.19.70.29:8069/noticias	2026-05-13 08:52:49.218699
836	479	13	http://172.19.70.29:8069/noticias	2026-05-13 08:52:50.484741
837	2	4	http://172.19.70.29:8069/	2026-05-13 08:53:07.155059
838	2	6	http://172.19.70.29:8069/catalogo	2026-05-13 08:53:09.238294
839	479	30	http://172.19.70.29:8069/sustitucion	2026-05-13 08:53:11.152017
840	479	13	http://172.19.70.29:8069/noticias	2026-05-13 08:53:11.757244
841	479	30	http://172.19.70.29:8069/sustitucion	2026-05-13 08:53:17.018251
842	479	30	http://172.19.70.29:8069/sustitucion	2026-05-13 08:53:18.153075
845	479	30	http://172.19.70.29:8069/sustitucion	2026-05-13 08:53:32.035675
846	479	30	http://172.19.70.29:8069/sustitucion	2026-05-13 08:53:33.172437
1331	87	9	http://172.19.70.29:8069/acreditaciones	2026-05-14 08:24:53.899867
1737	1532	13	http://172.19.70.29:8069/noticias	2026-05-14 08:56:23.728481
1770	1532	13	http://172.19.70.29:8069/noticias	2026-05-14 08:58:05.247578
1798	2	12	http://172.19.70.29:8069/contactus	2026-05-14 08:59:48.105298
1817	479	13	http://172.19.70.29:8069/noticias	2026-05-14 09:00:23.801284
1843	2	4	http://172.19.70.29:8069/	2026-05-14 09:02:38.448647
1992	2	6	http://172.19.70.29:8069/catalogo	2026-05-14 09:14:55.033602
2157	1	16	http://172.19.70.29:8069/politica-de-privacidad	2026-05-14 10:39:26.200479
2160	1	16	http://172.19.70.29:8069/politica-de-privacidad	2026-05-14 10:39:29.120057
2162	2	31	http://172.19.70.29:8069/ganador?edit_translations=1	2026-05-14 10:39:36.765513
2164	1	16	http://172.19.70.29:8069/politica-de-privacidad	2026-05-14 10:39:43.850162
2165	1	16	http://172.19.70.29:8069/politica-de-privacidad	2026-05-14 10:39:44.032445
2166	2	31	http://172.19.70.29:8069/ganador	2026-05-14 10:39:54.117978
2167	2	31	http://172.19.70.29:8069/ganador	2026-05-14 10:39:56.106866
2169	2	31	http://172.19.70.29:8069/ganador	2026-05-14 10:40:03.137728
2170	2	31	http://172.19.70.29:8069/ganador	2026-05-14 10:40:05.284694
2171	1	16	http://172.19.70.29:8069/politica-de-privacidad	2026-05-14 10:40:12.17498
2173	2	13	http://172.19.70.29:8069/noticias	2026-05-14 10:40:17.225585
2175	479	18	http://172.19.70.29:8069/politica-de-cookies	2026-05-14 10:40:24.690172
2176	2	13	http://172.19.70.29:8069/noticias?edit_translations=1	2026-05-14 10:40:26.344854
2177	479	18	http://172.19.70.29:8069/politica-de-cookies	2026-05-14 10:40:27.897221
2178	479	18	http://172.19.70.29:8069/politica-de-cookies	2026-05-14 10:40:30.026862
2179	2	4	http://172.19.70.29:8069/	2026-05-14 10:40:38.750998
2180	2	4	http://172.19.70.29:8069/	2026-05-14 10:40:40.771482
2181	2	16	http://172.19.70.29:8069/politica-de-privacidad	2026-05-14 10:40:44.001164
2182	479	18	http://172.19.70.29:8069/politica-de-cookies?edit_translations=1	2026-05-14 10:40:47.938334
2183	2	16	http://172.19.70.29:8069/politica-de-privacidad	2026-05-14 10:40:50.408938
2184	2	16	http://172.19.70.29:8069/politica-de-privacidad	2026-05-14 10:40:52.51232
2215	2	20	http://172.19.70.29:8069/unete-a-nuestro-equipo	2026-05-14 10:42:53.582887
2231	2	23	http://172.19.70.29:8069/tercer-ano-consecutivo	2026-05-14 10:44:02.514544
2234	2	4	http://172.19.70.29:8069/	2026-05-14 10:44:17.212079
2244	2	20	http://172.19.70.29:8069/unete-a-nuestro-equipo	2026-05-14 10:44:59.106051
2261	2	23	http://172.19.70.29:8069/tercer-ano-consecutivo	2026-05-14 10:46:51.106944
2269	2	24	http://172.19.70.29:8069/nuevo-pack	2026-05-14 10:48:24.705585
2279	1	13	http://172.19.70.29:8069/noticias	2026-05-14 10:49:23.420692
2281	1	16	http://172.19.70.29:8069/politica-de-privacidad	2026-05-14 10:49:25.585033
2285	2	26	http://172.19.70.29:8069/ganadores-del-premio	2026-05-14 10:49:51.138486
2287	2	13	http://172.19.70.29:8069/noticias	2026-05-14 10:49:53.550479
2289	2	27	http://172.19.70.29:8069/bateria-de-ensayos	2026-05-14 10:50:00.494219
2315	2	23	http://172.19.70.29:8069/tercer-ano-consecutivo	2026-05-14 10:53:37.017985
2320	479	18	http://172.19.70.29:8069/politica-de-cookies	2026-05-14 10:56:34.121968
2324	479	4	http://172.19.70.29:8069/	2026-05-14 10:56:55.041053
2401	87	13	http://172.19.70.29:8069/noticias	2026-05-14 11:11:04.44332
2418	87	13	http://172.19.70.29:8069/noticias	2026-05-14 11:12:12.427147
2420	87	22	http://172.19.70.29:8069/declaracion-de-accesibilidad	2026-05-14 11:12:18.986038
2437	1	12	http://172.19.70.29:8069/contactus	2026-05-14 11:13:05.506857
2449	1	4	http://172.19.70.29:8069/	2026-05-14 11:14:38.25736
2450	1	4	http://172.19.70.29:8069/	2026-05-14 11:14:43.502607
2451	1	4	http://172.19.70.29:8069/	2026-05-14 11:14:48.28429
2452	1	4	http://172.19.70.29:8069/?edit_translations=1	2026-05-14 11:14:56.136328
2453	2	13	http://172.19.70.29:8069/noticias	2026-05-14 11:15:16.758092
2454	1	4	http://172.19.70.29:8069/	2026-05-14 11:15:20.411255
2455	2	13	http://172.19.70.29:8069/noticias	2026-05-14 11:15:34.995775
2456	2	13	http://172.19.70.29:8069/noticias	2026-05-14 11:15:37.008172
2457	2	13	http://172.19.70.29:8069/noticias	2026-05-14 11:15:47.894678
2458	2	12	http://172.19.70.29:8069/contactus	2026-05-14 11:15:53.029583
2459	2	11	http://172.19.70.29:8069/revision-y-reparacion	2026-05-14 11:15:56.310411
2460	479	22	http://172.19.70.29:8069/declaracion-de-accesibilidad	2026-05-14 11:15:58.121475
2461	1532	13	http://172.19.70.29:8069/noticias	2026-05-14 11:15:57.918937
2462	2	13	http://172.19.70.29:8069/noticias	2026-05-14 11:16:00.243638
2463	1532	12	http://172.19.70.29:8069/contactus	2026-05-14 11:16:02.280203
2464	1532	13	http://172.19.70.29:8069/noticias	2026-05-14 11:16:03.10172
2467	1532	13	http://172.19.70.29:8069/noticias	2026-05-14 11:16:35.223934
811	2	4	http://172.19.70.29:8069/	2026-05-13 08:44:38.018476
1336	2	4	http://172.19.70.29:8069/	2026-05-14 08:25:19.992959
1478	2	9	http://172.19.70.29:8069/acreditaciones	2026-05-14 08:46:04.785663
1748	479	13	http://172.19.70.29:8069/noticias	2026-05-14 08:56:43.714612
1996	87	6	http://172.19.70.29:8069/catalogo	2026-05-14 09:17:01.864634
1997	87	7	http://172.19.70.29:8069/conocenos	2026-05-14 09:17:04.241464
1998	87	13	http://172.19.70.29:8069/noticias	2026-05-14 09:17:08.187757
1999	87	13	http://172.19.70.29:8069/noticias	2026-05-14 09:17:14.802186
2002	479	18	http://172.19.70.29:8069/politica-de-cookies	2026-05-14 09:17:36.182686
2003	479	18	http://172.19.70.29:8069/politica-de-cookies	2026-05-14 09:17:45.074125
2006	87	6	http://172.19.70.29:8069/catalogo	2026-05-14 09:17:52.026417
2007	87	6	http://172.19.70.29:8069/catalogo	2026-05-14 09:17:52.684232
2008	87	6	http://172.19.70.29:8069/catalogo	2026-05-14 09:17:52.885037
2009	87	6	http://172.19.70.29:8069/catalogo	2026-05-14 09:17:53.122337
2010	87	4	http://172.19.70.29:8069/	2026-05-14 09:17:57.026376
2012	87	18	http://172.19.70.29:8069/politica-de-cookies	2026-05-14 09:18:04.065417
2014	87	15	http://172.19.70.29:8069/avisos-legales	2026-05-14 09:18:07.873711
2015	2	9	http://172.19.70.29:8069/acreditaciones	2026-05-14 09:18:08.381651
2016	87	15	http://172.19.70.29:8069/avisos-legales	2026-05-14 09:18:14.714635
2017	2	9	http://172.19.70.29:8069/acreditaciones?edit_translations=1	2026-05-14 09:18:38.355271
2018	1532	31	http://172.19.70.29:8069/ganador	2026-05-14 09:20:34.317475
2020	2	9	http://172.19.70.29:8069/acreditaciones	2026-05-14 10:11:53.796277
2021	2	10	http://172.19.70.29:8069/ensayos-y-diagnosis	2026-05-14 10:11:55.387698
2024	2	10	http://172.19.70.29:8069/ensayos-y-diagnosis	2026-05-14 10:14:23.055163
2025	2	10	http://172.19.70.29:8069/ensayos-y-diagnosis?edit_translations=1	2026-05-14 10:14:28.146788
2026	1	4	http://172.19.70.29:8069/	2026-05-14 10:24:26.927563
2027	1	4	http://172.19.70.29:8069/	2026-05-14 10:25:33.867299
2031	1	4	http://172.19.70.29:8069/	2026-05-14 10:26:50.232961
2032	1	12	http://172.19.70.29:8069/contactus	2026-05-14 10:27:13.03161
2033	1	12	http://172.19.70.29:8069/contactus	2026-05-14 10:27:16.896626
2034	1	12	http://172.19.70.29:8069/contactus	2026-05-14 10:27:22.151934
2035	1	12	http://172.19.70.29:8069/contactus	2026-05-14 10:27:25.387561
2037	1	12	http://172.19.70.29:8069/contactus?edit_translations=1	2026-05-14 10:27:39.971805
2038	1	4	http://172.19.70.29:8069/	2026-05-14 10:27:56.789867
2039	1	4	http://172.19.70.29:8069/	2026-05-14 10:27:59.934015
2040	1	16	http://172.19.70.29:8069/politica-de-privacidad	2026-05-14 10:28:03.950784
2041	1	16	http://172.19.70.29:8069/politica-de-privacidad	2026-05-14 10:28:06.213515
2042	1	16	http://172.19.70.29:8069/politica-de-privacidad	2026-05-14 10:28:10.05516
2043	1	16	http://172.19.70.29:8069/politica-de-privacidad	2026-05-14 10:28:11.197653
2044	1	16	http://172.19.70.29:8069/politica-de-privacidad	2026-05-14 10:28:14.236754
2045	1	16	http://172.19.70.29:8069/politica-de-privacidad	2026-05-14 10:28:15.342469
2046	1	16	http://172.19.70.29:8069/politica-de-privacidad	2026-05-14 10:28:17.334794
2047	1	16	http://172.19.70.29:8069/politica-de-privacidad	2026-05-14 10:28:18.442228
2048	1	16	http://172.19.70.29:8069/politica-de-privacidad	2026-05-14 10:28:23.107959
2049	1	16	http://172.19.70.29:8069/politica-de-privacidad	2026-05-14 10:28:33.197694
2050	1	16	http://172.19.70.29:8069/politica-de-privacidad	2026-05-14 10:28:39.761061
2051	1	16	http://172.19.70.29:8069/politica-de-privacidad	2026-05-14 10:28:46.802962
2052	1	16	http://172.19.70.29:8069/politica-de-privacidad	2026-05-14 10:28:58.83735
2055	1	16	http://172.19.70.29:8069/politica-de-privacidad	2026-05-14 10:29:04.753327
2058	1	12	http://172.19.70.29:8069/contactus	2026-05-14 10:29:22.089713
2059	2	13	http://172.19.70.29:8069/noticias?edit_translations=1	2026-05-14 10:29:32.317393
2060	1	4	http://172.19.70.29:8069/	2026-05-14 10:29:34.982727
2061	1	16	http://172.19.70.29:8069/politica-de-privacidad	2026-05-14 10:29:38.810526
2062	1	16	http://172.19.70.29:8069/politica-de-privacidad	2026-05-14 10:29:41.880123
2063	87	15	http://172.19.70.29:8069/avisos-legales	2026-05-14 10:29:45.656525
2066	1	16	http://172.19.70.29:8069/politica-de-privacidad	2026-05-14 10:29:58.486748
2067	1	16	http://172.19.70.29:8069/politica-de-privacidad	2026-05-14 10:29:59.637681
2068	1	16	http://172.19.70.29:8069/politica-de-privacidad	2026-05-14 10:30:03.156704
2071	1	16	http://172.19.70.29:8069/politica-de-privacidad	2026-05-14 10:30:07.214735
2072	1	16	http://172.19.70.29:8069/politica-de-privacidad	2026-05-14 10:30:07.778711
2073	1	16	http://172.19.70.29:8069/politica-de-privacidad	2026-05-14 10:30:08.909039
2074	1	16	http://172.19.70.29:8069/politica-de-privacidad	2026-05-14 10:30:10.189182
2075	1	16	http://172.19.70.29:8069/politica-de-privacidad	2026-05-14 10:30:11.09706
2076	1	16	http://172.19.70.29:8069/politica-de-privacidad	2026-05-14 10:30:12.216862
2077	1	16	http://172.19.70.29:8069/politica-de-privacidad	2026-05-14 10:30:12.277031
2078	1	16	http://172.19.70.29:8069/politica-de-privacidad	2026-05-14 10:30:22.196403
2079	1	16	http://172.19.70.29:8069/politica-de-privacidad	2026-05-14 10:30:23.687105
2080	1	16	http://172.19.70.29:8069/politica-de-privacidad	2026-05-14 10:30:24.581849
2081	1	16	http://172.19.70.29:8069/politica-de-privacidad	2026-05-14 10:30:25.16062
2082	1	16	http://172.19.70.29:8069/politica-de-privacidad	2026-05-14 10:30:26.322502
2083	1	16	http://172.19.70.29:8069/politica-de-privacidad	2026-05-14 10:30:26.38511
2084	1	12	http://172.19.70.29:8069/contactus	2026-05-14 10:30:45.62791
2085	1	16	http://172.19.70.29:8069/politica-de-privacidad	2026-05-14 10:30:57.14306
2086	1	16	http://172.19.70.29:8069/politica-de-privacidad	2026-05-14 10:31:09.073278
2087	2	13	http://172.19.70.29:8069/noticias	2026-05-14 10:31:25.282499
2088	2	13	http://172.19.70.29:8069/noticias	2026-05-14 10:31:27.036602
2089	1	16	http://172.19.70.29:8069/politica-de-privacidad	2026-05-14 10:31:33.590035
2090	1	16	http://172.19.70.29:8069/politica-de-privacidad	2026-05-14 10:31:48.134415
2091	2	13	http://172.19.70.29:8069/noticias	2026-05-14 10:31:52.20526
2095	87	15	http://172.19.70.29:8069/avisos-legales	2026-05-14 10:32:11.721124
2096	2	13	http://172.19.70.29:8069/noticias	2026-05-14 10:32:16.879009
2098	1	16	http://172.19.70.29:8069/politica-de-privacidad	2026-05-14 10:32:21.250265
2099	87	15	http://172.19.70.29:8069/avisos-legales	2026-05-14 10:32:23.676243
2100	1	16	http://172.19.70.29:8069/politica-de-privacidad	2026-05-14 10:32:24.290598
2101	87	15	http://172.19.70.29:8069/avisos-legales	2026-05-14 10:32:26.238758
2102	87	15	http://172.19.70.29:8069/avisos-legales	2026-05-14 10:32:27.627839
2104	2	13	http://172.19.70.29:8069/noticias?edit_translations=1	2026-05-14 10:32:29.987215
816	2	4	http://172.19.70.29:8069/	2026-05-13 08:46:05.935417
821	479	13	http://172.19.70.29:8069/noticias	2026-05-13 08:48:06.538433
826	479	13	http://172.19.70.29:8069/noticias	2026-05-13 08:51:11.706892
828	479	13	http://172.19.70.29:8069/noticias	2026-05-13 08:51:24.270903
829	479	31	http://172.19.70.29:8069/ganador	2026-05-13 08:52:30.149472
843	479	13	http://172.19.70.29:8069/noticias	2026-05-13 08:53:19.93473
844	479	30	http://172.19.70.29:8069/sustitucion	2026-05-13 08:53:26.043163
847	479	13	http://172.19.70.29:8069/noticias	2026-05-13 08:53:37.992317
848	479	31	http://172.19.70.29:8069/ganador	2026-05-13 08:53:41.75152
849	479	31	http://172.19.70.29:8069/ganador	2026-05-13 08:53:42.882578
850	479	13	http://172.19.70.29:8069/noticias	2026-05-13 08:53:43.382375
851	479	29	http://172.19.70.29:8069/rebobinado	2026-05-13 08:53:52.389821
852	479	13	http://172.19.70.29:8069/noticias	2026-05-13 08:53:53.812678
853	2	6	http://172.19.70.29:8069/catalogo	2026-05-13 08:53:54.06788
854	2	4	http://172.19.70.29:8069/	2026-05-13 08:53:56.867815
855	479	29	http://172.19.70.29:8069/rebobinado	2026-05-13 08:54:03.282389
856	479	13	http://172.19.70.29:8069/noticias	2026-05-13 08:54:03.858448
857	479	28	http://172.19.70.29:8069/equilibrado	2026-05-13 08:54:14.799053
858	479	13	http://172.19.70.29:8069/noticias	2026-05-13 08:54:15.398529
859	87	4	http://172.19.70.29:8069/	2026-05-13 08:54:24.161759
860	479	28	http://172.19.70.29:8069/equilibrado	2026-05-13 08:54:24.701298
861	479	13	http://172.19.70.29:8069/noticias	2026-05-13 08:54:24.857647
862	87	13	http://172.19.70.29:8069/noticias	2026-05-13 08:54:27.345215
863	479	27	http://172.19.70.29:8069/bateria-de-ensayos	2026-05-13 08:54:33.336504
864	479	13	http://172.19.70.29:8069/noticias	2026-05-13 08:54:34.085957
865	87	13	http://172.19.70.29:8069/noticias	2026-05-13 08:54:36.145328
866	87	19	http://172.19.70.29:8069/feliz-ano	2026-05-13 08:54:43.620526
867	479	27	http://172.19.70.29:8069/bateria-de-ensayos	2026-05-13 08:54:43.745303
868	479	13	http://172.19.70.29:8069/noticias	2026-05-13 08:54:44.189614
869	87	19	http://172.19.70.29:8069/feliz-ano	2026-05-13 08:54:44.718952
870	87	13	http://172.19.70.29:8069/noticias	2026-05-13 08:54:49.977338
871	479	13	http://172.19.70.29:8069/noticias	2026-05-13 08:54:52.528351
872	479	26	http://172.19.70.29:8069/ganadores-del-premio	2026-05-13 08:54:53.451098
873	87	13	http://172.19.70.29:8069/noticias	2026-05-13 08:54:57.000997
874	87	13	http://172.19.70.29:8069/noticias	2026-05-13 08:55:02.599095
875	87	13	http://172.19.70.29:8069/noticias	2026-05-13 08:55:09.022803
876	87	13	http://172.19.70.29:8069/noticias	2026-05-13 08:55:13.501206
877	479	13	http://172.19.70.29:8069/noticias	2026-05-13 08:55:17.517836
878	87	13	http://172.19.70.29:8069/noticias	2026-05-13 08:55:20.447386
879	87	13	http://172.19.70.29:8069/noticias	2026-05-13 08:55:24.878298
880	87	13	http://172.19.70.29:8069/noticias	2026-05-13 08:55:30.46746
881	479	13	http://172.19.70.29:8069/noticias	2026-05-13 08:55:33.195056
882	87	17	http://172.19.70.29:8069/celebrating-excellence-stamford-i-avk-authorised-dealer-excellence-awards-2025	2026-05-13 08:55:36.84767
883	479	4	http://172.19.70.29:8069/	2026-05-13 08:55:39.289427
884	479	32	http://172.19.70.29:8069/curso	2026-05-13 08:55:50.683421
885	479	13	http://172.19.70.29:8069/noticias	2026-05-13 08:55:54.563464
886	479	32	http://172.19.70.29:8069/curso	2026-05-13 08:55:57.615788
887	479	13	http://172.19.70.29:8069/noticias	2026-05-13 08:55:58.80029
888	479	32	http://172.19.70.29:8069/curso	2026-05-13 08:56:11.714789
889	479	13	http://172.19.70.29:8069/noticias	2026-05-13 08:56:12.174285
890	479	32	http://172.19.70.29:8069/curso	2026-05-13 08:56:20.330888
891	479	13	http://172.19.70.29:8069/noticias	2026-05-13 08:56:21.188434
892	479	24	http://172.19.70.29:8069/nuevo-pack	2026-05-13 08:56:29.926684
893	479	13	http://172.19.70.29:8069/noticias	2026-05-13 08:56:30.933925
894	479	24	http://172.19.70.29:8069/nuevo-pack	2026-05-13 08:56:37.860699
895	479	13	http://172.19.70.29:8069/noticias	2026-05-13 08:56:38.049586
896	479	23	http://172.19.70.29:8069/tercer-ano-consecutivo	2026-05-13 08:56:48.277955
897	479	13	http://172.19.70.29:8069/noticias	2026-05-13 08:56:48.539847
898	479	23	http://172.19.70.29:8069/tercer-ano-consecutivo	2026-05-13 08:56:58.11917
899	479	13	http://172.19.70.29:8069/noticias	2026-05-13 08:56:58.39448
900	479	21	http://172.19.70.29:8069/we-are-pleased-to-announce-our-annual	2026-05-13 08:57:08.282614
901	479	13	http://172.19.70.29:8069/noticias	2026-05-13 08:57:09.446996
902	479	21	http://172.19.70.29:8069/we-are-pleased-to-announce-our-annual	2026-05-13 08:57:16.873359
903	479	13	http://172.19.70.29:8069/noticias	2026-05-13 08:57:17.213968
904	87	17	http://172.19.70.29:8069/celebrating-excellence-stamford-i-avk-authorised-dealer-excellence-awards-2025	2026-05-13 08:57:27.511724
905	479	20	http://172.19.70.29:8069/unete-a-nuestro-equipo	2026-05-13 08:57:29.025713
906	479	13	http://172.19.70.29:8069/noticias	2026-05-13 08:57:29.277769
907	479	20	http://172.19.70.29:8069/unete-a-nuestro-equipo	2026-05-13 08:57:41.09868
908	479	13	http://172.19.70.29:8069/noticias	2026-05-13 08:57:41.754692
909	479	19	http://172.19.70.29:8069/feliz-ano	2026-05-13 08:57:53.873084
910	87	17	http://172.19.70.29:8069/celebrating-excellence-stamford-i-avk-authorised-dealer-excellence-awards-2025	2026-05-13 08:57:55.177149
911	479	13	http://172.19.70.29:8069/noticias	2026-05-13 08:57:58.319721
912	479	19	http://172.19.70.29:8069/feliz-ano	2026-05-13 08:58:00.024826
913	479	17	http://172.19.70.29:8069/celebrating-excellence-stamford-i-avk-authorised-dealer-excellence-awards-2025	2026-05-13 08:58:11.752831
914	479	13	http://172.19.70.29:8069/noticias	2026-05-13 08:58:11.955618
915	479	17	http://172.19.70.29:8069/celebrating-excellence-stamford-i-avk-authorised-dealer-excellence-awards-2025	2026-05-13 08:58:16.586809
916	479	17	http://172.19.70.29:8069/celebrating-excellence-stamford-i-avk-authorised-dealer-excellence-awards-2025	2026-05-13 08:58:17.724534
917	479	13	http://172.19.70.29:8069/noticias	2026-05-13 08:58:19.564992
918	87	17	http://172.19.70.29:8069/celebrating-excellence-stamford-i-avk-authorised-dealer-excellence-awards-2025	2026-05-13 08:58:21.729245
919	479	28	http://172.19.70.29:8069/equilibrado	2026-05-13 08:58:24.412446
920	479	28	http://172.19.70.29:8069/equilibrado	2026-05-13 08:58:25.544961
921	87	13	http://172.19.70.29:8069/noticias	2026-05-13 08:58:26.036829
922	479	13	http://172.19.70.29:8069/noticias	2026-05-13 08:58:26.157423
923	87	19	http://172.19.70.29:8069/feliz-ano	2026-05-13 08:58:32.391712
924	479	27	http://172.19.70.29:8069/bateria-de-ensayos	2026-05-13 08:58:36.545072
925	479	13	http://172.19.70.29:8069/noticias	2026-05-13 08:58:37.422706
926	479	27	http://172.19.70.29:8069/bateria-de-ensayos	2026-05-13 08:58:45.629109
927	479	13	http://172.19.70.29:8069/noticias	2026-05-13 08:58:45.827106
928	479	29	http://172.19.70.29:8069/rebobinado	2026-05-13 08:59:09.03989
929	479	29	http://172.19.70.29:8069/rebobinado	2026-05-13 08:59:10.17108
930	479	29	http://172.19.70.29:8069/rebobinado	2026-05-13 08:59:12.978776
931	479	30	http://172.19.70.29:8069/sustitucion	2026-05-13 08:59:14.4003
932	479	30	http://172.19.70.29:8069/sustitucion	2026-05-13 08:59:15.560016
933	479	30	http://172.19.70.29:8069/sustitucion	2026-05-13 08:59:15.631631
934	479	13	http://172.19.70.29:8069/noticias	2026-05-13 08:59:16.964563
935	479	31	http://172.19.70.29:8069/ganador	2026-05-13 08:59:21.36862
936	479	31	http://172.19.70.29:8069/ganador	2026-05-13 08:59:22.417683
937	479	31	http://172.19.70.29:8069/ganador	2026-05-13 08:59:22.974428
938	479	13	http://172.19.70.29:8069/noticias	2026-05-13 08:59:24.3643
939	479	26	http://172.19.70.29:8069/ganadores-del-premio	2026-05-13 08:59:37.644645
940	479	13	http://172.19.70.29:8069/noticias	2026-05-13 08:59:38.298312
941	479	26	http://172.19.70.29:8069/ganadores-del-premio	2026-05-13 08:59:42.103218
942	479	26	http://172.19.70.29:8069/ganadores-del-premio	2026-05-13 08:59:43.254568
943	479	13	http://172.19.70.29:8069/noticias	2026-05-13 08:59:44.471102
944	479	26	http://172.19.70.29:8069/ganadores-del-premio	2026-05-13 08:59:57.131259
946	87	19	http://172.19.70.29:8069/feliz-ano	2026-05-13 08:59:58.409703
947	87	13	http://172.19.70.29:8069/noticias	2026-05-13 09:00:01.505276
948	479	32	http://172.19.70.29:8069/curso	2026-05-13 09:00:02.158539
949	479	32	http://172.19.70.29:8069/curso	2026-05-13 09:00:03.294455
950	479	32	http://172.19.70.29:8069/curso	2026-05-13 09:00:04.490768
951	479	13	http://172.19.70.29:8069/noticias	2026-05-13 09:00:05.709927
952	87	20	http://172.19.70.29:8069/unete-a-nuestro-equipo	2026-05-13 09:00:06.680349
954	87	20	http://172.19.70.29:8069/unete-a-nuestro-equipo	2026-05-13 09:01:38.977733
955	87	13	http://172.19.70.29:8069/noticias	2026-05-13 09:01:57.646535
958	87	13	http://172.19.70.29:8069/noticias	2026-05-13 09:05:43.435222
959	479	13	http://172.19.70.29:8069/noticias	2026-05-13 09:05:47.811321
961	87	23	http://172.19.70.29:8069/tercer-ano-consecutivo	2026-05-13 09:06:40.017794
962	87	23	http://172.19.70.29:8069/tercer-ano-consecutivo	2026-05-13 09:07:39.405381
964	447	13	http://172.19.70.29:8069/noticias	2026-05-13 09:08:02.179731
965	87	23	http://172.19.70.29:8069/tercer-ano-consecutivo	2026-05-13 09:10:25.537995
966	87	23	http://172.19.70.29:8069/tercer-ano-consecutivo	2026-05-13 09:11:07.655582
967	2	4	http://172.19.70.29:8069/	2026-05-13 09:11:38.292132
968	87	23	http://172.19.70.29:8069/tercer-ano-consecutivo	2026-05-13 09:11:40.14629
969	87	4	http://172.19.70.29:8069/	2026-05-13 09:11:41.611335
970	2	6	http://172.19.70.29:8069/catalogo	2026-05-13 09:11:42.778059
972	87	4	http://172.19.70.29:8069/	2026-05-13 09:11:53.372142
973	87	13	http://172.19.70.29:8069/noticias	2026-05-13 09:12:54.405202
974	87	24	http://172.19.70.29:8069/nuevo-pack	2026-05-13 09:13:00.731193
977	2	4	http://172.19.70.29:8069/	2026-05-13 09:14:17.536015
978	87	24	http://172.19.70.29:8069/nuevo-pack	2026-05-13 09:14:22.884619
979	2	4	http://172.19.70.29:8069/	2026-05-13 09:14:33.138333
980	2	6	http://172.19.70.29:8069/catalogo	2026-05-13 09:14:35.351205
981	87	13	http://172.19.70.29:8069/noticias	2026-05-13 09:14:36.563613
983	2	7	http://172.19.70.29:8069/conocenos	2026-05-13 09:15:35.389257
1425	2	4	http://172.19.70.29:8069/?edit_translations=1	2026-05-14 08:41:00.649004
1428	87	4	http://172.19.70.29:8069/	2026-05-14 08:41:21.606954
1429	2	6	http://172.19.70.29:8069/catalogo	2026-05-14 08:41:23.086132
1431	87	4	http://172.19.70.29:8069/	2026-05-14 08:41:54.270759
1432	87	17	http://172.19.70.29:8069/celebrating-excellence-stamford-i-avk-authorised-dealer-excellence-awards-2025	2026-05-14 08:41:58.854425
1433	87	17	http://172.19.70.29:8069/celebrating-excellence-stamford-i-avk-authorised-dealer-excellence-awards-2025	2026-05-14 08:42:16.071653
1434	87	17	http://172.19.70.29:8069/celebrating-excellence-stamford-i-avk-authorised-dealer-excellence-awards-2025	2026-05-14 08:42:24.095591
1435	87	17	http://172.19.70.29:8069/celebrating-excellence-stamford-i-avk-authorised-dealer-excellence-awards-2025	2026-05-14 08:42:32.247241
1437	1	17	http://172.19.70.29:8069/celebrating-excellence-stamford-i-avk-authorised-dealer-excellence-awards-2025	2026-05-14 08:42:58.851401
1438	1	17	http://172.19.70.29:8069/celebrating-excellence-stamford-i-avk-authorised-dealer-excellence-awards-2025	2026-05-14 08:43:00.008644
1439	87	13	http://172.19.70.29:8069/noticias	2026-05-14 08:43:02.529508
1440	87	17	http://172.19.70.29:8069/celebrating-excellence-stamford-i-avk-authorised-dealer-excellence-awards-2025	2026-05-14 08:43:04.317495
1442	1	17	http://172.19.70.29:8069/celebrating-excellence-stamford-i-avk-authorised-dealer-excellence-awards-2025	2026-05-14 08:43:09.004342
1443	87	4	http://172.19.70.29:8069/	2026-05-14 08:43:13.96939
1444	87	17	http://172.19.70.29:8069/celebrating-excellence-stamford-i-avk-authorised-dealer-excellence-awards-2025	2026-05-14 08:43:16.681322
1445	87	4	http://172.19.70.29:8069/	2026-05-14 08:43:22.516848
1446	87	13	http://172.19.70.29:8069/noticias	2026-05-14 08:43:43.333769
1447	87	20	http://172.19.70.29:8069/unete-a-nuestro-equipo	2026-05-14 08:43:45.877587
1449	87	20	http://172.19.70.29:8069/unete-a-nuestro-equipo	2026-05-14 08:43:51.759029
1450	2	7	http://172.19.70.29:8069/conocenos	2026-05-14 08:43:52.77266
1451	2	9	http://172.19.70.29:8069/acreditaciones	2026-05-14 08:44:07.076784
1452	87	20	http://172.19.70.29:8069/unete-a-nuestro-equipo	2026-05-14 08:44:10.233376
1453	2	9	http://172.19.70.29:8069/acreditaciones?edit_translations=1	2026-05-14 08:44:10.991933
1454	87	20	http://172.19.70.29:8069/unete-a-nuestro-equipo	2026-05-14 08:44:12.889082
1456	87	4	http://172.19.70.29:8069/	2026-05-14 08:44:33.415851
1457	87	13	http://172.19.70.29:8069/noticias	2026-05-14 08:44:35.249504
1458	87	20	http://172.19.70.29:8069/unete-a-nuestro-equipo	2026-05-14 08:44:42.143039
1459	87	20	http://172.19.70.29:8069/unete-a-nuestro-equipo	2026-05-14 08:44:43.294722
1460	1	20	http://172.19.70.29:8069/unete-a-nuestro-equipo	2026-05-14 08:44:59.937365
1461	87	13	http://172.19.70.29:8069/noticias	2026-05-14 08:45:04.515109
1463	87	4	http://172.19.70.29:8069/	2026-05-14 08:45:08.816234
1465	87	21	http://172.19.70.29:8069/we-are-pleased-to-announce-our-annual	2026-05-14 08:45:18.689112
1466	479	13	http://172.19.70.29:8069/noticias	2026-05-14 08:45:19.838678
1469	87	13	http://172.19.70.29:8069/noticias	2026-05-14 08:45:23.430304
1472	87	4	http://172.19.70.29:8069/	2026-05-14 08:45:26.468433
1473	87	13	http://172.19.70.29:8069/noticias	2026-05-14 08:45:30.517039
1474	87	13	http://172.19.70.29:8069/noticias	2026-05-14 08:45:37.348846
1476	87	4	http://172.19.70.29:8069/	2026-05-14 08:45:51.598143
1477	479	13	http://172.19.70.29:8069/noticias	2026-05-14 08:46:04.242421
1479	2	9	http://172.19.70.29:8069/acreditaciones?edit_translations=1	2026-05-14 08:46:11.009441
945	479	13	http://172.19.70.29:8069/noticias	2026-05-13 08:59:57.824981
957	87	21	http://172.19.70.29:8069/we-are-pleased-to-announce-our-annual	2026-05-13 09:05:14.74709
960	87	23	http://172.19.70.29:8069/tercer-ano-consecutivo	2026-05-13 09:05:48.175422
963	447	4	http://172.19.70.29:8069/	2026-05-13 09:07:50.48951
971	87	15	http://172.19.70.29:8069/avisos-legales	2026-05-13 09:11:51.202405
975	87	24	http://172.19.70.29:8069/nuevo-pack	2026-05-13 09:14:11.758229
976	2	6	http://172.19.70.29:8069/catalogo	2026-05-13 09:14:14.191424
982	2	6	http://172.19.70.29:8069/catalogo	2026-05-13 09:15:33.235237
1480	87	13	http://172.19.70.29:8069/noticias	2026-05-14 08:46:11.900437
1481	87	13	http://172.19.70.29:8069/noticias	2026-05-14 08:46:17.367115
1482	87	24	http://172.19.70.29:8069/nuevo-pack	2026-05-14 08:46:19.771622
1484	87	24	http://172.19.70.29:8069/nuevo-pack	2026-05-14 08:46:23.391188
1485	87	24	http://172.19.70.29:8069/nuevo-pack	2026-05-14 08:46:24.545348
1486	2	9	http://172.19.70.29:8069/acreditaciones?edit_translations=1	2026-05-14 08:46:25.034036
1489	87	32	http://172.19.70.29:8069/curso	2026-05-14 08:46:33.551974
1491	87	13	http://172.19.70.29:8069/noticias	2026-05-14 08:46:46.270497
1492	87	13	http://172.19.70.29:8069/noticias	2026-05-14 08:46:47.856365
1493	1	32	http://172.19.70.29:8069/curso	2026-05-14 08:46:48.392211
1494	87	4	http://172.19.70.29:8069/	2026-05-14 08:46:49.608179
1495	1	24	http://172.19.70.29:8069/nuevo-pack	2026-05-14 08:46:50.944953
1496	1	24	http://172.19.70.29:8069/nuevo-pack	2026-05-14 08:46:52.070588
1497	1	4	http://172.19.70.29:8069/	2026-05-14 08:46:53.437676
1498	1	24	http://172.19.70.29:8069/nuevo-pack	2026-05-14 08:46:56.067554
1500	1	4	http://172.19.70.29:8069/	2026-05-14 08:47:05.469706
1502	1	4	http://172.19.70.29:8069/	2026-05-14 08:47:26.564563
1503	1	4	http://172.19.70.29:8069/	2026-05-14 08:47:30.180732
1504	1	23	http://172.19.70.29:8069/tercer-ano-consecutivo	2026-05-14 08:47:49.723852
1505	87	33	http://172.19.70.29:8069/tercer-alo-consecutivo	2026-05-14 08:47:50.029391
1506	87	4	http://172.19.70.29:8069/	2026-05-14 08:47:52.777847
1757	1532	9	http://172.19.70.29:8069/acreditaciones	2026-05-14 08:57:36.227884
2011	2	7	http://172.19.70.29:8069/conocenos	2026-05-14 09:18:02.670238
2185	2	13	http://172.19.70.29:8069/noticias	2026-05-14 10:40:59.471838
2188	2	13	http://172.19.70.29:8069/noticias	2026-05-14 10:41:05.524392
2204	2	13	http://172.19.70.29:8069/noticias	2026-05-14 10:42:24.24891
2209	87	16	http://172.19.70.29:8069/politica-de-privacidad	2026-05-14 10:42:36.37875
2214	2	17	http://172.19.70.29:8069/celebrating-excellence-stamford-i-avk-authorised-dealer-excellence-awards-2025	2026-05-14 10:42:48.041793
2235	2	4	http://172.19.70.29:8069/	2026-05-14 10:44:24.055999
2259	2	21	http://172.19.70.29:8069/we-are-pleased-to-announce-our-annual	2026-05-14 10:46:34.584775
2296	1	16	http://172.19.70.29:8069/politica-de-privacidad	2026-05-14 10:50:18.114294
2297	1	16	http://172.19.70.29:8069/politica-de-privacidad	2026-05-14 10:50:21.641647
2298	1	16	http://172.19.70.29:8069/politica-de-privacidad?edit_translations=1	2026-05-14 10:50:33.557325
2299	2	12	http://172.19.70.29:8069/contactus	2026-05-14 10:50:43.59102
2300	2	12	http://172.19.70.29:8069/contactus?edit_translations=1	2026-05-14 10:51:00.65157
2301	2	16	http://172.19.70.29:8069/politica-de-privacidad	2026-05-14 10:52:12.501642
2302	2	16	http://172.19.70.29:8069/politica-de-privacidad	2026-05-14 10:52:13.621299
2303	2	16	http://172.19.70.29:8069/politica-de-privacidad	2026-05-14 10:52:13.733019
2304	2	16	http://172.19.70.29:8069/politica-de-privacidad	2026-05-14 10:52:18.858582
2305	2	16	http://172.19.70.29:8069/politica-de-privacidad	2026-05-14 10:52:19.861715
2306	2	16	http://172.19.70.29:8069/politica-de-privacidad	2026-05-14 10:52:20.446684
2307	2	16	http://172.19.70.29:8069/politica-de-privacidad	2026-05-14 10:52:21.583536
2310	2	6	http://172.19.70.29:8069/catalogo	2026-05-14 10:52:59.21446
2311	2	4	http://172.19.70.29:8069/	2026-05-14 10:53:21.603371
2313	2	20	http://172.19.70.29:8069/unete-a-nuestro-equipo	2026-05-14 10:53:31.360161
2314	2	13	http://172.19.70.29:8069/noticias	2026-05-14 10:53:33.483193
2317	2	32	http://172.19.70.29:8069/curso	2026-05-14 10:53:47.695795
2319	2	32	http://172.19.70.29:8069/curso	2026-05-14 10:54:16.840077
2321	2	32	http://172.19.70.29:8069/curso	2026-05-14 10:56:37.583795
2322	479	18	http://172.19.70.29:8069/politica-de-cookies	2026-05-14 10:56:38.968128
2323	479	4	http://172.19.70.29:8069/	2026-05-14 10:56:47.710173
2325	2	4	http://172.19.70.29:8069/	2026-05-14 10:57:01.653087
2326	2	4	http://172.19.70.29:8069/	2026-05-14 10:57:05.756477
2327	2	13	http://172.19.70.29:8069/noticias	2026-05-14 10:57:08.110441
2328	2	32	http://172.19.70.29:8069/curso	2026-05-14 10:57:11.857622
2329	87	4	http://172.19.70.29:8069/	2026-05-14 11:02:26.637731
2330	1	16	http://172.19.70.29:8069/politica-de-privacidad	2026-05-14 11:02:35.031002
2331	87	6	http://172.19.70.29:8069/catalogo	2026-05-14 11:02:38.302906
2333	87	4	http://172.19.70.29:8069/	2026-05-14 11:02:42.271686
2334	1	16	http://172.19.70.29:8069/politica-de-privacidad	2026-05-14 11:02:48.960593
2335	1	15	http://172.19.70.29:8069/avisos-legales	2026-05-14 11:02:59.393781
2336	1	16	http://172.19.70.29:8069/politica-de-privacidad	2026-05-14 11:03:08.753472
2337	1	4	http://172.19.70.29:8069/	2026-05-14 11:03:10.369564
2340	1	4	http://172.19.70.29:8069/	2026-05-14 11:03:54.87088
2341	1	4	http://172.19.70.29:8069/	2026-05-14 11:04:03.710853
2342	1	16	http://172.19.70.29:8069/politica-de-privacidad	2026-05-14 11:04:05.654955
2343	1	16	http://172.19.70.29:8069/politica-de-privacidad	2026-05-14 11:04:35.733809
2344	1	6	http://172.19.70.29:8069/catalogo	2026-05-14 11:04:51.296245
2345	2	13	http://172.19.70.29:8069/noticias	2026-05-14 11:04:52.970687
2348	479	4	http://172.19.70.29:8069/	2026-05-14 11:05:00.21364
2349	479	4	http://172.19.70.29:8069/	2026-05-14 11:05:11.276271
2350	479	4	http://172.19.70.29:8069/	2026-05-14 11:05:11.551087
2351	479	4	http://172.19.70.29:8069/	2026-05-14 11:05:24.507807
2352	479	4	http://172.19.70.29:8069/	2026-05-14 11:05:24.964944
2353	479	4	http://172.19.70.29:8069/	2026-05-14 11:05:25.301169
2354	479	4	http://172.19.70.29:8069/	2026-05-14 11:05:25.587128
2355	479	4	http://172.19.70.29:8069/	2026-05-14 11:05:25.921667
2356	479	4	http://172.19.70.29:8069/	2026-05-14 11:05:26.364022
2357	479	4	http://172.19.70.29:8069/	2026-05-14 11:05:26.716032
2358	479	4	http://172.19.70.29:8069/	2026-05-14 11:05:27.076248
2359	479	4	http://172.19.70.29:8069/	2026-05-14 11:05:27.410836
2360	479	4	http://172.19.70.29:8069/	2026-05-14 11:05:27.729469
2361	479	4	http://172.19.70.29:8069/	2026-05-14 11:05:28.062845
2362	479	4	http://172.19.70.29:8069/	2026-05-14 11:05:28.325149
2363	479	4	http://172.19.70.29:8069/	2026-05-14 11:05:28.819936
953	479	13	http://172.19.70.29:8069/noticias	2026-05-13 09:00:14.935754
956	87	21	http://172.19.70.29:8069/we-are-pleased-to-announce-our-annual	2026-05-13 09:02:01.520865
984	2	7	http://172.19.70.29:8069/conocenos	2026-05-13 09:16:20.426047
985	2	9	http://172.19.70.29:8069/acreditaciones	2026-05-13 09:16:23.790234
986	2	9	http://172.19.70.29:8069/acreditaciones	2026-05-13 09:17:06.546995
987	2	10	http://172.19.70.29:8069/ensayos-y-diagnosis	2026-05-13 09:17:08.893848
988	2	10	http://172.19.70.29:8069/ensayos-y-diagnosis	2026-05-13 09:17:52.192532
989	2	11	http://172.19.70.29:8069/revision-y-reparacion	2026-05-13 09:17:57.88987
990	2	11	http://172.19.70.29:8069/revision-y-reparacion	2026-05-13 09:18:37.647889
991	2	13	http://172.19.70.29:8069/noticias	2026-05-13 09:18:42.597686
992	479	13	http://172.19.70.29:8069/noticias	2026-05-13 09:19:37.565205
993	2	13	http://172.19.70.29:8069/noticias	2026-05-13 09:20:47.16851
994	2	12	http://172.19.70.29:8069/contactus	2026-05-13 09:20:49.959727
995	2	12	http://172.19.70.29:8069/contactus	2026-05-13 09:21:21.277599
996	2	13	http://172.19.70.29:8069/noticias	2026-05-13 09:21:28.144892
997	2	9	http://172.19.70.29:8069/acreditaciones	2026-05-13 09:21:33.424801
998	2	10	http://172.19.70.29:8069/ensayos-y-diagnosis	2026-05-13 09:21:36.502025
999	2	11	http://172.19.70.29:8069/revision-y-reparacion	2026-05-13 09:21:39.242981
1000	2	7	http://172.19.70.29:8069/conocenos	2026-05-13 09:21:41.50187
1001	2	6	http://172.19.70.29:8069/catalogo	2026-05-13 09:21:43.738907
1002	8	6	http://172.19.70.29:8069/catalogo	2026-05-14 07:03:09.250448
1003	2	4	http://172.19.70.29:8069/	2026-05-14 07:12:15.645495
1004	2	6	http://172.19.70.29:8069/catalogo	2026-05-14 07:12:28.861799
1005	2	6	http://172.19.70.29:8069/catalogo	2026-05-14 07:12:40.420167
1006	2	4	http://172.19.70.29:8069/	2026-05-14 07:12:41.157096
1007	2	15	http://172.19.70.29:8069/avisos-legales	2026-05-14 07:12:54.227838
1008	2	6	http://172.19.70.29:8069/catalogo	2026-05-14 07:13:30.101991
1009	2	6	http://172.19.70.29:8069/catalogo	2026-05-14 07:13:39.711634
1010	87	4	http://172.19.70.29:8069/	2026-05-14 07:15:53.867602
1011	87	13	http://172.19.70.29:8069/noticias	2026-05-14 07:16:02.584215
1012	87	9	http://172.19.70.29:8069/acreditaciones	2026-05-14 07:16:11.848546
1013	87	10	http://172.19.70.29:8069/ensayos-y-diagnosis	2026-05-14 07:16:15.688152
1014	87	11	http://172.19.70.29:8069/revision-y-reparacion	2026-05-14 07:16:18.678422
1015	87	6	http://172.19.70.29:8069/catalogo	2026-05-14 07:16:21.319365
1016	2	6	http://172.19.70.29:8069/catalogo	2026-05-14 07:16:51.682075
1017	2	4	http://172.19.70.29:8069/	2026-05-14 07:16:55.609878
1018	87	6	http://172.19.70.29:8069/catalogo	2026-05-14 07:17:44.459642
1019	87	6	http://172.19.70.29:8069/catalogo	2026-05-14 07:17:46.729206
1020	87	6	http://172.19.70.29:8069/catalogo	2026-05-14 07:17:47.866692
1021	87	6	http://172.19.70.29:8069/catalogo	2026-05-14 07:17:48.830142
1022	2	4	http://172.19.70.29:8069/	2026-05-14 07:18:27.681863
1023	2	4	http://172.19.70.29:8069/	2026-05-14 07:18:31.01744
1024	87	6	http://172.19.70.29:8069/catalogo	2026-05-14 07:18:34.316659
1025	2	4	http://172.19.70.29:8069/	2026-05-14 07:18:35.158782
1026	87	6	http://172.19.70.29:8069/catalogo	2026-05-14 07:18:35.330238
1027	87	6	http://172.19.70.29:8069/catalogo	2026-05-14 07:18:38.864508
1028	87	6	http://172.19.70.29:8069/catalogo	2026-05-14 07:18:39.432514
1029	87	6	http://172.19.70.29:8069/catalogo	2026-05-14 07:18:39.792331
1030	87	6	http://172.19.70.29:8069/catalogo	2026-05-14 07:18:40.223611
1031	87	6	http://172.19.70.29:8069/catalogo	2026-05-14 07:18:40.616947
1032	87	6	http://172.19.70.29:8069/catalogo	2026-05-14 07:18:41.183533
1033	87	6	http://172.19.70.29:8069/catalogo	2026-05-14 07:18:43.78896
1034	2	4	http://172.19.70.29:8069/	2026-05-14 07:18:45.783541
1035	2	4	http://172.19.70.29:8069/	2026-05-14 07:18:47.357039
1036	87	6	http://172.19.70.29:8069/catalogo	2026-05-14 07:18:54.534988
1037	87	13	http://172.19.70.29:8069/noticias	2026-05-14 07:18:56.734678
1038	87	13	http://172.19.70.29:8069/noticias	2026-05-14 07:18:58.120352
1039	87	13	http://172.19.70.29:8069/noticias	2026-05-14 07:19:00.216422
1040	87	13	http://172.19.70.29:8069/noticias	2026-05-14 07:19:04.775847
1041	87	13	http://172.19.70.29:8069/noticias	2026-05-14 07:19:14.321057
1042	87	13	http://172.19.70.29:8069/noticias?edit_translations=1	2026-05-14 07:19:19.583406
1043	87	13	http://172.19.70.29:8069/noticias	2026-05-14 07:19:46.908219
1044	87	13	http://172.19.70.29:8069/noticias?edit_translations=1	2026-05-14 07:19:50.501534
1045	87	13	http://172.19.70.29:8069/noticias	2026-05-14 07:20:20.393222
1046	87	13	http://172.19.70.29:8069/noticias?edit_translations=1	2026-05-14 07:20:23.045627
1047	87	13	http://172.19.70.29:8069/noticias	2026-05-14 07:20:38.742803
1048	87	13	http://172.19.70.29:8069/noticias	2026-05-14 07:20:41.268072
1049	87	13	http://172.19.70.29:8069/noticias	2026-05-14 07:20:42.117477
1050	87	13	http://172.19.70.29:8069/noticias	2026-05-14 07:20:43.041135
1051	87	13	http://172.19.70.29:8069/noticias	2026-05-14 07:20:43.756982
1052	87	13	http://172.19.70.29:8069/noticias	2026-05-14 07:20:44.961563
1053	87	13	http://172.19.70.29:8069/noticias	2026-05-14 07:20:49.427868
1054	87	13	http://172.19.70.29:8069/noticias	2026-05-14 07:20:56.304912
1055	1067	12	http://172.19.70.29:8069/contactus	2026-05-14 07:20:58.591479
1056	1067	12	http://172.19.70.29:8069/contactus	2026-05-14 07:21:04.982799
1057	87	4	http://172.19.70.29:8069/	2026-05-14 07:22:10.379266
1058	2	7	http://172.19.70.29:8069/conocenos	2026-05-14 07:22:25.954645
1059	2	7	http://172.19.70.29:8069/conocenos	2026-05-14 07:22:27.070298
1060	1	7	http://172.19.70.29:8069/conocenos	2026-05-14 07:22:43.953832
1061	87	4	http://172.19.70.29:8069/	2026-05-14 07:22:45.250159
1062	87	4	http://172.19.70.29:8069/	2026-05-14 07:22:48.024014
1063	447	4	http://172.19.70.29:8069/	2026-05-14 07:22:55.51558
1064	1	7	http://172.19.70.29:8069/conocenos	2026-05-14 07:22:56.829388
1065	87	4	http://172.19.70.29:8069/	2026-05-14 07:23:00.226771
1066	1	6	http://172.19.70.29:8069/catalogo	2026-05-14 07:23:00.643846
1067	87	4	http://172.19.70.29:8069/	2026-05-14 07:23:04.05622
1068	87	4	http://172.19.70.29:8069/	2026-05-14 07:23:04.883861
1069	1	4	http://172.19.70.29:8069/	2026-05-14 07:23:05.656728
1070	87	4	http://172.19.70.29:8069/	2026-05-14 07:23:06.318541
1071	87	4	http://172.19.70.29:8069/	2026-05-14 07:23:08.147955
1072	87	4	http://172.19.70.29:8069/?edit_translations=1	2026-05-14 07:23:16.18126
1073	87	4	http://172.19.70.29:8069/	2026-05-14 07:23:59.469794
1074	87	4	http://172.19.70.29:8069/	2026-05-14 07:24:02.470249
1075	87	4	http://172.19.70.29:8069/	2026-05-14 07:24:04.141078
1076	87	4	http://172.19.70.29:8069/?edit_translations=1	2026-05-14 07:24:07.330714
1077	87	4	http://172.19.70.29:8069/	2026-05-14 07:25:17.041242
1101	87	4	http://172.19.70.29:8069/	2026-05-14 07:35:58.837289
1108	87	4	http://172.19.70.29:8069/	2026-05-14 07:37:38.166517
1111	87	4	http://172.19.70.29:8069/	2026-05-14 07:37:39.527843
1125	87	4	http://172.19.70.29:8069/	2026-05-14 07:49:41.373131
1128	87	4	http://172.19.70.29:8069/	2026-05-14 07:49:49.71267
1507	1	4	http://172.19.70.29:8069/	2026-05-14 08:47:53.118113
1510	1	4	http://172.19.70.29:8069/	2026-05-14 08:47:57.468334
1511	87	20	http://172.19.70.29:8069/unete-a-nuestro-equipo	2026-05-14 08:48:00.010037
1512	2	10	http://172.19.70.29:8069/ensayos-y-diagnosis	2026-05-14 08:48:00.60606
1514	2	10	http://172.19.70.29:8069/ensayos-y-diagnosis?edit_translations=1	2026-05-14 08:48:04.199919
1518	1	7	http://172.19.70.29:8069/conocenos	2026-05-14 08:48:09.199013
1520	1532	12	http://172.19.70.29:8069/contactus	2026-05-14 08:48:20.079798
1521	87	23	http://172.19.70.29:8069/tercer-ano-consecutivo	2026-05-14 08:48:21.213725
1522	87	17	http://172.19.70.29:8069/celebrating-excellence-stamford-i-avk-authorised-dealer-excellence-awards-2025	2026-05-14 08:48:25.639096
1526	1	4	http://172.19.70.29:8069/	2026-05-14 08:48:31.307408
1528	1	13	http://172.19.70.29:8069/noticias	2026-05-14 08:48:46.80627
1530	87	17	http://172.19.70.29:8069/celebrating-excellence-stamford-i-avk-authorised-dealer-excellence-awards-2025	2026-05-14 08:48:49.847225
1531	1	4	http://172.19.70.29:8069/	2026-05-14 08:48:50.97407
1532	87	17	http://172.19.70.29:8069/celebrating-excellence-stamford-i-avk-authorised-dealer-excellence-awards-2025	2026-05-14 08:48:51.651431
1533	87	4	http://172.19.70.29:8069/	2026-05-14 08:49:01.648753
1536	87	32	http://172.19.70.29:8069/curso	2026-05-14 08:49:13.224395
1537	87	32	http://172.19.70.29:8069/curso	2026-05-14 08:49:14.371206
1538	1532	12	http://172.19.70.29:8069/contactus	2026-05-14 08:49:17.440332
1539	1532	12	http://172.19.70.29:8069/contactus	2026-05-14 08:49:19.142695
1541	1532	12	http://172.19.70.29:8069/contactus	2026-05-14 08:49:22.99475
1542	1532	12	http://172.19.70.29:8069/contactus	2026-05-14 08:49:23.450423
1543	1532	12	http://172.19.70.29:8069/contactus	2026-05-14 08:49:23.899675
1544	1532	12	http://172.19.70.29:8069/contactus	2026-05-14 08:49:24.246586
1545	1532	12	http://172.19.70.29:8069/contactus	2026-05-14 08:49:24.579787
1546	1532	12	http://172.19.70.29:8069/contactus	2026-05-14 08:49:25.06764
1551	1532	12	http://172.19.70.29:8069/contactus	2026-05-14 08:49:26.837902
1553	1	4	http://172.19.70.29:8069/	2026-05-14 08:49:26.936039
1554	1532	12	http://172.19.70.29:8069/contactus	2026-05-14 08:49:27.058525
1555	1532	12	http://172.19.70.29:8069/contactus	2026-05-14 08:49:27.291687
1556	1532	12	http://172.19.70.29:8069/contactus	2026-05-14 08:49:27.509513
1557	1	14	http://172.19.70.29:8069/contacto	2026-05-14 08:49:27.644092
1559	1532	12	http://172.19.70.29:8069/contactus	2026-05-14 08:49:27.894235
1560	1532	12	http://172.19.70.29:8069/contactus	2026-05-14 08:49:28.096466
1561	1532	12	http://172.19.70.29:8069/contactus	2026-05-14 08:49:28.29452
1562	1532	12	http://172.19.70.29:8069/contactus	2026-05-14 08:49:28.467566
1563	1532	12	http://172.19.70.29:8069/contactus	2026-05-14 08:49:28.654777
1565	1532	12	http://172.19.70.29:8069/contactus	2026-05-14 08:49:28.996188
1568	1532	12	http://172.19.70.29:8069/contactus	2026-05-14 08:49:31.555565
1569	1532	12	http://172.19.70.29:8069/contactus	2026-05-14 08:49:32.171845
1570	1532	12	http://172.19.70.29:8069/contactus	2026-05-14 08:49:32.723499
1571	1532	12	http://172.19.70.29:8069/contactus	2026-05-14 08:49:33.275203
1572	1532	12	http://172.19.70.29:8069/contactus	2026-05-14 08:49:34.822072
1573	1	12	http://172.19.70.29:8069/contactus	2026-05-14 08:49:35.626235
1575	1532	12	http://172.19.70.29:8069/contactus	2026-05-14 08:49:37.715712
1576	1532	12	http://172.19.70.29:8069/contactus	2026-05-14 08:49:41.275708
1577	1	14	http://172.19.70.29:8069/contacto	2026-05-14 08:49:51.481399
1578	1	14	http://172.19.70.29:8069/contacto	2026-05-14 08:49:52.534158
1579	1532	12	http://172.19.70.29:8069/contactus	2026-05-14 08:49:54.131806
1580	1532	12	http://172.19.70.29:8069/contactus	2026-05-14 08:49:54.878736
1581	1532	12	http://172.19.70.29:8069/contactus	2026-05-14 08:49:55.072542
1583	1532	12	http://172.19.70.29:8069/contactus	2026-05-14 08:49:55.982157
1584	87	13	http://172.19.70.29:8069/noticias	2026-05-14 08:49:57.112078
1585	87	13	http://172.19.70.29:8069/noticias	2026-05-14 08:49:58.861878
1586	1532	12	http://172.19.70.29:8069/contactus	2026-05-14 08:50:00.486082
1587	1	12	http://172.19.70.29:8069/contactus	2026-05-14 08:50:00.87833
1588	1	4	http://172.19.70.29:8069/	2026-05-14 08:50:02.684999
1590	1532	12	http://172.19.70.29:8069/contactus	2026-05-14 08:50:03.602359
1592	1532	12	http://172.19.70.29:8069/contactus	2026-05-14 08:50:06.373713
1594	1532	12	http://172.19.70.29:8069/contactus	2026-05-14 08:50:06.98462
1595	1532	12	http://172.19.70.29:8069/contactus	2026-05-14 08:50:07.481865
1597	1532	12	http://172.19.70.29:8069/contactus	2026-05-14 08:50:14.595645
1598	1	15	http://172.19.70.29:8069/avisos-legales	2026-05-14 08:50:17.650839
1599	1532	12	http://172.19.70.29:8069/contactus	2026-05-14 08:50:20.814977
1600	1	4	http://172.19.70.29:8069/	2026-05-14 08:50:22.289415
1601	1	4	http://172.19.70.29:8069/	2026-05-14 08:50:25.603309
1602	1	4	http://172.19.70.29:8069/	2026-05-14 08:50:25.66634
1603	1	15	http://172.19.70.29:8069/avisos-legales	2026-05-14 08:50:26.677303
1604	2	10	http://172.19.70.29:8069/ensayos-y-diagnosis	2026-05-14 08:50:34.909251
1605	2	10	http://172.19.70.29:8069/ensayos-y-diagnosis?edit_translations=1	2026-05-14 08:50:38.696095
1606	87	13	http://172.19.70.29:8069/noticias	2026-05-14 08:50:39.269707
1610	87	13	http://172.19.70.29:8069/noticias	2026-05-14 08:50:41.75314
1611	479	13	http://172.19.70.29:8069/noticias	2026-05-14 08:50:42.76891
1613	1	4	http://172.19.70.29:8069/	2026-05-14 08:50:45.658988
1616	87	13	http://172.19.70.29:8069/noticias	2026-05-14 08:50:53.42422
1618	1532	12	http://172.19.70.29:8069/contactus	2026-05-14 08:51:04.294357
1620	87	13	http://172.19.70.29:8069/noticias	2026-05-14 08:51:05.799414
1621	87	13	http://172.19.70.29:8069/noticias	2026-05-14 08:51:06.098931
1622	87	13	http://172.19.70.29:8069/noticias	2026-05-14 08:51:06.56748
1623	87	13	http://172.19.70.29:8069/noticias	2026-05-14 08:51:07.001964
1626	1532	12	http://172.19.70.29:8069/contactus	2026-05-14 08:51:14.269435
1627	1532	12	http://172.19.70.29:8069/contactus	2026-05-14 08:51:22.998898
1628	479	13	http://172.19.70.29:8069/noticias	2026-05-14 08:51:30.825963
1629	479	13	http://172.19.70.29:8069/noticias	2026-05-14 08:51:37.841143
1630	1	4	http://172.19.70.29:8069/	2026-05-14 08:51:47.007237
1631	1	16	http://172.19.70.29:8069/politica-de-privacidad	2026-05-14 08:51:50.243416
1632	1	16	http://172.19.70.29:8069/politica-de-privacidad	2026-05-14 08:51:55.684151
1633	479	13	http://172.19.70.29:8069/noticias	2026-05-14 08:51:55.884892
1634	479	13	http://172.19.70.29:8069/noticias	2026-05-14 08:51:57.691562
1078	1	4	http://172.19.70.29:8069/	2026-05-14 07:25:22.663643
1079	1	4	http://172.19.70.29:8069/	2026-05-14 07:25:41.927102
1081	1	4	http://172.19.70.29:8069/?edit_translations=1	2026-05-14 07:26:16.026008
1082	2	4	http://172.19.70.29:8069/	2026-05-14 07:29:59.725365
1084	87	17	http://172.19.70.29:8069/celebrating-excellence-stamford-i-avk-authorised-dealer-excellence-awards-2025	2026-05-14 07:30:55.19167
1085	2	15	http://172.19.70.29:8069/avisos-legales	2026-05-14 07:32:17.32559
1086	2	15	http://172.19.70.29:8069/avisos-legales	2026-05-14 07:32:18.440455
1089	87	4	http://172.19.70.29:8069/	2026-05-14 07:35:09.005105
1090	87	4	http://172.19.70.29:8069/	2026-05-14 07:35:11.57949
1091	87	4	http://172.19.70.29:8069/	2026-05-14 07:35:17.505302
1094	87	4	http://172.19.70.29:8069/?edit_translations=1	2026-05-14 07:35:32.198226
1096	87	4	http://172.19.70.29:8069/	2026-05-14 07:35:42.772859
1097	87	4	http://172.19.70.29:8069/	2026-05-14 07:35:49.200758
1099	87	4	http://172.19.70.29:8069/	2026-05-14 07:35:53.517571
1103	87	4	http://172.19.70.29:8069/?edit_translations=1	2026-05-14 07:36:04.743858
1105	2	7	http://172.19.70.29:8069/conocenos	2026-05-14 07:37:24.169198
1106	2	7	http://172.19.70.29:8069/conocenos	2026-05-14 07:37:25.308249
1109	2	12	http://172.19.70.29:8069/contactus	2026-05-14 07:37:38.359154
1110	2	12	http://172.19.70.29:8069/contactus	2026-05-14 07:37:39.406814
1113	155	4	http://172.19.70.29:8069/	2026-05-14 07:38:24.857813
1114	2	7	http://172.19.70.29:8069/conocenos	2026-05-14 07:38:26.613089
1115	2	4	http://172.19.70.29:8069/	2026-05-14 07:45:24.118702
1116	2	6	http://172.19.70.29:8069/catalogo	2026-05-14 07:45:32.330733
1117	2	4	http://172.19.70.29:8069/	2026-05-14 07:45:44.469709
1118	2	13	http://172.19.70.29:8069/noticias	2026-05-14 07:47:06.206946
1119	2	12	http://172.19.70.29:8069/contactus	2026-05-14 07:47:25.734524
1120	87	4	http://172.19.70.29:8069/	2026-05-14 07:48:42.456763
1122	87	6	http://172.19.70.29:8069/catalogo	2026-05-14 07:49:10.007018
1123	87	6	http://172.19.70.29:8069/catalogo	2026-05-14 07:49:12.746908
1124	87	4	http://172.19.70.29:8069/	2026-05-14 07:49:14.997271
1126	2	4	http://172.19.70.29:8069/	2026-05-14 07:49:43.527496
1129	87	4	http://172.19.70.29:8069/	2026-05-14 07:49:53.571735
1130	87	4	http://172.19.70.29:8069/	2026-05-14 07:50:01.201427
1132	87	6	http://172.19.70.29:8069/catalogo	2026-05-14 07:50:18.156423
1133	87	6	http://172.19.70.29:8069/catalogo	2026-05-14 07:50:20.717206
1134	87	6	http://172.19.70.29:8069/catalogo	2026-05-14 07:50:24.336897
1136	1	4	http://172.19.70.29:8069/?edit_translations=1	2026-05-14 07:50:35.136849
1137	2	6	http://172.19.70.29:8069/catalogo	2026-05-14 07:50:47.262608
1138	2	6	http://172.19.70.29:8069/catalogo	2026-05-14 07:50:49.294049
1508	2	9	http://172.19.70.29:8069/acreditaciones	2026-05-14 08:47:55.468464
1513	87	21	http://172.19.70.29:8069/we-are-pleased-to-announce-our-annual	2026-05-14 08:48:02.464593
1515	87	21	http://172.19.70.29:8069/we-are-pleased-to-announce-our-annual	2026-05-14 08:48:04.65663
1516	87	32	http://172.19.70.29:8069/curso	2026-05-14 08:48:06.481324
1517	87	4	http://172.19.70.29:8069/	2026-05-14 08:48:08.806612
1519	87	23	http://172.19.70.29:8069/tercer-ano-consecutivo	2026-05-14 08:48:13.781764
1523	1	7	http://172.19.70.29:8069/conocenos	2026-05-14 08:48:27.154295
1524	1532	12	http://172.19.70.29:8069/contactus	2026-05-14 08:48:27.469663
1525	1	13	http://172.19.70.29:8069/noticias	2026-05-14 08:48:27.791058
1527	87	17	http://172.19.70.29:8069/celebrating-excellence-stamford-i-avk-authorised-dealer-excellence-awards-2025	2026-05-14 08:48:43.844342
1529	1	12	http://172.19.70.29:8069/contactus	2026-05-14 08:48:47.518032
1534	87	13	http://172.19.70.29:8069/noticias	2026-05-14 08:49:06.739035
1535	87	32	http://172.19.70.29:8069/curso	2026-05-14 08:49:09.971402
1540	1532	12	http://172.19.70.29:8069/contactus	2026-05-14 08:49:20.290217
1547	1532	12	http://172.19.70.29:8069/contactus	2026-05-14 08:49:25.570714
1548	1532	12	http://172.19.70.29:8069/contactus	2026-05-14 08:49:25.931747
1549	1532	12	http://172.19.70.29:8069/contactus	2026-05-14 08:49:26.299727
1550	1532	12	http://172.19.70.29:8069/contactus	2026-05-14 08:49:26.485911
1552	1	4	http://172.19.70.29:8069/	2026-05-14 08:49:26.603184
1558	1532	12	http://172.19.70.29:8069/contactus	2026-05-14 08:49:27.699339
1564	1532	12	http://172.19.70.29:8069/contactus	2026-05-14 08:49:28.832886
1567	1	14	http://172.19.70.29:8069/contacto	2026-05-14 08:49:31.259476
1574	1	4	http://172.19.70.29:8069/	2026-05-14 08:49:37.440944
1582	1532	12	http://172.19.70.29:8069/contactus	2026-05-14 08:49:55.406487
1593	1	4	http://172.19.70.29:8069/	2026-05-14 08:50:06.537904
1608	87	13	http://172.19.70.29:8069/noticias	2026-05-14 08:50:41.053607
1609	87	13	http://172.19.70.29:8069/noticias	2026-05-14 08:50:41.407093
1612	87	13	http://172.19.70.29:8069/noticias?edit_translations=1	2026-05-14 08:50:43.109852
1615	87	13	http://172.19.70.29:8069/noticias	2026-05-14 08:50:48.632135
1619	87	13	http://172.19.70.29:8069/noticias	2026-05-14 08:51:05.02211
1641	479	13	http://172.19.70.29:8069/noticias?edit_translations=1	2026-05-14 08:52:14.216463
1651	1	16	http://172.19.70.29:8069/politica-de-privacidad	2026-05-14 08:52:39.32109
1665	87	4	http://172.19.70.29:8069/	2026-05-14 08:53:05.791178
1668	2	10	http://172.19.70.29:8069/ensayos-y-diagnosis	2026-05-14 08:53:07.89847
1676	2	11	http://172.19.70.29:8069/revision-y-reparacion	2026-05-14 08:53:15.884233
1681	87	9	http://172.19.70.29:8069/acreditaciones	2026-05-14 08:53:19.426848
1684	87	10	http://172.19.70.29:8069/ensayos-y-diagnosis	2026-05-14 08:53:27.361428
1685	87	10	http://172.19.70.29:8069/ensayos-y-diagnosis	2026-05-14 08:53:29.530665
1691	87	10	http://172.19.70.29:8069/ensayos-y-diagnosis	2026-05-14 08:53:39.039668
1693	87	11	http://172.19.70.29:8069/revision-y-reparacion	2026-05-14 08:53:42.396712
1700	87	13	http://172.19.70.29:8069/noticias	2026-05-14 08:53:53.031548
1704	1	16	http://172.19.70.29:8069/politica-de-privacidad	2026-05-14 08:54:05.809502
1818	1	22	http://172.19.70.29:8069/declaracion-de-accesibilidad	2026-05-14 09:00:25.192048
1819	1532	10	http://172.19.70.29:8069/ensayos-y-diagnosis	2026-05-14 09:00:25.981536
1827	479	13	http://172.19.70.29:8069/noticias?edit_translations=1	2026-05-14 09:00:52.600202
1835	479	13	http://172.19.70.29:8069/noticias	2026-05-14 09:02:07.154497
1836	479	13	http://172.19.70.29:8069/noticias?edit_translations=1	2026-05-14 09:02:11.077312
1837	2	12	http://172.19.70.29:8069/contactus	2026-05-14 09:02:24.243906
1839	479	13	http://172.19.70.29:8069/noticias	2026-05-14 09:02:29.495943
1844	479	13	http://172.19.70.29:8069/noticias?edit_translations=1	2026-05-14 09:02:41.197521
1845	1532	10	http://172.19.70.29:8069/ensayos-y-diagnosis	2026-05-14 09:02:54.06721
1850	1532	10	http://172.19.70.29:8069/ensayos-y-diagnosis	2026-05-14 09:03:02.604575
1080	87	4	http://172.19.70.29:8069/?edit_translations=1	2026-05-14 07:25:55.853321
1083	87	4	http://172.19.70.29:8069/	2026-05-14 07:30:53.371981
1087	1	4	http://172.19.70.29:8069/	2026-05-14 07:33:56.616969
1088	87	4	http://172.19.70.29:8069/?edit_translations=1	2026-05-14 07:34:36.711849
1092	87	4	http://172.19.70.29:8069/	2026-05-14 07:35:19.248088
1093	87	4	http://172.19.70.29:8069/	2026-05-14 07:35:21.140899
1098	1	4	http://172.19.70.29:8069/?edit_translations=1	2026-05-14 07:35:52.433948
1100	87	4	http://172.19.70.29:8069/	2026-05-14 07:35:55.03971
1102	87	4	http://172.19.70.29:8069/	2026-05-14 07:36:00.836464
1104	1	4	http://172.19.70.29:8069/	2026-05-14 07:37:11.756715
1112	87	4	http://172.19.70.29:8069/?edit_translations=1	2026-05-14 07:37:59.257239
1121	87	6	http://172.19.70.29:8069/catalogo	2026-05-14 07:48:51.10815
1127	87	4	http://172.19.70.29:8069/?edit_translations=1	2026-05-14 07:49:45.896796
1131	87	6	http://172.19.70.29:8069/catalogo	2026-05-14 07:50:02.399503
1135	87	6	http://172.19.70.29:8069/catalogo?edit_translations=1	2026-05-14 07:50:26.339911
1509	87	17	http://172.19.70.29:8069/celebrating-excellence-stamford-i-avk-authorised-dealer-excellence-awards-2025	2026-05-14 08:47:56.513104
1566	1	4	http://172.19.70.29:8069/	2026-05-14 08:49:29.111496
1591	1	12	http://172.19.70.29:8069/contactus	2026-05-14 08:50:04.508076
1596	87	21	http://172.19.70.29:8069/we-are-pleased-to-announce-our-annual	2026-05-14 08:50:09.601461
1614	87	13	http://172.19.70.29:8069/noticias	2026-05-14 08:50:46.384249
1617	87	13	http://172.19.70.29:8069/noticias	2026-05-14 08:51:04.487448
1624	87	13	http://172.19.70.29:8069/noticias	2026-05-14 08:51:07.403741
1638	479	13	http://172.19.70.29:8069/noticias	2026-05-14 08:52:07.441718
1670	87	6	http://172.19.70.29:8069/catalogo	2026-05-14 08:53:09.015893
1840	1532	10	http://172.19.70.29:8069/ensayos-y-diagnosis	2026-05-14 09:02:29.966885
1842	1	4	http://172.19.70.29:8069/	2026-05-14 09:02:32.026676
1846	2	4	http://172.19.70.29:8069/?edit_translations=1	2026-05-14 09:02:57.391907
1847	1532	10	http://172.19.70.29:8069/ensayos-y-diagnosis	2026-05-14 09:02:59.518693
1848	1	4	http://172.19.70.29:8069/	2026-05-14 09:03:00.815164
1849	1532	10	http://172.19.70.29:8069/ensayos-y-diagnosis	2026-05-14 09:03:01.331309
1851	1532	10	http://172.19.70.29:8069/ensayos-y-diagnosis	2026-05-14 09:03:03.376737
1853	2	4	http://172.19.70.29:8069/	2026-05-14 09:03:06.215804
1854	1	4	http://172.19.70.29:8069/	2026-05-14 09:03:07.074396
1855	1	4	http://172.19.70.29:8069/	2026-05-14 09:03:07.142957
1856	1	22	http://172.19.70.29:8069/declaracion-de-accesibilidad	2026-05-14 09:03:08.174625
1857	1	22	http://172.19.70.29:8069/declaracion-de-accesibilidad	2026-05-14 09:03:10.330463
1859	1	22	http://172.19.70.29:8069/declaracion-de-accesibilidad	2026-05-14 09:03:14.613488
1860	1532	11	http://172.19.70.29:8069/revision-y-reparacion	2026-05-14 09:03:16.711748
1861	1	22	http://172.19.70.29:8069/declaracion-de-accesibilidad	2026-05-14 09:03:17.858828
1862	1532	11	http://172.19.70.29:8069/revision-y-reparacion	2026-05-14 09:03:19.116264
1863	1532	11	http://172.19.70.29:8069/revision-y-reparacion	2026-05-14 09:03:19.881256
1864	1532	11	http://172.19.70.29:8069/revision-y-reparacion	2026-05-14 09:03:20.498188
1865	1532	11	http://172.19.70.29:8069/revision-y-reparacion	2026-05-14 09:03:20.985069
1866	1	4	http://172.19.70.29:8069/	2026-05-14 09:03:21.5317
1868	1532	11	http://172.19.70.29:8069/revision-y-reparacion	2026-05-14 09:03:22.828923
1869	1532	11	http://172.19.70.29:8069/revision-y-reparacion	2026-05-14 09:03:23.377777
1870	1532	11	http://172.19.70.29:8069/revision-y-reparacion	2026-05-14 09:03:24.01671
1873	1	22	http://172.19.70.29:8069/declaracion-de-accesibilidad	2026-05-14 09:03:31.595644
1874	1	22	http://172.19.70.29:8069/declaracion-de-accesibilidad	2026-05-14 09:03:32.659893
1875	479	13	http://172.19.70.29:8069/noticias	2026-05-14 09:03:34.305069
1876	1532	11	http://172.19.70.29:8069/revision-y-reparacion	2026-05-14 09:03:35.635445
1877	1	22	http://172.19.70.29:8069/declaracion-de-accesibilidad	2026-05-14 09:03:45.337131
1878	479	13	http://172.19.70.29:8069/noticias	2026-05-14 09:03:53.601493
1879	2	4	http://172.19.70.29:8069/	2026-05-14 09:03:55.839215
1880	479	13	http://172.19.70.29:8069/noticias?edit_translations=1	2026-05-14 09:03:57.933882
1882	1	22	http://172.19.70.29:8069/declaracion-de-accesibilidad	2026-05-14 09:04:06.18638
1886	479	13	http://172.19.70.29:8069/noticias?edit_translations=1	2026-05-14 09:04:13.856069
1887	1	22	http://172.19.70.29:8069/declaracion-de-accesibilidad	2026-05-14 09:04:20.547563
1888	1	22	http://172.19.70.29:8069/declaracion-de-accesibilidad	2026-05-14 09:04:52.336832
1889	1	4	http://172.19.70.29:8069/	2026-05-14 09:04:53.861807
1892	1532	11	http://172.19.70.29:8069/revision-y-reparacion	2026-05-14 09:05:41.087092
1893	87	9	http://172.19.70.29:8069/acreditaciones	2026-05-14 09:05:43.056922
1894	87	4	http://172.19.70.29:8069/	2026-05-14 09:05:47.510433
1896	1532	13	http://172.19.70.29:8069/noticias	2026-05-14 09:05:50.230832
1898	87	7	http://172.19.70.29:8069/conocenos	2026-05-14 09:05:51.664414
1899	1532	13	http://172.19.70.29:8069/noticias	2026-05-14 09:05:59.989653
1901	1532	17	http://172.19.70.29:8069/celebrating-excellence-stamford-i-avk-authorised-dealer-excellence-awards-2025	2026-05-14 09:06:02.682975
1903	2	16	http://172.19.70.29:8069/politica-de-privacidad	2026-05-14 09:06:53.844705
1904	2	16	http://172.19.70.29:8069/politica-de-privacidad	2026-05-14 09:06:54.860072
1905	1532	17	http://172.19.70.29:8069/celebrating-excellence-stamford-i-avk-authorised-dealer-excellence-awards-2025	2026-05-14 09:06:59.422674
1906	1532	13	http://172.19.70.29:8069/noticias	2026-05-14 09:07:03.222732
1910	2	16	http://172.19.70.29:8069/politica-de-privacidad	2026-05-14 09:07:25.305006
1911	2	16	http://172.19.70.29:8069/politica-de-privacidad	2026-05-14 09:07:26.314177
1912	1532	23	http://172.19.70.29:8069/tercer-ano-consecutivo	2026-05-14 09:07:36.656563
1913	1532	21	http://172.19.70.29:8069/we-are-pleased-to-announce-our-annual	2026-05-14 09:07:46.104417
1914	2	4	http://172.19.70.29:8069/	2026-05-14 09:07:50.527265
1915	2	16	http://172.19.70.29:8069/politica-de-privacidad	2026-05-14 09:07:52.699122
1917	1532	26	http://172.19.70.29:8069/ganadores-del-premio	2026-05-14 09:08:03.557487
1920	1	4	http://172.19.70.29:8069/?edit_translations=1	2026-05-14 09:08:13.731746
1921	479	13	http://172.19.70.29:8069/noticias	2026-05-14 09:08:14.045725
1926	1	4	http://172.19.70.29:8069/?edit_translations=1	2026-05-14 09:08:29.089904
1927	479	7	http://172.19.70.29:8069/conocenos	2026-05-14 09:08:31.338604
1928	1	4	http://172.19.70.29:8069/	2026-05-14 09:08:36.426053
1930	2	16	http://172.19.70.29:8069/politica-de-privacidad	2026-05-14 09:08:38.934326
1931	2	16	http://172.19.70.29:8069/politica-de-privacidad	2026-05-14 09:08:39.933308
1932	479	12	http://172.19.70.29:8069/contactus	2026-05-14 09:08:42.245479
1095	87	4	http://172.19.70.29:8069/	2026-05-14 07:35:39.732798
1589	87	13	http://172.19.70.29:8069/noticias	2026-05-14 08:50:03.690976
1607	87	13	http://172.19.70.29:8069/noticias	2026-05-14 08:50:40.389989
1625	87	13	http://172.19.70.29:8069/noticias	2026-05-14 08:51:08.629019
1678	87	9	http://172.19.70.29:8069/acreditaciones	2026-05-14 08:53:17.647055
1852	1532	10	http://172.19.70.29:8069/ensayos-y-diagnosis	2026-05-14 09:03:05.579647
1858	2	4	http://172.19.70.29:8069/?edit_translations=1	2026-05-14 09:03:10.722278
1867	1532	11	http://172.19.70.29:8069/revision-y-reparacion	2026-05-14 09:03:21.567285
1871	1	22	http://172.19.70.29:8069/declaracion-de-accesibilidad	2026-05-14 09:03:24.075837
1881	2	4	http://172.19.70.29:8069/?edit_translations=1	2026-05-14 09:03:58.139865
1884	479	13	http://172.19.70.29:8069/noticias	2026-05-14 09:04:10.743982
1885	479	13	http://172.19.70.29:8069/noticias	2026-05-14 09:04:11.764434
1891	1	4	http://172.19.70.29:8069/	2026-05-14 09:05:24.228404
1895	1532	13	http://172.19.70.29:8069/noticias	2026-05-14 09:05:48.347651
1897	1532	13	http://172.19.70.29:8069/noticias	2026-05-14 09:05:50.842189
1900	87	16	http://172.19.70.29:8069/politica-de-privacidad	2026-05-14 09:06:00.60467
1902	1532	17	http://172.19.70.29:8069/celebrating-excellence-stamford-i-avk-authorised-dealer-excellence-awards-2025	2026-05-14 09:06:08.033323
1922	479	13	http://172.19.70.29:8069/noticias	2026-05-14 09:08:15.278985
1924	479	4	http://172.19.70.29:8069/	2026-05-14 09:08:25.813624
2019	2	9	http://172.19.70.29:8069/acreditaciones	2026-05-14 10:11:46.559548
2029	1	10	http://172.19.70.29:8069/ensayos-y-diagnosis	2026-05-14 10:26:09.288138
2053	2	10	http://172.19.70.29:8069/ensayos-y-diagnosis	2026-05-14 10:29:00.216833
2120	1	12	http://172.19.70.29:8069/contactus	2026-05-14 10:34:17.523956
2155	1	12	http://172.19.70.29:8069/contactus	2026-05-14 10:39:03.080707
2186	2	13	http://172.19.70.29:8069/noticias?edit_translations=1	2026-05-14 10:41:02.118225
2189	2	13	http://172.19.70.29:8069/noticias	2026-05-14 10:41:07.640245
2190	2	13	http://172.19.70.29:8069/noticias	2026-05-14 10:41:43.74628
2192	2	13	http://172.19.70.29:8069/noticias?edit_translations=1	2026-05-14 10:41:48.260061
2193	2	16	http://172.19.70.29:8069/politica-de-privacidad	2026-05-14 10:41:56.922186
2194	2	16	http://172.19.70.29:8069/politica-de-privacidad	2026-05-14 10:41:57.948905
2195	2	16	http://172.19.70.29:8069/politica-de-privacidad	2026-05-14 10:42:03.754759
2196	2	16	http://172.19.70.29:8069/politica-de-privacidad	2026-05-14 10:42:04.847949
2197	1	16	http://172.19.70.29:8069/politica-de-privacidad	2026-05-14 10:42:09.924625
2198	1	12	http://172.19.70.29:8069/contactus	2026-05-14 10:42:13.430532
2199	1	16	http://172.19.70.29:8069/politica-de-privacidad	2026-05-14 10:42:16.23207
2200	87	15	http://172.19.70.29:8069/avisos-legales	2026-05-14 10:42:17.409733
2201	87	15	http://172.19.70.29:8069/avisos-legales	2026-05-14 10:42:21.254407
2203	87	15	http://172.19.70.29:8069/avisos-legales	2026-05-14 10:42:23.446162
2207	87	7	http://172.19.70.29:8069/conocenos	2026-05-14 10:42:30.960124
2208	87	4	http://172.19.70.29:8069/	2026-05-14 10:42:33.889097
2210	87	16	http://172.19.70.29:8069/politica-de-privacidad	2026-05-14 10:42:39.588168
2216	2	20	http://172.19.70.29:8069/unete-a-nuestro-equipo	2026-05-14 10:42:58.80618
2218	2	23	http://172.19.70.29:8069/tercer-ano-consecutivo	2026-05-14 10:43:03.691453
2219	1	18	http://172.19.70.29:8069/politica-de-cookies	2026-05-14 10:43:08.014766
2220	1	12	http://172.19.70.29:8069/contactus	2026-05-14 10:43:09.619965
2223	1	18	http://172.19.70.29:8069/politica-de-cookies	2026-05-14 10:43:18.289064
2224	1	18	http://172.19.70.29:8069/politica-de-cookies	2026-05-14 10:43:20.593353
2225	2	23	http://172.19.70.29:8069/tercer-ano-consecutivo	2026-05-14 10:43:32.594135
2226	2	23	http://172.19.70.29:8069/tercer-ano-consecutivo	2026-05-14 10:43:34.39549
2228	1	4	http://172.19.70.29:8069/	2026-05-14 10:43:41.641244
2230	1	12	http://172.19.70.29:8069/contactus	2026-05-14 10:43:50.280952
2232	2	23	http://172.19.70.29:8069/tercer-ano-consecutivo	2026-05-14 10:44:04.678675
2233	2	4	http://172.19.70.29:8069/	2026-05-14 10:44:11.215154
2239	2	19	http://172.19.70.29:8069/feliz-ano	2026-05-14 10:44:48.009613
2240	1	12	http://172.19.70.29:8069/contactus	2026-05-14 10:44:49.011044
2241	2	17	http://172.19.70.29:8069/celebrating-excellence-stamford-i-avk-authorised-dealer-excellence-awards-2025	2026-05-14 10:44:51.635215
2242	1	12	http://172.19.70.29:8069/contactus	2026-05-14 10:44:53.266014
2246	1	4	http://172.19.70.29:8069/	2026-05-14 10:45:09.21584
2247	2	21	http://172.19.70.29:8069/we-are-pleased-to-announce-our-annual?edit_translations=1	2026-05-14 10:45:17.34433
2249	1	15	http://172.19.70.29:8069/avisos-legales	2026-05-14 10:46:08.544625
2250	1	15	http://172.19.70.29:8069/avisos-legales	2026-05-14 10:46:08.692032
2251	1	4	http://172.19.70.29:8069/?edit_translations=1	2026-05-14 10:46:15.883139
2255	1	16	http://172.19.70.29:8069/politica-de-privacidad	2026-05-14 10:46:28.852573
2256	1	16	http://172.19.70.29:8069/politica-de-privacidad	2026-05-14 10:46:29.979041
2257	1	18	http://172.19.70.29:8069/politica-de-cookies	2026-05-14 10:46:31.704115
2258	1	18	http://172.19.70.29:8069/politica-de-cookies	2026-05-14 10:46:32.801749
2260	2	13	http://172.19.70.29:8069/noticias	2026-05-14 10:46:37.196637
2262	1	4	http://172.19.70.29:8069/	2026-05-14 10:46:51.678136
2263	1	22	http://172.19.70.29:8069/declaracion-de-accesibilidad	2026-05-14 10:46:55.40728
2264	1	4	http://172.19.70.29:8069/	2026-05-14 10:46:56.678139
2265	2	23	http://172.19.70.29:8069/tercer-ano-consecutivo?edit_translations=1	2026-05-14 10:47:03.469676
2267	2	13	http://172.19.70.29:8069/noticias	2026-05-14 10:48:18.390243
2268	1	13	http://172.19.70.29:8069/noticias	2026-05-14 10:48:20.896103
2270	2	24	http://172.19.70.29:8069/nuevo-pack?edit_translations=1	2026-05-14 10:48:39.366193
2274	2	24	http://172.19.70.29:8069/nuevo-pack?edit_translations=1	2026-05-14 10:48:57.11185
2275	1	16	http://172.19.70.29:8069/politica-de-privacidad	2026-05-14 10:49:01.758776
2280	2	13	http://172.19.70.29:8069/noticias	2026-05-14 10:49:25.372633
2283	2	13	http://172.19.70.29:8069/noticias	2026-05-14 10:49:43.068806
2284	1	4	http://172.19.70.29:8069/	2026-05-14 10:49:45.26077
2286	1	16	http://172.19.70.29:8069/politica-de-privacidad	2026-05-14 10:49:52.242114
2288	1	4	http://172.19.70.29:8069/	2026-05-14 10:49:56.090724
2290	1	4	http://172.19.70.29:8069/	2026-05-14 10:50:02.35739
2291	2	13	http://172.19.70.29:8069/noticias	2026-05-14 10:50:04.062778
2292	1	16	http://172.19.70.29:8069/politica-de-privacidad	2026-05-14 10:50:06.360677
2293	1	16	http://172.19.70.29:8069/politica-de-privacidad	2026-05-14 10:50:08.441752
2294	1	16	http://172.19.70.29:8069/politica-de-privacidad	2026-05-14 10:50:16.394168
2295	1	16	http://172.19.70.29:8069/politica-de-privacidad	2026-05-14 10:50:17.675528
1107	87	4	http://172.19.70.29:8069/	2026-05-14 07:37:34.307892
1139	2	6	http://172.19.70.29:8069/catalogo	2026-05-14 07:50:52.914317
1140	2	6	http://172.19.70.29:8069/catalogo	2026-05-14 07:50:57.281268
1141	1	4	http://172.19.70.29:8069/	2026-05-14 07:53:11.871166
1142	1	4	http://172.19.70.29:8069/?edit_translations=1	2026-05-14 07:53:23.345517
1143	87	6	http://172.19.70.29:8069/catalogo	2026-05-14 07:54:24.628654
1144	87	4	http://172.19.70.29:8069/	2026-05-14 07:54:45.223365
1145	2	6	http://172.19.70.29:8069/catalogo	2026-05-14 07:55:35.223804
1146	2	4	http://172.19.70.29:8069/	2026-05-14 07:55:37.142198
1147	2	4	http://172.19.70.29:8069/	2026-05-14 07:55:55.106518
1148	2	6	http://172.19.70.29:8069/catalogo	2026-05-14 07:55:57.462015
1149	87	4	http://172.19.70.29:8069/?edit_translations=1	2026-05-14 07:55:57.592614
1150	2	4	http://172.19.70.29:8069/	2026-05-14 07:56:14.505756
1151	87	4	http://172.19.70.29:8069/	2026-05-14 07:56:14.933519
1152	87	4	http://172.19.70.29:8069/	2026-05-14 07:56:18.90065
1153	87	6	http://172.19.70.29:8069/catalogo	2026-05-14 07:56:51.27387
1154	87	4	http://172.19.70.29:8069/	2026-05-14 07:56:54.602315
1155	87	4	http://172.19.70.29:8069/	2026-05-14 07:56:57.074862
1156	2	4	http://172.19.70.29:8069/	2026-05-14 07:56:57.82942
1157	87	6	http://172.19.70.29:8069/catalogo	2026-05-14 07:56:58.136888
1158	87	6	http://172.19.70.29:8069/catalogo	2026-05-14 07:56:59.435978
1159	87	6	http://172.19.70.29:8069/catalogo	2026-05-14 07:57:00.121218
1160	87	6	http://172.19.70.29:8069/catalogo	2026-05-14 07:57:01.465817
1161	2	6	http://172.19.70.29:8069/catalogo	2026-05-14 07:57:03.157062
1162	87	6	http://172.19.70.29:8069/catalogo	2026-05-14 07:57:04.563101
1163	87	6	http://172.19.70.29:8069/catalogo	2026-05-14 07:57:05.447574
1164	87	6	http://172.19.70.29:8069/catalogo	2026-05-14 07:57:14.088856
1165	87	6	http://172.19.70.29:8069/catalogo	2026-05-14 07:57:14.806231
1166	87	6	http://172.19.70.29:8069/catalogo	2026-05-14 07:57:15.480011
1167	87	6	http://172.19.70.29:8069/catalogo	2026-05-14 07:57:16.00918
1168	87	6	http://172.19.70.29:8069/catalogo	2026-05-14 07:57:16.454606
1169	87	6	http://172.19.70.29:8069/catalogo	2026-05-14 07:57:18.659669
1170	87	6	http://172.19.70.29:8069/catalogo	2026-05-14 07:57:24.488476
1171	2	6	http://172.19.70.29:8069/catalogo	2026-05-14 07:57:32.750175
1172	2	7	http://172.19.70.29:8069/conocenos	2026-05-14 07:57:34.195867
1173	87	6	http://172.19.70.29:8069/catalogo	2026-05-14 07:57:35.219234
1174	87	6	http://172.19.70.29:8069/catalogo	2026-05-14 07:57:36.906947
1175	87	4	http://172.19.70.29:8069/	2026-05-14 07:57:37.908214
1176	87	4	http://172.19.70.29:8069/	2026-05-14 07:57:47.152737
1177	87	4	http://172.19.70.29:8069/	2026-05-14 07:58:01.91759
1178	2	7	http://172.19.70.29:8069/conocenos	2026-05-14 07:58:16.408879
1179	2	6	http://172.19.70.29:8069/catalogo	2026-05-14 07:58:18.504464
1180	87	4	http://172.19.70.29:8069/	2026-05-14 07:58:19.179599
1181	87	4	http://172.19.70.29:8069/	2026-05-14 07:58:24.069103
1182	87	4	http://172.19.70.29:8069/	2026-05-14 07:58:24.513737
1183	87	4	http://172.19.70.29:8069/	2026-05-14 07:58:24.859679
1184	87	4	http://172.19.70.29:8069/	2026-05-14 07:58:25.575188
1185	87	4	http://172.19.70.29:8069/?edit_translations=1	2026-05-14 07:58:31.141784
1186	87	4	http://172.19.70.29:8069/	2026-05-14 07:58:40.353839
1187	87	4	http://172.19.70.29:8069/?edit_translations=1	2026-05-14 07:58:43.30934
1188	87	4	http://172.19.70.29:8069/	2026-05-14 08:00:31.100157
1189	87	4	http://172.19.70.29:8069/	2026-05-14 08:00:34.759471
1190	87	4	http://172.19.70.29:8069/	2026-05-14 08:00:36.093476
1191	87	4	http://172.19.70.29:8069/	2026-05-14 08:00:36.718816
1192	2	6	http://172.19.70.29:8069/catalogo	2026-05-14 08:01:31.349441
1193	2	7	http://172.19.70.29:8069/conocenos	2026-05-14 08:01:32.77698
1194	87	4	http://172.19.70.29:8069/?edit_translations=1	2026-05-14 08:01:36.144156
1195	2	6	http://172.19.70.29:8069/catalogo	2026-05-14 08:02:52.828338
1196	2	6	http://172.19.70.29:8069/catalogo	2026-05-14 08:02:58.834084
1197	87	4	http://172.19.70.29:8069/	2026-05-14 08:03:40.007504
1198	87	6	http://172.19.70.29:8069/catalogo	2026-05-14 08:03:45.26106
1199	87	4	http://172.19.70.29:8069/	2026-05-14 08:03:48.680906
1200	2	6	http://172.19.70.29:8069/catalogo	2026-05-14 08:04:29.478805
1201	2	7	http://172.19.70.29:8069/conocenos	2026-05-14 08:04:43.463071
1202	2	4	http://172.19.70.29:8069/	2026-05-14 08:04:44.455848
1203	2	4	http://172.19.70.29:8069/	2026-05-14 08:05:15.560407
1204	2	4	http://172.19.70.29:8069/	2026-05-14 08:05:53.829739
1205	2	4	http://172.19.70.29:8069/	2026-05-14 08:06:09.967689
1206	87	6	http://172.19.70.29:8069/catalogo	2026-05-14 08:06:14.096311
1207	87	6	http://172.19.70.29:8069/catalogo	2026-05-14 08:06:21.093465
1208	87	7	http://172.19.70.29:8069/conocenos	2026-05-14 08:06:39.641035
1209	87	7	http://172.19.70.29:8069/conocenos?edit_translations=1	2026-05-14 08:06:43.327072
1210	2	4	http://172.19.70.29:8069/	2026-05-14 08:07:45.59941
1211	2	7	http://172.19.70.29:8069/conocenos	2026-05-14 08:08:01.83799
1212	2	4	http://172.19.70.29:8069/	2026-05-14 08:08:03.679317
1213	2	7	http://172.19.70.29:8069/conocenos	2026-05-14 08:08:04.961625
1214	87	7	http://172.19.70.29:8069/conocenos	2026-05-14 08:09:00.522986
1215	2	7	http://172.19.70.29:8069/conocenos	2026-05-14 08:09:08.76249
1216	2	6	http://172.19.70.29:8069/catalogo	2026-05-14 08:09:12.141482
1217	87	9	http://172.19.70.29:8069/acreditaciones	2026-05-14 08:09:22.243141
1218	87	9	http://172.19.70.29:8069/acreditaciones?edit_translations=1	2026-05-14 08:09:30.303708
1219	2	6	http://172.19.70.29:8069/catalogo	2026-05-14 08:09:33.477934
1220	2	6	http://172.19.70.29:8069/catalogo	2026-05-14 08:09:47.70507
1221	2	4	http://172.19.70.29:8069/	2026-05-14 08:09:49.259896
1222	87	9	http://172.19.70.29:8069/acreditaciones	2026-05-14 08:10:56.288916
1223	2	4	http://172.19.70.29:8069/	2026-05-14 08:11:01.499836
1224	2	6	http://172.19.70.29:8069/catalogo	2026-05-14 08:11:05.268269
1225	87	9	http://172.19.70.29:8069/acreditaciones	2026-05-14 08:11:06.191318
1226	2	7	http://172.19.70.29:8069/conocenos	2026-05-14 08:11:09.256216
1227	2	7	http://172.19.70.29:8069/conocenos	2026-05-14 08:11:48.58854
1228	2	6	http://172.19.70.29:8069/catalogo	2026-05-14 08:11:50.657323
1229	2	4	http://172.19.70.29:8069/	2026-05-14 08:11:54.340948
1230	2	4	http://172.19.70.29:8069/	2026-05-14 08:12:14.045622
1231	2	4	http://172.19.70.29:8069/	2026-05-14 08:12:23.146169
1232	2	4	http://172.19.70.29:8069/	2026-05-14 08:12:26.173705
1233	2	6	http://172.19.70.29:8069/catalogo	2026-05-14 08:12:29.558564
1234	2	6	http://172.19.70.29:8069/catalogo	2026-05-14 08:12:45.600186
1235	2	7	http://172.19.70.29:8069/conocenos	2026-05-14 08:12:46.805642
2465	479	22	http://172.19.70.29:8069/declaracion-de-accesibilidad	2026-05-14 11:16:05.17099
2466	2	26	http://172.19.70.29:8069/ganadores-del-premio	2026-05-14 11:16:06.76973
2468	1	4	http://172.19.70.29:8069/	2026-05-14 11:16:37.026711
2469	1	13	http://172.19.70.29:8069/noticias	2026-05-14 11:16:38.334326
2473	1	17	http://172.19.70.29:8069/celebrating-excellence-stamford-i-avk-authorised-dealer-excellence-awards-2025	2026-05-14 11:17:02.587545
2474	1	19	http://172.19.70.29:8069/feliz-ano	2026-05-14 11:17:06.365976
2476	1	20	http://172.19.70.29:8069/unete-a-nuestro-equipo	2026-05-14 11:17:27.731779
2477	1	20	http://172.19.70.29:8069/unete-a-nuestro-equipo	2026-05-14 11:17:39.543833
2478	1	13	http://172.19.70.29:8069/noticias	2026-05-14 11:17:45.839346
2479	1	20	http://172.19.70.29:8069/unete-a-nuestro-equipo	2026-05-14 11:17:48.652786
2480	1	21	http://172.19.70.29:8069/we-are-pleased-to-announce-our-annual	2026-05-14 11:17:55.104686
2481	1	21	http://172.19.70.29:8069/we-are-pleased-to-announce-our-annual	2026-05-14 11:18:07.066645
2484	1	23	http://172.19.70.29:8069/tercer-ano-consecutivo	2026-05-14 11:18:22.044678
2486	1	24	http://172.19.70.29:8069/nuevo-pack	2026-05-14 11:18:28.417561
2488	1	13	http://172.19.70.29:8069/noticias	2026-05-14 11:18:46.020676
2496	2	32	http://172.19.70.29:8069/curso	2026-05-14 11:19:32.456835
2501	2	26	http://172.19.70.29:8069/ganadores-del-premio	2026-05-14 11:20:31.23685
2504	1532	31	http://172.19.70.29:8069/ganador	2026-05-14 11:21:01.388645
2514	1	6	http://172.19.70.29:8069/catalogo	2026-05-14 11:25:19.215708
2518	1	7	http://172.19.70.29:8069/conocenos	2026-05-14 11:25:54.925473
2521	1532	13	http://172.19.70.29:8069/noticias	2026-05-14 11:26:04.931955
2522	1	7	http://172.19.70.29:8069/conocenos	2026-05-14 11:26:09.867556
2528	1	10	http://172.19.70.29:8069/ensayos-y-diagnosis	2026-05-14 11:26:24.914109
2530	1532	21	http://172.19.70.29:8069/we-are-pleased-to-announce-our-annual	2026-05-14 11:26:32.507612
2531	1	11	http://172.19.70.29:8069/revision-y-reparacion	2026-05-14 11:26:35.016118
2538	1532	13	http://172.19.70.29:8069/noticias	2026-05-14 11:29:01.348919
2544	1	4	http://172.19.70.29:8069/	2026-05-14 11:29:26.485562
2547	1532	35	http://172.19.70.29:8069/bateria	2026-05-14 11:30:03.983261
2729	2	17	http://172.19.70.29:8069/celebrating-excellence-stamford-i-avk-authorised-dealer-excellence-awards-2025	2026-05-18 10:52:55.001853
2730	2	17	http://172.19.70.29:8069/celebrating-excellence-stamford-i-avk-authorised-dealer-excellence-awards-2025	2026-05-18 10:52:57.098519
2731	2	17	http://172.19.70.29:8069/celebrating-excellence-stamford-i-avk-authorised-dealer-excellence-awards-2025	2026-05-18 10:53:01.159325
2732	2	17	http://172.19.70.29:8069/celebrating-excellence-stamford-i-avk-authorised-dealer-excellence-awards-2025?edit_translations=1	2026-05-18 10:53:09.134761
2733	2	16	http://172.19.70.29:8069/politica-de-privacidad	2026-05-18 10:54:02.823254
2734	2	16	http://172.19.70.29:8069/politica-de-privacidad	2026-05-18 10:54:04.885495
2735	2	17	http://172.19.70.29:8069/celebrating-excellence-stamford-i-avk-authorised-dealer-excellence-awards-2025	2026-05-18 10:54:17.759504
2737	2	18	http://172.19.70.29:8069/politica-de-cookies	2026-05-18 10:54:57.007872
2738	2	18	http://172.19.70.29:8069/politica-de-cookies	2026-05-18 10:54:58.159227
2739	2	22	http://172.19.70.29:8069/declaracion-de-accesibilidad	2026-05-18 10:54:58.844831
2740	2	22	http://172.19.70.29:8069/declaracion-de-accesibilidad	2026-05-18 10:55:00.051658
2741	2	17	http://172.19.70.29:8069/celebrating-excellence-stamford-i-avk-authorised-dealer-excellence-awards-2025	2026-05-18 10:55:02.005249
2742	2	17	http://172.19.70.29:8069/celebrating-excellence-stamford-i-avk-authorised-dealer-excellence-awards-2025	2026-05-18 10:55:06.787323
2746	2	19	http://172.19.70.29:8069/feliz-ano	2026-05-18 10:57:06.143188
2762	2	17	http://172.19.70.29:8069/celebrating-excellence-stamford-i-avk-authorised-dealer-excellence-awards-2025	2026-05-18 11:00:07.225774
2782	2	19	http://172.19.70.29:8069/feliz-ano	2026-05-18 11:03:20.746578
2797	2	23	http://172.19.70.29:8069/tercer-ano-consecutivo	2026-05-19 08:40:03.097626
2811	2	13	http://172.19.70.29:8069/noticias	2026-05-19 08:42:01.700483
2836	2	13	http://172.19.70.29:8069/noticias	2026-05-19 08:52:53.688032
2839	2	13	http://172.19.70.29:8069/noticias	2026-05-19 08:53:17.195279
2840	2	13	http://172.19.70.29:8069/noticias	2026-05-19 08:53:21.958521
2842	2	17	http://172.19.70.29:8069/celebrating-excellence-stamford-i-avk-authorised-dealer-excellence-awards-2025?edit_translations=1	2026-05-19 08:53:45.650566
2844	2	17	http://172.19.70.29:8069/celebrating-excellence-stamford-i-avk-authorised-dealer-excellence-awards-2025	2026-05-19 08:54:13.774056
2845	2	13	http://172.19.70.29:8069/noticias	2026-05-19 08:54:20.538361
2846	2	13	http://172.19.70.29:8069/noticias?edit_translations=1	2026-05-19 08:54:24.526901
2849	2	24	http://172.19.70.29:8069/nuevo-pack?edit_translations=1	2026-05-19 08:54:52.608648
2851	2	24	http://172.19.70.29:8069/nuevo-pack	2026-05-19 08:55:08.42804
2852	2	24	http://172.19.70.29:8069/nuevo-pack	2026-05-19 08:55:20.320251
2853	2	24	http://172.19.70.29:8069/nuevo-pack	2026-05-19 08:55:23.606567
2854	2	24	http://172.19.70.29:8069/nuevo-pack?edit_translations=1	2026-05-19 08:55:25.452611
2855	2	24	http://172.19.70.29:8069/nuevo-pack	2026-05-19 08:56:07.468646
2856	2	24	http://172.19.70.29:8069/nuevo-pack	2026-05-19 08:56:10.366489
2857	2	24	http://172.19.70.29:8069/nuevo-pack?edit_translations=1	2026-05-19 08:56:12.574225
2858	2	16	http://172.19.70.29:8069/politica-de-privacidad	2026-05-19 08:56:45.83414
2859	2	16	http://172.19.70.29:8069/politica-de-privacidad	2026-05-19 08:56:46.874423
2860	2	18	http://172.19.70.29:8069/politica-de-cookies	2026-05-19 08:56:47.727236
2861	2	18	http://172.19.70.29:8069/politica-de-cookies	2026-05-19 08:56:48.763747
2862	2	22	http://172.19.70.29:8069/declaracion-de-accesibilidad	2026-05-19 08:56:50.321355
2863	2	22	http://172.19.70.29:8069/declaracion-de-accesibilidad	2026-05-19 08:56:51.328723
2864	2	24	http://172.19.70.29:8069/nuevo-pack	2026-05-19 08:56:53.243502
2865	2	24	http://172.19.70.29:8069/nuevo-pack	2026-05-19 08:56:56.29169
2867	2	13	http://172.19.70.29:8069/noticias	2026-05-19 08:57:09.967707
2868	2	32	http://172.19.70.29:8069/curso	2026-05-19 08:57:13.711847
2869	2	32	http://172.19.70.29:8069/curso	2026-05-19 08:57:16.873495
2870	2	32	http://172.19.70.29:8069/curso	2026-05-19 08:57:20.244721
2872	2	32	http://172.19.70.29:8069/curso	2026-05-19 08:57:52.246227
2873	2	32	http://172.19.70.29:8069/curso?edit_translations=1	2026-05-19 08:57:55.103654
2875	2	13	http://172.19.70.29:8069/noticias	2026-05-19 09:00:30.442609
2876	2	32	http://172.19.70.29:8069/curso	2026-05-19 09:00:35.623185
2878	2	26	http://172.19.70.29:8069/ganadores-del-premio	2026-05-19 09:00:48.161266
2879	2	26	http://172.19.70.29:8069/ganadores-del-premio?edit_translations=1	2026-05-19 09:00:52.837785
2882	447	4	http://172.19.70.29:8069/	2026-05-19 09:01:02.474959
2470	2	26	http://172.19.70.29:8069/ganadores-del-premio	2026-05-14 11:16:46.722841
2471	1532	31	http://172.19.70.29:8069/ganador	2026-05-14 11:16:51.541612
2472	1	17	http://172.19.70.29:8069/celebrating-excellence-stamford-i-avk-authorised-dealer-excellence-awards-2025	2026-05-14 11:16:53.198653
2475	1	19	http://172.19.70.29:8069/feliz-ano	2026-05-14 11:17:20.72167
2482	1	13	http://172.19.70.29:8069/noticias	2026-05-14 11:18:10.777168
2483	1	23	http://172.19.70.29:8069/tercer-ano-consecutivo	2026-05-14 11:18:14.455282
2485	1	13	http://172.19.70.29:8069/noticias	2026-05-14 11:18:25.289309
2487	1	24	http://172.19.70.29:8069/nuevo-pack	2026-05-14 11:18:41.623876
2489	1	32	http://172.19.70.29:8069/curso	2026-05-14 11:18:49.490574
2490	2	26	http://172.19.70.29:8069/ganadores-del-premio	2026-05-14 11:18:57.372073
2491	2	13	http://172.19.70.29:8069/noticias	2026-05-14 11:18:58.909876
2492	2	32	http://172.19.70.29:8069/curso	2026-05-14 11:19:04.097804
2493	1	26	http://172.19.70.29:8069/ganadores-del-premio	2026-05-14 11:19:17.374979
2494	479	22	http://172.19.70.29:8069/declaracion-de-accesibilidad	2026-05-14 11:19:25.268865
2495	1	26	http://172.19.70.29:8069/ganadores-del-premio	2026-05-14 11:19:29.022111
2497	479	22	http://172.19.70.29:8069/declaracion-de-accesibilidad	2026-05-14 11:19:35.643783
2498	2	13	http://172.19.70.29:8069/noticias	2026-05-14 11:19:36.072644
2499	2	32	http://172.19.70.29:8069/curso	2026-05-14 11:20:18.011419
2500	2	26	http://172.19.70.29:8069/ganadores-del-premio	2026-05-14 11:20:23.973751
2502	2	26	http://172.19.70.29:8069/ganadores-del-premio	2026-05-14 11:20:55.942195
2503	2	26	http://172.19.70.29:8069/ganadores-del-premio	2026-05-14 11:20:57.038888
2505	1	26	http://172.19.70.29:8069/ganadores-del-premio	2026-05-14 11:21:02.16131
2506	2	13	http://172.19.70.29:8069/noticias	2026-05-14 11:21:03.052216
2507	2	26	http://172.19.70.29:8069/ganadores-del-premio	2026-05-14 11:21:05.422933
2508	1	27	http://172.19.70.29:8069/bateria-de-ensayos	2026-05-14 11:21:10.670766
2509	1	27	http://172.19.70.29:8069/bateria-de-ensayos	2026-05-14 11:21:18.67507
2510	1	27	http://172.19.70.29:8069/bateria-de-ensayos	2026-05-14 11:21:41.370945
2511	1532	31	http://172.19.70.29:8069/ganador	2026-05-14 11:24:50.408886
2512	1532	13	http://172.19.70.29:8069/noticias	2026-05-14 11:25:01.947482
2513	1	6	http://172.19.70.29:8069/catalogo	2026-05-14 11:25:05.986185
2515	1	6	http://172.19.70.29:8069/catalogo	2026-05-14 11:25:23.085264
2516	1532	20	http://172.19.70.29:8069/unete-a-nuestro-equipo	2026-05-14 11:25:24.532313
2517	1	6	http://172.19.70.29:8069/catalogo	2026-05-14 11:25:48.910542
2519	447	4	http://172.19.70.29:8069/	2026-05-14 11:25:55.656815
2520	1532	20	http://172.19.70.29:8069/unete-a-nuestro-equipo	2026-05-14 11:25:56.452844
2523	1	9	http://172.19.70.29:8069/acreditaciones	2026-05-14 11:26:12.167823
2524	1532	19	http://172.19.70.29:8069/feliz-ano	2026-05-14 11:26:15.853991
2525	1	9	http://172.19.70.29:8069/acreditaciones	2026-05-14 11:26:20.787728
2526	1	13	http://172.19.70.29:8069/noticias	2026-05-14 11:26:22.946825
2527	1532	21	http://172.19.70.29:8069/we-are-pleased-to-announce-our-annual	2026-05-14 11:26:23.04057
2529	1	10	http://172.19.70.29:8069/ensayos-y-diagnosis	2026-05-14 11:26:32.466719
2532	1	11	http://172.19.70.29:8069/revision-y-reparacion	2026-05-14 11:26:42.528598
2533	1	13	http://172.19.70.29:8069/noticias	2026-05-14 11:26:44.449436
2534	1	13	http://172.19.70.29:8069/noticias	2026-05-14 11:26:57.234886
2535	1	12	http://172.19.70.29:8069/contactus	2026-05-14 11:26:58.496523
2536	1532	24	http://172.19.70.29:8069/nuevo-pack	2026-05-14 11:27:01.942203
2537	1	12	http://172.19.70.29:8069/contactus	2026-05-14 11:27:04.775075
2539	1	12	http://172.19.70.29:8069/contactus	2026-05-14 11:29:02.444099
2540	1	4	http://172.19.70.29:8069/	2026-05-14 11:29:06.420006
2541	1	6	http://172.19.70.29:8069/catalogo	2026-05-14 11:29:12.069401
2542	1	4	http://172.19.70.29:8069/	2026-05-14 11:29:15.03922
2543	1532	4	http://172.19.70.29:8069/	2026-05-14 11:29:16.733634
2545	1	4	http://172.19.70.29:8069/	2026-05-14 11:29:30.976417
2546	1	4	http://172.19.70.29:8069/	2026-05-14 11:29:41.263349
2548	1532	13	http://172.19.70.29:8069/noticias	2026-05-14 11:30:09.215693
2549	1532	35	http://172.19.70.29:8069/bateria	2026-05-14 11:30:12.015891
2550	1532	13	http://172.19.70.29:8069/noticias	2026-05-14 11:30:13.084833
2551	1532	13	http://172.19.70.29:8069/noticias	2026-05-14 11:30:35.207456
2552	2564	12	http://172.19.70.29:8069/contactus	2026-05-14 11:30:36.051294
2553	2564	12	http://172.19.70.29:8069/contactus	2026-05-14 11:30:38.886049
2554	2564	12	http://172.19.70.29:8069/contactus	2026-05-14 11:30:40.605031
2555	2564	12	http://172.19.70.29:8069/contactus	2026-05-14 11:30:51.476723
2556	1532	35	http://172.19.70.29:8069/bateria	2026-05-14 11:30:56.554337
2557	1532	13	http://172.19.70.29:8069/noticias	2026-05-14 11:30:58.163144
2558	1532	35	http://172.19.70.29:8069/bateria	2026-05-14 11:31:03.875418
2559	1532	35	http://172.19.70.29:8069/bateria	2026-05-14 11:31:05.010463
2560	1532	13	http://172.19.70.29:8069/noticias	2026-05-14 11:31:06.47712
2561	1532	35	http://172.19.70.29:8069/bateria	2026-05-14 11:31:10.109736
2562	1532	35	http://172.19.70.29:8069/bateria	2026-05-14 11:32:00.092016
2563	2	26	http://172.19.70.29:8069/ganadores-del-premio	2026-05-14 11:34:28.732159
2564	2	26	http://172.19.70.29:8069/ganadores-del-premio	2026-05-14 11:34:42.01453
2565	1	32	http://172.19.70.29:8069/curso	2026-05-14 11:34:49.615265
2566	2	13	http://172.19.70.29:8069/noticias	2026-05-14 11:35:03.646552
2567	2	27	http://172.19.70.29:8069/bateria-de-ensayos	2026-05-14 11:35:34.266369
2568	1532	35	http://172.19.70.29:8069/bateria	2026-05-14 11:35:55.037346
2569	2	27	http://172.19.70.29:8069/bateria-de-ensayos	2026-05-14 11:35:58.08419
2570	1532	35	http://172.19.70.29:8069/bateria	2026-05-14 11:36:00.17557
2571	2	27	http://172.19.70.29:8069/bateria-de-ensayos	2026-05-14 11:36:10.347823
2572	1	4	http://172.19.70.29:8069/	2026-05-14 11:36:29.947452
2573	1	4	http://172.19.70.29:8069/	2026-05-14 11:36:52.448115
2574	1532	35	http://172.19.70.29:8069/bateria	2026-05-14 11:37:50.635518
2575	1	4	http://172.19.70.29:8069/	2026-05-14 11:39:44.042221
2576	1532	35	http://172.19.70.29:8069/bateria	2026-05-14 11:40:48.765588
2577	1532	35	http://172.19.70.29:8069/bateria	2026-05-14 11:41:35.86305
2578	1532	35	http://172.19.70.29:8069/bateria	2026-05-14 11:43:47.560745
2579	1532	13	http://172.19.70.29:8069/noticias	2026-05-14 11:43:50.702231
2580	1532	35	http://172.19.70.29:8069/bateria	2026-05-14 11:44:07.166654
2581	1532	13	http://172.19.70.29:8069/noticias	2026-05-14 11:44:16.220275
2582	1532	13	http://172.19.70.29:8069/noticias	2026-05-14 11:45:37.041941
2583	1532	13	http://172.19.70.29:8069/noticias	2026-05-14 11:46:01.815091
2584	1532	13	http://172.19.70.29:8069/noticias	2026-05-14 11:46:21.338965
2585	1532	13	http://172.19.70.29:8069/noticias	2026-05-14 11:47:08.387664
2586	1532	4	http://172.19.70.29:8069/	2026-05-14 11:47:13.813384
2588	1532	36	http://172.19.70.29:8069/sustitucion-1	2026-05-14 11:47:48.617796
2589	1532	13	http://172.19.70.29:8069/noticias	2026-05-14 11:47:51.995743
2590	1532	13	http://172.19.70.29:8069/noticias	2026-05-14 11:48:06.549635
2591	1532	13	http://172.19.70.29:8069/noticias	2026-05-14 11:48:46.530858
2592	1532	4	http://172.19.70.29:8069/	2026-05-14 11:48:53.262037
2593	1532	37	http://172.19.70.29:8069/sustitucion-og	2026-05-14 11:49:08.107393
2594	1532	37	http://172.19.70.29:8069/sustitucion-og	2026-05-14 11:49:10.377108
2595	1532	13	http://172.19.70.29:8069/noticias	2026-05-14 11:49:13.921277
2596	1532	13	http://172.19.70.29:8069/noticias	2026-05-14 11:49:25.611627
2597	1532	37	http://172.19.70.29:8069/sustitucion-og	2026-05-14 11:49:42.237391
2599	1532	37	http://172.19.70.29:8069/sustitucion-og	2026-05-14 11:49:45.747798
2600	1532	37	http://172.19.70.29:8069/sustitucion-og	2026-05-14 11:51:22.086168
2601	1	4	http://172.19.70.29:8069/	2026-05-14 11:51:33.117725
2603	1532	37	http://172.19.70.29:8069/sustitucion-og	2026-05-14 11:52:24.911849
2606	2	12	http://172.19.70.29:8069/contactus	2026-05-14 11:52:58.177877
2607	1	4	http://172.19.70.29:8069/	2026-05-14 11:53:23.079297
2608	2	12	http://172.19.70.29:8069/contactus	2026-05-14 11:53:50.401694
2609	2	4	http://172.19.70.29:8069/	2026-05-14 11:53:51.537432
2610	1532	37	http://172.19.70.29:8069/sustitucion-og	2026-05-14 11:53:55.569037
2611	2	4	http://172.19.70.29:8069/	2026-05-14 11:53:57.925379
2612	2	4	http://172.19.70.29:8069/	2026-05-14 11:54:08.569712
2613	2	18	http://172.19.70.29:8069/politica-de-cookies	2026-05-14 11:54:18.583053
2614	1532	37	http://172.19.70.29:8069/sustitucion-og	2026-05-14 11:54:21.268946
2615	1532	37	http://172.19.70.29:8069/sustitucion-og	2026-05-14 11:55:22.62385
2616	1532	37	http://172.19.70.29:8069/sustitucion-og	2026-05-14 11:55:30.265442
2736	2	17	http://172.19.70.29:8069/celebrating-excellence-stamford-i-avk-authorised-dealer-excellence-awards-2025?edit_translations=1	2026-05-18 10:54:23.109902
2754	2	13	http://172.19.70.29:8069/noticias	2026-05-18 10:58:40.278601
2756	2	13	http://172.19.70.29:8069/noticias	2026-05-18 10:58:50.434512
2757	2	17	http://172.19.70.29:8069/celebrating-excellence-stamford-i-avk-authorised-dealer-excellence-awards-2025	2026-05-18 10:58:52.082985
2758	2	17	http://172.19.70.29:8069/celebrating-excellence-stamford-i-avk-authorised-dealer-excellence-awards-2025	2026-05-18 10:58:55.079546
2760	2	16	http://172.19.70.29:8069/politica-de-privacidad	2026-05-18 11:00:03.976234
2761	2	16	http://172.19.70.29:8069/politica-de-privacidad	2026-05-18 11:00:04.985301
2763	2	13	http://172.19.70.29:8069/noticias	2026-05-18 11:00:12.082785
2764	2	19	http://172.19.70.29:8069/feliz-ano	2026-05-18 11:00:13.762287
2765	2	19	http://172.19.70.29:8069/feliz-ano?edit_translations=1	2026-05-18 11:00:17.278863
2766	2	19	http://172.19.70.29:8069/feliz-ano	2026-05-18 11:00:38.486536
2767	2	13	http://172.19.70.29:8069/noticias	2026-05-18 11:00:40.090808
2769	2	20	http://172.19.70.29:8069/unete-a-nuestro-equipo	2026-05-18 11:00:51.388683
2770	2	20	http://172.19.70.29:8069/unete-a-nuestro-equipo	2026-05-18 11:00:59.094054
2771	2	20	http://172.19.70.29:8069/unete-a-nuestro-equipo?edit_translations=1	2026-05-18 11:01:01.322642
2772	2	20	http://172.19.70.29:8069/unete-a-nuestro-equipo	2026-05-18 11:01:50.652131
2773	2	20	http://172.19.70.29:8069/unete-a-nuestro-equipo	2026-05-18 11:02:01.239787
2774	2	20	http://172.19.70.29:8069/unete-a-nuestro-equipo	2026-05-18 11:02:15.754844
2775	2	20	http://172.19.70.29:8069/unete-a-nuestro-equipo	2026-05-18 11:02:21.924257
2776	2	20	http://172.19.70.29:8069/unete-a-nuestro-equipo	2026-05-18 11:02:27.56928
2777	2	20	http://172.19.70.29:8069/unete-a-nuestro-equipo?edit_translations=1	2026-05-18 11:02:30.390636
2778	2	20	http://172.19.70.29:8069/unete-a-nuestro-equipo	2026-05-18 11:02:50.787193
2779	2	13	http://172.19.70.29:8069/noticias	2026-05-18 11:02:55.647167
2783	2	13	http://172.19.70.29:8069/noticias	2026-05-18 11:03:26.629869
2784	2	13	http://172.19.70.29:8069/noticias	2026-05-18 11:03:38.43604
2798	2	23	http://172.19.70.29:8069/tercer-ano-consecutivo	2026-05-19 08:40:06.98917
2804	2	13	http://172.19.70.29:8069/noticias	2026-05-19 08:41:03.675797
2814	2	13	http://172.19.70.29:8069/noticias?edit_translations=1	2026-05-19 08:43:04.910445
2816	2	21	http://172.19.70.29:8069/we-are-pleased-to-announce-our-annual	2026-05-19 08:44:28.890112
2822	2	32	http://172.19.70.29:8069/curso	2026-05-19 08:44:59.923981
2825	2	32	http://172.19.70.29:8069/curso	2026-05-19 08:48:25.75697
2826	2	32	http://172.19.70.29:8069/curso	2026-05-19 08:48:28.360498
2827	2	32	http://172.19.70.29:8069/curso?edit_translations=1	2026-05-19 08:48:32.850727
2828	2	32	http://172.19.70.29:8069/curso	2026-05-19 08:49:06.287255
2829	2	13	http://172.19.70.29:8069/noticias	2026-05-19 08:49:08.927212
2832	39	4	http://172.19.70.29:8069/	2026-05-19 08:50:26.277492
2833	39	4	http://172.19.70.29:8069/	2026-05-19 08:50:53.691894
2835	2	13	http://172.19.70.29:8069/noticias	2026-05-19 08:52:43.84786
2837	2	13	http://172.19.70.29:8069/noticias	2026-05-19 08:53:00.735546
2838	2	13	http://172.19.70.29:8069/noticias?edit_translations=1	2026-05-19 08:53:04.286678
2850	2	24	http://172.19.70.29:8069/nuevo-pack	2026-05-19 08:55:05.61594
2866	2	24	http://172.19.70.29:8069/nuevo-pack	2026-05-19 08:57:04.572259
2871	2	32	http://172.19.70.29:8069/curso?edit_translations=1	2026-05-19 08:57:30.292151
2874	2	32	http://172.19.70.29:8069/curso	2026-05-19 09:00:22.6373
2880	39	4	http://172.19.70.29:8069/	2026-05-19 09:01:00.49655
2881	87	4	http://172.19.70.29:8069/	2026-05-19 09:01:01.813418
2883	87	6	http://172.19.70.29:8069/catalogo	2026-05-19 09:01:05.27696
2885	87	6	http://172.19.70.29:8069/catalogo	2026-05-19 09:01:11.766113
2886	87	4	http://172.19.70.29:8069/	2026-05-19 09:01:19.48704
2887	87	18	http://172.19.70.29:8069/politica-de-cookies	2026-05-19 09:01:35.114005
2888	2	26	http://172.19.70.29:8069/ganadores-del-premio	2026-05-19 09:01:42.294028
2889	2	26	http://172.19.70.29:8069/ganadores-del-premio	2026-05-19 09:01:50.55748
2890	2	26	http://172.19.70.29:8069/ganadores-del-premio?edit_translations=1	2026-05-19 09:02:15.359335
2891	87	4	http://172.19.70.29:8069/?edit_translations=1	2026-05-19 09:02:20.077914
2892	155	4	http://172.19.70.29:8069/	2026-05-19 09:02:26.321546
2894	87	4	http://172.19.70.29:8069/	2026-05-19 09:02:32.157153
2896	87	22	http://172.19.70.29:8069/declaracion-de-accesibilidad	2026-05-19 09:02:51.540455
2897	87	22	http://172.19.70.29:8069/declaracion-de-accesibilidad	2026-05-19 09:02:54.636338
2902	87	22	http://172.19.70.29:8069/declaracion-de-accesibilidad	2026-05-19 09:03:04.365625
2904	87	22	http://172.19.70.29:8069/declaracion-de-accesibilidad	2026-05-19 09:03:05.089042
2905	87	22	http://172.19.70.29:8069/declaracion-de-accesibilidad	2026-05-19 09:03:06.366669
2587	1532	36	http://172.19.70.29:8069/sustitucion-1	2026-05-14 11:47:32.578246
2598	1532	13	http://172.19.70.29:8069/noticias	2026-05-14 11:49:43.437697
2602	1	4	http://172.19.70.29:8069/	2026-05-14 11:51:44.265772
2604	2	27	http://172.19.70.29:8069/bateria-de-ensayos	2026-05-14 11:52:47.203527
2605	2	27	http://172.19.70.29:8069/bateria-de-ensayos	2026-05-14 11:52:54.117133
2617	447	4	http://172.19.70.29:8069/	2026-05-18 07:06:58.487059
2618	1532	4	http://172.19.70.29:8069/	2026-05-18 07:07:47.906489
2619	1532	13	http://172.19.70.29:8069/noticias	2026-05-18 07:07:52.792545
2620	1532	17	http://172.19.70.29:8069/celebrating-excellence-stamford-i-avk-authorised-dealer-excellence-awards-2025	2026-05-18 07:08:28.612821
2621	1532	17	http://172.19.70.29:8069/celebrating-excellence-stamford-i-avk-authorised-dealer-excellence-awards-2025	2026-05-18 07:08:57.231901
2622	1532	13	http://172.19.70.29:8069/noticias	2026-05-18 07:09:56.38284
2623	1532	17	http://172.19.70.29:8069/celebrating-excellence-stamford-i-avk-authorised-dealer-excellence-awards-2025	2026-05-18 07:10:05.303687
2624	1532	19	http://172.19.70.29:8069/feliz-ano	2026-05-18 07:10:21.165384
2625	1532	19	http://172.19.70.29:8069/feliz-ano	2026-05-18 07:10:32.280293
2626	1532	20	http://172.19.70.29:8069/unete-a-nuestro-equipo	2026-05-18 07:11:00.290051
2627	1532	20	http://172.19.70.29:8069/unete-a-nuestro-equipo	2026-05-18 07:11:01.788275
2628	1532	20	http://172.19.70.29:8069/unete-a-nuestro-equipo	2026-05-18 07:11:01.912063
2629	1532	20	http://172.19.70.29:8069/unete-a-nuestro-equipo	2026-05-18 07:11:03.409812
2630	1532	20	http://172.19.70.29:8069/unete-a-nuestro-equipo	2026-05-18 07:11:03.545265
2631	1532	20	http://172.19.70.29:8069/unete-a-nuestro-equipo	2026-05-18 07:11:10.42967
2632	1532	13	http://172.19.70.29:8069/noticias	2026-05-18 07:12:33.577442
2633	1532	21	http://172.19.70.29:8069/we-are-pleased-to-announce-our-annual	2026-05-18 07:12:35.586117
2634	1532	13	http://172.19.70.29:8069/noticias	2026-05-18 07:13:37.099639
2635	1532	23	http://172.19.70.29:8069/tercer-ano-consecutivo	2026-05-18 07:14:11.910321
2636	1532	23	http://172.19.70.29:8069/tercer-ano-consecutivo	2026-05-18 07:14:29.043918
2637	1532	24	http://172.19.70.29:8069/nuevo-pack	2026-05-18 07:14:57.902226
2638	1532	32	http://172.19.70.29:8069/curso	2026-05-18 07:16:58.876255
2639	1532	26	http://172.19.70.29:8069/ganadores-del-premio	2026-05-18 07:17:53.016639
2640	1532	26	http://172.19.70.29:8069/ganadores-del-premio	2026-05-18 07:18:47.734757
2641	1532	26	http://172.19.70.29:8069/ganadores-del-premio	2026-05-18 07:19:07.344468
2642	1532	26	http://172.19.70.29:8069/ganadores-del-premio	2026-05-18 07:19:21.108717
2643	1532	13	http://172.19.70.29:8069/noticias	2026-05-18 07:19:29.528914
2644	1532	13	http://172.19.70.29:8069/noticias	2026-05-18 07:19:45.881708
2645	1532	13	http://172.19.70.29:8069/noticias	2026-05-18 07:20:32.51396
2646	1532	13	http://172.19.70.29:8069/noticias	2026-05-18 07:20:46.317626
2647	1532	13	http://172.19.70.29:8069/noticias	2026-05-18 07:20:54.002339
2648	1532	27	http://172.19.70.29:8069/bateria-de-ensayos	2026-05-18 07:21:06.91992
2649	1532	27	http://172.19.70.29:8069/bateria-de-ensayos	2026-05-18 07:21:15.920335
2650	1532	28	http://172.19.70.29:8069/equilibrado	2026-05-18 07:21:21.255086
2651	1532	28	http://172.19.70.29:8069/equilibrado	2026-05-18 07:22:48.56308
2652	1532	28	http://172.19.70.29:8069/equilibrado	2026-05-18 07:23:48.265959
2653	1532	28	http://172.19.70.29:8069/equilibrado	2026-05-18 07:24:30.024961
2654	1532	28	http://172.19.70.29:8069/equilibrado	2026-05-18 07:24:40.426568
2655	1532	29	http://172.19.70.29:8069/rebobinado	2026-05-18 07:25:02.603724
2656	1532	29	http://172.19.70.29:8069/rebobinado	2026-05-18 07:27:12.491892
2657	1532	37	http://172.19.70.29:8069/sustitucion-og	2026-05-18 07:28:09.909797
2658	1532	37	http://172.19.70.29:8069/sustitucion-og	2026-05-18 07:32:33.889005
2659	1532	37	http://172.19.70.29:8069/sustitucion-og	2026-05-18 07:32:42.355233
2660	1532	37	http://172.19.70.29:8069/sustitucion-og	2026-05-18 07:35:32.547205
2661	1532	37	http://172.19.70.29:8069/sustitucion-og	2026-05-18 07:35:44.406418
2662	1532	13	http://172.19.70.29:8069/noticias	2026-05-18 07:35:49.692946
2663	8	4	http://172.19.70.29:8069/	2026-05-18 08:25:50.992126
2664	2678	12	http://172.19.70.29:8069/contactus	2026-05-18 08:26:26.605199
2665	8	17	http://172.19.70.29:8069/celebrating-excellence-stamford-i-avk-authorised-dealer-excellence-awards-2025	2026-05-18 08:27:13.257859
2666	8	17	http://172.19.70.29:8069/celebrating-excellence-stamford-i-avk-authorised-dealer-excellence-awards-2025	2026-05-18 08:27:18.849026
2667	8	7	http://172.19.70.29:8069/conocenos	2026-05-18 08:27:43.359894
2668	1532	4	http://172.19.70.29:8069/	2026-05-18 08:47:42.596475
2669	1532	6	http://172.19.70.29:8069/catalogo	2026-05-18 08:48:00.749127
2670	1532	7	http://172.19.70.29:8069/conocenos	2026-05-18 08:48:04.522664
2671	1532	9	http://172.19.70.29:8069/acreditaciones	2026-05-18 08:48:10.902316
2672	1532	10	http://172.19.70.29:8069/ensayos-y-diagnosis	2026-05-18 08:48:14.74885
2673	1532	10	http://172.19.70.29:8069/ensayos-y-diagnosis	2026-05-18 08:48:35.544198
2674	1532	13	http://172.19.70.29:8069/noticias	2026-05-18 08:48:43.329433
2675	1532	12	http://172.19.70.29:8069/contactus	2026-05-18 08:48:52.895264
2676	1532	4	http://172.19.70.29:8069/	2026-05-18 08:48:56.311924
2677	447	4	http://172.19.70.29:8069/	2026-05-18 09:13:52.90163
2678	87	4	http://172.19.70.29:8069/	2026-05-18 10:33:59.03402
2679	39	4	http://172.19.70.29:8069/	2026-05-18 10:35:39.78278
2680	39	4	http://172.19.70.29:8069/	2026-05-18 10:35:53.096891
2681	1532	4	http://172.19.70.29:8069/	2026-05-18 10:35:55.095645
2682	2	4	http://172.19.70.29:8069/	2026-05-18 10:36:49.311397
2683	2	13	http://172.19.70.29:8069/noticias	2026-05-18 10:36:54.507066
2684	2	13	http://172.19.70.29:8069/noticias	2026-05-18 10:36:55.807395
2685	2	13	http://172.19.70.29:8069/noticias	2026-05-18 10:36:56.906038
2686	2	23	http://172.19.70.29:8069/tercer-ano-consecutivo	2026-05-18 10:37:00.059276
2687	2	26	http://172.19.70.29:8069/ganadores-del-premio	2026-05-18 10:37:09.421004
2688	2	26	http://172.19.70.29:8069/ganadores-del-premio	2026-05-18 10:37:26.187547
2689	2	26	http://172.19.70.29:8069/ganadores-del-premio	2026-05-18 10:38:39.676824
2690	2	13	http://172.19.70.29:8069/noticias	2026-05-18 10:38:47.441486
2691	2	24	http://172.19.70.29:8069/nuevo-pack	2026-05-18 10:39:34.507237
2692	2	26	http://172.19.70.29:8069/ganadores-del-premio	2026-05-18 10:40:05.192508
2693	2	13	http://172.19.70.29:8069/noticias	2026-05-18 10:41:14.450054
2694	2	13	http://172.19.70.29:8069/noticias	2026-05-18 10:41:25.403206
2695	2	26	http://172.19.70.29:8069/ganadores-del-premio	2026-05-18 10:41:43.549578
2696	2	26	http://172.19.70.29:8069/ganadores-del-premio	2026-05-18 10:41:44.569906
2697	2	4	http://172.19.70.29:8069/	2026-05-18 10:43:59.453567
2698	2	27	http://172.19.70.29:8069/bateria-de-ensayos	2026-05-18 10:44:10.504916
2699	2	13	http://172.19.70.29:8069/noticias	2026-05-18 10:44:11.981595
2700	2	27	http://172.19.70.29:8069/bateria-de-ensayos	2026-05-18 10:44:15.422939
2701	2	4	http://172.19.70.29:8069/	2026-05-18 10:44:33.743707
2704	2	27	http://172.19.70.29:8069/bateria-de-ensayos	2026-05-18 10:46:01.231765
2707	2	37	http://172.19.70.29:8069/sustitucion-og	2026-05-18 10:46:30.873747
2709	2	17	http://172.19.70.29:8069/celebrating-excellence-stamford-i-avk-authorised-dealer-excellence-awards-2025	2026-05-18 10:46:46.708228
2710	2	4	http://172.19.70.29:8069/	2026-05-18 10:50:02.596271
2711	2	13	http://172.19.70.29:8069/noticias	2026-05-18 10:50:27.081183
2712	2	17	http://172.19.70.29:8069/celebrating-excellence-stamford-i-avk-authorised-dealer-excellence-awards-2025	2026-05-18 10:50:36.769317
2713	2	17	http://172.19.70.29:8069/celebrating-excellence-stamford-i-avk-authorised-dealer-excellence-awards-2025	2026-05-18 10:50:42.38801
2714	2	17	http://172.19.70.29:8069/celebrating-excellence-stamford-i-avk-authorised-dealer-excellence-awards-2025	2026-05-18 10:51:15.103997
2715	2	13	http://172.19.70.29:8069/noticias	2026-05-18 10:51:18.628401
2716	2	19	http://172.19.70.29:8069/feliz-ano	2026-05-18 10:51:20.353039
2717	2	20	http://172.19.70.29:8069/unete-a-nuestro-equipo	2026-05-18 10:51:25.37913
2719	2	23	http://172.19.70.29:8069/tercer-ano-consecutivo	2026-05-18 10:51:35.959037
2720	2	24	http://172.19.70.29:8069/nuevo-pack	2026-05-18 10:51:40.16854
2724	2	28	http://172.19.70.29:8069/equilibrado	2026-05-18 10:51:59.537923
2725	2	13	http://172.19.70.29:8069/noticias	2026-05-18 10:52:09.377788
2743	2	17	http://172.19.70.29:8069/celebrating-excellence-stamford-i-avk-authorised-dealer-excellence-awards-2025	2026-05-18 10:56:41.837203
2752	2	19	http://172.19.70.29:8069/feliz-ano	2026-05-18 10:58:33.866591
2753	2	13	http://172.19.70.29:8069/noticias	2026-05-18 10:58:35.85684
2755	2	13	http://172.19.70.29:8069/noticias	2026-05-18 10:58:44.010529
2785	2	13	http://172.19.70.29:8069/noticias?edit_translations=1	2026-05-18 11:03:47.163428
2786	8	4	http://172.19.70.29:8069/	2026-05-19 07:29:30.623958
2787	8	4	http://172.19.70.29:8069/	2026-05-19 07:35:29.077505
2788	87	4	http://172.19.70.29:8069/	2026-05-19 08:16:42.522731
2799	2	7	http://172.19.70.29:8069/conocenos	2026-05-19 08:40:15.881324
2800	2	7	http://172.19.70.29:8069/conocenos	2026-05-19 08:40:17.028668
2801	2	23	http://172.19.70.29:8069/tercer-ano-consecutivo	2026-05-19 08:40:42.401946
2802	2	13	http://172.19.70.29:8069/noticias	2026-05-19 08:40:46.66416
2803	2	7	http://172.19.70.29:8069/conocenos	2026-05-19 08:40:55.789985
2806	2	23	http://172.19.70.29:8069/tercer-ano-consecutivo	2026-05-19 08:41:28.391278
2807	2	23	http://172.19.70.29:8069/tercer-ano-consecutivo	2026-05-19 08:41:31.023952
2808	2	13	http://172.19.70.29:8069/noticias	2026-05-19 08:41:43.585518
2809	2	21	http://172.19.70.29:8069/we-are-pleased-to-announce-our-annual	2026-05-19 08:41:48.464025
2810	2	13	http://172.19.70.29:8069/noticias	2026-05-19 08:41:52.449308
2812	2	13	http://172.19.70.29:8069/noticias	2026-05-19 08:42:24.018021
2813	2	13	http://172.19.70.29:8069/noticias	2026-05-19 08:42:25.483822
2815	2	13	http://172.19.70.29:8069/noticias	2026-05-19 08:44:23.486787
2817	2	23	http://172.19.70.29:8069/tercer-ano-consecutivo	2026-05-19 08:44:32.769673
2818	2	23	http://172.19.70.29:8069/tercer-ano-consecutivo	2026-05-19 08:44:36.923344
2819	2	23	http://172.19.70.29:8069/tercer-ano-consecutivo	2026-05-19 08:44:44.435691
2820	2	13	http://172.19.70.29:8069/noticias	2026-05-19 08:44:46.760489
2821	2	24	http://172.19.70.29:8069/nuevo-pack	2026-05-19 08:44:53.497834
2823	2	32	http://172.19.70.29:8069/curso	2026-05-19 08:45:03.446285
2824	2	32	http://172.19.70.29:8069/curso?edit_translations=1	2026-05-19 08:45:11.579131
2830	2	13	http://172.19.70.29:8069/noticias?edit_translations=1	2026-05-19 08:49:11.959783
2831	39	4	http://172.19.70.29:8069/	2026-05-19 08:50:24.11377
2841	2	17	http://172.19.70.29:8069/celebrating-excellence-stamford-i-avk-authorised-dealer-excellence-awards-2025	2026-05-19 08:53:35.628201
2843	2	17	http://172.19.70.29:8069/celebrating-excellence-stamford-i-avk-authorised-dealer-excellence-awards-2025	2026-05-19 08:54:10.758488
2848	2	24	http://172.19.70.29:8069/nuevo-pack	2026-05-19 08:54:45.090923
2884	87	7	http://172.19.70.29:8069/conocenos	2026-05-19 09:01:10.977548
2895	87	22	http://172.19.70.29:8069/declaracion-de-accesibilidad	2026-05-19 09:02:35.430626
2898	87	22	http://172.19.70.29:8069/declaracion-de-accesibilidad	2026-05-19 09:03:01.026708
2899	87	22	http://172.19.70.29:8069/declaracion-de-accesibilidad	2026-05-19 09:03:02.573574
2900	87	22	http://172.19.70.29:8069/declaracion-de-accesibilidad	2026-05-19 09:03:03.220755
2901	87	22	http://172.19.70.29:8069/declaracion-de-accesibilidad	2026-05-19 09:03:03.797352
2910	2	16	http://172.19.70.29:8069/politica-de-privacidad	2026-05-19 09:03:17.681925
2912	2	26	http://172.19.70.29:8069/ganadores-del-premio	2026-05-19 09:03:19.810487
2916	87	4	http://172.19.70.29:8069/	2026-05-19 09:03:35.629002
2917	87	4	http://172.19.70.29:8069/	2026-05-19 09:03:38.422886
2918	87	4	http://172.19.70.29:8069/	2026-05-19 09:03:45.985746
2919	87	4	http://172.19.70.29:8069/	2026-05-19 09:03:48.552098
2921	87	4	http://172.19.70.29:8069/	2026-05-19 09:03:54.930475
2923	87	4	http://172.19.70.29:8069/	2026-05-19 09:03:57.061704
2924	39	4	http://172.19.70.29:8069/	2026-05-19 09:03:59.844689
2928	87	4	http://172.19.70.29:8069/	2026-05-19 09:04:03.325781
2930	87	4	http://172.19.70.29:8069/	2026-05-19 09:04:04.088886
2931	87	4	http://172.19.70.29:8069/	2026-05-19 09:04:04.505256
2932	87	4	http://172.19.70.29:8069/	2026-05-19 09:04:04.878216
2935	87	4	http://172.19.70.29:8069/	2026-05-19 09:04:10.026649
2936	39	4	http://172.19.70.29:8069/	2026-05-19 09:04:15.270248
2938	39	4	http://172.19.70.29:8069/	2026-05-19 09:04:17.539216
2939	87	4	http://172.19.70.29:8069/	2026-05-19 09:04:18.781656
2940	2	26	http://172.19.70.29:8069/ganadores-del-premio?edit_translations=1	2026-05-19 09:04:22.111386
2941	39	4	http://172.19.70.29:8069/	2026-05-19 09:04:23.942298
2943	87	4	http://172.19.70.29:8069/	2026-05-19 09:04:25.979205
2944	87	4	http://172.19.70.29:8069/	2026-05-19 09:04:26.525795
2947	87	4	http://172.19.70.29:8069/	2026-05-19 09:04:27.62649
2949	87	4	http://172.19.70.29:8069/	2026-05-19 09:04:29.049186
2952	87	4	http://172.19.70.29:8069/	2026-05-19 09:04:31.870792
2956	87	4	http://172.19.70.29:8069/	2026-05-19 09:04:38.413071
2959	87	4	http://172.19.70.29:8069/	2026-05-19 09:04:47.899145
2962	87	7	http://172.19.70.29:8069/conocenos	2026-05-19 09:05:16.099721
2963	87	13	http://172.19.70.29:8069/noticias	2026-05-19 09:05:19.170235
2967	129	6	http://172.19.70.29:8069/catalogo	2026-05-19 09:05:25.69219
2968	39	4	http://172.19.70.29:8069/	2026-05-19 09:05:27.670669
2969	1532	6	http://172.19.70.29:8069/catalogo	2026-05-19 09:05:28.743855
2971	87	12	http://172.19.70.29:8069/contactus	2026-05-19 09:05:31.02981
2702	2	4	http://172.19.70.29:8069/	2026-05-18 10:45:53.7628
2703	2	13	http://172.19.70.29:8069/noticias	2026-05-18 10:45:56.809834
2705	2	28	http://172.19.70.29:8069/equilibrado	2026-05-18 10:46:12.913408
2706	2	35	http://172.19.70.29:8069/bateria	2026-05-18 10:46:24.456416
2708	2	31	http://172.19.70.29:8069/ganador	2026-05-18 10:46:35.802189
2718	2	21	http://172.19.70.29:8069/we-are-pleased-to-announce-our-annual	2026-05-18 10:51:30.186385
2721	2	32	http://172.19.70.29:8069/curso	2026-05-18 10:51:43.769735
2722	2	26	http://172.19.70.29:8069/ganadores-del-premio	2026-05-18 10:51:50.483943
2723	2	27	http://172.19.70.29:8069/bateria-de-ensayos	2026-05-18 10:51:54.248245
2726	2	17	http://172.19.70.29:8069/celebrating-excellence-stamford-i-avk-authorised-dealer-excellence-awards-2025	2026-05-18 10:52:14.023269
2727	2	17	http://172.19.70.29:8069/celebrating-excellence-stamford-i-avk-authorised-dealer-excellence-awards-2025	2026-05-18 10:52:18.090223
2728	2	17	http://172.19.70.29:8069/celebrating-excellence-stamford-i-avk-authorised-dealer-excellence-awards-2025?edit_translations=1	2026-05-18 10:52:22.108828
2744	2	13	http://172.19.70.29:8069/noticias	2026-05-18 10:56:53.19449
2745	2	13	http://172.19.70.29:8069/noticias	2026-05-18 10:56:56.485292
2747	2	19	http://172.19.70.29:8069/feliz-ano	2026-05-18 10:57:13.831795
2748	2	19	http://172.19.70.29:8069/feliz-ano	2026-05-18 10:57:16.293893
2749	2	19	http://172.19.70.29:8069/feliz-ano?edit_translations=1	2026-05-18 10:57:18.177715
2750	2	19	http://172.19.70.29:8069/feliz-ano	2026-05-18 10:58:05.649472
2751	2	19	http://172.19.70.29:8069/feliz-ano	2026-05-18 10:58:09.940515
2759	2	17	http://172.19.70.29:8069/celebrating-excellence-stamford-i-avk-authorised-dealer-excellence-awards-2025?edit_translations=1	2026-05-18 10:59:04.01303
2768	2	19	http://172.19.70.29:8069/feliz-ano	2026-05-18 11:00:43.264752
2780	2	19	http://172.19.70.29:8069/feliz-ano	2026-05-18 11:02:57.327592
2781	2	19	http://172.19.70.29:8069/feliz-ano?edit_translations=1	2026-05-18 11:03:04.339381
2789	2	4	http://172.19.70.29:8069/	2026-05-19 08:36:55.527942
2790	2	13	http://172.19.70.29:8069/noticias	2026-05-19 08:37:00.099575
2791	2	21	http://172.19.70.29:8069/we-are-pleased-to-announce-our-annual	2026-05-19 08:37:01.931705
2792	2	21	http://172.19.70.29:8069/we-are-pleased-to-announce-our-annual	2026-05-19 08:37:07.186749
2793	2	23	http://172.19.70.29:8069/tercer-ano-consecutivo	2026-05-19 08:37:16.061253
2794	2	23	http://172.19.70.29:8069/tercer-ano-consecutivo	2026-05-19 08:37:18.650427
2795	2	23	http://172.19.70.29:8069/tercer-ano-consecutivo	2026-05-19 08:37:27.038882
2796	2	23	http://172.19.70.29:8069/tercer-ano-consecutivo?edit_translations=1	2026-05-19 08:37:34.348172
2805	2	12	http://172.19.70.29:8069/contactus	2026-05-19 08:41:09.344999
2834	39	4	http://172.19.70.29:8069/	2026-05-19 08:51:03.137002
2847	2	13	http://172.19.70.29:8069/noticias	2026-05-19 08:54:35.757711
2877	2	26	http://172.19.70.29:8069/ganadores-del-premio	2026-05-19 09:00:43.474755
2893	87	4	http://172.19.70.29:8069/	2026-05-19 09:02:29.178927
2903	87	22	http://172.19.70.29:8069/declaracion-de-accesibilidad	2026-05-19 09:03:04.521508
2906	87	22	http://172.19.70.29:8069/declaracion-de-accesibilidad	2026-05-19 09:03:06.519976
2907	87	22	http://172.19.70.29:8069/declaracion-de-accesibilidad	2026-05-19 09:03:07.452696
2908	87	22	http://172.19.70.29:8069/declaracion-de-accesibilidad	2026-05-19 09:03:08.25315
2909	87	22	http://172.19.70.29:8069/declaracion-de-accesibilidad	2026-05-19 09:03:08.821009
2911	2	16	http://172.19.70.29:8069/politica-de-privacidad	2026-05-19 09:03:18.812314
2913	2	26	http://172.19.70.29:8069/ganadores-del-premio	2026-05-19 09:03:26.808699
2914	87	7	http://172.19.70.29:8069/conocenos	2026-05-19 09:03:32.038191
2915	2	26	http://172.19.70.29:8069/ganadores-del-premio	2026-05-19 09:03:33.6961
2920	87	4	http://172.19.70.29:8069/	2026-05-19 09:03:49.853513
2922	87	4	http://172.19.70.29:8069/	2026-05-19 09:03:55.400883
2925	87	4	http://172.19.70.29:8069/	2026-05-19 09:04:02.104811
2926	87	4	http://172.19.70.29:8069/	2026-05-19 09:04:02.438803
2927	87	4	http://172.19.70.29:8069/	2026-05-19 09:04:03.023552
2929	87	4	http://172.19.70.29:8069/	2026-05-19 09:04:03.569484
2933	87	4	http://172.19.70.29:8069/	2026-05-19 09:04:05.53327
2934	87	4	http://172.19.70.29:8069/	2026-05-19 09:04:06.139403
2937	87	4	http://172.19.70.29:8069/	2026-05-19 09:04:15.588267
2942	87	4	http://172.19.70.29:8069/	2026-05-19 09:04:24.542887
2945	87	4	http://172.19.70.29:8069/	2026-05-19 09:04:26.936901
2946	87	4	http://172.19.70.29:8069/	2026-05-19 09:04:27.334813
2948	87	4	http://172.19.70.29:8069/	2026-05-19 09:04:28.06668
2950	87	4	http://172.19.70.29:8069/	2026-05-19 09:04:30.764114
2951	87	4	http://172.19.70.29:8069/	2026-05-19 09:04:31.424633
2953	87	4	http://172.19.70.29:8069/	2026-05-19 09:04:32.319065
2954	87	4	http://172.19.70.29:8069/	2026-05-19 09:04:32.879905
2955	87	4	http://172.19.70.29:8069/	2026-05-19 09:04:37.960609
2957	87	4	http://172.19.70.29:8069/	2026-05-19 09:04:39.148505
2958	87	4	http://172.19.70.29:8069/	2026-05-19 09:04:39.622342
2960	87	4	http://172.19.70.29:8069/	2026-05-19 09:05:00.940325
2961	87	4	http://172.19.70.29:8069/	2026-05-19 09:05:13.341319
2964	1532	4	http://172.19.70.29:8069/	2026-05-19 09:05:19.401074
2965	129	4	http://172.19.70.29:8069/	2026-05-19 09:05:22.654382
