-- Data for Name: ir_config_parameter; Type: TABLE DATA; Schema: public; Owner: odoo
--

COPY public.ir_config_parameter (id, create_uid, write_uid, key, value, create_date, write_date) FROM stdin;
5	1	1	base.login_cooldown_after	10	2026-04-08 08:31:35.16841	2026-04-08 08:31:35.16841
6	1	1	base.login_cooldown_duration	60	2026-04-08 08:31:35.16841	2026-04-08 08:31:35.16841
7	1	1	base.template_portal_user_id	5	2026-04-08 08:31:35.16841	2026-04-08 08:31:35.16841
8	1	1	base.default_max_email_size	10	2026-04-08 08:31:35.16841	2026-04-08 08:31:35.16841
1	1	1	database.secret	9f1887ed-f0b6-4549-b316-5baf2dc8f67e	2026-04-08 08:31:35.16841	2026-04-08 08:31:35.16841
2	1	1	database.uuid	5fa90452-3325-11f1-b660-ecb1d73eb5d3	2026-04-08 08:31:35.16841	2026-04-08 08:31:35.16841
3	1	1	database.create_date	2026-04-08 08:31:43	2026-04-08 08:31:35.16841	2026-04-08 08:31:35.16841
9	1	1	base_setup.show_effect	True	2026-04-08 08:31:48.411072	2026-04-08 08:31:48.411072
10	1	1	base_setup.default_user_rights	True	2026-04-08 08:31:48.411072	2026-04-08 08:31:48.411072
4	1	2	web.base.url	http://172.19.70.29:8069	2026-04-08 08:31:35.16841	2026-04-08 08:31:52.86124
11	1	1	mail.activity.gc.delete_overdue_years	3	2026-04-08 08:34:27.650619	2026-04-08 08:34:27.650619
13	1	1	analytic.project_plan	1	2026-04-08 08:34:32.743761	2026-04-08 08:34:32.743761
14	1	1	auth_signup.invitation_scope	b2c	2026-04-08 08:34:33.259538	2026-04-08 08:34:33.259538
15	1	1	auth_signup.reset_password	True	2026-04-08 08:34:33.259538	2026-04-08 08:34:33.259538
16	1	1	digest.default_digest_emails	True	2026-04-08 08:34:42.757453	2026-04-08 08:34:42.757453
17	1	1	digest.default_digest_id	1	2026-04-08 08:34:42.757453	2026-04-08 08:34:42.757453
18	1	1	account.product_name_similarity_threshold	0.9	2026-04-08 08:34:46.340378	2026-04-08 08:34:46.340378
19	1	1	account_edi_proxy_client.demo	demo	2026-04-08 08:34:53.157072	2026-04-08 08:34:53.157072
20	1	1	account_edi_ubl_cii.disable_pdf_in_xml	False	2026-04-08 08:34:53.414141	2026-04-08 08:34:53.414141
21	1	1	account_payment.enable_portal_payment	True	2026-04-08 08:34:54.01867	2026-04-08 08:34:54.01867
22	1	1	sale.default_confirmation_template	11	2026-04-08 08:35:00.749484	2026-04-08 08:35:00.749484
23	1	1	sale.default_invoice_email_template	7	2026-04-08 08:35:00.749484	2026-04-08 08:35:00.749484
24	1	1	sale.async_emails	False	2026-04-08 08:35:04.824846	2026-04-08 08:35:04.824846
25	1	1	mass_mailing.mass_mailing_reports	True	2026-04-08 08:35:19.815853	2026-04-08 08:35:19.815853
26	1	1	mass_mailing.show_blacklist_buttons	True	2026-04-08 08:35:19.815853	2026-04-08 08:35:19.815853
12	1	2	mail.restrict.template.rendering	True	2026-04-08 08:34:27.650619	2026-04-08 08:44:54.570526
29	2	2	discuss.tenor_content_filter	low	2026-04-08 08:44:54.570526	2026-04-08 08:44:54.570526
30	2	2	discuss.tenor_gif_limit	8	2026-04-08 08:44:54.570526	2026-04-08 08:44:54.570526
31	2	2	product.weight_in_lbs	0	2026-04-08 08:44:54.570526	2026-04-08 08:44:54.570526
32	2	2	product.volume_in_cubic_feet	0	2026-04-08 08:44:54.570526	2026-04-08 08:44:54.570526
33	2	2	crm.iap.lead.enrich.setting	auto	2026-04-08 08:44:54.570526	2026-04-08 08:44:54.570526
34	1	1	stock.barcode_separator	,	2026-04-08 08:46:08.412603	2026-04-08 08:46:08.412603
\.


--
-- Data for Name: ir_cron; Type: TABLE DATA; Schema: public; Owner: odoo
--

COPY public.ir_cron (id, ir_actions_server_id, user_id, interval_number, priority, failure_count, create_uid, write_uid, cron_name, interval_type, active, nextcall, lastcall, first_failure_date, create_date, write_date) FROM stdin;
42	793	1	1	5	0	1	1	Disable unused snippets assets	weeks	t	2026-05-26 08:53:20	2026-05-19 08:53:51	\N	2026-05-12 08:53:11.316986	2026-05-12 08:53:11.316986
28	374	1	1	5	0	1	1	Gamification: Karma tracking consolidation	months	t	2026-06-01 04:00:00	2026-05-01 04:00:13	\N	2026-04-08 08:35:10.407079	2026-04-08 08:35:10.407079
6	137	1	5	5	0	1	1	Mail: Fetchmail Service	minutes	f	2026-04-08 08:34:31	\N	\N	2026-04-08 08:34:27.650619	2026-04-08 08:34:27.650619
17	225	1	10	5	0	1	1	Payment: Post-process transactions	minutes	f	2026-04-08 08:34:45	\N	\N	2026-04-08 08:34:43.107373	2026-04-08 08:34:43.107373
23	332	1	1	5	0	1	1	automatic invoicing: send ready invoice	days	f	2026-04-08 08:35:02	\N	\N	2026-04-08 08:35:00.749484	2026-04-08 08:35:00.749484
24	355	1	999	5	0	1	1	PEPPOL: auto register services	months	t	2109-07-08 08:35:03	2026-04-08 08:36:04	\N	2026-04-08 08:35:03.188463	2026-04-08 08:35:03.188463
26	359	1	9999	5	0	1	1	Sale Pdf Quote Builder: assign form fields to documents post upgrade	months	t	2859-07-08 08:35:06	2026-04-08 08:36:04	\N	2026-04-08 08:35:06.530911	2026-04-08 08:35:06.530911
10	141	1	1	5	0	1	1	Discuss: channel member unmute	days	t	2026-05-25 08:34:31	2026-05-25 06:59:38	\N	2026-04-08 08:34:27.650619	2026-04-08 08:34:27.650619
43	795	1	1	5	0	1	1	Website Visitor : clean inactive visitors	days	t	2026-05-25 08:53:20	2026-05-25 06:59:39	\N	2026-05-12 08:53:11.316986	2026-05-12 08:53:11.316986
4	135	1	1	1000	0	1	1	Publisher: Update Notification	weeks	t	2026-05-27 08:34:31	2026-05-20 08:34:57	\N	2026-04-08 08:34:27.650619	2026-04-08 08:34:27.650619
3	134	1	1	6	0	1	1	Mail: Email Queue Manager	hours	t	2026-05-25 07:34:31	2026-05-25 06:59:39	\N	2026-04-08 08:34:27.650619	2026-04-08 08:34:27.650619
11	142	1	1	5	0	1	1	Discuss: users settings unmute	days	t	2026-05-25 08:34:31	2026-05-25 06:59:38	\N	2026-04-08 08:34:27.650619	2026-04-08 08:34:27.650619
21	319	1	1	5	0	1	1	PEPPOL: update message status	days	t	2026-05-25 08:34:56	2026-05-25 06:59:38	\N	2026-04-08 08:34:55.95066	2026-04-08 08:34:55.95066
12	160	1	1	6	0	1	1	Users: Notify About Unregistered Users	days	t	2026-05-25 08:34:33	2026-05-25 06:59:39	\N	2026-04-08 08:34:33.259538	2026-04-08 08:34:33.259538
25	357	1	1	5	0	1	1	Sales: Send pending emails	days	t	2026-05-25 08:35:05	2026-05-25 06:59:38	\N	2026-04-08 08:35:04.824846	2026-04-08 08:35:04.824846
14	207	1	1	5	0	1	1	SMS: SMS Queue Manager	hours	t	2026-05-25 07:34:41	2026-05-25 06:59:38	\N	2026-04-08 08:34:39.76217	2026-04-08 08:34:39.76217
5	136	1	1	5	0	1	1	Notification: Delete Notifications older than 6 Month	days	t	2026-05-25 08:34:31	2026-05-25 06:59:38	\N	2026-04-08 08:34:27.650619	2026-04-08 08:34:27.650619
13	203	1	1	6	0	1	1	Partner Autocomplete: Sync with remote DB	hours	t	2026-05-25 07:34:39	2026-05-25 06:59:39	\N	2026-04-08 08:34:38.76367	2026-04-08 08:34:38.76367
22	320	1	1	5	0	1	1	PEPPOL: update participant status	weeks	t	2026-05-27 08:34:56	2026-05-20 08:34:56	\N	2026-04-08 08:34:55.95066	2026-04-08 08:34:55.95066
15	217	1	1	5	0	1	1	Snailmail: process letters queue	hours	t	2026-05-25 07:34:42	2026-05-25 06:59:38	\N	2026-04-08 08:34:41.996744	2026-04-08 08:34:41.996744
7	138	1	1	5	0	1	1	Mail: Post scheduled messages	days	t	2026-05-25 08:34:31	2026-05-25 06:59:38	\N	2026-04-08 08:34:27.650619	2026-04-08 08:34:27.650619
27	373	1	1	5	0	1	1	Gamification: Goal Challenge Check	days	t	2026-05-25 08:35:11	2026-05-25 06:59:38	\N	2026-04-08 08:35:10.407079	2026-04-08 08:35:10.407079
16	221	1	1	5	1	1	1	Digest Emails	days	t	2026-05-25 10:34:42	2026-05-25 06:59:38	2026-05-25 08:59:38.59115	2026-04-08 08:34:42.757453	2026-04-08 08:34:42.757453
8	139	1	1	5	0	1	1	Notification: Notify scheduled messages	hours	t	2026-05-25 07:34:31	2026-05-25 06:59:38	\N	2026-04-08 08:34:27.650619	2026-04-08 08:34:27.650619
32	464	1	1	5	0	1	1	Project: Send rating	days	t	2026-05-25 08:35:25	2026-05-25 06:59:38	\N	2026-04-08 08:35:22.624638	2026-04-08 08:35:22.624638
18	306	1	1	5	0	1	1	Account: Post draft entries with auto_post enabled and accounting date up to today	days	t	2026-05-26 02:00:51	2026-05-25 06:59:38	\N	2026-04-08 08:34:46.340378	2026-04-08 08:34:46.340378
2	36	1	1	8	0	1	1	Base: Portal Users Deletion	days	t	2026-05-25 08:31:41	2026-05-25 06:59:39	\N	2026-04-08 08:31:35.16841	2026-04-08 08:31:35.16841
9	140	1	1	5	0	1	1	Mail: send web push notification	days	t	2026-05-25 08:34:31	2026-05-25 06:59:38	\N	2026-04-08 08:34:27.650619	2026-04-08 08:34:27.650619
33	485	1	1	5	0	1	1	Calendar: Event Reminder	days	t	2026-05-25 08:38:56	2026-05-25 06:59:38	\N	2026-04-08 08:38:54.40235	2026-04-08 08:38:54.40235
37	531	1	1	5	0	1	1	Procurement: run scheduler	days	t	2026-05-25 08:46:11	2026-05-25 06:59:38	\N	2026-04-08 08:46:08.412603	2026-04-08 08:46:08.412603
1	35	1	1	3	0	1	1	Base: Auto-vacuum internal data	days	t	2026-05-25 08:31:41	2026-05-25 07:31:57	\N	2026-04-08 08:31:35.16841	2026-04-08 08:31:35.16841
19	307	1	1	5	0	1	1	Send invoices automatically	days	t	2026-05-25 08:34:51	2026-05-25 06:59:38	\N	2026-04-08 08:34:46.340378	2026-04-08 08:34:46.340378
38	646	1	1	5	0	1	1	HR Employee: check work permit validity	days	t	2026-05-25 08:51:01	2026-05-25 06:59:38	\N	2026-04-08 08:50:55.821924	2026-04-08 08:50:55.821924
20	318	1	4	5	0	1	1	PEPPOL: retrieve new documents	hours	t	2026-05-25 08:34:56	2026-05-25 06:59:38	\N	2026-04-08 08:34:55.95066	2026-04-08 08:34:55.95066
39	735	1	1	5	0	1	1	Purchase reminder	days	t	2026-05-25 08:54:07	2026-05-25 06:59:39	\N	2026-04-14 08:54:03.289914	2026-04-14 08:54:03.289914
\.


--
-- Data for Name: ir_cron_progress; Type: TABLE DATA; Schema: public; Owner: odoo
--

COPY public.ir_cron_progress (id, cron_id, remaining, done, timed_out_counter, create_uid, write_uid, deactivate, create_date, write_date) FROM stdin;
3365	8	0	0	0	1	1	\N	2026-05-19 07:30:21.983938	2026-05-19 07:30:22.02258
3366	14	0	0	0	1	1	\N	2026-05-19 07:30:22.050087	2026-05-19 07:30:22.057753
3367	15	0	0	0	1	1	\N	2026-05-19 07:30:22.090578	2026-05-19 07:30:22.096415
3368	18	0	0	0	1	1	\N	2026-05-19 07:30:22.119714	2026-05-19 07:30:22.127566
3369	20	0	0	0	1	1	\N	2026-05-19 07:30:22.176375	2026-05-19 07:30:22.18308
3370	3	0	0	0	1	1	\N	2026-05-19 07:30:22.204654	2026-05-19 07:30:22.211931
3371	13	0	0	0	1	1	\N	2026-05-19 07:30:22.236297	2026-05-19 07:30:22.244357
3372	8	0	0	0	1	1	\N	2026-05-19 07:35:22.528609	2026-05-19 07:35:22.544164
3373	14	0	0	0	1	1	\N	2026-05-19 07:35:22.589124	2026-05-19 07:35:22.60292
3374	15	0	0	0	1	1	\N	2026-05-19 07:35:22.657045	2026-05-19 07:35:22.670937
3375	3	0	0	0	1	1	\N	2026-05-19 07:35:22.714921	2026-05-19 07:35:22.729016
3376	13	0	0	0	1	1	\N	2026-05-19 07:35:22.775417	2026-05-19 07:35:22.789436
3378	1	0	0	0	1	1	\N	2026-05-19 08:30:10.823784	2026-05-19 08:30:11.370615
3379	1	0	0	0	1	1	\N	2026-05-19 08:32:11.512572	2026-05-19 08:32:12.018127
3393	27	0	0	0	1	1	\N	2026-05-19 08:35:12.92813	2026-05-19 08:35:12.993978
3380	2	0	0	0	1	1	f	2026-05-19 08:32:12.035819	2026-05-19 08:32:12.042613
3381	5	0	0	0	1	1	\N	2026-05-19 08:35:12.203027	2026-05-19 08:35:12.219347
3382	7	0	0	0	1	1	\N	2026-05-19 08:35:12.26014	2026-05-19 08:35:12.274107
3383	8	0	0	0	1	1	\N	2026-05-19 08:35:12.320781	2026-05-19 08:35:12.334322
3384	9	0	0	0	1	1	\N	2026-05-19 08:35:12.378112	2026-05-19 08:35:12.392392
3385	10	0	0	0	1	1	\N	2026-05-19 08:35:12.439891	2026-05-19 08:35:12.454007
3386	11	0	0	0	1	1	\N	2026-05-19 08:35:12.498749	2026-05-19 08:35:12.510538
3387	14	0	0	0	1	1	\N	2026-05-19 08:35:12.552579	2026-05-19 08:35:12.566955
3388	15	0	0	0	1	1	\N	2026-05-19 08:35:12.620052	2026-05-19 08:35:12.634256
3389	19	0	0	0	1	1	\N	2026-05-19 08:35:12.680414	2026-05-19 08:35:12.694711
3390	20	0	0	0	1	1	\N	2026-05-19 08:35:12.745485	2026-05-19 08:35:12.75951
3391	21	0	0	0	1	1	\N	2026-05-19 08:35:12.805759	2026-05-19 08:35:12.819854
3392	25	0	0	0	1	1	\N	2026-05-19 08:35:12.866738	2026-05-19 08:35:12.881009
3394	3	0	0	0	1	1	\N	2026-05-19 08:35:13.033657	2026-05-19 08:35:13.047612
3395	12	0	0	0	1	1	\N	2026-05-19 08:35:13.0971	2026-05-19 08:35:13.111489
3396	13	0	0	0	1	1	\N	2026-05-19 08:35:13.164686	2026-05-19 08:35:13.178771
3397	32	0	0	0	1	1	\N	2026-05-19 08:36:13.271323	2026-05-19 08:36:13.286688
3398	33	0	0	0	1	1	\N	2026-05-19 08:39:13.464429	2026-05-19 08:39:13.480559
3428	8	0	0	0	1	1	\N	2026-05-20 06:55:34.859333	2026-05-20 06:55:34.868426
3429	14	0	0	0	1	1	\N	2026-05-20 06:55:34.887574	2026-05-20 06:55:34.893472
3430	15	0	0	0	1	1	\N	2026-05-20 06:55:34.918101	2026-05-20 06:55:34.924284
3431	18	0	0	0	1	1	\N	2026-05-20 06:55:34.942567	2026-05-20 06:55:34.948388
3432	20	0	0	0	1	1	\N	2026-05-20 06:55:34.992927	2026-05-20 06:55:34.999428
3433	3	0	0	0	1	1	\N	2026-05-20 06:55:35.017866	2026-05-20 06:55:35.024519
3434	13	0	0	0	1	1	\N	2026-05-20 06:55:35.046676	2026-05-20 06:55:35.052554
3496	5	0	0	0	1	1	\N	2026-05-21 08:35:18.310803	2026-05-21 08:35:18.331942
3497	7	0	0	0	1	1	\N	2026-05-21 08:35:18.38871	2026-05-21 08:35:18.402956
3321	8	0	0	0	1	1	\N	2026-05-18 07:34:35.43385	2026-05-18 07:34:35.455568
3322	3	0	0	0	1	1	\N	2026-05-18 07:34:35.506206	2026-05-18 07:34:35.52094
3323	14	0	0	0	1	1	\N	2026-05-18 07:34:56.618772	2026-05-18 07:34:56.634732
3324	15	0	0	0	1	1	\N	2026-05-18 07:34:56.698338	2026-05-18 07:34:56.712733
3325	13	0	0	0	1	1	\N	2026-05-18 07:34:56.756196	2026-05-18 07:34:56.770703
3377	1	0	0	0	1	1	\N	2026-05-19 08:19:48.803216	2026-05-19 08:19:49.452955
3399	1	0	0	0	1	1	\N	2026-05-19 08:42:01.376338	2026-05-19 08:42:02.042407
3435	1	0	0	0	1	1	\N	2026-05-20 07:17:03.761602	2026-05-20 07:17:04.388025
3498	8	0	0	0	1	1	\N	2026-05-21 08:35:18.449765	2026-05-21 08:35:18.464131
3499	9	0	0	0	1	1	\N	2026-05-21 08:35:18.509513	2026-05-21 08:35:18.523206
3500	10	0	0	0	1	1	\N	2026-05-21 08:35:18.56944	2026-05-21 08:35:18.582004
3501	11	0	0	0	1	1	\N	2026-05-21 08:35:18.624948	2026-05-21 08:35:18.636628
3502	14	0	0	0	1	1	\N	2026-05-21 08:35:18.6821	2026-05-21 08:35:18.696331
3503	15	0	0	0	1	1	\N	2026-05-21 08:35:18.755651	2026-05-21 08:35:18.770069
3326	1	0	0	0	1	1	\N	2026-05-18 08:31:56.085976	2026-05-18 08:31:56.581779
3327	2	0	0	0	1	1	f	2026-05-18 08:31:56.598298	2026-05-18 08:31:56.604427
3328	5	0	0	0	1	1	\N	2026-05-18 08:34:38.516736	2026-05-18 08:34:38.529032
3329	7	0	0	0	1	1	\N	2026-05-18 08:34:38.564446	2026-05-18 08:34:38.57361
3330	8	0	0	0	1	1	\N	2026-05-18 08:34:38.599949	2026-05-18 08:34:38.608636
3331	9	0	0	0	1	1	\N	2026-05-18 08:34:38.633497	2026-05-18 08:34:38.640746
3332	10	0	0	0	1	1	\N	2026-05-18 08:34:38.662414	2026-05-18 08:34:38.66985
3333	11	0	0	0	1	1	\N	2026-05-18 08:34:38.692057	2026-05-18 08:34:38.699488
3334	3	0	0	0	1	1	\N	2026-05-18 08:34:38.71874	2026-05-18 08:34:38.725094
3335	12	0	0	0	1	1	\N	2026-05-18 08:34:38.745755	2026-05-18 08:34:38.752101
3336	14	0	0	0	1	1	\N	2026-05-18 08:34:59.84453	2026-05-18 08:34:59.857521
3337	15	0	0	0	1	1	\N	2026-05-18 08:34:59.898993	2026-05-18 08:34:59.907619
3338	19	0	0	0	1	1	\N	2026-05-18 08:34:59.93211	2026-05-18 08:34:59.940199
3339	20	0	0	0	1	1	\N	2026-05-18 08:34:59.966186	2026-05-18 08:34:59.973545
3340	21	0	0	0	1	1	\N	2026-05-18 08:34:59.997787	2026-05-18 08:35:00.004905
3341	13	0	0	0	1	1	\N	2026-05-18 08:35:00.025553	2026-05-18 08:35:00.032784
3342	25	0	0	0	1	1	\N	2026-05-18 08:35:38.839921	2026-05-18 08:35:38.855846
3343	27	0	0	0	1	1	\N	2026-05-18 08:35:38.904041	2026-05-18 08:35:38.983691
3400	37	0	3	0	1	1	f	2026-05-19 08:46:38.014776	2026-05-19 08:46:38.088918
3344	32	0	0	0	1	1	\N	2026-05-18 08:35:39.026666	2026-05-18 08:35:39.040839
3345	33	0	0	0	1	1	\N	2026-05-18 08:39:04.346185	2026-05-18 08:39:04.361495
3401	1	0	0	0	1	1	\N	2026-05-19 08:47:38.171899	2026-05-19 08:47:38.739403
3348	43	0	0	0	1	1	f	2026-05-18 08:53:40.152086	2026-05-18 08:53:40.168167
3346	37	0	3	0	1	1	f	2026-05-18 08:46:11.874488	2026-05-18 08:46:11.949119
3504	19	0	0	0	1	1	\N	2026-05-21 08:35:18.815486	2026-05-21 08:35:18.829142
3505	20	0	0	0	1	1	\N	2026-05-21 08:35:18.878237	2026-05-21 08:35:18.892339
3506	21	0	0	0	1	1	\N	2026-05-21 08:35:18.94361	2026-05-21 08:35:18.958058
3507	25	0	0	0	1	1	\N	2026-05-21 08:35:19.002722	2026-05-21 08:35:19.01696
3508	27	0	0	0	1	1	\N	2026-05-21 08:35:19.064873	2026-05-21 08:35:19.151513
3509	3	0	0	0	1	1	\N	2026-05-21 08:35:19.193496	2026-05-21 08:35:19.207829
3510	12	0	0	0	1	1	\N	2026-05-21 08:35:19.257413	2026-05-21 08:35:19.269248
3347	38	0	0	0	1	1	\N	2026-05-18 08:51:17.298272	2026-05-18 08:51:17.314424
3349	39	0	0	0	1	1	\N	2026-05-18 08:54:20.560286	2026-05-18 08:54:20.568924
3402	38	0	0	0	1	1	\N	2026-05-19 08:51:38.924524	2026-05-19 08:51:38.940997
3511	13	0	0	0	1	1	\N	2026-05-21 08:35:19.300877	2026-05-21 08:35:19.308314
3512	1	0	0	0	1	1	\N	2026-05-21 08:36:19.386513	2026-05-21 08:36:19.812563
3513	32	0	0	0	1	1	\N	2026-05-21 08:36:19.830335	2026-05-21 08:36:19.83662
3514	33	0	0	0	1	1	\N	2026-05-21 08:39:19.995335	2026-05-21 08:39:20.012184
3578	3	0	0	0	1	1	\N	2026-05-21 20:34:35.692862	2026-05-21 20:34:35.702275
3515	37	0	3	0	1	1	f	2026-05-21 08:46:20.455249	2026-05-21 08:46:20.525427
3535	8	0	0	0	1	1	\N	2026-05-21 12:35:16.489774	2026-05-21 12:35:16.519682
3536	14	0	0	0	1	1	\N	2026-05-21 12:35:16.541931	2026-05-21 12:35:16.548947
3537	15	0	0	0	1	1	\N	2026-05-21 12:35:16.577531	2026-05-21 12:35:16.585625
3538	20	0	0	0	1	1	\N	2026-05-21 12:35:16.615648	2026-05-21 12:35:16.626802
3539	3	0	0	0	1	1	\N	2026-05-21 12:35:16.663835	2026-05-21 12:35:16.676755
3540	13	0	0	0	1	1	\N	2026-05-21 12:35:16.724221	2026-05-21 12:35:16.73801
3350	1	0	0	0	1	1	\N	2026-05-18 09:20:42.416196	2026-05-18 09:20:42.996703
3403	42	0	0	0	1	1	\N	2026-05-19 08:53:49.54087	2026-05-19 08:53:49.56154
3405	1	0	0	0	1	1	\N	2026-05-19 08:54:51.265337	2026-05-19 08:54:51.784237
3556	8	0	0	0	1	1	\N	2026-05-21 16:34:42.347933	2026-05-21 16:34:42.375987
3557	14	0	0	0	1	1	\N	2026-05-21 16:34:42.39729	2026-05-21 16:34:42.403741
3558	15	0	0	0	1	1	\N	2026-05-21 16:34:42.432009	2026-05-21 16:34:42.440839
3559	3	0	0	0	1	1	\N	2026-05-21 16:34:42.475021	2026-05-21 16:34:42.485526
3560	13	0	0	0	1	1	\N	2026-05-21 16:34:42.524084	2026-05-21 16:34:42.53704
3561	20	0	0	0	1	1	\N	2026-05-21 16:35:26.584322	2026-05-21 16:35:26.599799
3351	1	0	0	0	1	1	\N	2026-05-18 09:29:54.066807	2026-05-18 09:29:54.538184
3352	8	0	0	0	1	1	\N	2026-05-18 09:34:43.862244	2026-05-18 09:34:43.879475
3353	14	0	0	0	1	1	\N	2026-05-18 09:34:43.926659	2026-05-18 09:34:43.940833
3354	15	0	0	0	1	1	\N	2026-05-18 09:34:44.001572	2026-05-18 09:34:44.016273
3355	3	0	0	0	1	1	\N	2026-05-18 09:34:44.062683	2026-05-18 09:34:44.074521
3356	13	0	0	0	1	1	\N	2026-05-18 09:34:44.110771	2026-05-18 09:34:44.121786
3404	43	0	0	0	1	1	f	2026-05-19 08:53:50.544977	2026-05-19 08:53:50.552533
3577	8	0	0	0	1	1	\N	2026-05-21 20:34:35.637861	2026-05-21 20:34:35.668504
3579	14	0	0	0	1	1	\N	2026-05-21 20:34:53.683543	2026-05-21 20:34:53.699131
3580	15	0	0	0	1	1	\N	2026-05-21 20:34:53.756868	2026-05-21 20:34:53.771053
3581	13	0	0	0	1	1	\N	2026-05-21 20:34:53.814576	2026-05-21 20:34:53.828484
3582	20	0	0	0	1	1	\N	2026-05-21 20:35:36.805031	2026-05-21 20:35:36.820622
3598	8	0	0	0	1	1	\N	2026-05-22 00:34:45.303979	2026-05-22 00:34:45.334047
3357	1	0	0	0	1	1	\N	2026-05-18 10:22:49.536904	2026-05-18 10:22:50.133315
3599	14	0	0	0	1	1	\N	2026-05-22 00:34:45.356043	2026-05-22 00:34:45.36356
3600	15	0	0	0	1	1	\N	2026-05-22 00:34:45.399714	2026-05-22 00:34:45.41045
3601	3	0	0	0	1	1	\N	2026-05-22 00:34:45.449149	2026-05-22 00:34:45.460647
3602	13	0	0	0	1	1	\N	2026-05-22 00:34:45.503634	2026-05-22 00:34:45.515136
3603	20	0	0	0	1	1	\N	2026-05-22 00:35:04.365871	2026-05-22 00:35:04.381482
3615	8	0	0	0	1	1	\N	2026-05-22 03:34:53.081228	2026-05-22 03:34:53.111376
3616	14	0	0	0	1	1	\N	2026-05-22 03:34:53.137751	2026-05-22 03:34:53.144011
3617	15	0	0	0	1	1	\N	2026-05-22 03:34:53.164469	2026-05-22 03:34:53.170327
3618	3	0	0	0	1	1	\N	2026-05-22 03:34:53.187979	2026-05-22 03:34:53.194434
3619	13	0	0	0	1	1	\N	2026-05-22 03:34:53.22123	2026-05-22 03:34:53.230646
3406	39	0	0	0	1	1	\N	2026-05-19 08:54:51.663803	2026-05-19 08:54:51.684524
3516	38	0	0	0	1	1	\N	2026-05-21 08:51:19.593297	2026-05-21 08:51:19.612504
3517	43	0	0	0	1	1	f	2026-05-21 08:53:24.657349	2026-05-21 08:53:24.672501
3358	8	0	0	0	1	1	\N	2026-05-18 10:34:50.740833	2026-05-18 10:34:50.761641
3359	14	0	0	0	1	1	\N	2026-05-18 10:34:50.811576	2026-05-18 10:34:50.825743
3360	15	0	0	0	1	1	\N	2026-05-18 10:34:50.88983	2026-05-18 10:34:50.904138
3361	16	0	0	0	1	1	\N	2026-05-18 10:34:50.949295	2026-05-18 10:34:50.96365
3362	3	0	0	0	1	1	\N	2026-05-18 10:34:51.009396	2026-05-18 10:34:51.023722
3363	13	0	0	0	1	1	\N	2026-05-18 10:34:51.073315	2026-05-18 10:34:51.087561
3407	1	0	0	0	1	1	\N	2026-05-19 09:04:01.338782	2026-05-19 09:04:01.836511
3518	39	0	0	0	1	1	\N	2026-05-21 08:54:19.80341	2026-05-21 08:54:19.81736
3519	8	0	0	0	1	1	\N	2026-05-21 09:35:08.415475	2026-05-21 09:35:08.433234
3520	14	0	0	0	1	1	\N	2026-05-21 09:35:08.47574	2026-05-21 09:35:08.487833
3521	15	0	0	0	1	1	\N	2026-05-21 09:35:08.539309	2026-05-21 09:35:08.551537
3522	3	0	0	0	1	1	\N	2026-05-21 09:35:08.591722	2026-05-21 09:35:08.603629
3523	13	0	0	0	1	1	\N	2026-05-21 09:35:08.647605	2026-05-21 09:35:08.66137
3364	1	0	0	0	1	1	\N	2026-05-18 11:00:38.526768	2026-05-18 11:00:39.149374
3408	8	0	0	0	1	1	\N	2026-05-19 09:34:52.960178	2026-05-19 09:34:52.993755
3409	14	0	0	0	1	1	\N	2026-05-19 09:34:53.016288	2026-05-19 09:34:53.023295
3410	15	0	0	0	1	1	\N	2026-05-19 09:34:53.05443	2026-05-19 09:34:53.063186
3411	3	0	0	0	1	1	\N	2026-05-19 09:34:53.08693	2026-05-19 09:34:53.097145
3412	13	0	0	0	1	1	\N	2026-05-19 09:34:53.132332	2026-05-19 09:34:53.143864
3541	8	0	0	0	1	1	\N	2026-05-21 13:34:33.338838	2026-05-21 13:34:33.367574
3542	3	0	0	0	1	1	\N	2026-05-21 13:34:33.39823	2026-05-21 13:34:33.407117
3543	14	0	0	0	1	1	\N	2026-05-21 13:35:19.337126	2026-05-21 13:35:19.352475
3544	15	0	0	0	1	1	\N	2026-05-21 13:35:19.410164	2026-05-21 13:35:19.423357
3545	13	0	0	0	1	1	\N	2026-05-21 13:35:19.468211	2026-05-21 13:35:19.481943
3413	1	0	0	0	1	1	\N	2026-05-19 10:10:04.252412	2026-05-19 10:10:04.844089
3414	8	0	0	0	1	1	\N	2026-05-19 10:34:33.708934	2026-05-19 10:34:33.716902
3415	3	0	0	0	1	1	\N	2026-05-19 10:34:33.733121	2026-05-19 10:34:33.739247
3416	14	0	0	0	1	1	\N	2026-05-19 10:35:06.279003	2026-05-19 10:35:06.286357
3417	15	0	0	0	1	1	\N	2026-05-19 10:35:06.306711	2026-05-19 10:35:06.313113
3418	16	0	0	0	1	1	\N	2026-05-19 10:35:06.330037	2026-05-19 10:35:06.336003
3419	13	0	0	0	1	1	\N	2026-05-19 10:35:06.352234	2026-05-19 10:35:06.358097
3562	8	0	0	0	1	1	\N	2026-05-21 17:34:45.205521	2026-05-21 17:34:45.235274
3563	14	0	0	0	1	1	\N	2026-05-21 17:34:45.25688	2026-05-21 17:34:45.263642
3564	15	0	0	0	1	1	\N	2026-05-21 17:34:45.292895	2026-05-21 17:34:45.30232
3565	3	0	0	0	1	1	\N	2026-05-21 17:34:45.331766	2026-05-21 17:34:45.342825
3566	13	0	0	0	1	1	\N	2026-05-21 17:34:45.378933	2026-05-21 17:34:45.389886
3420	1	0	0	0	1	1	\N	2026-05-19 11:16:51.845049	2026-05-19 11:16:52.442031
3421	1	0	0	0	1	1	\N	2026-05-19 11:17:52.51887	2026-05-19 11:17:53.004252
3583	8	0	0	0	1	1	\N	2026-05-21 21:34:37.995634	2026-05-21 21:34:38.025533
3584	3	0	0	0	1	1	\N	2026-05-21 21:34:38.048022	2026-05-21 21:34:38.055362
3585	14	0	0	0	1	1	\N	2026-05-21 21:34:56.602914	2026-05-21 21:34:56.616803
3586	15	0	0	0	1	1	\N	2026-05-21 21:34:56.671353	2026-05-21 21:34:56.685302
3587	13	0	0	0	1	1	\N	2026-05-21 21:34:56.730298	2026-05-21 21:34:56.744098
3604	8	0	0	0	1	1	\N	2026-05-22 01:34:48.004967	2026-05-22 01:34:48.035677
3422	1	0	0	0	1	1	\N	2026-05-19 11:29:43.443538	2026-05-19 11:29:44.020949
3423	8	0	0	0	1	1	\N	2026-05-19 11:34:44.353008	2026-05-19 11:34:44.366605
3424	14	0	0	0	1	1	\N	2026-05-19 11:34:44.40755	2026-05-19 11:34:44.420798
3425	15	0	0	0	1	1	\N	2026-05-19 11:34:44.480727	2026-05-19 11:34:44.494871
3426	3	0	0	0	1	1	\N	2026-05-19 11:34:44.539632	2026-05-19 11:34:44.553946
3427	13	0	0	0	1	1	\N	2026-05-19 11:34:44.604779	2026-05-19 11:34:44.618962
3605	14	0	0	0	1	1	\N	2026-05-22 01:34:48.058981	2026-05-22 01:34:48.066658
3606	15	0	0	0	1	1	\N	2026-05-22 01:34:48.096282	2026-05-22 01:34:48.10607
3607	3	0	0	0	1	1	\N	2026-05-22 01:34:48.135192	2026-05-22 01:34:48.14485
3608	13	0	0	0	1	1	\N	2026-05-22 01:34:48.178152	2026-05-22 01:34:48.188266
3620	8	0	0	0	1	1	\N	2026-05-22 04:34:55.951012	2026-05-22 04:34:55.977116
3621	14	0	0	0	1	1	\N	2026-05-22 04:34:55.996756	2026-05-22 04:34:56.002956
3622	15	0	0	0	1	1	\N	2026-05-22 04:34:56.028999	2026-05-22 04:34:56.038482
3623	3	0	0	0	1	1	\N	2026-05-22 04:34:56.070373	2026-05-22 04:34:56.081024
3624	13	0	0	0	1	1	\N	2026-05-22 04:34:56.119649	2026-05-22 04:34:56.132832
3625	20	0	0	0	1	1	\N	2026-05-22 04:35:15.994942	2026-05-22 04:35:16.010364
3636	1	0	0	0	1	1	\N	2026-05-25 06:59:37.71932	2026-05-25 06:59:38.330549
3637	5	0	0	0	1	1	\N	2026-05-25 06:59:38.348076	2026-05-25 06:59:38.35378
3638	7	0	0	0	1	1	\N	2026-05-25 06:59:38.375116	2026-05-25 06:59:38.381063
3639	8	0	0	0	1	1	\N	2026-05-25 06:59:38.397919	2026-05-25 06:59:38.40357
3640	9	0	0	0	1	1	\N	2026-05-25 06:59:38.420228	2026-05-25 06:59:38.426211
3641	10	0	0	0	1	1	\N	2026-05-25 06:59:38.442977	2026-05-25 06:59:38.448828
3642	11	0	0	0	1	1	\N	2026-05-25 06:59:38.465668	2026-05-25 06:59:38.471453
3643	14	0	0	0	1	1	\N	2026-05-25 06:59:38.488095	2026-05-25 06:59:38.494441
3644	15	0	0	0	1	1	\N	2026-05-25 06:59:38.516847	2026-05-25 06:59:38.522688
3645	16	0	0	0	1	1	\N	2026-05-25 06:59:38.540299	2026-05-25 06:59:38.586114
3646	18	0	0	0	1	1	\N	2026-05-25 06:59:38.600423	2026-05-25 06:59:38.606368
3647	19	0	0	0	1	1	\N	2026-05-25 06:59:38.650159	2026-05-25 06:59:38.657279
3648	20	0	0	0	1	1	\N	2026-05-25 06:59:38.680627	2026-05-25 06:59:38.688918
3649	21	0	0	0	1	1	\N	2026-05-25 06:59:38.717517	2026-05-25 06:59:38.726818
3650	25	0	0	0	1	1	\N	2026-05-25 06:59:38.756633	2026-05-25 06:59:38.766657
3524	8	0	0	0	1	1	\N	2026-05-21 10:35:11.177767	2026-05-21 10:35:11.209574
3525	14	0	0	0	1	1	\N	2026-05-21 10:35:11.236855	2026-05-21 10:35:11.245579
3526	15	0	0	0	1	1	\N	2026-05-21 10:35:11.279053	2026-05-21 10:35:11.289169
3527	16	0	0	0	1	1	\N	2026-05-21 10:35:11.319474	2026-05-21 10:35:11.330376
3528	3	0	0	0	1	1	\N	2026-05-21 10:35:11.36912	2026-05-21 10:35:11.382382
3529	13	0	0	0	1	1	\N	2026-05-21 10:35:11.431937	2026-05-21 10:35:11.445852
3546	8	0	0	0	1	1	\N	2026-05-21 14:34:36.331487	2026-05-21 14:34:36.363596
3547	3	0	0	0	1	1	\N	2026-05-21 14:34:36.385218	2026-05-21 14:34:36.393737
3548	14	0	0	0	1	1	\N	2026-05-21 14:35:21.668552	2026-05-21 14:35:21.683137
3549	15	0	0	0	1	1	\N	2026-05-21 14:35:21.741328	2026-05-21 14:35:21.75523
3550	13	0	0	0	1	1	\N	2026-05-21 14:35:21.800449	2026-05-21 14:35:21.814477
3567	8	0	0	0	1	1	\N	2026-05-21 18:34:48.041402	2026-05-21 18:34:48.07154
3568	14	0	0	0	1	1	\N	2026-05-21 18:34:48.094486	2026-05-21 18:34:48.10208
3569	15	0	0	0	1	1	\N	2026-05-21 18:34:48.14097	2026-05-21 18:34:48.151138
3570	3	0	0	0	1	1	\N	2026-05-21 18:34:48.188178	2026-05-21 18:34:48.199953
3571	13	0	0	0	1	1	\N	2026-05-21 18:34:48.244235	2026-05-21 18:34:48.257588
3588	8	0	0	0	1	1	\N	2026-05-21 22:34:40.262017	2026-05-21 22:34:40.292644
3589	3	0	0	0	1	1	\N	2026-05-21 22:34:40.31915	2026-05-21 22:34:40.327911
3590	13	0	0	0	1	1	\N	2026-05-21 22:34:40.358293	2026-05-21 22:34:40.368017
3591	14	0	0	0	1	1	\N	2026-05-21 22:34:59.162917	2026-05-21 22:34:59.17861
3592	15	0	0	0	1	1	\N	2026-05-21 22:34:59.236165	2026-05-21 22:34:59.250146
3609	18	0	0	0	1	1	\N	2026-05-22 02:01:08.573768	2026-05-22 02:01:08.603895
3436	8	0	0	0	1	1	\N	2026-05-20 07:52:05.670688	2026-05-20 07:52:05.682385
3437	14	0	0	0	1	1	\N	2026-05-20 07:52:05.706988	2026-05-20 07:52:05.714666
3438	15	0	0	0	1	1	\N	2026-05-20 07:52:05.744044	2026-05-20 07:52:05.753734
3439	3	0	0	0	1	1	\N	2026-05-20 07:52:05.794968	2026-05-20 07:52:05.808669
3440	13	0	0	0	1	1	\N	2026-05-20 07:52:05.852016	2026-05-20 07:52:05.863835
3441	1	0	0	0	1	1	\N	2026-05-20 07:53:05.952907	2026-05-20 07:53:06.43878
3442	1	0	0	0	1	1	\N	2026-05-20 07:55:52.559235	2026-05-20 07:55:53.102777
3443	1	0	0	0	1	1	\N	2026-05-20 08:31:55.432067	2026-05-20 08:31:55.917479
3457	3	0	0	0	1	1	\N	2026-05-20 08:34:56.869024	2026-05-20 08:34:56.882788
3444	2	0	0	0	1	1	f	2026-05-20 08:31:55.932562	2026-05-20 08:31:55.93893
3445	5	0	0	0	1	1	\N	2026-05-20 08:34:56.131375	2026-05-20 08:34:56.147064
3446	7	0	0	0	1	1	\N	2026-05-20 08:34:56.199297	2026-05-20 08:34:56.213257
3447	8	0	0	0	1	1	\N	2026-05-20 08:34:56.263698	2026-05-20 08:34:56.277502
3448	9	0	0	0	1	1	\N	2026-05-20 08:34:56.322172	2026-05-20 08:34:56.335982
3449	10	0	0	0	1	1	\N	2026-05-20 08:34:56.380396	2026-05-20 08:34:56.398981
3450	11	0	0	0	1	1	\N	2026-05-20 08:34:56.443072	2026-05-20 08:34:56.456522
3451	14	0	0	0	1	1	\N	2026-05-20 08:34:56.500373	2026-05-20 08:34:56.514291
3452	15	0	0	0	1	1	\N	2026-05-20 08:34:56.575129	2026-05-20 08:34:56.588879
3453	19	0	0	0	1	1	\N	2026-05-20 08:34:56.629858	2026-05-20 08:34:56.639685
3454	20	0	0	0	1	1	\N	2026-05-20 08:34:56.687918	2026-05-20 08:34:56.702655
3455	21	0	0	0	1	1	\N	2026-05-20 08:34:56.748849	2026-05-20 08:34:56.762825
3456	22	0	0	0	1	1	\N	2026-05-20 08:34:56.80793	2026-05-20 08:34:56.822004
3458	12	0	0	0	1	1	\N	2026-05-20 08:34:56.930965	2026-05-20 08:34:56.944149
3459	13	0	0	0	1	1	\N	2026-05-20 08:34:56.996409	2026-05-20 08:34:57.01025
3460	4	0	0	0	1	1	\N	2026-05-20 08:34:57.05308	2026-05-20 08:34:57.06685
3461	25	0	0	0	1	1	\N	2026-05-20 08:35:31.718089	2026-05-20 08:35:31.729696
3462	27	0	0	0	1	1	\N	2026-05-20 08:35:31.752758	2026-05-20 08:35:31.789007
3463	32	0	0	0	1	1	\N	2026-05-20 08:35:31.807307	2026-05-20 08:35:31.812941
3464	33	0	0	0	1	1	\N	2026-05-20 08:38:57.47009	2026-05-20 08:38:57.486267
3467	43	0	0	0	1	1	f	2026-05-20 08:53:51.219505	2026-05-20 08:53:51.234874
3465	37	0	3	0	1	1	f	2026-05-20 08:46:43.603162	2026-05-20 08:46:43.678851
3466	38	0	0	0	1	1	\N	2026-05-20 08:51:49.05032	2026-05-20 08:51:49.065816
3468	39	0	0	0	1	1	\N	2026-05-20 08:54:52.35748	2026-05-20 08:54:52.373159
3469	1	0	0	0	1	1	\N	2026-05-20 09:05:44.170062	2026-05-20 09:05:44.681533
3470	1	0	0	0	1	1	\N	2026-05-20 09:09:14.614761	2026-05-20 09:09:15.159964
3471	8	0	0	0	1	1	\N	2026-05-20 09:34:43.05878	2026-05-20 09:34:43.093565
3472	14	0	0	0	1	1	\N	2026-05-20 09:34:43.11806	2026-05-20 09:34:43.127802
3473	15	0	0	0	1	1	\N	2026-05-20 09:34:43.175818	2026-05-20 09:34:43.188275
3474	3	0	0	0	1	1	\N	2026-05-20 09:34:43.22801	2026-05-20 09:34:43.2424
3475	13	0	0	0	1	1	\N	2026-05-20 09:34:43.289849	2026-05-20 09:34:43.303675
3476	8	0	0	0	1	1	\N	2026-05-20 10:35:32.864186	2026-05-20 10:35:32.880076
3477	14	0	0	0	1	1	\N	2026-05-20 10:35:32.928553	2026-05-20 10:35:32.941972
3478	15	0	0	0	1	1	\N	2026-05-20 10:35:33.000276	2026-05-20 10:35:33.012127
3479	16	0	0	0	1	1	\N	2026-05-20 10:35:33.04987	2026-05-20 10:35:33.062221
3480	3	0	0	0	1	1	\N	2026-05-20 10:35:33.102243	2026-05-20 10:35:33.115267
3481	13	0	0	0	1	1	\N	2026-05-20 10:35:33.152719	2026-05-20 10:35:33.162049
3482	8	0	0	0	1	1	\N	2026-05-20 11:34:49.560241	2026-05-20 11:34:49.581964
3483	14	0	0	0	1	1	\N	2026-05-20 11:34:49.631142	2026-05-20 11:34:49.645768
3484	15	0	0	0	1	1	\N	2026-05-20 11:34:49.707152	2026-05-20 11:34:49.721469
3485	3	0	0	0	1	1	\N	2026-05-20 11:34:49.767523	2026-05-20 11:34:49.781435
3626	8	0	0	0	1	1	\N	2026-05-22 05:34:58.261846	2026-05-22 05:34:58.292052
3627	14	0	0	0	1	1	\N	2026-05-22 05:34:58.314157	2026-05-22 05:34:58.321621
3628	15	0	0	0	1	1	\N	2026-05-22 05:34:58.363773	2026-05-22 05:34:58.375519
3629	3	0	0	0	1	1	\N	2026-05-22 05:34:58.416694	2026-05-22 05:34:58.430169
3630	13	0	0	0	1	1	\N	2026-05-22 05:34:58.479246	2026-05-22 05:34:58.493222
3651	27	0	0	0	1	1	\N	2026-05-25 06:59:38.795504	2026-05-25 06:59:38.831464
3652	32	0	0	0	1	1	\N	2026-05-25 06:59:38.849519	2026-05-25 06:59:38.857608
3653	33	0	0	0	1	1	\N	2026-05-25 06:59:38.881954	2026-05-25 06:59:38.892016
3655	38	0	0	0	1	1	\N	2026-05-25 06:59:38.968748	2026-05-25 06:59:38.97436
3654	37	0	3	0	1	1	f	2026-05-25 06:59:38.91785	2026-05-25 06:59:38.955785
3656	39	0	0	0	1	1	\N	2026-05-25 06:59:38.998516	2026-05-25 06:59:39.004347
3657	43	0	0	0	1	1	f	2026-05-25 06:59:39.044038	2026-05-25 06:59:39.050092
3658	3	0	0	0	1	1	\N	2026-05-25 06:59:39.066672	2026-05-25 06:59:39.072335
3659	12	0	0	0	1	1	\N	2026-05-25 06:59:39.092107	2026-05-25 06:59:39.098305
3660	13	0	0	0	1	1	\N	2026-05-25 06:59:39.117077	2026-05-25 06:59:39.123405
3661	2	0	0	0	1	1	f	2026-05-25 06:59:39.140361	2026-05-25 06:59:39.146536
3486	13	0	0	0	1	1	\N	2026-05-20 11:34:49.832036	2026-05-20 11:34:49.846516
3487	8	0	0	0	1	1	\N	2026-05-21 08:03:51.834622	2026-05-21 08:03:51.892412
3488	14	0	0	0	1	1	\N	2026-05-21 08:03:51.921442	2026-05-21 08:03:51.929262
3489	15	0	0	0	1	1	\N	2026-05-21 08:03:51.959874	2026-05-21 08:03:51.966406
3490	18	0	0	0	1	1	\N	2026-05-21 08:03:51.986452	2026-05-21 08:03:51.996545
3491	20	0	0	0	1	1	\N	2026-05-21 08:03:52.051606	2026-05-21 08:03:52.059684
3492	3	0	0	0	1	1	\N	2026-05-21 08:03:52.092126	2026-05-21 08:03:52.10121
3493	13	0	0	0	1	1	\N	2026-05-21 08:03:52.141223	2026-05-21 08:03:52.152932
3494	1	0	0	0	1	1	\N	2026-05-21 08:31:53.667159	2026-05-21 08:31:54.256748
3495	2	0	0	0	1	1	f	2026-05-21 08:31:54.271023	2026-05-21 08:31:54.277471
3530	8	0	0	0	1	1	\N	2026-05-21 11:35:13.732362	2026-05-21 11:35:13.762297
3531	14	0	0	0	1	1	\N	2026-05-21 11:35:13.784481	2026-05-21 11:35:13.792473
3532	15	0	0	0	1	1	\N	2026-05-21 11:35:13.833891	2026-05-21 11:35:13.844709
3533	3	0	0	0	1	1	\N	2026-05-21 11:35:13.880109	2026-05-21 11:35:13.89183
3534	13	0	0	0	1	1	\N	2026-05-21 11:35:13.937338	2026-05-21 11:35:13.949584
3551	8	0	0	0	1	1	\N	2026-05-21 15:34:39.283921	2026-05-21 15:34:39.313099
3552	3	0	0	0	1	1	\N	2026-05-21 15:34:39.339064	2026-05-21 15:34:39.347593
3553	13	0	0	0	1	1	\N	2026-05-21 15:34:39.377294	2026-05-21 15:34:39.386865
3554	14	0	0	0	1	1	\N	2026-05-21 15:35:24.072318	2026-05-21 15:35:24.087594
3555	15	0	0	0	1	1	\N	2026-05-21 15:35:24.145615	2026-05-21 15:35:24.159495
3572	8	0	0	0	1	1	\N	2026-05-21 19:34:32.936125	2026-05-21 19:34:32.971857
3573	3	0	0	0	1	1	\N	2026-05-21 19:34:32.994106	2026-05-21 19:34:33.001491
3574	14	0	0	0	1	1	\N	2026-05-21 19:34:50.974452	2026-05-21 19:34:50.988048
3575	15	0	0	0	1	1	\N	2026-05-21 19:34:51.042424	2026-05-21 19:34:51.056317
3576	13	0	0	0	1	1	\N	2026-05-21 19:34:51.101626	2026-05-21 19:34:51.115463
3593	8	0	0	0	1	1	\N	2026-05-21 23:34:42.741734	2026-05-21 23:34:42.771492
3594	14	0	0	0	1	1	\N	2026-05-21 23:34:42.796986	2026-05-21 23:34:42.805651
3595	15	0	0	0	1	1	\N	2026-05-21 23:34:42.844747	2026-05-21 23:34:42.855562
3596	3	0	0	0	1	1	\N	2026-05-21 23:34:42.892125	2026-05-21 23:34:42.903962
3597	13	0	0	0	1	1	\N	2026-05-21 23:34:42.943411	2026-05-21 23:34:42.955912
3610	8	0	0	0	1	1	\N	2026-05-22 02:34:50.475954	2026-05-22 02:34:50.505988
3611	14	0	0	0	1	1	\N	2026-05-22 02:34:50.52884	2026-05-22 02:34:50.537124
3612	15	0	0	0	1	1	\N	2026-05-22 02:34:50.575209	2026-05-22 02:34:50.584869
3613	3	0	0	0	1	1	\N	2026-05-22 02:34:50.622026	2026-05-22 02:34:50.634551
3614	13	0	0	0	1	1	\N	2026-05-22 02:34:50.681868	2026-05-22 02:34:50.69595
3631	8	0	0	0	1	1	\N	2026-05-22 06:35:00.835992	2026-05-22 06:35:00.866229
3632	14	0	0	0	1	1	\N	2026-05-22 06:35:00.892932	2026-05-22 06:35:00.90208
3633	15	0	0	0	1	1	\N	2026-05-22 06:35:00.947343	2026-05-22 06:35:00.958593
3634	3	0	0	0	1	1	\N	2026-05-22 06:35:00.993522	2026-05-22 06:35:01.006108
3635	13	0	0	0	1	1	\N	2026-05-22 06:35:01.053013	2026-05-22 06:35:01.06674
3662	1	0	0	0	1	1	\N	2026-05-25 07:31:57.048019	2026-05-25 07:31:57.555728
\.


--
-- Data for Name: ir_cron_trigger; Type: TABLE DATA; Schema: public; Owner: odoo
--

COPY public.ir_cron_trigger (id, cron_id, create_uid, write_uid, call_at, create_date, write_date) FROM stdin;
\.


--
-- Data for Name: ir_default; Type: TABLE DATA; Schema: public; Owner: odoo
--

COPY public.ir_default (id, field_id, user_id, company_id, create_uid, write_uid, condition, "json_value", create_date, write_date) FROM stdin;
1	909	\N	\N	1	1	\N	"es_ES"	2026-04-08 08:31:35.16841	2026-04-08 08:31:35.16841
2	2853	\N	\N	1	1	\N	"optional"	2026-04-08 08:34:32.743761	2026-04-08 08:34:32.743761
3	4390	\N	\N	1	1	\N	"normal"	2026-04-08 08:34:46.340378	2026-04-08 08:34:46.340378
4	6109	\N	\N	1	1	\N	"not_verified"	2026-04-08 08:34:55.95066	2026-04-08 08:34:55.95066
5	6109	\N	1	1	1	\N	"not_verified"	2026-04-08 08:34:55.95066	2026-04-08 08:34:55.95066
6	4381	\N	1	1	1	\N	188	2026-04-08 08:35:31.66018	2026-04-08 08:35:31.66018
7	4380	\N	1	1	1	\N	183	2026-04-08 08:35:31.66018	2026-04-08 08:35:31.66018
8	5349	\N	1	1	1	\N	349	2026-04-08 08:35:31.66018	2026-04-08 08:35:31.66018
9	5348	\N	1	1	1	\N	473	2026-04-08 08:35:31.66018	2026-04-08 08:35:31.66018
10	4371	\N	1	2	2	\N	0.0	2026-04-08 08:37:08.56394	2026-04-08 08:37:08.56394
11	9457	\N	\N	1	1	\N	4	2026-04-08 08:46:08.412603	2026-04-08 08:46:08.412603
12	9456	\N	\N	1	1	\N	5	2026-04-08 08:46:08.412603	2026-04-08 08:46:08.412603
13	10104	\N	1	1	1	\N	14	2026-04-08 08:46:08.412603	2026-04-08 08:46:08.412603
14	10103	\N	1	1	1	\N	15	2026-04-08 08:46:08.412603	2026-04-08 08:46:08.412603
15	10481	\N	\N	1	1	\N	"standard"	2026-04-08 08:46:14.325631	2026-04-08 08:46:14.325631
16	10480	\N	\N	1	1	\N	"manual_periodic"	2026-04-08 08:46:14.325631	2026-04-08 08:46:14.325631
17	10484	\N	1	1	1	\N	false	2026-04-08 08:46:14.325631	2026-04-08 08:46:14.325631
18	10483	\N	1	1	1	\N	false	2026-04-08 08:46:14.325631	2026-04-08 08:46:14.325631
19	10482	\N	1	1	1	\N	8	2026-04-08 08:46:14.325631	2026-04-08 08:46:14.325631
20	12209	\N	\N	1	1	\N	1	2026-04-14 08:54:03.289914	2026-04-14 08:54:03.289914
\.


--
-- Data for Name: ir_demo; Type: TABLE DATA; Schema: public; Owner: odoo
--

COPY public.ir_demo (id, create_uid, write_uid, create_date, write_date) FROM stdin;
\.


--
-- Data for Name: ir_demo_failure; Type: TABLE DATA; Schema: public; Owner: odoo
--

COPY public.ir_demo_failure (id, module_id, wizard_id, create_uid, write_uid, error, create_date, write_date) FROM stdin;
\.


--
-- Data for Name: ir_demo_failure_wizard; Type: TABLE DATA; Schema: public; Owner: odoo
--

COPY public.ir_demo_failure_wizard (id, create_uid, write_uid, create_date, write_date) FROM stdin;
\.


--
-- Data for Name: ir_embedded_actions; Type: TABLE DATA; Schema: public; Owner: odoo
--

COPY public.ir_embedded_actions (id, sequence, parent_action_id, parent_res_id, action_id, user_id, create_uid, write_uid, parent_res_model, python_method, default_view_mode, domain, context, name, create_date, write_date) FROM stdin;
1	110	442	\N	429	\N	1	1	project.project	\N	\N	[]	{}	{"en_US": "Dashboard", "es_ES": "Tablero", "pt_PT": "Painel"}	2026-04-08 08:35:22.624638	2026-05-18 07:10:46.574676
2	20	429	\N	442	\N	1	1	project.project	\N	\N	[]	{}	{"en_US": "Tasks", "es_ES": "Tareas", "pt_PT": "Tarefas"}	2026-04-08 08:35:22.624638	2026-05-18 07:10:46.574676
3	105	442	\N	\N	\N	1	1	project.project	action_open_analytic_items	\N	[('account_id', '!=', False)]	{"from_embedded_action": true}	{"en_US": "Analytic Items", "es_ES": "Apuntes analíticos", "pt_PT": "Items Analíticos"}	2026-04-08 08:35:28.331175	2026-05-18 07:10:50.613068
9	80	442	\N	\N	\N	1	1	project.project	action_open_deliveries	\N	[]	{}	{"en_US": "From WH", "es_ES": "Del almacén", "pt_PT": "Do WH"}	2026-04-08 08:46:13.987385	2026-05-18 07:10:51.833668
11	92	442	\N	\N	\N	1	1	project.project	action_open_all_pickings	\N	[]	{}	{"en_US": "Stock Moves", "es_ES": "Movimientos de stock", "pt_PT": "Movimentos de Inventário"}	2026-04-08 08:46:13.987385	2026-05-18 07:10:51.833668
10	90	442	\N	\N	\N	1	1	project.project	action_open_receipts	\N	[]	{}	{"en_US": "To WH", "es_ES": "Al almacén", "pt_PT": "Ao WH"}	2026-04-08 08:46:13.987385	2026-05-18 07:10:51.833668
14	70	442	\N	\N	\N	1	1	project.project	action_open_project_purchase_orders	\N	[]	{"from_embedded_action": true}	{"en_US": "Purchase Orders", "es_ES": "Pedidos de compra", "pt_PT": "Notas de encomenda"}	2026-04-14 08:54:08.171878	2026-05-18 07:10:53.511808
4	60	442	\N	\N	\N	1	1	project.project	action_open_project_invoices	\N	[('allow_billable', '=', True)]	{"from_embedded_action": true}	{"en_US": "Invoices", "es_ES": "Facturas", "pt_PT": "Faturas"}	2026-04-08 08:35:30.80317	2026-05-18 07:10:55.165264
6	70	429	\N	\N	\N	1	1	project.project	action_open_project_invoices	\N	[('allow_billable', '=', True)]	{"from_embedded_action": true}	{"en_US": "Invoices", "es_ES": "Facturas", "pt_PT": "Faturas"}	2026-04-08 08:35:30.80317	2026-05-18 07:10:55.165264
5	50	442	\N	\N	\N	1	1	project.project	action_view_sos	\N	[('allow_billable', '=', True)]	{"from_embedded_action": true}	{"en_US": "Sales Orders", "es_ES": "Pedidos de venta", "pt_PT": "Ordens de Venda"}	2026-04-08 08:35:30.80317	2026-05-18 07:10:55.165264
7	50	429	\N	\N	\N	1	1	project.project	action_view_sos	\N	[('allow_billable', '=', True)]	{"from_embedded_action": true}	{"en_US": "Sales Orders", "es_ES": "Pedidos de venta", "pt_PT": "Ordens de Venda"}	2026-04-08 08:35:30.80317	2026-05-18 07:10:55.165264
8	75	442	\N	\N	\N	1	1	project.project	action_open_project_vendor_bills	\N	[('allow_billable', '=', True)]	{"from_embedded_action": true}	{"en_US": "Vendor Bills", "es_ES": "Facturas de proveedor", "pt_PT": "Faturas de Fornecedor"}	2026-04-08 08:35:30.80317	2026-05-18 07:10:55.165264
15	20	442	\N	821	\N	1	1	project.project	\N	\N	[('allow_timesheets', '=', True)]	{}	{"en_US": "Timesheets", "es_ES": "Partes de horas", "pt_PT": "Registos de Horas"}	2026-05-18 09:28:44.688432	2026-05-18 09:28:44.688432
16	30	429	\N	821	\N	1	1	project.project	\N	\N	[('allow_timesheets', '=', True)]	{}	{"en_US": "Timesheets", "es_ES": "Partes de horas", "pt_PT": "Registos de Horas"}	2026-05-18 09:28:44.688432	2026-05-18 09:28:44.688432
\.


--
-- Data for Name: ir_embedded_actions_res_groups_rel; Type: TABLE DATA; Schema: public; Owner: odoo
--

COPY public.ir_embedded_actions_res_groups_rel (ir_embedded_actions_id, res_groups_id) FROM stdin;
3	16
4	26
4	21
5	21
6	26
6	21
7	21
8	26
8	21
9	60
10	60
11	60
14	82
15	95
16	95
\.


--
-- Data for Name: ir_exports; Type: TABLE DATA; Schema: public; Owner: odoo
--

COPY public.ir_exports (id, create_uid, write_uid, name, resource, create_date, write_date) FROM stdin;
1	1	1	Tasks	project.task	2026-04-08 08:35:22.624638	2026-04-08 08:35:22.624638
2	1	1	Services	product.template	2026-04-08 08:35:30.80317	2026-05-18 07:10:55.165264
3	1	1	Timesheets	account.analytic.line	2026-05-18 09:28:44.688432	2026-05-18 09:28:44.688432
4	1	1	Project Costs & Revenues	account.analytic.line	2026-05-18 09:28:48.394074	2026-05-18 09:28:48.394074
\.


--
-- Data for Name: ir_exports_line; Type: TABLE DATA; Schema: public; Owner: odoo
--

COPY public.ir_exports_line (id, export_id, create_uid, write_uid, name, create_date, write_date) FROM stdin;
1	1	1	1	id	2026-04-08 08:35:22.624638	2026-04-08 08:35:22.624638
2	1	1	1	project_id	2026-04-08 08:35:22.624638	2026-04-08 08:35:22.624638
3	1	1	1	name	2026-04-08 08:35:22.624638	2026-04-08 08:35:22.624638
4	1	1	1	user_ids	2026-04-08 08:35:22.624638	2026-04-08 08:35:22.624638
5	1	1	1	stage_id	2026-04-08 08:35:22.624638	2026-04-08 08:35:22.624638
6	1	1	1	state	2026-04-08 08:35:22.624638	2026-04-08 08:35:22.624638
7	1	1	1	tag_ids	2026-04-08 08:35:22.624638	2026-04-08 08:35:22.624638
8	1	1	1	sale_line_id	2026-04-08 08:35:30.80317	2026-05-18 07:10:55.165264
9	2	1	1	id	2026-04-08 08:35:30.80317	2026-05-18 07:10:55.165264
10	2	1	1	name	2026-04-08 08:35:30.80317	2026-05-18 07:10:55.165264
11	2	1	1	product_tag_ids	2026-04-08 08:35:30.80317	2026-05-18 07:10:55.165264
12	2	1	1	list_price	2026-04-08 08:35:30.80317	2026-05-18 07:10:55.165264
13	2	1	1	type	2026-04-08 08:35:30.80317	2026-05-18 07:10:55.165264
14	2	1	1	uom_id	2026-04-08 08:35:30.80317	2026-05-18 07:10:55.165264
15	2	1	1	service_policy	2026-04-08 08:35:30.80317	2026-05-18 07:10:55.165264
16	2	1	1	service_tracking	2026-04-08 08:35:30.80317	2026-05-18 07:10:55.165264
17	2	1	1	project_id	2026-04-08 08:35:30.80317	2026-05-18 07:10:55.165264
18	2	1	1	project_template_id	2026-04-08 08:35:30.80317	2026-05-18 07:10:55.165264
19	1	1	1	allocated_hours	2026-05-18 09:28:44.688432	2026-05-18 09:28:44.688432
20	3	1	1	id	2026-05-18 09:28:44.688432	2026-05-18 09:28:44.688432
21	3	1	1	date	2026-05-18 09:28:44.688432	2026-05-18 09:28:44.688432
22	3	1	1	employee_id	2026-05-18 09:28:44.688432	2026-05-18 09:28:44.688432
23	3	1	1	project_id	2026-05-18 09:28:44.688432	2026-05-18 09:28:44.688432
24	3	1	1	task_id	2026-05-18 09:28:44.688432	2026-05-18 09:28:44.688432
25	3	1	1	name	2026-05-18 09:28:44.688432	2026-05-18 09:28:44.688432
26	3	1	1	unit_amount	2026-05-18 09:28:44.688432	2026-05-18 09:28:44.688432
27	3	1	1	so_line	2026-05-18 09:28:48.394074	2026-05-18 09:28:48.394074
28	4	1	1	date	2026-05-18 09:28:48.394074	2026-05-18 09:28:48.394074
29	4	1	1	name	2026-05-18 09:28:48.394074	2026-05-18 09:28:48.394074
30	4	1	1	project_id	2026-05-18 09:28:48.394074	2026-05-18 09:28:48.394074
31	4	1	1	product_id	2026-05-18 09:28:48.394074	2026-05-18 09:28:48.394074
32	4	1	1	unit_amount	2026-05-18 09:28:48.394074	2026-05-18 09:28:48.394074
33	4	1	1	partner_id	2026-05-18 09:28:48.394074	2026-05-18 09:28:48.394074
34	4	1	1	amount	2026-05-18 09:28:48.394074	2026-05-18 09:28:48.394074
\.


--
-- Data for Name: ir_filters; Type: TABLE DATA; Schema: public; Owner: odoo
--

COPY public.ir_filters (id, user_id, action_id, embedded_action_id, embedded_parent_res_id, create_uid, write_uid, name, sort, model_id, domain, context, is_default, active, create_date, write_date) FROM stdin;
1	\N	\N	\N	\N	1	1	By Salespersons	[]	account.invoice.report	[]	{'group_by': ['invoice_date:month', 'invoice_user_id']}	\N	t	2026-04-08 08:34:46.340378	2026-04-08 08:34:46.340378
2	\N	\N	\N	\N	1	1	By Product	[]	account.invoice.report	[]	{'group_by': ['invoice_date:month', 'product_id'], 'set_visible':True, 'residual_invisible':True}	\N	t	2026-04-08 08:34:46.340378	2026-04-08 08:34:46.340378
3	\N	\N	\N	\N	1	1	By Product Category	[]	account.invoice.report	[]	{'group_by': ['invoice_date:month', 'product_categ_id'], 'residual_invisible':True}	\N	t	2026-04-08 08:34:46.340378	2026-04-08 08:34:46.340378
4	\N	\N	\N	\N	1	1	By Credit Note	[]	account.invoice.report	[('move_type', '=', 'out_refund')]	{'group_by': ['invoice_date:month', 'invoice_user_id']}	\N	t	2026-04-08 08:34:46.340378	2026-04-08 08:34:46.340378
5	\N	\N	\N	\N	1	1	By Country	[]	account.invoice.report	[]	{'group_by': ['invoice_date:month', 'country_id']}	\N	t	2026-04-08 08:34:46.340378	2026-04-08 08:34:46.340378
6	\N	\N	\N	\N	1	1	Inventory Valuation	[]	account.invoice.report	[('product_id.is_storable', '=', True)]	{'group_by': ['product_id'], 'pivot_column_groupby': ['invoice_date:month'], 'pivot_measures': ['inventory_value'], 'graph_measure': 'inventory_value'}	\N	t	2026-04-08 08:46:14.325631	2026-04-08 08:46:14.325631
\.


--
-- Data for Name: ir_logging; Type: TABLE DATA; Schema: public; Owner: odoo
--

COPY public.ir_logging (id, create_uid, write_uid, name, type, dbname, level, path, func, line, message, create_date, write_date) FROM stdin;
\.


--
-- Data for Name: ir_mail_server; Type: TABLE DATA; Schema: public; Owner: odoo
--

COPY public.ir_mail_server (id, smtp_port, sequence, create_uid, write_uid, name, from_filter, smtp_host, smtp_authentication, smtp_user, smtp_pass, smtp_encryption, smtp_debug, active, create_date, write_date, max_email_size, smtp_ssl_certificate, smtp_ssl_private_key, google_gmail_access_token_expiration, google_gmail_authorization_code, google_gmail_refresh_token, google_gmail_access_token) FROM stdin;
\.


--
-- Data for Name: ir_model; Type: TABLE DATA; Schema: public; Owner: odoo
--

COPY public.ir_model (id, create_uid, write_uid, model, "order", state, name, info, transient, create_date, write_date, is_mail_thread, is_mail_activity, is_mail_blacklist, website_form_default_field_id, website_form_label, website_form_key, website_form_access) FROM stdin;
8	\N	\N	ir.model.relation	id	base	{"en_US": "Relation Model", "es_ES": "Modelo de relación", "pt_PT": "Modelo de Relação"}	\n    This model tracks PostgreSQL tables used to implement Odoo many2many\n    relations.\n    	f	\N	\N	f	f	f	\N	\N	\N	\N
25	\N	\N	ir.actions.todo	sequence, id	base	{"en_US": "Configuration Wizards", "es_ES": "Asistentes de configuración", "pt_PT": "Assistentes de Configuração"}	\n    Configuration Wizards\n    	f	\N	\N	f	f	f	\N	\N	\N	\N
26	\N	\N	ir.actions.client	name	base	{"en_US": "Client Action", "es_ES": "Acción de cliente", "pt_PT": "Ação de cliente"}	 Main super-class for regular database-persisted Odoo models.\n\n    Odoo models are created by inheriting from this class::\n\n        class user(Model):\n            ...\n\n    The system will later instantiate the class once per database (on\n    which the class' module is installed).\n    	f	\N	\N	f	f	f	\N	\N	\N	\N
172	\N	23	mail.thread	id	base	{"en_US": "Email Thread", "es_ES": "Hilo de correo electrónico", "pt_PT": "Linha de Comunicação de E-mail"}	 mail_thread model is meant to be inherited by any model that needs to\n        act as a discussion topic on which messages can be attached. Public\n        methods are prefixed with ``message_`` in order to avoid name\n        collisions with methods of the models that will inherit from this class.\n\n        ``mail.thread`` defines fields used to handle and display the\n        communication history. ``mail.thread`` also manages followers of\n        inheriting classes. All features and expected behavior are managed\n        by mail.thread. Widgets has been designed for the 7.0 and following\n        versions of Odoo.\n\n        Inheriting classes are not required to implement any method, as the\n        default implementation will work for any model. However it is common\n        to override at least the ``message_new`` and ``message_update``\n        methods (calling ``super``) to add model-specific behavior at\n        creation and update of a thread when processing incoming emails.\n\n        Options:\n            - _mail_flat_thread: if set to True, all messages without parent_id\n                are automatically attached to the first message posted on the\n                resource. If set to False, the display of Chatter is done using\n                threads, and no parent_id is automatically set.\n\n    MailThread features can be somewhat controlled through context keys :\n\n     - ``mail_create_nosubscribe``: at create or message_post, do not subscribe\n       uid to the record thread\n     - ``mail_create_nolog``: at create, do not log the automatic '<Document>\n       created' message\n     - ``mail_notrack``: at create and write, do not perform the value tracking\n       creating messages\n     - ``tracking_disable``: at create and write, perform no MailThread features\n       (auto subscription, tracking, post, ...)\n     - ``mail_notify_force_send``: if less than 50 email notifications to send,\n       send them directly instead of using the queue; True by default\n    	f	\N	2026-05-07 11:12:08.658378	t	f	f	\N	\N	\N	\N
420	\N	\N	crm.team	sequence ASC, create_date DESC, id DESC	base	{"en_US": "Sales Team", "es_ES": "Equipo de ventas", "pt_PT": "Equipa de Vendas"}	 Main super-class for regular database-persisted Odoo models.\n\n    Odoo models are created by inheriting from this class::\n\n        class user(Model):\n            ...\n\n    The system will later instantiate the class once per database (on\n    which the class' module is installed).\n    	f	\N	\N	t	f	f	\N	\N	\N	\N
29	\N	\N	ir.attachment	id desc	base	{"en_US": "Attachment", "es_ES": "Archivo adjunto", "pt_PT": "Anexo"}	Attachments are used to link binary files or url to any openerp document.\n\n    External attachment storage\n    ---------------------------\n\n    The computed field ``datas`` is implemented using ``_file_read``,\n    ``_file_write`` and ``_file_delete``, which can be overridden to implement\n    other storage engines. Such methods should check for other location pseudo\n    uri (example: hdfs://hadoopserver).\n\n    The default implementation is the file:dirname location that stores files\n    on the local filesystem using name based on their sha1 hash\n    	f	\N	\N	f	f	f	\N	\N	\N	\N
691	\N	\N	stock.lot.report	id	base	{"en_US": "Customer Lot Report", "es_ES": "Informe de lotes del cliente"}	 Main super-class for regular database-persisted Odoo models.\n\n    Odoo models are created by inheriting from this class::\n\n        class user(Model):\n            ...\n\n    The system will later instantiate the class once per database (on\n    which the class' module is installed).\n    	f	\N	\N	f	f	f	\N	\N	\N	\N
840	\N	\N	website.controller.page	website_id, id DESC	base	{"en_US": "Model Page", "es_ES": "Página de modelo", "pt_PT": "Página de modelo"}	 Main super-class for regular database-persisted Odoo models.\n\n    Odoo models are created by inheriting from this class::\n\n        class user(Model):\n            ...\n\n    The system will later instantiate the class once per database (on\n    which the class' module is installed).\n    	f	\N	\N	f	f	f	\N	\N	\N	\N
841	\N	\N	website.robots	id	base	{"en_US": "Robots.txt Editor", "es_ES": "Editor de robots.txt", "pt_PT": "Editor do robots.txt"}	 Model super-class for transient records, meant to be temporarily\n    persistent, and regularly vacuum-cleaned.\n\n    A TransientModel has a simplified access rights management, all users can\n    create new records, and may only access the records they created. The\n    superuser has unrestricted access to all TransientModel records.\n    	t	\N	\N	f	f	f	\N	\N	\N	\N
34	\N	\N	ir.filters	model_id, name, id desc	base	{"en_US": "Filters", "es_ES": "Filtros", "pt_PT": "Filtros"}	 Main super-class for regular database-persisted Odoo models.\n\n    Odoo models are created by inheriting from this class::\n\n        class user(Model):\n            ...\n\n    The system will later instantiate the class once per database (on\n    which the class' module is installed).\n    	f	\N	\N	f	f	f	\N	\N	\N	\N
828	\N	\N	website.route	path	base	{"en_US": "All Website Route", "es_ES": "Toda la ruta del sitio web", "pt_PT": "Todas as rotas do site"}	 Main super-class for regular database-persisted Odoo models.\n\n    Odoo models are created by inheriting from this class::\n\n        class user(Model):\n            ...\n\n    The system will later instantiate the class once per database (on\n    which the class' module is installed).\n    	f	\N	\N	f	f	f	\N	\N	\N	\N
18	\N	\N	ir.asset	sequence, id	base	{"en_US": "Asset", "es_ES": "Activo", "pt_PT": "Ativo"}	This model contributes to two things:\n\n        1. It provides a function returning a list of all file paths declared\n        in a given list of addons (see _get_addon_paths);\n\n        2. It allows to create 'ir.asset' records to add additional directives\n        to certain bundles.\n    	f	\N	\N	f	f	f	\N	\N	\N	\N
818	\N	\N	website.cover_properties.mixin	id	base	{"en_US": "Cover Properties Website Mixin", "es_ES": "Mixin de propiedades de la portada del sitio web", "pt_PT": "Mixin das propriedades de capa do site"}	 The base model, which is implicitly inherited by all models. 	f	\N	\N	f	f	f	\N	\N	\N	\N
83	\N	\N	res.lang	active desc,name	base	{"en_US": "Languages", "es_ES": "Idiomas", "pt_PT": "Idiomas"}	 Main super-class for regular database-persisted Odoo models.\n\n    Odoo models are created by inheriting from this class::\n\n        class user(Model):\n            ...\n\n    The system will later instantiate the class once per database (on\n    which the class' module is installed).\n    	f	\N	\N	f	f	f	\N	\N	\N	\N
819	\N	\N	website.multi.mixin	id	base	{"en_US": "Multi Website Mixin", "es_ES": "Mixin de Sitio web múltiple", "pt_PT": "Mixin de multissites"}	 The base model, which is implicitly inherited by all models. 	f	\N	\N	f	f	f	\N	\N	\N	\N
821	\N	\N	website.published.multi.mixin	id	base	{"en_US": "Multi Website Published Mixin", "es_ES": "Mixin publicado de Sitio web múltiple", "pt_PT": "Mixin publicado de multissites"}	 The base model, which is implicitly inherited by all models. 	f	\N	\N	f	f	f	\N	\N	\N	\N
827	\N	\N	website.page	website_id	base	{"en_US": "Page", "es_ES": "Página", "pt_PT": "Página"}	 Main super-class for regular database-persisted Odoo models.\n\n    Odoo models are created by inheriting from this class::\n\n        class user(Model):\n            ...\n\n    The system will later instantiate the class once per database (on\n    which the class' module is installed).\n    	f	\N	\N	f	f	f	\N	\N	\N	\N
826	\N	\N	website.page.properties	id	base	{"en_US": "Page Properties", "es_ES": "Propiedades de la página", "pt_PT": "Propriedades da Página"}	 Model super-class for transient records, meant to be temporarily\n    persistent, and regularly vacuum-cleaned.\n\n    A TransientModel has a simplified access rights management, all users can\n    create new records, and may only access the records they created. The\n    superuser has unrestricted access to all TransientModel records.\n    	t	\N	\N	f	f	f	\N	\N	\N	\N
707	\N	\N	stock.track.confirmation	id	base	{"en_US": "Stock Track Confirmation", "es_ES": "Confirmación de rastreo de stock"}	 Model super-class for transient records, meant to be temporarily\n    persistent, and regularly vacuum-cleaned.\n\n    A TransientModel has a simplified access rights management, all users can\n    create new records, and may only access the records they created. The\n    superuser has unrestricted access to all TransientModel records.\n    	t	\N	\N	f	f	f	\N	\N	\N	\N
708	\N	\N	stock.track.line	id	base	{"en_US": "Stock Track Line", "es_ES": "Línea de rastreo de stock"}	 Model super-class for transient records, meant to be temporarily\n    persistent, and regularly vacuum-cleaned.\n\n    A TransientModel has a simplified access rights management, all users can\n    create new records, and may only access the records they created. The\n    superuser has unrestricted access to all TransientModel records.\n    	t	\N	\N	f	f	f	\N	\N	\N	\N
825	\N	\N	website.page.properties.base	id	base	{"en_US": "Page Properties Base", "es_ES": "Base de propiedades de la página", "pt_PT": "Propriedades da página Base"}	 Model super-class for transient records, meant to be temporarily\n    persistent, and regularly vacuum-cleaned.\n\n    A TransientModel has a simplified access rights management, all users can\n    create new records, and may only access the records they created. The\n    superuser has unrestricted access to all TransientModel records.\n    	t	\N	\N	f	f	f	\N	\N	\N	\N
38	\N	\N	ir.rule	model_id DESC,id	base	{"en_US": "Record Rule", "es_ES": "Regla", "pt_PT": "Regra"}	 Main super-class for regular database-persisted Odoo models.\n\n    Odoo models are created by inheriting from this class::\n\n        class user(Model):\n            ...\n\n    The system will later instantiate the class once per database (on\n    which the class' module is installed).\n    	f	\N	\N	f	f	f	\N	\N	\N	\N
817	\N	\N	website.seo.metadata	id	base	{"en_US": "SEO metadata", "es_ES": "Metadatos para SEO", "pt_PT": "Metadados de SEO"}	 The base model, which is implicitly inherited by all models. 	f	\N	\N	f	f	f	\N	\N	\N	\N
36	\N	\N	ir.exports	name	base	{"en_US": "Exports", "es_ES": "Exportaciones", "pt_PT": "Exportações"}	 Main super-class for regular database-persisted Odoo models.\n\n    Odoo models are created by inheriting from this class::\n\n        class user(Model):\n            ...\n\n    The system will later instantiate the class once per database (on\n    which the class' module is installed).\n    	f	\N	\N	f	f	f	\N	\N	\N	\N
830	\N	\N	theme.ir.asset	id	base	{"en_US": "Theme Asset", "es_ES": "Activo del tema", "pt_PT": "Recurso de tema"}	 Main super-class for regular database-persisted Odoo models.\n\n    Odoo models are created by inheriting from this class::\n\n        class user(Model):\n            ...\n\n    The system will later instantiate the class once per database (on\n    which the class' module is installed).\n    	f	\N	\N	f	f	f	\N	\N	\N	\N
832	\N	\N	theme.ir.attachment	id	base	{"en_US": "Theme Attachments", "es_ES": "Archivos adjuntos del tema", "pt_PT": "Anexos do tema"}	 Main super-class for regular database-persisted Odoo models.\n\n    Odoo models are created by inheriting from this class::\n\n        class user(Model):\n            ...\n\n    The system will later instantiate the class once per database (on\n    which the class' module is installed).\n    	f	\N	\N	f	f	f	\N	\N	\N	\N
37	\N	\N	ir.exports.line	id	base	{"en_US": "Exports Line", "es_ES": "Línea de exportaciones", "pt_PT": "Linha de Exportações"}	 Main super-class for regular database-persisted Odoo models.\n\n    Odoo models are created by inheriting from this class::\n\n        class user(Model):\n            ...\n\n    The system will later instantiate the class once per database (on\n    which the class' module is installed).\n    	f	\N	\N	f	f	f	\N	\N	\N	\N
42	\N	\N	ir.fields.converter	id	base	{"en_US": "Fields Converter", "es_ES": "Conversor de campos", "pt_PT": "Conversor de Campos"}	 The base model, which is implicitly inherited by all models. 	f	\N	\N	f	f	f	\N	\N	\N	\N
831	\N	\N	theme.ir.ui.view	id	base	{"en_US": "Theme UI View", "es_ES": "Vista de interfaz del tema", "pt_PT": "Visualização UI do tema"}	 Main super-class for regular database-persisted Odoo models.\n\n    Odoo models are created by inheriting from this class::\n\n        class user(Model):\n            ...\n\n    The system will later instantiate the class once per database (on\n    which the class' module is installed).\n    	f	\N	\N	f	f	f	\N	\N	\N	\N
835	\N	\N	theme.utils	id	base	{"en_US": "Theme Utils", "es_ES": "Herramientas del tema", "pt_PT": "Utilidade de temas"}	 The base model, which is implicitly inherited by all models. 	f	\N	\N	f	f	f	\N	\N	\N	\N
842	\N	\N	website.custom_blocked_third_party_domains	id	base	{"en_US": "User list of blocked 3rd-party domains", "es_ES": "Lista del usuario de dominios de terceros bloqueados", "pt_PT": "Lista de usuários de domínios de terceiros bloqueados"}	 Model super-class for transient records, meant to be temporarily\n    persistent, and regularly vacuum-cleaned.\n\n    A TransientModel has a simplified access rights management, all users can\n    create new records, and may only access the records they created. The\n    superuser has unrestricted access to all TransientModel records.\n    	t	\N	\N	f	f	f	\N	\N	\N	\N
838	\N	\N	website.track	visit_datetime DESC	base	{"en_US": "Visited Pages", "es_ES": "Páginas visitadas", "pt_PT": "Páginas Visitadas"}	 Main super-class for regular database-persisted Odoo models.\n\n    Odoo models are created by inheriting from this class::\n\n        class user(Model):\n            ...\n\n    The system will later instantiate the class once per database (on\n    which the class' module is installed).\n    	f	\N	\N	f	f	f	\N	\N	\N	\N
823	\N	\N	website	sequence, id	base	{"en_US": "Website", "es_ES": "Sitio web", "pt_PT": "Website"}	 Main super-class for regular database-persisted Odoo models.\n\n    Odoo models are created by inheriting from this class::\n\n        class user(Model):\n            ...\n\n    The system will later instantiate the class once per database (on\n    which the class' module is installed).\n    	f	\N	\N	f	f	f	\N	\N	\N	\N
836	\N	\N	website.configurator.feature	sequence	base	{"en_US": "Website Configurator Feature", "es_ES": "Función del configurador de sitios web", "pt_PT": "Recurso do configurador do site"}	 Main super-class for regular database-persisted Odoo models.\n\n    Odoo models are created by inheriting from this class::\n\n        class user(Model):\n            ...\n\n    The system will later instantiate the class once per database (on\n    which the class' module is installed).\n    	f	\N	\N	f	f	f	\N	\N	\N	\N
824	\N	\N	website.menu	sequence, id	base	{"en_US": "Website Menu", "es_ES": "Menú del sitio web", "pt_PT": "Menu do Website"}	 Main super-class for regular database-persisted Odoo models.\n\n    Odoo models are created by inheriting from this class::\n\n        class user(Model):\n            ...\n\n    The system will later instantiate the class once per database (on\n    which the class' module is installed).\n    	f	\N	\N	f	f	f	\N	\N	\N	\N
820	\N	\N	website.published.mixin	id	base	{"en_US": "Website Published Mixin", "es_ES": "Mixin del sitio web publicado", "pt_PT": "Mixin publicado no site"}	 The base model, which is implicitly inherited by all models. 	f	\N	\N	f	f	f	\N	\N	\N	\N
822	\N	\N	website.searchable.mixin	id	base	{"en_US": "Website Searchable Mixin", "es_ES": "Mixin buscable del sitio web", "pt_PT": "Mixin pesquisável do site"}	Mixin to be inherited by all models that need to searchable through website	f	\N	\N	f	f	f	\N	\N	\N	\N
837	\N	\N	website.snippet.filter	name ASC	base	{"en_US": "Website Snippet Filter", "es_ES": "Filtro de fragmentos del sitio web", "pt_PT": "Filtro de Blocos do Websites"}	 Main super-class for regular database-persisted Odoo models.\n\n    Odoo models are created by inheriting from this class::\n\n        class user(Model):\n            ...\n\n    The system will later instantiate the class once per database (on\n    which the class' module is installed).\n    	f	\N	\N	f	f	f	\N	\N	\N	\N
833	\N	\N	theme.website.menu	id	base	{"en_US": "Website Theme Menu", "es_ES": "Menú del tema del sitio web", "pt_PT": "Menu de tema do site"}	 Main super-class for regular database-persisted Odoo models.\n\n    Odoo models are created by inheriting from this class::\n\n        class user(Model):\n            ...\n\n    The system will later instantiate the class once per database (on\n    which the class' module is installed).\n    	f	\N	\N	f	f	f	\N	\N	\N	\N
834	\N	\N	theme.website.page	id	base	{"en_US": "Website Theme Page", "es_ES": "Página del tema del sitio web", "pt_PT": "Página do tema do site"}	 Main super-class for regular database-persisted Odoo models.\n\n    Odoo models are created by inheriting from this class::\n\n        class user(Model):\n            ...\n\n    The system will later instantiate the class once per database (on\n    which the class' module is installed).\n    	f	\N	\N	f	f	f	\N	\N	\N	\N
45	\N	\N	ir.qweb.field.integer	id	base	{"en_US": "Qweb Field Integer", "es_ES": "Campo Qweb Entero", "pt_PT": "Campo Qweb – Número inteiro"}	 Used to convert a t-field specification into an output HTML field.\n\n    :meth:`~.to_html` is the entry point of this conversion from QWeb, it:\n\n    * converts the record value to html using :meth:`~.record_to_html`\n    * generates the metadata attributes (``data-oe-``) to set on the root\n      result node\n    * generates the root result node itself through :meth:`~.render_element`\n    	f	\N	\N	f	f	f	\N	\N	\N	\N
829	\N	\N	website.rewrite	id	base	{"en_US": "Website rewrite", "es_ES": "Reescritura del sitio web", "pt_PT": "Reescrita do site"}	 Main super-class for regular database-persisted Odoo models.\n\n    Odoo models are created by inheriting from this class::\n\n        class user(Model):\n            ...\n\n    The system will later instantiate the class once per database (on\n    which the class' module is installed).\n    	f	\N	\N	f	f	f	\N	\N	\N	\N
839	\N	\N	website.visitor	id DESC	base	{"en_US": "Website Visitor", "es_ES": "Visitante del sitio web", "pt_PT": "Visitante do Website"}	 Main super-class for regular database-persisted Odoo models.\n\n    Odoo models are created by inheriting from this class::\n\n        class user(Model):\n            ...\n\n    The system will later instantiate the class once per database (on\n    which the class' module is installed).\n    	f	\N	\N	f	f	f	\N	\N	\N	\N
512	\N	\N	report.account.report_hash_integrity	id	base	{"en_US": "Get hash integrity result as PDF.", "es_ES": "Obtenga el resultado de integridad hash en PDF.", "pt_PT": "Obtenha o resultado da integridade do hash em PDF."}	 The base model, which is implicitly inherited by all models. 	f	\N	\N	f	f	f	\N	\N	\N	\N
46	\N	\N	ir.qweb.field.float	id	base	{"en_US": "Qweb Field Float", "es_ES": "Campo Qweb Flotante", "pt_PT": "Campo Qweb – Float"}	 Used to convert a t-field specification into an output HTML field.\n\n    :meth:`~.to_html` is the entry point of this conversion from QWeb, it:\n\n    * converts the record value to html using :meth:`~.record_to_html`\n    * generates the metadata attributes (``data-oe-``) to set on the root\n      result node\n    * generates the root result node itself through :meth:`~.render_element`\n    	f	\N	\N	f	f	f	\N	\N	\N	\N
47	\N	\N	ir.qweb.field.date	id	base	{"en_US": "Qweb Field Date", "es_ES": "Campo Qweb Fecha", "pt_PT": "Qweb Campo de Data"}	 Used to convert a t-field specification into an output HTML field.\n\n    :meth:`~.to_html` is the entry point of this conversion from QWeb, it:\n\n    * converts the record value to html using :meth:`~.record_to_html`\n    * generates the metadata attributes (``data-oe-``) to set on the root\n      result node\n    * generates the root result node itself through :meth:`~.render_element`\n    	f	\N	\N	f	f	f	\N	\N	\N	\N
48	\N	\N	ir.qweb.field.datetime	id	base	{"en_US": "Qweb Field Datetime", "es_ES": "Campo Qweb Fecha-Hora", "pt_PT": "Qweb Campo de Data hora"}	 Used to convert a t-field specification into an output HTML field.\n\n    :meth:`~.to_html` is the entry point of this conversion from QWeb, it:\n\n    * converts the record value to html using :meth:`~.record_to_html`\n    * generates the metadata attributes (``data-oe-``) to set on the root\n      result node\n    * generates the root result node itself through :meth:`~.render_element`\n    	f	\N	\N	f	f	f	\N	\N	\N	\N
49	\N	\N	ir.qweb.field.text	id	base	{"en_US": "Qweb Field Text", "es_ES": "Campo Qweb Texto", "pt_PT": "Campo Qweb – Texto"}	 Used to convert a t-field specification into an output HTML field.\n\n    :meth:`~.to_html` is the entry point of this conversion from QWeb, it:\n\n    * converts the record value to html using :meth:`~.record_to_html`\n    * generates the metadata attributes (``data-oe-``) to set on the root\n      result node\n    * generates the root result node itself through :meth:`~.render_element`\n    	f	\N	\N	f	f	f	\N	\N	\N	\N
50	\N	\N	ir.qweb.field.selection	id	base	{"en_US": "Qweb Field Selection", "es_ES": "Campo Qweb Selección", "pt_PT": "Campo Qweb – Seleção"}	 Used to convert a t-field specification into an output HTML field.\n\n    :meth:`~.to_html` is the entry point of this conversion from QWeb, it:\n\n    * converts the record value to html using :meth:`~.record_to_html`\n    * generates the metadata attributes (``data-oe-``) to set on the root\n      result node\n    * generates the root result node itself through :meth:`~.render_element`\n    	f	\N	\N	f	f	f	\N	\N	\N	\N
51	\N	\N	ir.qweb.field.many2one	id	base	{"en_US": "Qweb Field Many to One", "es_ES": "Campo Qweb Many to One", "pt_PT": "Campo Qweb – Many-to-One"}	 Used to convert a t-field specification into an output HTML field.\n\n    :meth:`~.to_html` is the entry point of this conversion from QWeb, it:\n\n    * converts the record value to html using :meth:`~.record_to_html`\n    * generates the metadata attributes (``data-oe-``) to set on the root\n      result node\n    * generates the root result node itself through :meth:`~.render_element`\n    	f	\N	\N	f	f	f	\N	\N	\N	\N
377	\N	\N	account.analytic.account	plan_id, name asc	base	{"en_US": "Analytic Account", "es_ES": "Cuenta analítica", "pt_PT": "Conta Analítica"}	 Main super-class for regular database-persisted Odoo models.\n\n    Odoo models are created by inheriting from this class::\n\n        class user(Model):\n            ...\n\n    The system will later instantiate the class once per database (on\n    which the class' module is installed).\n    	f	\N	\N	t	f	f	\N	\N	\N	\N
52	\N	\N	ir.qweb.field.many2many	id	base	{"en_US": "Qweb field many2many", "es_ES": "Campo Qweb Many2many", "pt_PT": "Campo Qweb – many2many"}	 Used to convert a t-field specification into an output HTML field.\n\n    :meth:`~.to_html` is the entry point of this conversion from QWeb, it:\n\n    * converts the record value to html using :meth:`~.record_to_html`\n    * generates the metadata attributes (``data-oe-``) to set on the root\n      result node\n    * generates the root result node itself through :meth:`~.render_element`\n    	f	\N	\N	f	f	f	\N	\N	\N	\N
604	\N	\N	project.task.stage.personal	id	base	{"en_US": "Personal Task Stage", "es_ES": "Etapa de la tarea personal", "pt_PT": "Etapa de Tarefa Pessoal"}	 Main super-class for regular database-persisted Odoo models.\n\n    Odoo models are created by inheriting from this class::\n\n        class user(Model):\n            ...\n\n    The system will later instantiate the class once per database (on\n    which the class' module is installed).\n    	f	\N	\N	f	f	f	\N	\N	\N	\N
617	\N	\N	project.share.wizard	id	base	{"en_US": "Project Sharing", "es_ES": "Compartir proyectos", "pt_PT": "Compartilhamento de projetos"}	 Model super-class for transient records, meant to be temporarily\n    persistent, and regularly vacuum-cleaned.\n\n    A TransientModel has a simplified access rights management, all users can\n    create new records, and may only access the records they created. The\n    superuser has unrestricted access to all TransientModel records.\n    	t	\N	\N	f	f	f	\N	\N	\N	\N
618	\N	\N	project.share.collaborator.wizard	id	base	{"en_US": "Project Sharing Collaborator Wizard", "es_ES": "Asistente de colaborador para compartir proyectos", "pt_PT": "Assistente do colaborador para compartilhamento de projeto"}	 Model super-class for transient records, meant to be temporarily\n    persistent, and regularly vacuum-cleaned.\n\n    A TransientModel has a simplified access rights management, all users can\n    create new records, and may only access the records they created. The\n    superuser has unrestricted access to all TransientModel records.\n    	t	\N	\N	f	f	f	\N	\N	\N	\N
606	\N	\N	project.milestone	deadline, is_reached desc, name	base	{"en_US": "Project Milestone", "es_ES": "Hito de proyecto", "pt_PT": "Marco do Projeto"}	 Main super-class for regular database-persisted Odoo models.\n\n    Odoo models are created by inheriting from this class::\n\n        class user(Model):\n            ...\n\n    The system will later instantiate the class once per database (on\n    which the class' module is installed).\n    	f	\N	\N	t	f	f	\N	\N	\N	\N
683	\N	\N	stock.forecasted_product_product	id	base	{"en_US": "Stock Replenishment Report", "es_ES": "Informe de reposición de stock", "pt_PT": "Relatório de Reabastecimento de Inventário"}	 The base model, which is implicitly inherited by all models. 	f	\N	\N	f	f	f	\N	\N	\N	\N
736	\N	\N	hr.employee.skill	skill_type_id, skill_level_id	base	{"en_US": "Skill level for an employee", "es_ES": "Nivel de habilidad para un empleado"}	 Main super-class for regular database-persisted Odoo models.\n\n    Odoo models are created by inheriting from this class::\n\n        class user(Model):\n            ...\n\n    The system will later instantiate the class once per database (on\n    which the class' module is installed).\n    	f	\N	\N	f	f	f	\N	\N	\N	\N
57	\N	\N	ir.qweb.field.monetary	id	base	{"en_US": "Qweb Field Monetary", "es_ES": "Campo Qweb Monetario", "pt_PT": "Campo Qweb – Monetário"}	 ``monetary`` converter, has a mandatory option\n    ``display_currency`` only if field is not of type Monetary.\n    Otherwise, if we are in presence of a monetary field, the field definition must\n    have a currency_field attribute set.\n\n    The currency is used for formatting *and rounding* of the float value. It\n    is assumed that the linked res_currency has a non-empty rounding value and\n    res.currency's ``round`` method is used to perform rounding.\n\n    .. note:: the monetary converter internally adds the qweb context to its\n              options mapping, so that the context is available to callees.\n              It's set under the ``_values`` key.\n    	f	\N	\N	f	f	f	\N	\N	\N	\N
58	\N	\N	ir.qweb.field.float_time	id	base	{"en_US": "Qweb Field Float Time", "es_ES": "Campo Qweb Tiempo flotante", "pt_PT": "Campo Qweb – Float time"}	 ``float_time`` converter, to display integral or fractional values as\n    human-readable time spans (e.g. 1.5 as "01:30").\n\n    Can be used on any numerical field.\n    	f	\N	\N	f	f	f	\N	\N	\N	\N
61	\N	\N	ir.qweb.field.relative	id	base	{"en_US": "Qweb Field Relative", "es_ES": "Campo Qweb Relativo", "pt_PT": "Campo Qweb – Relativo"}	 Used to convert a t-field specification into an output HTML field.\n\n    :meth:`~.to_html` is the entry point of this conversion from QWeb, it:\n\n    * converts the record value to html using :meth:`~.record_to_html`\n    * generates the metadata attributes (``data-oe-``) to set on the root\n      result node\n    * generates the root result node itself through :meth:`~.render_element`\n    	f	\N	\N	f	f	f	\N	\N	\N	\N
64	\N	\N	ir.qweb.field.qweb	id	base	{"en_US": "Qweb Field qweb", "es_ES": "Campo Qweb de Qweb", "pt_PT": "Campo Qweb – qweb"}	 Used to convert a t-field specification into an output HTML field.\n\n    :meth:`~.to_html` is the entry point of this conversion from QWeb, it:\n\n    * converts the record value to html using :meth:`~.record_to_html`\n    * generates the metadata attributes (``data-oe-``) to set on the root\n      result node\n    * generates the root result node itself through :meth:`~.render_element`\n    	f	\N	\N	f	f	f	\N	\N	\N	\N
66	\N	\N	ir.logging	id DESC	base	{"en_US": "Logging", "es_ES": "Registro", "pt_PT": "Registar"}	 Main super-class for regular database-persisted Odoo models.\n\n    Odoo models are created by inheriting from this class::\n\n        class user(Model):\n            ...\n\n    The system will later instantiate the class once per database (on\n    which the class' module is installed).\n    	f	\N	\N	f	f	f	\N	\N	\N	\N
63	\N	\N	ir.qweb.field.contact	id	base	{"en_US": "Qweb Field Contact", "es_ES": "Campo Qweb Contacto", "pt_PT": "Campo Qweb – Contato"}	 Used to convert a t-field specification into an output HTML field.\n\n    :meth:`~.to_html` is the entry point of this conversion from QWeb, it:\n\n    * converts the record value to html using :meth:`~.record_to_html`\n    * generates the metadata attributes (``data-oe-``) to set on the root\n      result node\n    * generates the root result node itself through :meth:`~.render_element`\n    	f	\N	\N	f	f	f	\N	\N	\N	\N
67	\N	\N	ir.module.category	name	base	{"en_US": "Application", "es_ES": "Aplicación", "pt_PT": "Aplicação"}	 Main super-class for regular database-persisted Odoo models.\n\n    Odoo models are created by inheriting from this class::\n\n        class user(Model):\n            ...\n\n    The system will later instantiate the class once per database (on\n    which the class' module is installed).\n    	f	\N	\N	f	f	f	\N	\N	\N	\N
69	\N	\N	ir.module.module.dependency	id	base	{"en_US": "Module dependency", "es_ES": "Dependencia del módulo", "pt_PT": "Dependência do módulo"}	 Main super-class for regular database-persisted Odoo models.\n\n    Odoo models are created by inheriting from this class::\n\n        class user(Model):\n            ...\n\n    The system will later instantiate the class once per database (on\n    which the class' module is installed).\n    	f	\N	\N	f	f	f	\N	\N	\N	\N
70	\N	\N	ir.module.module.exclusion	id	base	{"en_US": "Module exclusion", "es_ES": "Exclusión del módulo", "pt_PT": "Exclusão de módulos"}	 Main super-class for regular database-persisted Odoo models.\n\n    Odoo models are created by inheriting from this class::\n\n        class user(Model):\n            ...\n\n    The system will later instantiate the class once per database (on\n    which the class' module is installed).\n    	f	\N	\N	f	f	f	\N	\N	\N	\N
54	\N	\N	ir.qweb.field.html	id	base	{"en_US": "Qweb Field HTML", "es_ES": "Campo Qweb HTML", "pt_PT": "Campo Qweb – HTML"}	 Used to convert a t-field specification into an output HTML field.\n\n    :meth:`~.to_html` is the entry point of this conversion from QWeb, it:\n\n    * converts the record value to html using :meth:`~.record_to_html`\n    * generates the metadata attributes (``data-oe-``) to set on the root\n      result node\n    * generates the root result node itself through :meth:`~.render_element`\n    	f	\N	\N	f	f	f	\N	\N	\N	\N
615	\N	\N	project.project.stage.delete.wizard	id	base	{"en_US": "Project Stage Delete Wizard", "es_ES": "Asistente para eliminar la etapa del proyecto", "pt_PT": "Assistente de Eliminação de Fases de Projeto"}	 Model super-class for transient records, meant to be temporarily\n    persistent, and regularly vacuum-cleaned.\n\n    A TransientModel has a simplified access rights management, all users can\n    create new records, and may only access the records they created. The\n    superuser has unrestricted access to all TransientModel records.\n    	t	\N	\N	f	f	f	\N	\N	\N	\N
602	\N	\N	project.project.stage	sequence, id	base	{"en_US": "Project Stage", "es_ES": "Etapa del proyecto", "pt_PT": "Estágio do Projeto"}	 Main super-class for regular database-persisted Odoo models.\n\n    Odoo models are created by inheriting from this class::\n\n        class user(Model):\n            ...\n\n    The system will later instantiate the class once per database (on\n    which the class' module is installed).\n    	f	\N	\N	f	f	f	\N	\N	\N	\N
616	\N	\N	project.task.type.delete.wizard	id	base	{"en_US": "Project Task Stage Delete Wizard", "es_ES": "Asistente para eliminar la etapa de las tareas del proyecto", "pt_PT": "Assistente de exclusão dos estágios de tarefas"}	 Model super-class for transient records, meant to be temporarily\n    persistent, and regularly vacuum-cleaned.\n\n    A TransientModel has a simplified access rights management, all users can\n    create new records, and may only access the records they created. The\n    superuser has unrestricted access to all TransientModel records.\n    	t	\N	\N	f	f	f	\N	\N	\N	\N
609	\N	\N	project.task.type	sequence, id	base	{"en_US": "Task Stage", "es_ES": "Etapa de la tarea", "pt_PT": "Etapa da Tarefa"}	 Main super-class for regular database-persisted Odoo models.\n\n    Odoo models are created by inheriting from this class::\n\n        class user(Model):\n            ...\n\n    The system will later instantiate the class once per database (on\n    which the class' module is installed).\n    	f	\N	\N	f	f	f	\N	\N	\N	\N
376	\N	\N	account.analytic.applicability	id	base	{"en_US": "Analytic Plan's Applicabilities", "es_ES": "Aplicabilidad del plan analítico", "pt_PT": "Aplicabilidades do Plano Analítico"}	 Main super-class for regular database-persisted Odoo models.\n\n    Odoo models are created by inheriting from this class::\n\n        class user(Model):\n            ...\n\n    The system will later instantiate the class once per database (on\n    which the class' module is installed).\n    	f	\N	\N	f	f	f	\N	\N	\N	\N
603	\N	\N	project.task.recurrence	id	base	{"en_US": "Task Recurrence", "es_ES": "Recurrencia de tareas", "pt_PT": "Tarefa Recorrente"}	 Main super-class for regular database-persisted Odoo models.\n\n    Odoo models are created by inheriting from this class::\n\n        class user(Model):\n            ...\n\n    The system will later instantiate the class once per database (on\n    which the class' module is installed).\n    	f	\N	\N	f	f	f	\N	\N	\N	\N
394	\N	\N	product.product	is_favorite desc, default_code, name, id	base	{"en_US": "Product Variant", "es_ES": "Variante de producto", "pt_PT": "Categoria do Artigo"}	 Main super-class for regular database-persisted Odoo models.\n\n    Odoo models are created by inheriting from this class::\n\n        class user(Model):\n            ...\n\n    The system will later instantiate the class once per database (on\n    which the class' module is installed).\n    	f	\N	\N	t	t	f	\N	\N	\N	\N
608	\N	\N	project.project	sequence, name, id	base	{"en_US": "Project", "es_ES": "Proyecto", "pt_PT": "Projeto"}	 Main super-class for regular database-persisted Odoo models.\n\n    Odoo models are created by inheriting from this class::\n\n        class user(Model):\n            ...\n\n    The system will later instantiate the class once per database (on\n    which the class' module is installed).\n    	f	\N	\N	t	t	f	\N	\N	\N	\N
607	\N	\N	project.update	id desc	base	{"en_US": "Project Update", "es_ES": "Actualización del proyecto", "pt_PT": "Atualização de Projeto"}	 Main super-class for regular database-persisted Odoo models.\n\n    Odoo models are created by inheriting from this class::\n\n        class user(Model):\n            ...\n\n    The system will later instantiate the class once per database (on\n    which the class' module is installed).\n    	f	\N	\N	t	t	f	\N	\N	\N	\N
533	\N	\N	sale.order.line	order_id, sequence, id	base	{"en_US": "Sales Order Line", "es_ES": "Línea de pedido de venta", "pt_PT": "Linhas da Ordem de Venda"}	 Main super-class for regular database-persisted Odoo models.\n\n    Odoo models are created by inheriting from this class::\n\n        class user(Model):\n            ...\n\n    The system will later instantiate the class once per database (on\n    which the class' module is installed).\n    	f	\N	\N	f	f	f	\N	\N	\N	\N
613	\N	\N	report.project.task.user	name desc, project_id	base	{"en_US": "Tasks Analysis", "es_ES": "Análisis de tareas", "pt_PT": "Análise de Tarefas"}	 Main super-class for regular database-persisted Odoo models.\n\n    Odoo models are created by inheriting from this class::\n\n        class user(Model):\n            ...\n\n    The system will later instantiate the class once per database (on\n    which the class' module is installed).\n    	f	\N	\N	f	f	f	\N	\N	\N	\N
71	\N	\N	ir.demo	id	base	{"en_US": "Demo", "es_ES": "Demostración", "pt_PT": "Demo"}	 Model super-class for transient records, meant to be temporarily\n    persistent, and regularly vacuum-cleaned.\n\n    A TransientModel has a simplified access rights management, all users can\n    create new records, and may only access the records they created. The\n    superuser has unrestricted access to all TransientModel records.\n    	t	\N	\N	f	f	f	\N	\N	\N	\N
73	\N	\N	ir.demo_failure.wizard	id	base	{"en_US": "Demo Failure wizard", "es_ES": "Asistente para error de datos demo", "pt_PT": "Assistente de Falha de Demo"}	 Model super-class for transient records, meant to be temporarily\n    persistent, and regularly vacuum-cleaned.\n\n    A TransientModel has a simplified access rights management, all users can\n    create new records, and may only access the records they created. The\n    superuser has unrestricted access to all TransientModel records.\n    	t	\N	\N	f	f	f	\N	\N	\N	\N
74	\N	\N	report.layout	sequence	base	{"en_US": "Report Layout", "es_ES": "Diseño del informe", "pt_PT": "Apresentação do Relatório"}	 Main super-class for regular database-persisted Odoo models.\n\n    Odoo models are created by inheriting from this class::\n\n        class user(Model):\n            ...\n\n    The system will later instantiate the class once per database (on\n    which the class' module is installed).\n    	f	\N	\N	f	f	f	\N	\N	\N	\N
75	\N	\N	report.paperformat	id	base	{"en_US": "Paper Format Config", "es_ES": "Configuración del formato de papel", "pt_PT": "Configuração do Formato do Papel"}	 Main super-class for regular database-persisted Odoo models.\n\n    Odoo models are created by inheriting from this class::\n\n        class user(Model):\n            ...\n\n    The system will later instantiate the class once per database (on\n    which the class' module is installed).\n    	f	\N	\N	f	f	f	\N	\N	\N	\N
845	\N	\N	timesheets.analysis.report	id	base	{"en_US": "Timesheets Analysis Report", "es_ES": "Informe de análisis de partes de horas", "pt_PT": "Relatório de Análise das Folhas de Ponto"}	 Main super-class for regular database-persisted Odoo models.\n\n    Odoo models are created by inheriting from this class::\n\n        class user(Model):\n            ...\n\n    The system will later instantiate the class once per database (on\n    which the class' module is installed).\n    	f	\N	\N	f	f	f	\N	\N	\N	\N
76	\N	\N	ir.profile	session desc, id desc	base	{"en_US": "Profiling results", "es_ES": "Resultados del análisis de rendimiento de software", "pt_PT": "Resultados da criação de perfis"}	 Main super-class for regular database-persisted Odoo models.\n\n    Odoo models are created by inheriting from this class::\n\n        class user(Model):\n            ...\n\n    The system will later instantiate the class once per database (on\n    which the class' module is installed).\n    	f	\N	\N	f	f	f	\N	\N	\N	\N
77	\N	\N	base.enable.profiling.wizard	id	base	{"en_US": "Enable profiling for some time", "es_ES": "Habilitar análisis de rendimiento por cierto tiempo", "pt_PT": "Habilitar a criação de perfil por tempo determinado"}	 Model super-class for transient records, meant to be temporarily\n    persistent, and regularly vacuum-cleaned.\n\n    A TransientModel has a simplified access rights management, all users can\n    create new records, and may only access the records they created. The\n    superuser has unrestricted access to all TransientModel records.\n    	t	\N	\N	f	f	f	\N	\N	\N	\N
78	\N	\N	image.mixin	id	base	{"en_US": "Image Mixin", "es_ES": "Mixin de imagen", "pt_PT": "Mixin de Imagens"}	 The base model, which is implicitly inherited by all models. 	f	\N	\N	f	f	f	\N	\N	\N	\N
79	\N	\N	avatar.mixin	id	base	{"en_US": "Avatar Mixin", "es_ES": "Avatar Mixin", "pt_PT": "Mixin de avatar"}	 The base model, which is implicitly inherited by all models. 	f	\N	\N	f	f	f	\N	\N	\N	\N
80	\N	\N	res.country	name	base	{"en_US": "Country", "es_ES": "País", "pt_PT": "País"}	 Main super-class for regular database-persisted Odoo models.\n\n    Odoo models are created by inheriting from this class::\n\n        class user(Model):\n            ...\n\n    The system will later instantiate the class once per database (on\n    which the class' module is installed).\n    	f	\N	\N	f	f	f	\N	\N	\N	\N
81	\N	\N	res.country.group	id	base	{"en_US": "Country Group", "es_ES": "Grupo de países", "pt_PT": "Grupo de País"}	 Main super-class for regular database-persisted Odoo models.\n\n    Odoo models are created by inheriting from this class::\n\n        class user(Model):\n            ...\n\n    The system will later instantiate the class once per database (on\n    which the class' module is installed).\n    	f	\N	\N	f	f	f	\N	\N	\N	\N
82	\N	\N	res.country.state	code	base	{"en_US": "Country state", "es_ES": "Provincia del país", "pt_PT": "Estado do País"}	 Main super-class for regular database-persisted Odoo models.\n\n    Odoo models are created by inheriting from this class::\n\n        class user(Model):\n            ...\n\n    The system will later instantiate the class once per database (on\n    which the class' module is installed).\n    	f	\N	\N	f	f	f	\N	\N	\N	\N
85	\N	\N	format.address.mixin	id	base	{"en_US": "Address Format", "es_ES": "Formato de dirección", "pt_PT": "Formato de Endereço"}	 The base model, which is implicitly inherited by all models. 	f	\N	\N	f	f	f	\N	\N	\N	\N
86	\N	\N	res.partner.category	name	base	{"en_US": "Partner Tags", "es_ES": "Etiquetas del contacto", "pt_PT": "Etiquetas de parceiro"}	 Main super-class for regular database-persisted Odoo models.\n\n    Odoo models are created by inheriting from this class::\n\n        class user(Model):\n            ...\n\n    The system will later instantiate the class once per database (on\n    which the class' module is installed).\n    	f	\N	\N	f	f	f	\N	\N	\N	\N
89	\N	\N	res.partner.industry	name	base	{"en_US": "Industry", "es_ES": "Sector", "pt_PT": "Indústria"}	 Main super-class for regular database-persisted Odoo models.\n\n    Odoo models are created by inheriting from this class::\n\n        class user(Model):\n            ...\n\n    The system will later instantiate the class once per database (on\n    which the class' module is installed).\n    	f	\N	\N	f	f	f	\N	\N	\N	\N
90	\N	\N	res.bank	name	base	{"en_US": "Bank", "es_ES": "Banco", "pt_PT": "Banco"}	 Main super-class for regular database-persisted Odoo models.\n\n    Odoo models are created by inheriting from this class::\n\n        class user(Model):\n            ...\n\n    The system will later instantiate the class once per database (on\n    which the class' module is installed).\n    	f	\N	\N	f	f	f	\N	\N	\N	\N
91	\N	\N	res.partner.bank	sequence, id	base	{"en_US": "Bank Accounts", "es_ES": "Cuentas bancarias", "pt_PT": "Contas Bancárias"}	 Main super-class for regular database-persisted Odoo models.\n\n    Odoo models are created by inheriting from this class::\n\n        class user(Model):\n            ...\n\n    The system will later instantiate the class once per database (on\n    which the class' module is installed).\n    	f	\N	\N	t	t	f	\N	\N	\N	\N
92	\N	\N	res.config	id	base	{"en_US": "Config", "es_ES": "Configuración", "pt_PT": "Configurações"}	 Base classes for new-style configuration items\n\n    Configuration items should inherit from this class, implement\n    the execute method (and optionally the cancel one) and have\n    their view inherit from the related res_config_view_base view.\n    	t	\N	\N	f	f	f	\N	\N	\N	\N
743	\N	2	repair.order	priority desc, create_date desc	base	{"en_US": "Repair Order", "es_ES": "Orden de reparación", "pt_PT": "Ordem de Reparação"}	 Repair Orders 	f	\N	2026-05-08 08:17:38.02659	t	t	f	\N	\N	\N	\N
744	\N	\N	repair.tags	id	base	{"en_US": "Repair Tags", "es_ES": "Etiquetas de reparación", "pt_PT": "Etiquetas de Reparação"}	 Tags of Repair's tasks 	f	\N	\N	f	f	f	\N	\N	\N	\N
114	\N	\N	base.language.install	id	base	{"en_US": "Install Language", "es_ES": "Instalar idioma", "pt_PT": "Instalar Idioma"}	 Model super-class for transient records, meant to be temporarily\n    persistent, and regularly vacuum-cleaned.\n\n    A TransientModel has a simplified access rights management, all users can\n    create new records, and may only access the records they created. The\n    superuser has unrestricted access to all TransientModel records.\n    	t	\N	\N	f	f	f	\N	\N	\N	\N
846	\N	\N	hr.employee.delete.wizard	id	base	{"en_US": "Employee Delete Wizard", "es_ES": "Asistente para eliminar empleados", "pt_PT": "Assistente de Exclusão de Funcionários"}	 Model super-class for transient records, meant to be temporarily\n    persistent, and regularly vacuum-cleaned.\n\n    A TransientModel has a simplified access rights management, all users can\n    create new records, and may only access the records they created. The\n    superuser has unrestricted access to all TransientModel records.\n    	t	\N	\N	f	f	f	\N	\N	\N	\N
100	\N	\N	res.users.identitycheck	id	base	{"en_US": "Password Check Wizard", "es_ES": "Asistente de verificación de contraseñas", "pt_PT": "Assistente de Verificação de Senhas"}	 Wizard used to re-check the user's credentials (password) and eventually\n    revoke access to his account to every device he has an active session on.\n\n    Might be useful before the more security-sensitive operations, users might be\n    leaving their computer unlocked & unattended. Re-checking credentials mitigates\n    some of the risk of a third party using such an unattended device to manipulate\n    the account.\n    	t	\N	\N	f	f	f	\N	\N	\N	\N
101	\N	\N	change.password.wizard	id	base	{"en_US": "Change Password Wizard", "es_ES": "Asistente de cambio de contraseña", "pt_PT": "Assistente de mudança de senha"}	 A wizard to manage the change of users' passwords. 	t	\N	\N	f	f	f	\N	\N	\N	\N
102	\N	\N	change.password.user	id	base	{"en_US": "User, Change Password Wizard", "es_ES": "Usuario, asistente para cambiar la contraseña", "pt_PT": "Utilizador, Alterar Palavra-passe"}	 A model to configure users in the change password wizard. 	t	\N	\N	f	f	f	\N	\N	\N	\N
103	\N	\N	change.password.own	id	base	{"en_US": "User, change own password wizard", "es_ES": "Usuario, asistente para cambiar la propia contraseña", "pt_PT": "Utilizador, assistente para mudança de senha"}	 Model super-class for transient records, meant to be temporarily\n    persistent, and regularly vacuum-cleaned.\n\n    A TransientModel has a simplified access rights management, all users can\n    create new records, and may only access the records they created. The\n    superuser has unrestricted access to all TransientModel records.\n    	t	\N	\N	f	f	f	\N	\N	\N	\N
104	\N	\N	res.users.apikeys	id	base	{"en_US": "Users API Keys", "es_ES": "Claves API de los usuarios", "pt_PT": "Chaves de API de Utilizadores"}	 Main super-class for regular database-persisted Odoo models.\n\n    Odoo models are created by inheriting from this class::\n\n        class user(Model):\n            ...\n\n    The system will later instantiate the class once per database (on\n    which the class' module is installed).\n    	f	\N	\N	f	f	f	\N	\N	\N	\N
105	\N	\N	res.users.apikeys.description	id	base	{"en_US": "API Key Description", "es_ES": "Descripción de la clave API", "pt_PT": "Descrição da Chave API"}	 Model super-class for transient records, meant to be temporarily\n    persistent, and regularly vacuum-cleaned.\n\n    A TransientModel has a simplified access rights management, all users can\n    create new records, and may only access the records they created. The\n    superuser has unrestricted access to all TransientModel records.\n    	t	\N	\N	f	f	f	\N	\N	\N	\N
847	\N	\N	project.sale.line.employee.map	id	base	{"en_US": "Project Sales line, employee mapping", "es_ES": "Línea de ventas de proyectos, mapeo de empleados", "pt_PT": "Linha de venda do projeto, mapeamento de funcionários"}	 Main super-class for regular database-persisted Odoo models.\n\n    Odoo models are created by inheriting from this class::\n\n        class user(Model):\n            ...\n\n    The system will later instantiate the class once per database (on\n    which the class' module is installed).\n    	f	\N	\N	f	f	f	\N	\N	\N	\N
108	\N	\N	res.users.deletion	id	base	{"en_US": "Users Deletion Request", "es_ES": "Solicitud de eliminación del usario", "pt_PT": "Solicitação de Exclusão de Utilizadores"}	User deletion requests.\n\n    Those requests are logged in a different model to keep a trace of this action and the\n    deletion is done in a CRON. Indeed, removing a user can be a heavy operation on\n    large database (because of create_uid, write_uid on each model, which are not always\n    indexed). This model just remove the users added in the deletion queue, remaining code\n    must deal with other consideration (archiving, blacklist email...).\n    	f	\N	\N	f	f	f	\N	\N	\N	\N
111	\N	\N	decimal.precision	id	base	{"en_US": "Decimal Precision", "es_ES": "Precisión decimal", "pt_PT": "Precisão Decimal"}	 Main super-class for regular database-persisted Odoo models.\n\n    Odoo models are created by inheriting from this class::\n\n        class user(Model):\n            ...\n\n    The system will later instantiate the class once per database (on\n    which the class' module is installed).\n    	f	\N	\N	f	f	f	\N	\N	\N	\N
112	\N	\N	report.base.report_irmodulereference	id	base	{"en_US": "Module Reference Report (base)", "es_ES": "Informe del módulo de referencia (base)", "pt_PT": "Relatório de Referência do Módulo (base)"}	 The base model, which is implicitly inherited by all models. 	f	\N	\N	f	f	f	\N	\N	\N	\N
113	\N	\N	base.module.update	id	base	{"en_US": "Update Module", "es_ES": "Actualizar módulo", "pt_PT": "Atualizar Módulo"}	 Model super-class for transient records, meant to be temporarily\n    persistent, and regularly vacuum-cleaned.\n\n    A TransientModel has a simplified access rights management, all users can\n    create new records, and may only access the records they created. The\n    superuser has unrestricted access to all TransientModel records.\n    	t	\N	\N	f	f	f	\N	\N	\N	\N
115	\N	\N	base.language.import	id	base	{"en_US": "Language Import", "es_ES": "Importación de idioma", "pt_PT": "Importar Idioma"}	 Model super-class for transient records, meant to be temporarily\n    persistent, and regularly vacuum-cleaned.\n\n    A TransientModel has a simplified access rights management, all users can\n    create new records, and may only access the records they created. The\n    superuser has unrestricted access to all TransientModel records.\n    	t	\N	\N	f	f	f	\N	\N	\N	\N
610	\N	\N	project.tags	name	base	{"en_US": "Project Tags", "es_ES": "Etiquetas del proyecto", "pt_PT": "Marcadores de Projeto"}	 Tags of project's tasks 	f	\N	\N	f	f	f	\N	\N	\N	\N
848	\N	\N	project.create.invoice	id	base	{"en_US": "Create Invoice from project", "es_ES": "Crear factura del proyecto"}	 Model super-class for transient records, meant to be temporarily\n    persistent, and regularly vacuum-cleaned.\n\n    A TransientModel has a simplified access rights management, all users can\n    create new records, and may only access the records they created. The\n    superuser has unrestricted access to all TransientModel records.\n    	t	\N	\N	f	f	f	\N	\N	\N	\N
116	\N	\N	base.module.upgrade	id	base	{"en_US": "Upgrade Module", "es_ES": "Actualizar módulo", "pt_PT": "Atualizar Módulo"}	 Model super-class for transient records, meant to be temporarily\n    persistent, and regularly vacuum-cleaned.\n\n    A TransientModel has a simplified access rights management, all users can\n    create new records, and may only access the records they created. The\n    superuser has unrestricted access to all TransientModel records.\n    	t	\N	\N	f	f	f	\N	\N	\N	\N
118	\N	\N	base.language.export	id	base	{"en_US": "Language Export", "es_ES": "Exportación de idioma", "pt_PT": "Exportar Idioma"}	 Model super-class for transient records, meant to be temporarily\n    persistent, and regularly vacuum-cleaned.\n\n    A TransientModel has a simplified access rights management, all users can\n    create new records, and may only access the records they created. The\n    superuser has unrestricted access to all TransientModel records.\n    	t	\N	\N	f	f	f	\N	\N	\N	\N
119	\N	\N	base.partner.merge.line	min_id asc	base	{"en_US": "Merge Partner Line", "es_ES": "Fusionar línea de contacto", "pt_PT": "Mesclar Linha de Parceiros"}	 Model super-class for transient records, meant to be temporarily\n    persistent, and regularly vacuum-cleaned.\n\n    A TransientModel has a simplified access rights management, all users can\n    create new records, and may only access the records they created. The\n    superuser has unrestricted access to all TransientModel records.\n    	t	\N	\N	f	f	f	\N	\N	\N	\N
122	\N	\N	base.document.layout	id	base	{"en_US": "Company Document Layout", "es_ES": "Diseño de documentos de la compañía", "pt_PT": "Estrutura dos Documentos da Empresa"}	\n    Customise the company document layout and display a live preview\n    	t	\N	\N	f	f	f	\N	\N	\N	\N
143	\N	\N	uom.category	id	base	{"en_US": "Product UoM Categories", "es_ES": "Categoría de UdM para producto", "pt_PT": "Categorias de UdM de Artigo"}	 Main super-class for regular database-persisted Odoo models.\n\n    Odoo models are created by inheriting from this class::\n\n        class user(Model):\n            ...\n\n    The system will later instantiate the class once per database (on\n    which the class' module is installed).\n    	f	\N	\N	f	f	f	\N	\N	\N	\N
6	\N	\N	ir.model.fields.selection	sequence, id	base	{"en_US": "Fields Selection", "es_ES": "Selección de campos", "pt_PT": "Seleção de Campos"}	 Main super-class for regular database-persisted Odoo models.\n\n    Odoo models are created by inheriting from this class::\n\n        class user(Model):\n            ...\n\n    The system will later instantiate the class once per database (on\n    which the class' module is installed).\n    	f	\N	\N	f	f	f	\N	\N	\N	\N
9	\N	\N	ir.model.access	model_id,group_id,name,id	base	{"en_US": "Model Access", "es_ES": "Acceso al modelo", "pt_PT": "Acesso ao Modelo"}	 Main super-class for regular database-persisted Odoo models.\n\n    Odoo models are created by inheriting from this class::\n\n        class user(Model):\n            ...\n\n    The system will later instantiate the class once per database (on\n    which the class' module is installed).\n    	f	\N	\N	f	f	f	\N	\N	\N	\N
12	\N	\N	ir.sequence	name	base	{"en_US": "Sequence", "es_ES": "Secuencia", "pt_PT": "Sequência"}	 Sequence model.\n\n    The sequence model allows to define and use so-called sequence objects.\n    Such objects are used to generate unique identifiers in a transaction-safe\n    way.\n\n    	f	\N	\N	f	f	f	\N	\N	\N	\N
10	\N	\N	ir.model.data	module, model, name	base	{"en_US": "Model Data", "es_ES": "Datos del modelo", "pt_PT": "Dados do Modelo"}	Holds external identifier keys for records in the database.\n       This has two main uses:\n\n           * allows easy data integration with third-party systems,\n             making import/export/sync of data possible, as records\n             can be uniquely identified across multiple systems\n           * allows tracking the origin of data installed by Odoo\n             modules themselves, thus making it possible to later\n             update them seamlessly.\n    	f	\N	\N	f	f	f	\N	\N	\N	\N
13	\N	\N	ir.sequence.date_range	id	base	{"en_US": "Sequence Date Range", "es_ES": "Intervalo de fechas de la secuencia", "pt_PT": "Intervalo de Datas da Sequência"}	 Main super-class for regular database-persisted Odoo models.\n\n    Odoo models are created by inheriting from this class::\n\n        class user(Model):\n            ...\n\n    The system will later instantiate the class once per database (on\n    which the class' module is installed).\n    	f	\N	\N	f	f	f	\N	\N	\N	\N
22	\N	\N	ir.actions.act_window_close	name	base	{"en_US": "Action Window Close", "es_ES": "Cierre de acción de ventana", "pt_PT": "Fechar janela de Ação"}	 Main super-class for regular database-persisted Odoo models.\n\n    Odoo models are created by inheriting from this class::\n\n        class user(Model):\n            ...\n\n    The system will later instantiate the class once per database (on\n    which the class' module is installed).\n    	f	\N	\N	f	f	f	\N	\N	\N	\N
23	\N	\N	ir.actions.act_url	name	base	{"en_US": "Action URL", "es_ES": "URL de la acción", "pt_PT": "URL de ação"}	 Main super-class for regular database-persisted Odoo models.\n\n    Odoo models are created by inheriting from this class::\n\n        class user(Model):\n            ...\n\n    The system will later instantiate the class once per database (on\n    which the class' module is installed).\n    	f	\N	\N	f	f	f	\N	\N	\N	\N
30	\N	\N	ir.binary	id	base	{"en_US": "File streaming helper model for controllers", "es_ES": "Modelo de ayuda para la transmisión de archivos para controladores", "pt_PT": "Modelo auxiliar de streaming de arquivo para controladores"}	 The base model, which is implicitly inherited by all models. 	f	\N	\N	f	f	f	\N	\N	\N	\N
53	\N	\N	ir.qweb.field.one2many	id	base	{"en_US": "Qweb field one2many"}	 Used to convert a t-field specification into an output HTML field.\n\n    :meth:`~.to_html` is the entry point of this conversion from QWeb, it:\n\n    * converts the record value to html using :meth:`~.record_to_html`\n    * generates the metadata attributes (``data-oe-``) to set on the root\n      result node\n    * generates the root result node itself through :meth:`~.render_element`\n    	f	\N	\N	f	f	f	\N	\N	\N	\N
32	\N	\N	ir.cron.trigger	id	base	{"en_US": "Triggered actions", "es_ES": "Acciones activadas", "pt_PT": "Ações Accionadas"}	 Main super-class for regular database-persisted Odoo models.\n\n    Odoo models are created by inheriting from this class::\n\n        class user(Model):\n            ...\n\n    The system will later instantiate the class once per database (on\n    which the class' module is installed).\n    	f	\N	\N	f	f	f	\N	\N	\N	\N
40	\N	\N	ir.autovacuum	id	base	{"en_US": "Automatic Vacuum", "es_ES": "Limpieza automática", "pt_PT": "Vacuum Automático"}	 Helper model to the ``@api.autovacuum`` method decorator. 	f	\N	\N	f	f	f	\N	\N	\N	\N
19	\N	\N	ir.actions.actions	name	base	{"en_US": "Actions", "es_ES": "Acciones", "pt_PT": "Ações"}	 Main super-class for regular database-persisted Odoo models.\n\n    Odoo models are created by inheriting from this class::\n\n        class user(Model):\n            ...\n\n    The system will later instantiate the class once per database (on\n    which the class' module is installed).\n    	f	\N	\N	f	f	f	\N	\N	\N	\N
20	\N	\N	ir.actions.act_window	name	base	{"en_US": "Action Window", "es_ES": "Acción de ventana", "pt_PT": "Janela de Ação"}	 Main super-class for regular database-persisted Odoo models.\n\n    Odoo models are created by inheriting from this class::\n\n        class user(Model):\n            ...\n\n    The system will later instantiate the class once per database (on\n    which the class' module is installed).\n    	f	\N	\N	f	f	f	\N	\N	\N	\N
59	\N	\N	ir.qweb.field.time	id	base	{"en_US": "QWeb Field Time", "es_ES": "Tiempo del campo QWeb", "pt_PT": "Horário de campo Qweb"}	 ``time`` converter, to display integer or fractional value as\n    human-readable time (e.g. 1.5 as "1:30 AM"). The unit of this value\n    is in hours.\n\n    Can be used on any numerical field between: 0 <= value < 24\n    	f	\N	\N	f	f	f	\N	\N	\N	\N
60	\N	\N	ir.qweb.field.duration	id	base	{"en_US": "Qweb Field Duration", "es_ES": "Campo Qweb Duración", "pt_PT": "Campo Qweb – Duração"}	 ``duration`` converter, to display integral or fractional values as\n    human-readable time spans (e.g. 1.5 as "1 hour 30 minutes").\n\n    Can be used on any numerical field.\n\n    Has an option ``unit`` which can be one of ``second``, ``minute``,\n    ``hour``, ``day``, ``week`` or ``year``, used to interpret the numerical\n    field value before converting it. By default use ``second``.\n\n    Has an option ``round``. By default use ``second``.\n\n    Has an option ``digital`` to display 01:00 instead of 1 hour\n\n    Sub-second values will be ignored.\n    	f	\N	\N	f	f	f	\N	\N	\N	\N
684	\N	\N	stock.forecasted_product_template	id	base	{"en_US": "Stock Replenishment Report", "es_ES": "Informe de reposición de stock", "pt_PT": "Relatório de Reabastecimento de Inventário"}	 The base model, which is implicitly inherited by all models. 	f	\N	\N	f	f	f	\N	\N	\N	\N
11	\N	\N	wizard.ir.model.menu.create	id	base	{"en_US": "Create Menu Wizard", "es_ES": "Asistente para creación de menú", "pt_PT": "Assistente de criação de menu"}	 Model super-class for transient records, meant to be temporarily\n    persistent, and regularly vacuum-cleaned.\n\n    A TransientModel has a simplified access rights management, all users can\n    create new records, and may only access the records they created. The\n    superuser has unrestricted access to all TransientModel records.\n    	t	\N	\N	f	f	f	\N	\N	\N	\N
15	\N	\N	ir.ui.view.custom	create_date desc	base	{"en_US": "Custom View", "es_ES": "Vista personalizada", "pt_PT": "Vista Personalizada"}	 Main super-class for regular database-persisted Odoo models.\n\n    Odoo models are created by inheriting from this class::\n\n        class user(Model):\n            ...\n\n    The system will later instantiate the class once per database (on\n    which the class' module is installed).\n    	f	\N	\N	f	f	f	\N	\N	\N	\N
27	\N	\N	ir.embedded.actions	sequence, id	base	{"en_US": "Embedded Actions", "es_ES": "Acciones incrustadas", "pt_PT": "Ações incorporadas"}	 Main super-class for regular database-persisted Odoo models.\n\n    Odoo models are created by inheriting from this class::\n\n        class user(Model):\n            ...\n\n    The system will later instantiate the class once per database (on\n    which the class' module is installed).\n    	f	\N	\N	f	f	f	\N	\N	\N	\N
84	\N	\N	format.vat.label.mixin	id	base	{"en_US": "Country Specific VAT Label", "es_ES": "Etiqueta de IVA específica del país"}	 The base model, which is implicitly inherited by all models. 	f	\N	\N	f	f	f	\N	\N	\N	\N
35	\N	\N	ir.default	id	base	{"en_US": "Default Values", "es_ES": "Valores por defecto", "pt_PT": "Valores Predefinidos"}	 User-defined default values for fields. 	f	\N	\N	f	f	f	\N	\N	\N	\N
72	\N	\N	ir.demo_failure	id	base	{"en_US": "Demo failure", "es_ES": "Falla de demostración", "pt_PT": "Falha na demo"}	 Stores modules for which we could not install demo data\n    	t	\N	\N	f	f	f	\N	\N	\N	\N
7	\N	\N	ir.model.constraint	id	base	{"en_US": "Model Constraint", "es_ES": "Restricciones del modelo", "pt_PT": "Restrição do Modelo"}	\n    This model tracks PostgreSQL foreign keys and constraints used by Odoo\n    models.\n    	f	\N	\N	f	f	f	\N	\N	\N	\N
87	\N	\N	res.partner.title	name	base	{"en_US": "Partner Title", "es_ES": "Título del contacto", "pt_PT": "Título do Parceiro"}	 Main super-class for regular database-persisted Odoo models.\n\n    Odoo models are created by inheriting from this class::\n\n        class user(Model):\n            ...\n\n    The system will later instantiate the class once per database (on\n    which the class' module is installed).\n    	f	\N	\N	f	f	f	\N	\N	\N	\N
106	\N	\N	res.users.apikeys.show	id	base	{"en_US": "Show API Key", "es_ES": "Mostrar clave API", "pt_PT": "Mostrar Chave de API"}	 The base model, which is implicitly inherited by all models. 	f	\N	\N	f	f	f	\N	\N	\N	\N
68	\N	\N	ir.module.module	application desc,sequence,name	base	{"en_US": "Module", "es_ES": "Módulo", "pt_PT": "Módulo"}	 Main super-class for regular database-persisted Odoo models.\n\n    Odoo models are created by inheriting from this class::\n\n        class user(Model):\n            ...\n\n    The system will later instantiate the class once per database (on\n    which the class' module is installed).\n    	f	\N	\N	f	f	f	\N	\N	\N	\N
43	\N	\N	ir.qweb	id	base	{"en_US": "Qweb", "es_ES": "Qweb", "pt_PT": "Qweb"}	 IrQWeb object for rendering stuff in the website context 	f	\N	\N	f	f	f	\N	\N	\N	\N
5	\N	\N	ir.model.inherit	id	base	{"en_US": "Model Inheritance Tree", "es_ES": "Árbol de la herencia del modelo"}	 Main super-class for regular database-persisted Odoo models.\n\n    Odoo models are created by inheriting from this class::\n\n        class user(Model):\n            ...\n\n    The system will later instantiate the class once per database (on\n    which the class' module is installed).\n    	f	\N	\N	f	f	f	\N	\N	\N	\N
33	\N	\N	ir.cron.progress	id	base	{"en_US": "Progress of Scheduled Actions", "es_ES": "Progeso de acciones planificadas"}	 Main super-class for regular database-persisted Odoo models.\n\n    Odoo models are created by inheriting from this class::\n\n        class user(Model):\n            ...\n\n    The system will later instantiate the class once per database (on\n    which the class' module is installed).\n    	f	\N	\N	f	f	f	\N	\N	\N	\N
109	\N	\N	res.device.log	id	base	{"en_US": "Device Log", "es_ES": "Registro del dispositivo"}	 Main super-class for regular database-persisted Odoo models.\n\n    Odoo models are created by inheriting from this class::\n\n        class user(Model):\n            ...\n\n    The system will later instantiate the class once per database (on\n    which the class' module is installed).\n    	f	\N	\N	f	f	f	\N	\N	\N	\N
44	\N	\N	ir.qweb.field	id	base	{"en_US": "Qweb Field", "es_ES": "Campo Qweb", "pt_PT": "Campo Qweb"}	 Used to convert a t-field specification into an output HTML field.\n\n    :meth:`~.to_html` is the entry point of this conversion from QWeb, it:\n\n    * converts the record value to html using :meth:`~.record_to_html`\n    * generates the metadata attributes (``data-oe-``) to set on the root\n      result node\n    * generates the root result node itself through :meth:`~.render_element`\n    	f	\N	\N	f	f	f	\N	\N	\N	\N
62	\N	\N	ir.qweb.field.barcode	id	base	{"en_US": "Qweb Field Barcode", "es_ES": "Campo Qweb Código de Barras", "pt_PT": "Código de barras do Campo Qweb"}	 ``barcode`` widget rendering, inserts a data:uri-using image tag in the\n    document. May be overridden by e.g. the website module to generate links\n    instead.\n    	f	\N	\N	f	f	f	\N	\N	\N	\N
110	\N	\N	res.device	last_activity desc	base	{"en_US": "Devices", "es_ES": "Dispositivos", "pt_PT": "Dispositivos"}	 Main super-class for regular database-persisted Odoo models.\n\n    Odoo models are created by inheriting from this class::\n\n        class user(Model):\n            ...\n\n    The system will later instantiate the class once per database (on\n    which the class' module is installed).\n    	f	\N	\N	f	f	f	\N	\N	\N	\N
134	\N	\N	web_tour.tour.step	sequence, id	base	{"en_US": "Tour's step", "es_ES": "Paso del recorrido"}	 Main super-class for regular database-persisted Odoo models.\n\n    Odoo models are created by inheriting from this class::\n\n        class user(Model):\n            ...\n\n    The system will later instantiate the class once per database (on\n    which the class' module is installed).\n    	f	\N	\N	f	f	f	\N	\N	\N	\N
2	\N	\N	_unknown	id	base	{"en_US": "Unknown", "es_ES": "Desconocido", "pt_PT": "Desconhecido"}	\n    Abstract model used as a substitute for relational fields with an unknown\n    comodel.\n    	f	\N	\N	f	f	f	\N	\N	\N	\N
17	\N	\N	reset.view.arch.wizard	id	base	{"en_US": "Reset View Architecture Wizard", "es_ES": "Asistente para restablecer la arquitectura de la vista", "pt_PT": "Assistente de Redefinição de Arquitetura da Vista"}	 A wizard to compare and reset views architecture. 	t	\N	\N	f	f	f	\N	\N	\N	\N
56	\N	\N	ir.qweb.field.image_url	id	base	{"en_US": "Qweb Field Image", "es_ES": "Campo Qweb Imagen", "pt_PT": "Campo de Imagem Qweb"}	 ``image_url`` widget rendering, inserts an image tag in the\n    document.\n    	f	\N	\N	f	f	f	\N	\N	\N	\N
98	\N	\N	res.users.log	id desc	base	{"en_US": "Users Log", "es_ES": "Registro de usuarios", "pt_PT": "Log de Utilizadores"}	 Main super-class for regular database-persisted Odoo models.\n\n    Odoo models are created by inheriting from this class::\n\n        class user(Model):\n            ...\n\n    The system will later instantiate the class once per database (on\n    which the class' module is installed).\n    	f	\N	\N	f	f	f	\N	\N	\N	\N
14	\N	\N	ir.ui.menu	sequence,id	base	{"en_US": "Menu", "es_ES": "Menú", "pt_PT": "Menu"}	 Main super-class for regular database-persisted Odoo models.\n\n    Odoo models are created by inheriting from this class::\n\n        class user(Model):\n            ...\n\n    The system will later instantiate the class once per database (on\n    which the class' module is installed).\n    	f	\N	\N	f	f	f	\N	\N	\N	\N
93	\N	\N	res.config.settings	id	base	{"en_US": "Config Settings", "es_ES": "Ajustes de configuración", "pt_PT": "Definições de Configuração"}	 Inherit the base settings to add a counter of failed email + configure\n    the alias domain. 	t	\N	\N	f	f	f	\N	\N	\N	\N
123	\N	\N	auth_totp.device	id	base	{"en_US": "Authentication Device", "es_ES": "Dispositivo de autenticación", "pt_PT": "Dispositivo de autenticação"}	 Main super-class for regular database-persisted Odoo models.\n\n    Odoo models are created by inheriting from this class::\n\n        class user(Model):\n            ...\n\n    The system will later instantiate the class once per database (on\n    which the class' module is installed).\n    	f	\N	\N	f	f	f	\N	\N	\N	\N
124	\N	\N	auth_totp.wizard	id	base	{"en_US": "2-Factor Setup Wizard", "es_ES": "Asistente de la configuración de la autenticación de dos factores", "pt_PT": "Assistente de autenticação de dois fatores"}	 Model super-class for transient records, meant to be temporarily\n    persistent, and regularly vacuum-cleaned.\n\n    A TransientModel has a simplified access rights management, all users can\n    create new records, and may only access the records they created. The\n    superuser has unrestricted access to all TransientModel records.\n    	t	\N	\N	f	f	f	\N	\N	\N	\N
160	\N	\N	utm.tag	name	base	{"en_US": "UTM Tag", "es_ES": "Etiquetas UTM", "pt_PT": "Marcador de UTM"}	Model of categories of utm campaigns, i.e. marketing, newsletter, ...	f	\N	\N	f	f	f	\N	\N	\N	\N
1	\N	\N	base	id	base	{"en_US": "Base", "es_ES": "Base", "pt_PT": "Base"}	 The base model, which is implicitly inherited by all models. 	f	\N	\N	f	f	f	\N	\N	\N	\N
4	\N	\N	ir.model.fields	name	base	{"en_US": "Fields", "es_ES": "Campos", "pt_PT": "Campos"}	 fields configuration for form builder 	f	\N	\N	f	f	f	\N	\N	\N	\N
120	\N	\N	base.partner.merge.automatic.wizard	id	base	{"en_US": "Merge Partner Wizard", "es_ES": "Asistente de fusión de contactos", "pt_PT": "Assistente de Fusão de Parceiros"}	\n        The idea behind this wizard is to create a list of potential partners to\n        merge. We use two objects, the first one is the wizard for the end-user.\n        And the second will contain the partner list to merge.\n    	t	\N	\N	f	f	f	\N	\N	\N	\N
24	\N	\N	ir.actions.server	sequence,name	base	{"en_US": "Server Action", "es_ES": "Acción de servidor", "pt_PT": "Ação de Servidor"}	 Add website option in server actions. 	f	\N	\N	f	f	f	\N	\N	\N	\N
21	\N	\N	ir.actions.act_window.view	sequence,id	base	{"en_US": "Action Window View", "es_ES": "Vista de la ventana de acción", "pt_PT": "Vista da Janela de Ação"}	 Main super-class for regular database-persisted Odoo models.\n\n    Odoo models are created by inheriting from this class::\n\n        class user(Model):\n            ...\n\n    The system will later instantiate the class once per database (on\n    which the class' module is installed).\n    	f	\N	\N	f	f	f	\N	\N	\N	\N
31	\N	\N	ir.cron	cron_name	base	{"en_US": "Scheduled Actions", "es_ES": "Acciones planificadas", "pt_PT": "Ações Agendadas"}	 Model describing cron jobs (also called actions or tasks).\n    	f	\N	\N	f	f	f	\N	\N	\N	\N
41	\N	\N	ir.mail_server	sequence, id	base	{"en_US": "Mail Server", "es_ES": "Servidor de correo", "pt_PT": "Servidor de E-mail"}	Represents an SMTP server, able to send outgoing emails, with SSL and TLS capabilities.	f	\N	\N	f	f	f	\N	\N	\N	\N
97	\N	\N	res.groups	name	base	{"en_US": "Access Groups", "es_ES": "Grupos de acceso", "pt_PT": "Grupos de Acesso"}	 Main super-class for regular database-persisted Odoo models.\n\n    Odoo models are created by inheriting from this class::\n\n        class user(Model):\n            ...\n\n    The system will later instantiate the class once per database (on\n    which the class' module is installed).\n    	f	\N	\N	f	f	f	\N	\N	\N	\N
107	\N	\N	res.users.settings	id	base	{"en_US": "User Settings", "es_ES": "Ajustes de usuario", "pt_PT": "Configurações do Utilizador"}	 Main super-class for regular database-persisted Odoo models.\n\n    Odoo models are created by inheriting from this class::\n\n        class user(Model):\n            ...\n\n    The system will later instantiate the class once per database (on\n    which the class' module is installed).\n    	f	\N	\N	f	f	f	\N	\N	\N	\N
117	\N	\N	base.module.uninstall	id	base	{"en_US": "Module Uninstall", "es_ES": "Desinstalar módulo", "pt_PT": "Desinstalação do Módulo"}	 Model super-class for transient records, meant to be temporarily\n    persistent, and regularly vacuum-cleaned.\n\n    A TransientModel has a simplified access rights management, all users can\n    create new records, and may only access the records they created. The\n    superuser has unrestricted access to all TransientModel records.\n    	t	\N	\N	f	f	f	\N	\N	\N	\N
140	\N	\N	web_editor.assets	id	base	{"en_US": "Assets Utils", "es_ES": "Utilidades de activos", "pt_PT": "Recursos utilitários"}	 The base model, which is implicitly inherited by all models. 	f	\N	\N	f	f	f	\N	\N	\N	\N
137	\N	\N	iap.service	id	base	{"en_US": "IAP Service", "es_ES": "Servicio IAP"}	 Main super-class for regular database-persisted Odoo models.\n\n    Odoo models are created by inheriting from this class::\n\n        class user(Model):\n            ...\n\n    The system will later instantiate the class once per database (on\n    which the class' module is installed).\n    	f	\N	\N	f	f	f	\N	\N	\N	\N
139	\N	\N	html.field.history.mixin	id	base	{"en_US": "Field html History", "es_ES": "Historial del campo html"}	 The base model, which is implicitly inherited by all models. 	f	\N	\N	f	f	f	\N	\N	\N	\N
135	\N	\N	iap.account	id	base	{"en_US": "IAP Account", "es_ES": "Cuenta IAP", "pt_PT": "Conta de IAP"}	 Main super-class for regular database-persisted Odoo models.\n\n    Odoo models are created by inheriting from this class::\n\n        class user(Model):\n            ...\n\n    The system will later instantiate the class once per database (on\n    which the class' module is installed).\n    	f	\N	\N	t	f	f	\N	\N	\N	\N
141	\N	\N	web_editor.converter.test	id	base	{"en_US": "Web Editor Converter Test", "es_ES": "Prueba de convertidor del editor web", "pt_PT": "Teste do conversor do Web Editor"}	 Main super-class for regular database-persisted Odoo models.\n\n    Odoo models are created by inheriting from this class::\n\n        class user(Model):\n            ...\n\n    The system will later instantiate the class once per database (on\n    which the class' module is installed).\n    	f	\N	\N	f	f	f	\N	\N	\N	\N
16	\N	\N	ir.ui.view	priority,name,id	base	{"en_US": "View", "es_ES": "Vista", "pt_PT": "Ver"}	 Main super-class for regular database-persisted Odoo models.\n\n    Odoo models are created by inheriting from this class::\n\n        class user(Model):\n            ...\n\n    The system will later instantiate the class once per database (on\n    which the class' module is installed).\n    	f	\N	\N	f	f	f	\N	\N	\N	\N
88	\N	\N	res.partner	complete_name ASC, id DESC	base	{"en_US": "Contact", "es_ES": "Contacto", "pt_PT": "Contacto"}	 Inherits partner and adds Tasks information in the partner form 	f	\N	\N	t	t	t	\N	\N	\N	\N
125	\N	\N	base_import.mapping	id	base	{"en_US": "Base Import Mapping", "es_ES": "Mapeo de la importación base", "pt_PT": "Mapeamento da importação base"}	 mapping of previous column:field selections\n\n    This is useful when repeatedly importing from a third-party\n    system: column names generated by the external system may\n    not match Odoo's field names or labels. This model is used\n    to save the mapping between column names and fields so that\n    next time a user imports from the same third-party systems\n    we can automatically match the columns to the correct field\n    without them having to re-enter the mapping every single\n    time.\n    	f	\N	\N	f	f	f	\N	\N	\N	\N
162	\N	\N	certificate.certificate	date_end DESC	base	{"en_US": "Certificate", "es_ES": "Certificado", "pt_PT": "Certificado"}	 Main super-class for regular database-persisted Odoo models.\n\n    Odoo models are created by inheriting from this class::\n\n        class user(Model):\n            ...\n\n    The system will later instantiate the class once per database (on\n    which the class' module is installed).\n    	f	\N	\N	f	f	f	\N	\N	\N	\N
163	\N	\N	mail.alias	alias_model_id, alias_name	base	{"en_US": "Email Aliases", "es_ES": "Alias de correo electrónico", "pt_PT": "Apelidos de E-mail"}	A Mail Alias is a mapping of an email address with a given Odoo Document\n       model. It is used by Odoo's mail gateway when processing incoming emails\n       sent to the system. If the recipient address (To) of the message matches\n       a Mail Alias, the message will be either processed following the rules\n       of that alias. If the message is a reply it will be attached to the\n       existing discussion on the corresponding record, otherwise a new\n       record of the corresponding model will be created.\n\n       This is meant to be used in combination with a catch-all email configuration\n       on the company's mail server, so that as soon as a new mail.alias is\n       created, it becomes immediately usable and Odoo will accept email for it.\n     	f	\N	\N	f	f	f	\N	\N	\N	\N
164	\N	\N	mail.alias.domain	sequence ASC, id ASC	base	{"en_US": "Email Domain", "es_ES": "Dominio de correo electrónico", "pt_PT": "Domínio de E-mail"}	 Model alias domains, now company-specific. Alias domains are email\n    domains used to receive emails through catchall and bounce aliases, as\n    well as using mail.alias records to redirect email replies.\n\n    This replaces ``mail.alias.domain`` configuration parameter use until v16.\n    	f	\N	\N	f	f	f	\N	\N	\N	\N
169	\N	\N	mail.alias.mixin	id	base	{"en_US": "Email Aliases Mixin", "es_ES": "Mixin de alias de correo electrónico", "pt_PT": "Mixin de Aliases de E-mail"}	 A mixin for models that inherits mail.alias to have a one-to-one relation\n    between the model and its alias. 	f	\N	\N	f	f	f	\N	\N	\N	\N
180	\N	\N	mail.activity.type	sequence, id	base	{"en_US": "Activity Type", "es_ES": "Tipo de actividad", "pt_PT": "Tipo de Atividade"}	 Activity Types are used to categorize activities. Each type is a different\n    kind of activity e.g. call, mail, meeting. An activity can be generic i.e.\n    available for all models using activities; or specific to a model in which\n    case res_model field should be used. 	f	\N	\N	f	f	f	\N	\N	\N	\N
171	\N	\N	mail.composer.mixin	id	base	{"en_US": "Mail Composer Mixin", "es_ES": "Mixin del redactor de correo", "pt_PT": "Mixin do Compositor de Email"}	 Mixin used to edit and render some fields used when sending emails or\n    notifications based on a mail template.\n\n    Main current purpose is to hide details related to subject and body computation\n    and rendering based on a mail.template. It also give the base tools to control\n    who is allowed to edit body, notably when dealing with templating language\n    like inline_template or qweb.\n\n    It is meant to evolve in a near future with upcoming support of qweb and fine\n    grain control of rendering access.\n    	f	\N	\N	f	f	f	\N	\N	\N	\N
181	\N	\N	mail.activity	date_deadline ASC, id ASC	base	{"en_US": "Activity", "es_ES": "Actividad", "pt_PT": "Atividade"}	 An actual activity to perform. Activities are linked to\n    documents using res_id and res_model_id fields. Activities have a deadline\n    that can be used in kanban view to display a status. Once done activities\n    are unlinked and a message is posted. This message has a new activity_type_id\n    field that indicates the activity linked to the message. 	f	\N	\N	f	f	f	\N	\N	\N	\N
184	\N	\N	mail.blacklist	id	base	{"en_US": "Mail Blacklist", "es_ES": "Lista negra de correos", "pt_PT": "Lista Negra de Email"}	 Model of blacklisted email addresses to stop sending emails.	f	\N	\N	t	f	f	\N	\N	\N	\N
185	\N	\N	mail.followers	id	base	{"en_US": "Document Followers", "es_ES": "Seguidores del documento", "pt_PT": "Seguidores do Documento"}	 mail_followers holds the data related to the follow mechanism inside\n    Odoo. Partners can choose to follow documents (records) of any kind\n    that inherits from mail.thread. Following documents allow to receive\n    notifications for new messages. A subscription is characterized by:\n\n    :param: res_model: model of the followed objects\n    :param: res_id: ID of resource (may be 0 for every objects)\n    	f	\N	\N	f	f	f	\N	\N	\N	\N
39	\N	\N	ir.config_parameter	key	base	{"en_US": "System Parameter", "es_ES": "Parámetro del sistema", "pt_PT": "Parâmetro de Sistema"}	Per-database storage of configuration key-value pairs.	f	\N	\N	f	f	f	\N	\N	\N	\N
154	\N	\N	utm.campaign	id	base	{"en_US": "UTM Campaign", "es_ES": "Campaña UTM", "pt_PT": "Campanha UTM"}	 Main super-class for regular database-persisted Odoo models.\n\n    Odoo models are created by inheriting from this class::\n\n        class user(Model):\n            ...\n\n    The system will later instantiate the class once per database (on\n    which the class' module is installed).\n    	f	\N	\N	f	f	f	\N	\N	\N	\N
178	\N	\N	fetchmail.server	priority	base	{"en_US": "Incoming Mail Server", "es_ES": "Servidor de correo de entrada", "pt_PT": "Servidor de Receção de Email"}	Incoming POP/IMAP mail server account	f	\N	\N	f	f	f	\N	\N	\N	\N
188	\N	\N	mail.message.reaction	id desc	base	{"en_US": "Message Reaction", "es_ES": "Reacción de mensaje", "pt_PT": "Reação da Mensagem"}	 Main super-class for regular database-persisted Odoo models.\n\n    Odoo models are created by inheriting from this class::\n\n        class user(Model):\n            ...\n\n    The system will later instantiate the class once per database (on\n    which the class' module is installed).\n    	f	\N	\N	f	f	f	\N	\N	\N	\N
222	\N	\N	discuss.channel	id	base	{"en_US": "Discussion Channel", "es_ES": "Canal de conversaciones", "pt_PT": "Canal de Discussão"}	 Main super-class for regular database-persisted Odoo models.\n\n    Odoo models are created by inheriting from this class::\n\n        class user(Model):\n            ...\n\n    The system will later instantiate the class once per database (on\n    which the class' module is installed).\n    	f	\N	\N	t	f	f	\N	\N	\N	\N
238	\N	\N	mail.wizard.invite	id	base	{"en_US": "Invite wizard", "es_ES": "Asistente de invitación", "pt_PT": "Wizard de convites"}	 Wizard to invite partners (or channels) and make them followers. 	t	\N	\N	f	f	f	\N	\N	\N	\N
189	\N	\N	mail.message.schedule	scheduled_datetime DESC, id DESC	base	{"en_US": "Scheduled Messages", "es_ES": "Mensajes programados", "pt_PT": "Mensagens programadas"}	 Mail message notification schedule queue.\n\n    This model is used to store the mail messages scheduled. So we can\n    delay the sending of the notifications. A scheduled date field already\n    exists on the <mail.mail> but it does not allow us to delay the sending\n    of the <bus.bus> notifications.\n    	f	\N	\N	f	f	f	\N	\N	\N	\N
190	\N	\N	mail.message.subtype	sequence, id	base	{"en_US": "Message subtypes", "es_ES": "Subtipos de mensaje", "pt_PT": "Subtipos de Mensagem"}	 Class holding subtype definition for messages. Subtypes allow to tune\n        the follower subscription, allowing only some subtypes to be pushed\n        on the Wall. 	f	\N	\N	f	f	f	\N	\N	\N	\N
388	\N	\N	mail.thread.phone	id	base	{"en_US": "Phone Blacklist Mixin", "es_ES": "Mixin de lista negra del teléfono", "pt_PT": "Mixin da lista de bloqueio de telefone"}	 Purpose of this mixin is to offer two services\n\n      * compute a sanitized phone number based on _phone_get_number_fields.\n        It takes first sanitized value, trying each field returned by the\n        method (see ``BaseModel._phone_get_number_fields()´´ for more details\n        about the usage of this method);\n      * compute blacklist state of records. It is based on phone.blacklist\n        model and give an easy-to-use field and API to manipulate blacklisted\n        records;\n\n    Main API methods\n\n      * ``_phone_set_blacklisted``: set recordset as blacklisted;\n      * ``_phone_reset_blacklisted``: reactivate recordset (even if not blacklisted\n        this method can be called safely);\n    	f	\N	\N	t	f	f	\N	\N	\N	\N
389	\N	\N	phone.blacklist.remove	id	base	{"en_US": "Remove phone from blacklist", "es_ES": "Eliminar teléfono de la lista negra", "pt_PT": "Remover telefone da lista de bloqueio"}	 Model super-class for transient records, meant to be temporarily\n    persistent, and regularly vacuum-cleaned.\n\n    A TransientModel has a simplified access rights management, all users can\n    create new records, and may only access the records they created. The\n    superuser has unrestricted access to all TransientModel records.\n    	t	\N	\N	f	f	f	\N	\N	\N	\N
390	\N	\N	privacy.log	id	base	{"en_US": "Privacy Log", "es_ES": "Registro de privacidad", "pt_PT": "Logs de privacidade"}	 Main super-class for regular database-persisted Odoo models.\n\n    Odoo models are created by inheriting from this class::\n\n        class user(Model):\n            ...\n\n    The system will later instantiate the class once per database (on\n    which the class' module is installed).\n    	f	\N	\N	f	f	f	\N	\N	\N	\N
780	\N	\N	purchase.edi.xml.ubl_bis3	id	base	{"en_US": "UBL BIS 3 Peppol Order transaction 3.4", "es_ES": "Transacción del pedido UBL BIS 3 Peppol 3.4"}	 The base model, which is implicitly inherited by all models. 	f	\N	\N	f	f	f	\N	\N	\N	\N
167	\N	\N	mail.activity.mixin	id	base	{"en_US": "Activity Mixin", "es_ES": "Mixin de actividad", "pt_PT": "Mixin de Atividades"}	 Mail Activity Mixin is a mixin class to use if you want to add activities\n    management on a model. It works like the mail.thread mixin. It defines\n    an activity_ids one2many field toward activities using res_id and res_model_id.\n    Various related / computed fields are also added to have a global status of\n    activities on documents.\n\n    Activities come with a new JS widget for the form view. It is integrated in the\n    Chatter widget although it is a separate widget. It displays activities linked\n    to the current record and allow to schedule, edit and mark done activities.\n\n    There is also a kanban widget defined. It defines a small widget to integrate\n    in kanban vignettes. It allow to manage activities directly from the kanban\n    view. Use widget="kanban_activity" on activitiy_ids field in kanban view to\n    use it.\n\n    Some context keys allow to control the mixin behavior. Use those in some\n    specific cases like import\n\n     * ``mail_activity_automation_skip``: skip activities automation; it means\n       no automated activities will be generated, updated or unlinked, allowing\n       to save computation and avoid generating unwanted activities;\n    	f	\N	\N	f	t	f	\N	\N	\N	\N
168	\N	\N	mail.alias.mixin.optional	id	base	{"en_US": "Email Aliases Mixin (light)", "es_ES": "Mixin de alias de correo electrónico (claro)", "pt_PT": "Mixin de Aliases de E-mail (leve)"}	 A mixin for models that handles underlying 'mail.alias' records to use\n    the mail gateway. Field is not mandatory and its creation is done dynamically\n    based on given 'alias_name', allowing to gradually populate the alias table\n    without having void aliases as when used with an inherits-like implementation.\n    	f	\N	\N	f	f	f	\N	\N	\N	\N
423	\N	\N	res.partner.autocomplete.sync	id	base	{"en_US": "Partner Autocomplete Sync", "es_ES": "Sincronización para autocompletar un contacto"}	 Main super-class for regular database-persisted Odoo models.\n\n    Odoo models are created by inheriting from this class::\n\n        class user(Model):\n            ...\n\n    The system will later instantiate the class once per database (on\n    which the class' module is installed).\n    	f	\N	\N	f	f	f	\N	\N	\N	\N
126	\N	\N	base_import.import	id	base	{"en_US": "Base Import", "es_ES": "Importación base", "pt_PT": "Importação base"}	\n    This model is used to prepare the loading of data coming from a user file.\n\n    Here is the process that is followed:\n\n    #. The user selects a file to import.\n    #. File parsing and mapping suggestion (see "parse_preview" method)\n\n       #. Extract the current model's importable fields tree (see :meth:`get_fields_tree`).\n       #. Read the file (see :meth:`_read_file`) and extract header names and file\n          length (used for batch import).\n       #. Extract headers types from the data preview (10 first line of the file)\n          (see :meth:`_extract_headers_types`).\n       #. Try to find for each header a field to map with (see :meth:`_get_mapping_suggestions`)\n\n          - First check the previously saved mappings between the header name\n            and one of the model's fields.\n          - If no mapping found, try an exact match comparison using fields\n            technical names, labels and user language translated labels.\n          - If nothing found, try a fuzzy match using word distance between\n            header name and fields tachnical names, labels and user language\n            translated labels. Keep only the closest match.\n\n       #. Prepare examples for each columns using the first non null value from each column.\n       #. Send the info back to the UI where the user can modify the suggested mapping.\n    #. Execute the import: There are two import mode with uses the same process. (see :meth:`execute_import`)\n\n       #. Test import: Try to import but rollback the transaction. This allows\n          the check errors during the import process and allow the user to\n          choose import options for the different encountered errors.\n       #. Real import: Try to import the file using the configured mapping and\n          the eventual "error mapping options". If import encounters blocking\n          errors, the transaction is rollbacked and the user is allowed to\n          choose import options for the different errors.\n\n          - Get file data and fields to import into (see :meth:`_convert_import_data`).\n          - Parse date, float and binary data (see :meth:`_parse_import_data`).\n          - Handle multiple mapping -> concatenate char/text/many2many columns\n            mapped on the same field (see :meth:`_handle_multi_mapping`).\n          - Handle fallback values for boolean and selection fields, in case\n            input data does not match any allowed values (see :meth:`_handle_fallback_values`).\n          - Load data (see ir.model "load" method).\n          - Rollback transaction if test mode or if encountered error.\n          - Save mapping if any import is successful to ease later mapping suggestions.\n          - Return import result to the UI (success or errors if any).\n    	t	\N	\N	f	f	f	\N	\N	\N	\N
127	\N	\N	base.import.module	id	base	{"en_US": "Import Module", "es_ES": "Importar módulo", "pt_PT": "Importar Módulo"}	 Import Module 	t	\N	\N	f	f	f	\N	\N	\N	\N
128	\N	\N	kpi.provider	id	base	{"en_US": "KPI Provider", "es_ES": "Proveedor de KPI", "pt_PT": "Provedor de KPI"}	 The base model, which is implicitly inherited by all models. 	f	\N	\N	f	f	f	\N	\N	\N	\N
424	\N	\N	portal.mixin	id	base	{"en_US": "Portal Mixin", "es_ES": "Mixin del portal", "pt_PT": "Mixin Portal"}	 The base model, which is implicitly inherited by all models. 	f	\N	\N	f	f	f	\N	\N	\N	\N
784	\N	\N	maintenance.mixin	id	base	{"en_US": "Maintenance Maintained Item", "es_ES": "Mantenimiento de los artículos revisados"}	 The base model, which is implicitly inherited by all models. 	f	\N	\N	f	f	f	\N	\N	\N	\N
3	\N	\N	ir.model	is_mail_thread DESC, name ASC	base	{"en_US": "Models", "es_ES": "Modelos", "pt_PT": "Modelos"}	 Main super-class for regular database-persisted Odoo models.\n\n    Odoo models are created by inheriting from this class::\n\n        class user(Model):\n            ...\n\n    The system will later instantiate the class once per database (on\n    which the class' module is installed).\n    	f	\N	\N	f	f	f	\N	\N	\N	\N
129	\N	\N	bus.bus	id	base	{"en_US": "Communication Bus", "es_ES": "Bus de comunicación", "pt_PT": "Barramento de Comunicação"}	 Main super-class for regular database-persisted Odoo models.\n\n    Odoo models are created by inheriting from this class::\n\n        class user(Model):\n            ...\n\n    The system will later instantiate the class once per database (on\n    which the class' module is installed).\n    	f	\N	\N	f	f	f	\N	\N	\N	\N
130	\N	\N	bus.listener.mixin	id	base	{"en_US": "Can send messages via bus.bus", "es_ES": "Puede enviar mensajes mediante bus.bus", "pt_PT": "Pode enviar mensagens via bus.bus"}	Allow sending messages related to the current model via as a bus.bus channel.\n\n    The model needs to be allowed as a valid channel for the bus in `_build_bus_channel_list`.\n    	f	\N	\N	f	f	f	\N	\N	\N	\N
131	\N	\N	bus.presence	id	base	{"en_US": "User Presence", "es_ES": "Conexión del usuario", "pt_PT": "Presença de utilizador"}	 User Presence\n        Its status is 'online', 'away' or 'offline'. This model should be a one2one, but is not\n        attached to res_users to avoid database concurrence errors. Since the 'update_presence' method is executed\n        at each poll, if the user have multiple opened tabs, concurrence errors can happend, but are 'muted-logged'.\n    	f	\N	\N	f	f	f	\N	\N	\N	\N
433	\N	\N	sms.tracker	id	base	{"en_US": "Link SMS to mailing/sms tracking models", "es_ES": "Vincular SMS a los modelos de seguimiento de correo/sms"}	Relationship between a sent SMS and tracking records such as notifications and traces.\n\n    This model acts as an extension of a `mail.notification` or a `mailing.trace` and allows to\n    update those based on the SMS provider responses both at sending and when later receiving\n    sent/delivery reports (see `SmsController`).\n    SMS trackers are supposed to be created manually when necessary, and tied to their related\n    SMS through the SMS UUID field. (They are not tied to the SMS records directly as those can\n    be deleted when sent).\n\n    Note: Only admins/system user should need to access (a fortiori modify) these technical\n      records so no "sudo" is used nor should be required here.\n    	f	\N	\N	f	f	f	\N	\N	\N	\N
438	\N	\N	sms.resend.recipient	id	base	{"en_US": "Resend Notification", "es_ES": "Reenviar notificación"}	 Model super-class for transient records, meant to be temporarily\n    persistent, and regularly vacuum-cleaned.\n\n    A TransientModel has a simplified access rights management, all users can\n    create new records, and may only access the records they created. The\n    superuser has unrestricted access to all TransientModel records.\n    	t	\N	\N	f	f	f	\N	\N	\N	\N
439	\N	\N	sms.resend	id	base	{"en_US": "SMS Resend", "es_ES": "Reenviar SMS"}	 Model super-class for transient records, meant to be temporarily\n    persistent, and regularly vacuum-cleaned.\n\n    A TransientModel has a simplified access rights management, all users can\n    create new records, and may only access the records they created. The\n    superuser has unrestricted access to all TransientModel records.\n    	t	\N	\N	f	f	f	\N	\N	\N	\N
132	\N	\N	ir.websocket	id	base	{"en_US": "websocket message handling", "es_ES": "gestión de mensajes de WebSocket", "pt_PT": "gestão de mensagens websocket"}	 The base model, which is implicitly inherited by all models. 	f	\N	\N	f	f	f	\N	\N	\N	\N
133	\N	\N	web_tour.tour	sequence, name, id	base	{"en_US": "Tours", "es_ES": "Recorridos", "pt_PT": "Tours"}	 Main super-class for regular database-persisted Odoo models.\n\n    Odoo models are created by inheriting from this class::\n\n        class user(Model):\n            ...\n\n    The system will later instantiate the class once per database (on\n    which the class' module is installed).\n    	f	\N	\N	f	f	f	\N	\N	\N	\N
435	\N	\N	sms.account.phone	id	base	{"en_US": "SMS Account Registration Phone Number Wizard", "es_ES": "Asistente de registro de número de teléfono para cuenta de SMS"}	 Model super-class for transient records, meant to be temporarily\n    persistent, and regularly vacuum-cleaned.\n\n    A TransientModel has a simplified access rights management, all users can\n    create new records, and may only access the records they created. The\n    superuser has unrestricted access to all TransientModel records.\n    	t	\N	\N	f	f	f	\N	\N	\N	\N
436	\N	\N	sms.account.sender	id	base	{"en_US": "SMS Account Sender Name Wizard", "es_ES": "Asistente para nombre de remitente para cuenta de SMS"}	 Model super-class for transient records, meant to be temporarily\n    persistent, and regularly vacuum-cleaned.\n\n    A TransientModel has a simplified access rights management, all users can\n    create new records, and may only access the records they created. The\n    superuser has unrestricted access to all TransientModel records.\n    	t	\N	\N	f	f	f	\N	\N	\N	\N
434	\N	\N	sms.account.code	id	base	{"en_US": "SMS Account Verification Code Wizard", "es_ES": "Asistente para código de verificación para cuenta de SMS"}	 Model super-class for transient records, meant to be temporarily\n    persistent, and regularly vacuum-cleaned.\n\n    A TransientModel has a simplified access rights management, all users can\n    create new records, and may only access the records they created. The\n    superuser has unrestricted access to all TransientModel records.\n    	t	\N	\N	f	f	f	\N	\N	\N	\N
136	\N	\N	iap.enrich.api	id	base	{"en_US": "IAP Lead Enrichment API", "es_ES": "API de enriquecimiento de leads para IAP", "pt_PT": "API de enriquecimento de leads IAP"}	 The base model, which is implicitly inherited by all models. 	f	\N	\N	f	f	f	\N	\N	\N	\N
170	\N	\N	mail.render.mixin	id	base	{"en_US": "Mail Render Mixin", "es_ES": "Mixin de renderización de correo", "pt_PT": "Mixin de Renderização de Correio"}	 The base model, which is implicitly inherited by all models. 	f	\N	\N	f	f	f	\N	\N	\N	\N
142	\N	\N	web_editor.converter.test.sub	id	base	{"en_US": "Web Editor Converter Subtest", "es_ES": "Subprueba de convertidor del editor web", "pt_PT": "Subteste do conversor do Web Editor"}	 Main super-class for regular database-persisted Odoo models.\n\n    Odoo models are created by inheriting from this class::\n\n        class user(Model):\n            ...\n\n    The system will later instantiate the class once per database (on\n    which the class' module is installed).\n    	f	\N	\N	f	f	f	\N	\N	\N	\N
426	\N	\N	portal.wizard	id	base	{"en_US": "Grant Portal Access", "es_ES": "Otorgar acceso al portal ", "pt_PT": "Conceder Acesso ao Portal"}	\n        A wizard to manage the creation/removal of portal users.\n    	t	\N	\N	f	f	f	\N	\N	\N	\N
144	\N	\N	uom.uom	factor DESC, id	base	{"en_US": "Product Unit of Measure", "es_ES": "Unidad de medida del producto", "pt_PT": "Unidade de Medida de Artigo"}	 Main super-class for regular database-persisted Odoo models.\n\n    Odoo models are created by inheriting from this class::\n\n        class user(Model):\n            ...\n\n    The system will later instantiate the class once per database (on\n    which the class' module is installed).\n    	f	\N	\N	f	f	f	\N	\N	\N	\N
145	\N	\N	onboarding.progress	id	base	{"en_US": "Onboarding Progress Tracker", "es_ES": "Rastreador del progreso de incorporación", "pt_PT": "Monitoramento do progresso da integração"}	 Main super-class for regular database-persisted Odoo models.\n\n    Odoo models are created by inheriting from this class::\n\n        class user(Model):\n            ...\n\n    The system will later instantiate the class once per database (on\n    which the class' module is installed).\n    	f	\N	\N	f	f	f	\N	\N	\N	\N
146	\N	\N	onboarding.onboarding	sequence asc, id desc	base	{"en_US": "Onboarding", "es_ES": "Incorporación", "pt_PT": "Integração"}	 Main super-class for regular database-persisted Odoo models.\n\n    Odoo models are created by inheriting from this class::\n\n        class user(Model):\n            ...\n\n    The system will later instantiate the class once per database (on\n    which the class' module is installed).\n    	f	\N	\N	f	f	f	\N	\N	\N	\N
531	\N	\N	account_peppol.service.wizard	id	base	{"en_US": "Peppol Services Wizard", "es_ES": "Asistente de servicio Peppol"}	 Model super-class for transient records, meant to be temporarily\n    persistent, and regularly vacuum-cleaned.\n\n    A TransientModel has a simplified access rights management, all users can\n    create new records, and may only access the records they created. The\n    superuser has unrestricted access to all TransientModel records.\n    	t	\N	\N	f	f	f	\N	\N	\N	\N
147	\N	\N	onboarding.onboarding.step	sequence asc, id asc	base	{"en_US": "Onboarding Step", "es_ES": "Paso de incorporación", "pt_PT": "Etapa de integração"}	 Main super-class for regular database-persisted Odoo models.\n\n    Odoo models are created by inheriting from this class::\n\n        class user(Model):\n            ...\n\n    The system will later instantiate the class once per database (on\n    which the class' module is installed).\n    	f	\N	\N	f	f	f	\N	\N	\N	\N
427	\N	\N	portal.wizard.user	id	base	{"en_US": "Portal User Config", "es_ES": "Configuración del usuario del portal", "pt_PT": "Configuração do Utilizador do Portal"}	\n        A model to configure users in the portal wizard.\n    	t	\N	\N	f	f	f	\N	\N	\N	\N
148	\N	\N	onboarding.progress.step	id	base	{"en_US": "Onboarding Progress Step Tracker", "es_ES": "Rastreador de los pasos del progreso de incorporación", "pt_PT": "Monitoramento de etapas do progresso da integração"}	 Main super-class for regular database-persisted Odoo models.\n\n    Odoo models are created by inheriting from this class::\n\n        class user(Model):\n            ...\n\n    The system will later instantiate the class once per database (on\n    which the class' module is installed).\n    	f	\N	\N	f	f	f	\N	\N	\N	\N
149	\N	\N	resource.calendar	id	base	{"en_US": "Resource Working Time", "es_ES": "Tiempo de trabajo de recursos", "pt_PT": "Tempo de trabalho do recurso"}	 Calendar model for a resource. It has\n\n     - attendance_ids: list of resource.calendar.attendance that are a working\n                       interval in a given weekday.\n     - leave_ids: list of leaves linked to this calendar. A leave can be general\n                  or linked to a specific resource, depending on its resource_id.\n\n    All methods in this class use intervals. An interval is a tuple holding\n    (begin_datetime, end_datetime). A list of intervals is therefore a list of\n    tuples, holding several intervals of work or leaves. 	f	\N	\N	f	f	f	\N	\N	\N	\N
150	\N	\N	resource.calendar.attendance	sequence, week_type, dayofweek, hour_from	base	{"en_US": "Work Detail", "es_ES": "Detalle del trabajo", "pt_PT": "Detalhes de Trabalho"}	 Main super-class for regular database-persisted Odoo models.\n\n    Odoo models are created by inheriting from this class::\n\n        class user(Model):\n            ...\n\n    The system will later instantiate the class once per database (on\n    which the class' module is installed).\n    	f	\N	\N	f	f	f	\N	\N	\N	\N
151	\N	\N	resource.calendar.leaves	date_from	base	{"en_US": "Resource Time Off Detail", "es_ES": "Detalle de las ausencias del recurso", "pt_PT": "Detalhes de Recurso de Ausência"}	 Main super-class for regular database-persisted Odoo models.\n\n    Odoo models are created by inheriting from this class::\n\n        class user(Model):\n            ...\n\n    The system will later instantiate the class once per database (on\n    which the class' module is installed).\n    	f	\N	\N	f	f	f	\N	\N	\N	\N
152	\N	\N	resource.mixin	id	base	{"en_US": "Resource Mixin", "es_ES": "Mixin de recursos", "pt_PT": "Mixin de recursos"}	 The base model, which is implicitly inherited by all models. 	f	\N	\N	f	f	f	\N	\N	\N	\N
153	\N	\N	resource.resource	name	base	{"en_US": "Resources", "es_ES": "Recursos", "pt_PT": "Recursos"}	 Main super-class for regular database-persisted Odoo models.\n\n    Odoo models are created by inheriting from this class::\n\n        class user(Model):\n            ...\n\n    The system will later instantiate the class once per database (on\n    which the class' module is installed).\n    	f	\N	\N	f	f	f	\N	\N	\N	\N
155	\N	\N	utm.medium	name	base	{"en_US": "UTM Medium", "es_ES": "Medio UTM", "pt_PT": "Meio do UTM"}	 Main super-class for regular database-persisted Odoo models.\n\n    Odoo models are created by inheriting from this class::\n\n        class user(Model):\n            ...\n\n    The system will later instantiate the class once per database (on\n    which the class' module is installed).\n    	f	\N	\N	f	f	f	\N	\N	\N	\N
156	\N	\N	utm.mixin	id	base	{"en_US": "UTM Mixin", "es_ES": "Mixin UTM", "pt_PT": "Mixin de UTM"}	 Mixin class for objects which can be tracked by marketing. 	f	\N	\N	f	f	f	\N	\N	\N	\N
157	\N	\N	utm.source	id	base	{"en_US": "UTM Source", "es_ES": "Fuente UTM", "pt_PT": "Origem do UTM"}	 Main super-class for regular database-persisted Odoo models.\n\n    Odoo models are created by inheriting from this class::\n\n        class user(Model):\n            ...\n\n    The system will later instantiate the class once per database (on\n    which the class' module is installed).\n    	f	\N	\N	f	f	f	\N	\N	\N	\N
158	\N	\N	utm.source.mixin	id	base	{"en_US": "UTM Source Mixin", "es_ES": "Mixin de la fuente UTM", "pt_PT": "Mixin de origens do UTM"}	Mixin responsible of generating the name of the source based on the content\n    (field defined by _rec_name) of the record (mailing, social post,...).\n    	f	\N	\N	f	f	f	\N	\N	\N	\N
159	\N	\N	utm.stage	sequence	base	{"en_US": "Campaign Stage", "es_ES": "Etapa de la campaña", "pt_PT": "Estágio da campanha"}	Stage for utm campaigns.	f	\N	\N	f	f	f	\N	\N	\N	\N
161	\N	\N	certificate.key	id	base	{"en_US": "Cryptographic Keys", "es_ES": "Claves criptográficas", "pt_PT": "Chaves criptográficas"}	 Main super-class for regular database-persisted Odoo models.\n\n    Odoo models are created by inheriting from this class::\n\n        class user(Model):\n            ...\n\n    The system will later instantiate the class once per database (on\n    which the class' module is installed).\n    	f	\N	\N	f	f	f	\N	\N	\N	\N
518	\N	\N	account.edi.ubl	id	base	{"en_US": "Base helpers for UBL", "es_ES": "Ayudantes básicos para UBL"}	 The base model, which is implicitly inherited by all models. 	f	\N	\N	f	f	f	\N	\N	\N	\N
541	\N	\N	account.peppol.clarification	id	base	{"en_US": "Peppol clarifications used for rejection"}	 Main super-class for regular database-persisted Odoo models.\n\n    Odoo models are created by inheriting from this class::\n\n        class user(Model):\n            ...\n\n    The system will later instantiate the class once per database (on\n    which the class' module is installed).\n    	f	\N	\N	f	f	f	\N	\N	\N	\N
542	\N	\N	account.peppol.response	id	base	{"en_US": "Business Level Responses for Peppol"}	 Main super-class for regular database-persisted Odoo models.\n\n    Odoo models are created by inheriting from this class::\n\n        class user(Model):\n            ...\n\n    The system will later instantiate the class once per database (on\n    which the class' module is installed).\n    	f	\N	\N	f	f	f	\N	\N	\N	\N
543	\N	\N	account.peppol.rejection.wizard	id	base	{"en_US": "Peppol Rejection wizard"}	 Model super-class for transient records, meant to be temporarily\n    persistent, and regularly vacuum-cleaned.\n\n    A TransientModel has a simplified access rights management, all users can\n    create new records, and may only access the records they created. The\n    superuser has unrestricted access to all TransientModel records.\n    	t	\N	\N	f	f	f	\N	\N	\N	\N
544	\N	\N	l10n_es_edi_facturae.ac_role_type	id	base	{"en_US": "Administrative Center Role Type", "es_ES": "Tipo del rol del centro administrativo"}	 Main super-class for regular database-persisted Odoo models.\n\n    Odoo models are created by inheriting from this class::\n\n        class user(Model):\n            ...\n\n    The system will later instantiate the class once per database (on\n    which the class' module is installed).\n    	f	\N	\N	f	f	f	\N	\N	\N	\N
545	\N	\N	sale.edi.common	id	base	{"en_US": "Common functions for EDI orders", "es_ES": "Funciones comunes para las pedidos EDI"}	 The base model, which is implicitly inherited by all models. 	f	\N	\N	f	f	f	\N	\N	\N	\N
546	\N	\N	sale.edi.xml.ubl_bis3	id	base	{"en_US": "UBL BIS Ordering 3.0", "es_ES": "Pedidos UBL BIS 3.0"}	 The base model, which is implicitly inherited by all models. 	f	\N	\N	f	f	f	\N	\N	\N	\N
173	\N	\N	mail.thread.blacklist	id	base	{"en_US": "Mail Blacklist mixin", "es_ES": "Mixin de la lista negra de correos", "pt_PT": "Mixin de Lista Negra de Correio"}	 Mixin that is inherited by all model with opt out. This mixin stores a normalized\n    email based on primary_email field.\n\n    A normalized email is considered as :\n        - having a left part + @ + a right part (the domain can be without '.something')\n        - being lower case\n        - having no name before the address. Typically, having no 'Name <>'\n    Ex:\n        - Formatted Email : 'Name <NaMe@DoMaIn.CoM>'\n        - Normalized Email : 'name@domain.com'\n\n    The primary email field can be specified on the parent model, if it differs from the default one ('email')\n    The email_normalized field can than be used on that model to search quickly on emails (by simple comparison\n    and not using time consuming regex anymore).\n\n    Using this email_normalized field, blacklist status is computed.\n\n    Mail Thread capabilities are required for this mixin. 	f	\N	\N	t	f	t	\N	\N	\N	\N
174	\N	\N	mail.thread.cc	id	base	{"en_US": "Email CC management", "es_ES": "Gestión del CC del correo electrónico", "pt_PT": "Gestão de CC de e-mail"}	 mail_thread model is meant to be inherited by any model that needs to\n        act as a discussion topic on which messages can be attached. Public\n        methods are prefixed with ``message_`` in order to avoid name\n        collisions with methods of the models that will inherit from this class.\n\n        ``mail.thread`` defines fields used to handle and display the\n        communication history. ``mail.thread`` also manages followers of\n        inheriting classes. All features and expected behavior are managed\n        by mail.thread. Widgets has been designed for the 7.0 and following\n        versions of Odoo.\n\n        Inheriting classes are not required to implement any method, as the\n        default implementation will work for any model. However it is common\n        to override at least the ``message_new`` and ``message_update``\n        methods (calling ``super``) to add model-specific behavior at\n        creation and update of a thread when processing incoming emails.\n\n        Options:\n            - _mail_flat_thread: if set to True, all messages without parent_id\n                are automatically attached to the first message posted on the\n                resource. If set to False, the display of Chatter is done using\n                threads, and no parent_id is automatically set.\n\n    MailThread features can be somewhat controlled through context keys :\n\n     - ``mail_create_nosubscribe``: at create or message_post, do not subscribe\n       uid to the record thread\n     - ``mail_create_nolog``: at create, do not log the automatic '<Document>\n       created' message\n     - ``mail_notrack``: at create and write, do not perform the value tracking\n       creating messages\n     - ``tracking_disable``: at create and write, perform no MailThread features\n       (auto subscription, tracking, post, ...)\n     - ``mail_notify_force_send``: if less than 50 email notifications to send,\n       send them directly instead of using the queue; True by default\n    	f	\N	\N	t	f	f	\N	\N	\N	\N
175	\N	\N	mail.thread.main.attachment	id	base	{"en_US": "Mail Main Attachment management", "es_ES": "Gestión de los principales archivos adjuntos del correo", "pt_PT": "Gerenciamento de anexo principal de e-mails"}	 Mixin that adds main attachment support to the MailThread class. 	f	\N	\N	t	f	f	\N	\N	\N	\N
176	\N	\N	mail.tracking.duration.mixin	id	base	{"en_US": "Mixin to compute the time a record has spent in each value a many2one field can take", "es_ES": "Mixin para calcular el tiempo que ha pasado un registro en cada valor que puede tomar un campo many2one", "pt_PT": "Mixin para computar o tempo que um registro gastou em cada valor que um campo many2one pode ter"}	 The base model, which is implicitly inherited by all models. 	f	\N	\N	f	f	f	\N	\N	\N	\N
177	\N	\N	template.reset.mixin	id	base	{"en_US": "Template Reset Mixin", "es_ES": "Mixin de restablecimiento de plantilla", "pt_PT": "Mixin de redefinição de modelo"}	 The base model, which is implicitly inherited by all models. 	f	\N	\N	f	f	f	\N	\N	\N	\N
182	\N	\N	mail.activity.plan	id DESC	base	{"en_US": "Activity Plan", "es_ES": "Plan de actividad", "pt_PT": "Plano de Atividades"}	 Main super-class for regular database-persisted Odoo models.\n\n    Odoo models are created by inheriting from this class::\n\n        class user(Model):\n            ...\n\n    The system will later instantiate the class once per database (on\n    which the class' module is installed).\n    	f	\N	\N	f	f	f	\N	\N	\N	\N
183	\N	\N	mail.activity.plan.template	sequence,id	base	{"en_US": "Activity plan template", "es_ES": "Plantilla del plan de actividad", "pt_PT": "Modelo de plano de atividades"}	 Main super-class for regular database-persisted Odoo models.\n\n    Odoo models are created by inheriting from this class::\n\n        class user(Model):\n            ...\n\n    The system will later instantiate the class once per database (on\n    which the class' module is installed).\n    	f	\N	\N	f	f	f	\N	\N	\N	\N
186	\N	\N	mail.gateway.allowed	id	base	{"en_US": "Mail Gateway Allowed", "es_ES": "Puerta de enlace de correo permitida", "pt_PT": "Gateway de Correio Permitido"}	List of trusted email address which won't have the quota restriction.\n\n    The incoming emails have a restriction of the number of records they can\n    create with alias, defined by the 2 systems parameters;\n    - mail.gateway.loop.minutes\n    - mail.gateway.loop.threshold\n\n    But we might have some legit use cases for which we want to receive a ton of emails\n    from an automated-source. This model stores those trusted source and this restriction\n    won't apply to them.\n    	f	\N	\N	f	f	f	\N	\N	\N	\N
187	\N	\N	mail.link.preview	id	base	{"en_US": "Store link preview data", "es_ES": "Almacenar los datos de la vista previa del enlace", "pt_PT": "Armazenar dados de pré-visualização de link"}	 Main super-class for regular database-persisted Odoo models.\n\n    Odoo models are created by inheriting from this class::\n\n        class user(Model):\n            ...\n\n    The system will later instantiate the class once per database (on\n    which the class' module is installed).\n    	f	\N	\N	f	f	f	\N	\N	\N	\N
431	\N	\N	sms.sms	id DESC	base	{"en_US": "Outgoing SMS", "es_ES": "SMS salientes", "pt_PT": "SMS de saída"}	 Main super-class for regular database-persisted Odoo models.\n\n    Odoo models are created by inheriting from this class::\n\n        class user(Model):\n            ...\n\n    The system will later instantiate the class once per database (on\n    which the class' module is installed).\n    	f	\N	\N	f	f	f	\N	\N	\N	\N
191	\N	\N	mail.message.translation	id	base	{"en_US": "Message Translation", "es_ES": "Traducción del mensaje", "pt_PT": "Tradução de Mensagens"}	 Main super-class for regular database-persisted Odoo models.\n\n    Odoo models are created by inheriting from this class::\n\n        class user(Model):\n            ...\n\n    The system will later instantiate the class once per database (on\n    which the class' module is installed).\n    	f	\N	\N	f	f	f	\N	\N	\N	\N
193	\N	1	mail.mail	id desc	base	{"en_US": "Outgoing Mails", "es_ES": "Correos electrónicos salientes", "pt_PT": "Mensagens a Enviar"}	 Model holding RFC2822 email messages to send. This model also provides\n        facilities to queue and send new email messages.  	f	\N	2026-05-12 08:53:11.316986	f	f	f	2272	Send an E-mail	send_mail	t
194	\N	\N	mail.push	id	base	{"en_US": "Push Notifications", "es_ES": "Notificaciones push", "pt_PT": "Notificações Push"}	 Main super-class for regular database-persisted Odoo models.\n\n    Odoo models are created by inheriting from this class::\n\n        class user(Model):\n            ...\n\n    The system will later instantiate the class once per database (on\n    which the class' module is installed).\n    	f	\N	\N	f	f	f	\N	\N	\N	\N
195	\N	\N	mail.push.device	id	base	{"en_US": "Push Notification Device", "es_ES": "Dispositivo de notificación push", "pt_PT": "Dispositivo de Notificação Push"}	 Main super-class for regular database-persisted Odoo models.\n\n    Odoo models are created by inheriting from this class::\n\n        class user(Model):\n            ...\n\n    The system will later instantiate the class once per database (on\n    which the class' module is installed).\n    	f	\N	\N	f	f	f	\N	\N	\N	\N
196	\N	\N	mail.scheduled.message	id	base	{"en_US": "Scheduled Message", "es_ES": "Mensaje programado", "pt_PT": "Mensagem programada"}	 Scheduled message model (holds post values generated by the composer to delay the\n    posting of the message). Different from mail.message.schedule that posts the message but\n    delays the notification process.\n\n    Todo: when adding support for scheduling messages in mass_mail mode, could add a reference to\n    the "parent" composer (by making 'mail.compose.message' not transient anymore). This reference\n    could then be used to cancel every message scheduled "at the same time" (from one composer),\n    and to get the static 'notification parameters' (mail_server_id, auto_delete,...) instead of\n    duplicating them for each scheduled message.\n    Currently as scheduling is allowed in monocomment only, we don't have duplicates and we only\n    have static notification parameters, but some will become dynamic when adding mass_mail support\n    such as 'email_from' and 'force_email_lang'.\n    	f	\N	\N	f	f	f	\N	\N	\N	\N
197	\N	\N	mail.tracking.value	id DESC	base	{"en_US": "Mail Tracking Value", "es_ES": "Valor de seguimiento de correo", "pt_PT": "Valor de Monitorização do Correio"}	 Main super-class for regular database-persisted Odoo models.\n\n    Odoo models are created by inheriting from this class::\n\n        class user(Model):\n            ...\n\n    The system will later instantiate the class once per database (on\n    which the class' module is installed).\n    	f	\N	\N	f	f	f	\N	\N	\N	\N
198	\N	\N	mail.template	user_id,name,id	base	{"en_US": "Email Templates", "es_ES": "Plantillas de correo electrónico", "pt_PT": "Modelos de E-mail"}	Templates for sending email	f	\N	\N	f	f	f	\N	\N	\N	\N
199	\N	\N	mail.ice.server	id	base	{"en_US": "ICE server", "es_ES": "Servidor ICE", "pt_PT": "Servidor ICE"}	 Main super-class for regular database-persisted Odoo models.\n\n    Odoo models are created by inheriting from this class::\n\n        class user(Model):\n            ...\n\n    The system will later instantiate the class once per database (on\n    which the class' module is installed).\n    	f	\N	\N	f	f	f	\N	\N	\N	\N
200	\N	\N	mail.canned.response	id desc	base	{"en_US": "Canned Response", "es_ES": "Respuesta predefinida", "pt_PT": "Resposta Predefinida"}	\n    Canned Response: content that will automatically replace the shortcut of your choosing. This content can still be adapted before sending your message.\n    	f	\N	\N	f	f	f	\N	\N	\N	\N
202	\N	\N	res.users.settings.volumes	id	base	{"en_US": "User Settings Volumes", "es_ES": "Ajustes de volumen del usuario", "pt_PT": "Configurações de volume do usuário"}	 Represents the volume of the sound that the user of user_setting_id will receive from partner_id. 	f	\N	\N	f	f	f	\N	\N	\N	\N
220	\N	\N	discuss.channel.member	id	base	{"en_US": "Channel Member", "es_ES": "Miembro del canal", "pt_PT": "Membros do Canal"}	 Main super-class for regular database-persisted Odoo models.\n\n    Odoo models are created by inheriting from this class::\n\n        class user(Model):\n            ...\n\n    The system will later instantiate the class once per database (on\n    which the class' module is installed).\n    	f	\N	\N	f	f	f	\N	\N	\N	\N
221	\N	\N	discuss.channel.rtc.session	id	base	{"en_US": "Mail RTC session", "es_ES": "Sesión de comunicación en tiempo real por correo", "pt_PT": "Sessão RTC de correio"}	 Main super-class for regular database-persisted Odoo models.\n\n    Odoo models are created by inheriting from this class::\n\n        class user(Model):\n            ...\n\n    The system will later instantiate the class once per database (on\n    which the class' module is installed).\n    	f	\N	\N	f	f	f	\N	\N	\N	\N
223	\N	\N	discuss.gif.favorite	id	base	{"en_US": "Save favorite GIF from Tenor API", "es_ES": "Marcar un GIF de Tenor API como favorito ", "pt_PT": "Salvar GIF favorito da API do Tenor"}	 Main super-class for regular database-persisted Odoo models.\n\n    Odoo models are created by inheriting from this class::\n\n        class user(Model):\n            ...\n\n    The system will later instantiate the class once per database (on\n    which the class' module is installed).\n    	f	\N	\N	f	f	f	\N	\N	\N	\N
224	\N	\N	discuss.voice.metadata	id	base	{"en_US": "Metadata for voice attachments", "es_ES": "Metadatos para los archivos adjuntos de voz", "pt_PT": "Metadados para anexos de voz"}	 Main super-class for regular database-persisted Odoo models.\n\n    Odoo models are created by inheriting from this class::\n\n        class user(Model):\n            ...\n\n    The system will later instantiate the class once per database (on\n    which the class' module is installed).\n    	f	\N	\N	f	f	f	\N	\N	\N	\N
225	\N	\N	mail.guest	id	base	{"en_US": "Guest", "es_ES": "Invitado", "pt_PT": "Convidado"}	 Main super-class for regular database-persisted Odoo models.\n\n    Odoo models are created by inheriting from this class::\n\n        class user(Model):\n            ...\n\n    The system will later instantiate the class once per database (on\n    which the class' module is installed).\n    	f	\N	\N	f	f	f	\N	\N	\N	\N
432	\N	\N	sms.template	id	base	{"en_US": "SMS Templates", "es_ES": "Plantillas de SMS", "pt_PT": "Templates de SMS"}	Templates for sending SMS	f	\N	\N	f	f	f	\N	\N	\N	\N
231	\N	\N	mail.blacklist.remove	id	base	{"en_US": "Remove email from blacklist wizard", "es_ES": "Asistente para eliminar correo electrónico de la lista negra", "pt_PT": "Remover e-mail do assistente da lista negra"}	 Model super-class for transient records, meant to be temporarily\n    persistent, and regularly vacuum-cleaned.\n\n    A TransientModel has a simplified access rights management, all users can\n    create new records, and may only access the records they created. The\n    superuser has unrestricted access to all TransientModel records.\n    	t	\N	\N	f	f	f	\N	\N	\N	\N
232	\N	\N	mail.compose.message	id	base	{"en_US": "Email composition wizard", "es_ES": "Asistente de redacción de correo electrónico", "pt_PT": "Assistente de composição de e-mail"}	 Generic message composition wizard. You may inherit from this wizard\n        at model and view levels to provide specific features.\n\n        The behavior of the wizard depends on the composition_mode field:\n        - 'comment': post on a record.\n        - 'mass_mail': wizard in mass mailing mode where the mail details can\n            contain template placeholders that will be merged with actual data\n            before being sent to each recipient.\n    	t	\N	\N	f	f	f	\N	\N	\N	\N
233	\N	\N	mail.activity.schedule	id	base	{"en_US": "Activity schedule plan Wizard", "es_ES": "Asistente para planificar actividades", "pt_PT": "Assistente de cronograma de atividades"}	 Model super-class for transient records, meant to be temporarily\n    persistent, and regularly vacuum-cleaned.\n\n    A TransientModel has a simplified access rights management, all users can\n    create new records, and may only access the records they created. The\n    superuser has unrestricted access to all TransientModel records.\n    	t	\N	\N	f	f	f	\N	\N	\N	\N
234	\N	\N	mail.resend.message	id	base	{"en_US": "Email resend wizard", "es_ES": "Asistente de reenvío de correo electrónico", "pt_PT": "Assistente de reenvio de email"}	 Model super-class for transient records, meant to be temporarily\n    persistent, and regularly vacuum-cleaned.\n\n    A TransientModel has a simplified access rights management, all users can\n    create new records, and may only access the records they created. The\n    superuser has unrestricted access to all TransientModel records.\n    	t	\N	\N	f	f	f	\N	\N	\N	\N
235	\N	\N	mail.resend.partner	id	base	{"en_US": "Partner with additional information for mail resend", "es_ES": "Contacto con información adicional para el reenvío del correo", "pt_PT": "Parceiro com informações adicionais para reenvio de e-mail"}	 Model super-class for transient records, meant to be temporarily\n    persistent, and regularly vacuum-cleaned.\n\n    A TransientModel has a simplified access rights management, all users can\n    create new records, and may only access the records they created. The\n    superuser has unrestricted access to all TransientModel records.\n    	t	\N	\N	f	f	f	\N	\N	\N	\N
236	\N	\N	mail.template.preview	id	base	{"en_US": "Email Template Preview", "es_ES": "Vista previa de la plantilla del correo electrónico", "pt_PT": "Pre visualização do Template do Email"}	 Model super-class for transient records, meant to be temporarily\n    persistent, and regularly vacuum-cleaned.\n\n    A TransientModel has a simplified access rights management, all users can\n    create new records, and may only access the records they created. The\n    superuser has unrestricted access to all TransientModel records.\n    	t	\N	\N	f	f	f	\N	\N	\N	\N
237	\N	\N	mail.template.reset	id	base	{"en_US": "Mail Template Reset", "es_ES": "Restablecimiento de la plantilla de correo", "pt_PT": "Redefinição do Modelo de E-mail"}	 Model super-class for transient records, meant to be temporarily\n    persistent, and regularly vacuum-cleaned.\n\n    A TransientModel has a simplified access rights management, all users can\n    create new records, and may only access the records they created. The\n    superuser has unrestricted access to all TransientModel records.\n    	t	\N	\N	f	f	f	\N	\N	\N	\N
375	\N	\N	account.analytic.plan	sequence asc, id	base	{"en_US": "Analytic Plans", "es_ES": "Planes analíticos:", "pt_PT": "Planos Analíticos"}	 Main super-class for regular database-persisted Odoo models.\n\n    Odoo models are created by inheriting from this class::\n\n        class user(Model):\n            ...\n\n    The system will later instantiate the class once per database (on\n    which the class' module is installed).\n    	f	\N	\N	f	f	f	\N	\N	\N	\N
378	\N	\N	analytic.plan.fields.mixin	id	base	{"en_US": "Analytic Plan Fields", "es_ES": "Campos de planes analíticos", "pt_PT": "Campos do Plano Analítico"}	 Add one field per analytic plan to the model 	f	\N	\N	f	f	f	\N	\N	\N	\N
380	\N	\N	analytic.mixin	id	base	{"en_US": "Analytic Mixin", "es_ES": "Mixin analítico", "pt_PT": "Mixin Analítico"}	 The base model, which is implicitly inherited by all models. 	f	\N	\N	f	f	f	\N	\N	\N	\N
381	\N	\N	account.analytic.distribution.model	sequence, id desc	base	{"en_US": "Analytic Distribution Model", "es_ES": "Modelo de distribución analítica", "pt_PT": "Modelo de Distribuição Analítica"}	 Main super-class for regular database-persisted Odoo models.\n\n    Odoo models are created by inheriting from this class::\n\n        class user(Model):\n            ...\n\n    The system will later instantiate the class once per database (on\n    which the class' module is installed).\n    	f	\N	\N	f	f	f	\N	\N	\N	\N
382	\N	\N	base.module.install.request	id	base	{"en_US": "Module Activation Request", "es_ES": "Solicitud de activación de módulo", "pt_PT": "Solicitação de Ativação do Módulo"}	 Model super-class for transient records, meant to be temporarily\n    persistent, and regularly vacuum-cleaned.\n\n    A TransientModel has a simplified access rights management, all users can\n    create new records, and may only access the records they created. The\n    superuser has unrestricted access to all TransientModel records.\n    	t	\N	\N	f	f	f	\N	\N	\N	\N
511	\N	\N	report.account.report_invoice_with_payments	id	base	{"en_US": "Account report with payment lines", "es_ES": "Informe de cuenta con líneas de pagos", "pt_PT": "Relatório de contas com linhas de pagamento"}	 The base model, which is implicitly inherited by all models. 	f	\N	\N	f	f	f	\N	\N	\N	\N
379	\N	\N	account.analytic.line	date desc, id desc	base	{"en_US": "Analytic Line", "es_ES": "Línea analítica", "pt_PT": "Linha Analítica"}	 Main super-class for regular database-persisted Odoo models.\n\n    Odoo models are created by inheriting from this class::\n\n        class user(Model):\n            ...\n\n    The system will later instantiate the class once per database (on\n    which the class' module is installed).\n    	f	\N	\N	f	f	f	\N	\N	\N	\N
383	\N	\N	base.module.install.review	id	base	{"en_US": "Module Activation Review", "es_ES": "Revisión de la activación del módulo", "pt_PT": "Revisão de Ativação do Módulo"}	 Model super-class for transient records, meant to be temporarily\n    persistent, and regularly vacuum-cleaned.\n\n    A TransientModel has a simplified access rights management, all users can\n    create new records, and may only access the records they created. The\n    superuser has unrestricted access to all TransientModel records.\n    	t	\N	\N	f	f	f	\N	\N	\N	\N
384	\N	\N	google.gmail.mixin	id	base	{"en_US": "Google Gmail Mixin", "es_ES": "Mixin de Gmail de Google", "pt_PT": "Mixin do Google Gmail"}	 The base model, which is implicitly inherited by all models. 	f	\N	\N	f	f	f	\N	\N	\N	\N
386	\N	\N	mail.bot	id	base	{"en_US": "Mail Bot", "es_ES": "Bot de correo", "pt_PT": "Bot de e-mail"}	 The base model, which is implicitly inherited by all models. 	f	\N	\N	f	f	f	\N	\N	\N	\N
387	\N	\N	phone.blacklist	id	base	{"en_US": "Phone Blacklist", "es_ES": "Lista negra del teléfono", "pt_PT": "Lista de bloqueio de telefones"}	 Blacklist of phone numbers. Used to avoid sending unwanted messages to people. 	f	\N	\N	t	f	f	\N	\N	\N	\N
391	\N	\N	privacy.lookup.wizard	id	base	{"en_US": "Privacy Lookup Wizard", "es_ES": "Asistente de búsqueda de privacidad", "pt_PT": "Assistente de consulta de privacidade"}	 Model super-class for transient records, meant to be temporarily\n    persistent, and regularly vacuum-cleaned.\n\n    A TransientModel has a simplified access rights management, all users can\n    create new records, and may only access the records they created. The\n    superuser has unrestricted access to all TransientModel records.\n    	t	\N	\N	f	f	f	\N	\N	\N	\N
392	\N	\N	privacy.lookup.wizard.line	id	base	{"en_US": "Privacy Lookup Wizard Line", "es_ES": "Línea de asistente de búsqueda de privacidad", "pt_PT": "Linha do assistente de consultas de privacidade"}	 Model super-class for transient records, meant to be temporarily\n    persistent, and regularly vacuum-cleaned.\n\n    A TransientModel has a simplified access rights management, all users can\n    create new records, and may only access the records they created. The\n    superuser has unrestricted access to all TransientModel records.\n    	t	\N	\N	f	f	f	\N	\N	\N	\N
395	\N	\N	product.attribute	sequence, id	base	{"en_US": "Product Attribute", "es_ES": "Atributo de producto", "pt_PT": "Atributo do Artigo"}	 Main super-class for regular database-persisted Odoo models.\n\n    Odoo models are created by inheriting from this class::\n\n        class user(Model):\n            ...\n\n    The system will later instantiate the class once per database (on\n    which the class' module is installed).\n    	f	\N	\N	f	f	f	\N	\N	\N	\N
396	\N	\N	product.attribute.custom.value	custom_product_template_attribute_value_id, id	base	{"en_US": "Product Attribute Custom Value", "es_ES": "Valor personalizado del atributo del producto", "pt_PT": "Valor personalizado do atributo do produto"}	 Main super-class for regular database-persisted Odoo models.\n\n    Odoo models are created by inheriting from this class::\n\n        class user(Model):\n            ...\n\n    The system will later instantiate the class once per database (on\n    which the class' module is installed).\n    	f	\N	\N	f	f	f	\N	\N	\N	\N
397	\N	\N	product.attribute.value	attribute_id, sequence, id	base	{"en_US": "Attribute Value", "es_ES": "Valor del atributo", "pt_PT": "Valor do atributo"}	 Main super-class for regular database-persisted Odoo models.\n\n    Odoo models are created by inheriting from this class::\n\n        class user(Model):\n            ...\n\n    The system will later instantiate the class once per database (on\n    which the class' module is installed).\n    	f	\N	\N	f	f	f	\N	\N	\N	\N
398	\N	\N	product.catalog.mixin	id	base	{"en_US": "Product Catalog Mixin", "es_ES": "Mixin de catálogo de producto", "pt_PT": "Mixin do catálogo de produtos"}	 This mixin should be inherited when the model should be able to work\n    with the product catalog.\n    It assumes the model using this mixin has a O2M field where the products are added/removed and\n    this field's co-related model should has a method named `_get_product_catalog_lines_data`.\n    	f	\N	\N	f	f	f	\N	\N	\N	\N
399	\N	\N	product.category	complete_name	base	{"en_US": "Product Category", "es_ES": "Categoría de producto", "pt_PT": "Categoria do Artigo"}	 Main super-class for regular database-persisted Odoo models.\n\n    Odoo models are created by inheriting from this class::\n\n        class user(Model):\n            ...\n\n    The system will later instantiate the class once per database (on\n    which the class' module is installed).\n    	f	\N	\N	t	f	f	\N	\N	\N	\N
400	\N	\N	product.combo	sequence, id	base	{"en_US": "Product Combo", "es_ES": "Combinación de productos", "pt_PT": "Combo de produtos"}	 Main super-class for regular database-persisted Odoo models.\n\n    Odoo models are created by inheriting from this class::\n\n        class user(Model):\n            ...\n\n    The system will later instantiate the class once per database (on\n    which the class' module is installed).\n    	f	\N	\N	f	f	f	\N	\N	\N	\N
401	\N	\N	product.combo.item	id	base	{"en_US": "Product Combo Item", "es_ES": "Artículo de las combinación de productos", "pt_PT": "Ite do combo do produto"}	 Main super-class for regular database-persisted Odoo models.\n\n    Odoo models are created by inheriting from this class::\n\n        class user(Model):\n            ...\n\n    The system will later instantiate the class once per database (on\n    which the class' module is installed).\n    	f	\N	\N	f	f	f	\N	\N	\N	\N
402	\N	\N	product.document	sequence, name	base	{"en_US": "Product Document", "es_ES": "Documento del producto", "pt_PT": "Documento do Artigo"}	 Main super-class for regular database-persisted Odoo models.\n\n    Odoo models are created by inheriting from this class::\n\n        class user(Model):\n            ...\n\n    The system will later instantiate the class once per database (on\n    which the class' module is installed).\n    	f	\N	\N	f	f	f	\N	\N	\N	\N
403	\N	\N	product.packaging	product_id, sequence, id	base	{"en_US": "Product Packaging", "es_ES": "Embalaje del producto", "pt_PT": "Embalagem do Artigo"}	 Main super-class for regular database-persisted Odoo models.\n\n    Odoo models are created by inheriting from this class::\n\n        class user(Model):\n            ...\n\n    The system will later instantiate the class once per database (on\n    which the class' module is installed).\n    	f	\N	\N	f	f	f	\N	\N	\N	\N
404	\N	\N	product.pricelist	sequence, id, name	base	{"en_US": "Pricelist", "es_ES": "Lista de precios", "pt_PT": "Lista de preços"}	 Main super-class for regular database-persisted Odoo models.\n\n    Odoo models are created by inheriting from this class::\n\n        class user(Model):\n            ...\n\n    The system will later instantiate the class once per database (on\n    which the class' module is installed).\n    	f	\N	\N	t	t	f	\N	\N	\N	\N
405	\N	\N	product.pricelist.item	applied_on, min_quantity desc, categ_id desc, id desc	base	{"en_US": "Pricelist Rule", "es_ES": "Regla de la lista de precios", "pt_PT": "Regra de Lista de Preços"}	 Main super-class for regular database-persisted Odoo models.\n\n    Odoo models are created by inheriting from this class::\n\n        class user(Model):\n            ...\n\n    The system will later instantiate the class once per database (on\n    which the class' module is installed).\n    	f	\N	\N	f	f	f	\N	\N	\N	\N
406	\N	\N	product.supplierinfo	sequence, min_qty DESC, price, id	base	{"en_US": "Supplier Pricelist", "es_ES": "Lista de precios de proveedor", "pt_PT": "Lista de Preços de Fornecedor"}	 Main super-class for regular database-persisted Odoo models.\n\n    Odoo models are created by inheriting from this class::\n\n        class user(Model):\n            ...\n\n    The system will later instantiate the class once per database (on\n    which the class' module is installed).\n    	f	\N	\N	f	f	f	\N	\N	\N	\N
407	\N	\N	product.tag	sequence, id	base	{"en_US": "Product Tag", "es_ES": "Etiqueta de producto", "pt_PT": "Etiqueta do Artigo"}	 Main super-class for regular database-persisted Odoo models.\n\n    Odoo models are created by inheriting from this class::\n\n        class user(Model):\n            ...\n\n    The system will later instantiate the class once per database (on\n    which the class' module is installed).\n    	f	\N	\N	f	f	f	\N	\N	\N	\N
408	\N	\N	product.template.attribute.line	sequence, attribute_id, id	base	{"en_US": "Product Template Attribute Line", "es_ES": "Línea de atributo de la plantilla de producto", "pt_PT": "Linha de Atributo do Modelo de Artigo"}	Attributes available on product.template with their selected values in a m2m.\n    Used as a configuration model to generate the appropriate product.template.attribute.value	f	\N	\N	f	f	f	\N	\N	\N	\N
409	\N	\N	product.template.attribute.exclusion	product_tmpl_id, id	base	{"en_US": "Product Template Attribute Exclusion", "es_ES": "Exclusión del atributo de la plantilla de producto", "pt_PT": "Exclusão de atributo de modelo de produto"}	 Main super-class for regular database-persisted Odoo models.\n\n    Odoo models are created by inheriting from this class::\n\n        class user(Model):\n            ...\n\n    The system will later instantiate the class once per database (on\n    which the class' module is installed).\n    	f	\N	\N	f	f	f	\N	\N	\N	\N
410	\N	\N	product.template.attribute.value	attribute_line_id, product_attribute_value_id, id	base	{"en_US": "Product Template Attribute Value", "es_ES": "Valor del atributo de la plantilla de producto", "pt_PT": "Valor de Atributo do Modelo de Artigo"}	Materialized relationship between attribute values\n    and product template generated by the product.template.attribute.line	f	\N	\N	f	f	f	\N	\N	\N	\N
411	\N	\N	report.product.report_producttemplatelabel2x7	id	base	{"en_US": "Product Label Report 2x7", "es_ES": "Informe de la etiqueta de producto 2x7", "pt_PT": "Relatório da etiqueta do produto 2x7"}	 The base model, which is implicitly inherited by all models. 	f	\N	\N	f	f	f	\N	\N	\N	\N
412	\N	\N	report.product.report_producttemplatelabel4x7	id	base	{"en_US": "Product Label Report 4x7", "es_ES": "Informe de la etiqueta de producto 4x7", "pt_PT": "Relatório da etiqueta do produto 2x7"}	 The base model, which is implicitly inherited by all models. 	f	\N	\N	f	f	f	\N	\N	\N	\N
413	\N	\N	report.product.report_producttemplatelabel4x12	id	base	{"en_US": "Product Label Report 4x12", "es_ES": "Informe de la etiqueta de producto 4x12", "pt_PT": "Relatório da etiqueta do produto 4x12"}	 The base model, which is implicitly inherited by all models. 	f	\N	\N	f	f	f	\N	\N	\N	\N
414	\N	\N	report.product.report_producttemplatelabel4x12noprice	id	base	{"en_US": "Product Label Report 4x12 No Price", "es_ES": "Informe de la etiqueta de producto 4x12 Sin precio", "pt_PT": "Relatório da etiqueta do produto 4x12 – Sem preço"}	 The base model, which is implicitly inherited by all models. 	f	\N	\N	f	f	f	\N	\N	\N	\N
415	\N	\N	report.product.report_producttemplatelabel_dymo	id	base	{"en_US": "Product Label Report", "es_ES": "Informe de la etiqueta de producto 2x7", "pt_PT": "Etiqueta da etiqueta do produto"}	 The base model, which is implicitly inherited by all models. 	f	\N	\N	f	f	f	\N	\N	\N	\N
416	\N	\N	report.product.report_pricelist	id	base	{"en_US": "Pricelist Report", "es_ES": "Informe de la lista de precios", "pt_PT": "Relatório de lista de preços"}	 The base model, which is implicitly inherited by all models. 	f	\N	\N	f	f	f	\N	\N	\N	\N
417	\N	\N	product.label.layout	id	base	{"en_US": "Choose the sheet layout to print the labels", "es_ES": "Elija el diseño de la hoja para imprimir etiquetas", "pt_PT": "Escolha o layout da folha para imprimir as etiquetas"}	 Model super-class for transient records, meant to be temporarily\n    persistent, and regularly vacuum-cleaned.\n\n    A TransientModel has a simplified access rights management, all users can\n    create new records, and may only access the records they created. The\n    superuser has unrestricted access to all TransientModel records.\n    	t	\N	\N	f	f	f	\N	\N	\N	\N
418	\N	\N	update.product.attribute.value	id	base	{"en_US": "Update product attribute value", "es_ES": "Actualizar el valor del atributo del producto", "pt_PT": "Atualizar o valor do atributo do produto"}	 Model super-class for transient records, meant to be temporarily\n    persistent, and regularly vacuum-cleaned.\n\n    A TransientModel has a simplified access rights management, all users can\n    create new records, and may only access the records they created. The\n    superuser has unrestricted access to all TransientModel records.\n    	t	\N	\N	f	f	f	\N	\N	\N	\N
419	\N	\N	crm.team.member	create_date ASC, id	base	{"en_US": "Sales Team Member", "es_ES": "Miembro del equipo de ventas", "pt_PT": "Membro da equipe de vendas"}	 Main super-class for regular database-persisted Odoo models.\n\n    Odoo models are created by inheriting from this class::\n\n        class user(Model):\n            ...\n\n    The system will later instantiate the class once per database (on\n    which the class' module is installed).\n    	f	\N	\N	t	f	f	\N	\N	\N	\N
421	\N	\N	crm.tag	id	base	{"en_US": "CRM Tag", "es_ES": "Etiqueta CRM", "pt_PT": "Marcador do CRM"}	 Main super-class for regular database-persisted Odoo models.\n\n    Odoo models are created by inheriting from this class::\n\n        class user(Model):\n            ...\n\n    The system will later instantiate the class once per database (on\n    which the class' module is installed).\n    	f	\N	\N	f	f	f	\N	\N	\N	\N
422	\N	\N	iap.autocomplete.api	id	base	{"en_US": "IAP Partner Autocomplete API", "es_ES": "API de autocompletado del contacto de IAP", "pt_PT": "API de preenchimento automático do usuário de IAP"}	 The base model, which is implicitly inherited by all models. 	f	\N	\N	f	f	f	\N	\N	\N	\N
425	\N	\N	portal.share	id	base	{"en_US": "Portal Sharing", "es_ES": "Compartir portal", "pt_PT": "Partilha de Portal"}	 Model super-class for transient records, meant to be temporarily\n    persistent, and regularly vacuum-cleaned.\n\n    A TransientModel has a simplified access rights management, all users can\n    create new records, and may only access the records they created. The\n    superuser has unrestricted access to all TransientModel records.\n    	t	\N	\N	f	f	f	\N	\N	\N	\N
437	\N	\N	sms.composer	id	base	{"en_US": "Send SMS Wizard", "es_ES": "Asistente de envío de SMS", "pt_PT": "Assistente de envio de SMS"}	 Model super-class for transient records, meant to be temporarily\n    persistent, and regularly vacuum-cleaned.\n\n    A TransientModel has a simplified access rights management, all users can\n    create new records, and may only access the records they created. The\n    superuser has unrestricted access to all TransientModel records.\n    	t	\N	\N	f	f	f	\N	\N	\N	\N
440	\N	\N	sms.template.preview	id	base	{"en_US": "SMS Template Preview", "es_ES": "Vista previa de la plantilla de SMS", "pt_PT": "Visualizar modelo de SMS"}	 Model super-class for transient records, meant to be temporarily\n    persistent, and regularly vacuum-cleaned.\n\n    A TransientModel has a simplified access rights management, all users can\n    create new records, and may only access the records they created. The\n    superuser has unrestricted access to all TransientModel records.\n    	t	\N	\N	f	f	f	\N	\N	\N	\N
441	\N	\N	sms.template.reset	id	base	{"en_US": "SMS Template Reset", "es_ES": "Restablecimiento de la plantilla de SMS", "pt_PT": "Redefinir modelo de SMS"}	 Model super-class for transient records, meant to be temporarily\n    persistent, and regularly vacuum-cleaned.\n\n    A TransientModel has a simplified access rights management, all users can\n    create new records, and may only access the records they created. The\n    superuser has unrestricted access to all TransientModel records.\n    	t	\N	\N	f	f	f	\N	\N	\N	\N
446	\N	\N	digest.tip	sequence	base	{"en_US": "Digest Tips", "es_ES": "Consejos del resumen", "pt_PT": "Sugestões de Resumos"}	 Main super-class for regular database-persisted Odoo models.\n\n    Odoo models are created by inheriting from this class::\n\n        class user(Model):\n            ...\n\n    The system will later instantiate the class once per database (on\n    which the class' module is installed).\n    	f	\N	\N	f	f	f	\N	\N	\N	\N
447	\N	\N	payment.method	active desc, sequence, name	base	{"en_US": "Payment Method", "es_ES": "Método de pago", "pt_PT": "Método de Pagamento"}	 Main super-class for regular database-persisted Odoo models.\n\n    Odoo models are created by inheriting from this class::\n\n        class user(Model):\n            ...\n\n    The system will later instantiate the class once per database (on\n    which the class' module is installed).\n    	f	\N	\N	f	f	f	\N	\N	\N	\N
445	\N	\N	digest.digest	id	base	{"en_US": "Digest", "es_ES": "Resumen", "pt_PT": "Resumo"}	 Main super-class for regular database-persisted Odoo models.\n\n    Odoo models are created by inheriting from this class::\n\n        class user(Model):\n            ...\n\n    The system will later instantiate the class once per database (on\n    which the class' module is installed).\n    	f	\N	\N	f	f	f	\N	\N	\N	\N
449	\N	\N	payment.token	partner_id, id desc	base	{"en_US": "Payment Token", "es_ES": "Token de pago", "pt_PT": "Código de Pagamento"}	 Main super-class for regular database-persisted Odoo models.\n\n    Odoo models are created by inheriting from this class::\n\n        class user(Model):\n            ...\n\n    The system will later instantiate the class once per database (on\n    which the class' module is installed).\n    	f	\N	\N	f	f	f	\N	\N	\N	\N
451	\N	\N	payment.capture.wizard	id	base	{"en_US": "Payment Capture Wizard", "es_ES": "Asistente de captura de pagos ", "pt_PT": "Assistente de captura de pagamentos"}	 Model super-class for transient records, meant to be temporarily\n    persistent, and regularly vacuum-cleaned.\n\n    A TransientModel has a simplified access rights management, all users can\n    create new records, and may only access the records they created. The\n    superuser has unrestricted access to all TransientModel records.\n    	t	\N	\N	f	f	f	\N	\N	\N	\N
452	\N	\N	payment.link.wizard	id	base	{"en_US": "Generate Sales Payment Link", "es_ES": "Generar enlace de pago de ventas", "pt_PT": "Gerar link de pagamento da venda"}	 Model super-class for transient records, meant to be temporarily\n    persistent, and regularly vacuum-cleaned.\n\n    A TransientModel has a simplified access rights management, all users can\n    create new records, and may only access the records they created. The\n    superuser has unrestricted access to all TransientModel records.\n    	t	\N	\N	f	f	f	\N	\N	\N	\N
453	\N	\N	payment.provider.onboarding.wizard	id	base	{"en_US": "Payment provider onboarding wizard", "es_ES": "Asistente para la incorporación de proveedores de pago", "pt_PT": "Assistente de integração de provedor de serviços de pagamento"}	 Model super-class for transient records, meant to be temporarily\n    persistent, and regularly vacuum-cleaned.\n\n    A TransientModel has a simplified access rights management, all users can\n    create new records, and may only access the records they created. The\n    superuser has unrestricted access to all TransientModel records.\n    	t	\N	\N	f	f	f	\N	\N	\N	\N
455	\N	\N	sequence.mixin	id	base	{"en_US": "Automatic sequence", "es_ES": "Secuencia automática", "pt_PT": "Seqüência automática"}	Mechanism used to have an editable sequence number.\n\n    Be careful of how you use this regarding the prefixes. More info in the\n    docstring of _get_last_sequence.\n    	f	\N	\N	f	f	f	\N	\N	\N	\N
457	\N	\N	account.fiscal.position	sequence	base	{"en_US": "Fiscal Position", "es_ES": "Posición fiscal", "pt_PT": "Posição Fiscal"}	 Main super-class for regular database-persisted Odoo models.\n\n    Odoo models are created by inheriting from this class::\n\n        class user(Model):\n            ...\n\n    The system will later instantiate the class once per database (on\n    which the class' module is installed).\n    	f	\N	\N	f	f	f	\N	\N	\N	\N
458	\N	\N	account.fiscal.position.tax	id	base	{"en_US": "Tax Mapping of Fiscal Position", "es_ES": "Mapeo de impuestos de la posición fiscal", "pt_PT": "Mapeamento de Impostos da Posição Fiscal"}	 Main super-class for regular database-persisted Odoo models.\n\n    Odoo models are created by inheriting from this class::\n\n        class user(Model):\n            ...\n\n    The system will later instantiate the class once per database (on\n    which the class' module is installed).\n    	f	\N	\N	f	f	f	\N	\N	\N	\N
456	\N	\N	account.move	date desc, name desc, invoice_date desc, id desc	base	{"en_US": "Journal Entry", "es_ES": "Asiento contable", "pt_PT": "Lançamento de Diário"}	 Main super-class for regular database-persisted Odoo models.\n\n    Odoo models are created by inheriting from this class::\n\n        class user(Model):\n            ...\n\n    The system will later instantiate the class once per database (on\n    which the class' module is installed).\n    	f	\N	\N	t	t	f	\N	\N	\N	\N
459	\N	\N	account.fiscal.position.account	id	base	{"en_US": "Accounts Mapping of Fiscal Position", "es_ES": "Mapeo de cuentas de posición fiscal", "pt_PT": "Mapeamento de Contas da Posição Fiscal"}	 Main super-class for regular database-persisted Odoo models.\n\n    Odoo models are created by inheriting from this class::\n\n        class user(Model):\n            ...\n\n    The system will later instantiate the class once per database (on\n    which the class' module is installed).\n    	f	\N	\N	f	f	f	\N	\N	\N	\N
461	\N	\N	account.account.tag	id	base	{"en_US": "Account Tag", "es_ES": "Etiqueta de cuenta", "pt_PT": "Etiqueta de Conta"}	 Main super-class for regular database-persisted Odoo models.\n\n    Odoo models are created by inheriting from this class::\n\n        class user(Model):\n            ...\n\n    The system will later instantiate the class once per database (on\n    which the class' module is installed).\n    	f	\N	\N	f	f	f	\N	\N	\N	\N
463	\N	\N	account.group	code_prefix_start	base	{"en_US": "Account Group", "es_ES": "Grupo de cuenta", "pt_PT": "Grupo Contabilístico"}	 Main super-class for regular database-persisted Odoo models.\n\n    Odoo models are created by inheriting from this class::\n\n        class user(Model):\n            ...\n\n    The system will later instantiate the class once per database (on\n    which the class' module is installed).\n    	f	\N	\N	f	f	f	\N	\N	\N	\N
464	\N	\N	account.code.mapping	id	base	{"en_US": "Mapping of account codes per company", "es_ES": "Mapeo de los códigos de cuenta por compañía", "pt_PT": "Mapeamento de códigos de conta por empresa"}	 Main super-class for regular database-persisted Odoo models.\n\n    Odoo models are created by inheriting from this class::\n\n        class user(Model):\n            ...\n\n    The system will later instantiate the class once per database (on\n    which the class' module is installed).\n    	f	\N	\N	f	f	f	\N	\N	\N	\N
465	\N	\N	account.root	id	base	{"en_US": "Account codes first 2 digits", "es_ES": "Primeros 2 dígitos de códigos de cuenta", "pt_PT": "Primeiros 2 dígitos dos códigos de conta"}	 Main super-class for regular database-persisted Odoo models.\n\n    Odoo models are created by inheriting from this class::\n\n        class user(Model):\n            ...\n\n    The system will later instantiate the class once per database (on\n    which the class' module is installed).\n    	f	\N	\N	f	f	f	\N	\N	\N	\N
466	\N	\N	account.journal.group	id	base	{"en_US": "Account Journal Group", "es_ES": "Grupo de diario contable", "pt_PT": "Grupo de Diários de Contas"}	 Main super-class for regular database-persisted Odoo models.\n\n    Odoo models are created by inheriting from this class::\n\n        class user(Model):\n            ...\n\n    The system will later instantiate the class once per database (on\n    which the class' module is installed).\n    	f	\N	\N	f	f	f	\N	\N	\N	\N
467	\N	\N	account.journal	sequence, type, code	base	{"en_US": "Journal", "es_ES": "Diario", "pt_PT": "Diário"}	 Main super-class for regular database-persisted Odoo models.\n\n    Odoo models are created by inheriting from this class::\n\n        class user(Model):\n            ...\n\n    The system will later instantiate the class once per database (on\n    which the class' module is installed).\n    	f	\N	\N	t	t	f	\N	\N	\N	\N
469	\N	\N	account.lock_exception	id	base	{"en_US": "Account Lock Exception", "es_ES": "Excepción de bloqueo de la cuenta", "pt_PT": "Exceção de Bloqueio de Conta"}	 Main super-class for regular database-persisted Odoo models.\n\n    Odoo models are created by inheriting from this class::\n\n        class user(Model):\n            ...\n\n    The system will later instantiate the class once per database (on\n    which the class' module is installed).\n    	f	\N	\N	f	f	f	\N	\N	\N	\N
470	\N	\N	account.tax.group	sequence asc, id	base	{"en_US": "Tax Group", "es_ES": "Grupo de impuestos", "pt_PT": "Grupo de Impostos"}	 Main super-class for regular database-persisted Odoo models.\n\n    Odoo models are created by inheriting from this class::\n\n        class user(Model):\n            ...\n\n    The system will later instantiate the class once per database (on\n    which the class' module is installed).\n    	f	\N	\N	f	f	f	\N	\N	\N	\N
471	\N	\N	account.tax	sequence,id	base	{"en_US": "Tax", "es_ES": "Impuesto", "pt_PT": "Imposto"}	 Main super-class for regular database-persisted Odoo models.\n\n    Odoo models are created by inheriting from this class::\n\n        class user(Model):\n            ...\n\n    The system will later instantiate the class once per database (on\n    which the class' module is installed).\n    	f	\N	\N	t	f	f	\N	\N	\N	\N
472	\N	\N	account.tax.repartition.line	document_type, repartition_type, sequence, id	base	{"en_US": "Tax Repartition Line", "es_ES": "Línea de repartición de impuestos", "pt_PT": "Linha de Repartição Fiscal"}	 Main super-class for regular database-persisted Odoo models.\n\n    Odoo models are created by inheriting from this class::\n\n        class user(Model):\n            ...\n\n    The system will later instantiate the class once per database (on\n    which the class' module is installed).\n    	f	\N	\N	f	f	f	\N	\N	\N	\N
473	\N	\N	account.reconcile.model.partner.mapping	id	base	{"en_US": "Partner mapping for reconciliation models", "es_ES": "Mapeo de contactos para modelos de conciliación", "pt_PT": "Mapeamento de parceiros para modelos de reconciliação"}	 Main super-class for regular database-persisted Odoo models.\n\n    Odoo models are created by inheriting from this class::\n\n        class user(Model):\n            ...\n\n    The system will later instantiate the class once per database (on\n    which the class' module is installed).\n    	f	\N	\N	f	f	f	\N	\N	\N	\N
474	\N	\N	account.reconcile.model.line	sequence, id	base	{"en_US": "Rules for the reconciliation model", "es_ES": "Reglas para el modelo de conciliación", "pt_PT": "Regras para o modelo de reconciliação"}	 Main super-class for regular database-persisted Odoo models.\n\n    Odoo models are created by inheriting from this class::\n\n        class user(Model):\n            ...\n\n    The system will later instantiate the class once per database (on\n    which the class' module is installed).\n    	f	\N	\N	f	f	f	\N	\N	\N	\N
475	\N	\N	account.reconcile.model	sequence, id	base	{"en_US": "Preset to create journal entries during a invoices and payments matching", "es_ES": "Preajuste para crear asientos durante la conciliación de facturas y pagos", "pt_PT": "Pré-ajuste para criar lançamentos em diário durante a reconciliação de faturas e pagamentos"}	 Main super-class for regular database-persisted Odoo models.\n\n    Odoo models are created by inheriting from this class::\n\n        class user(Model):\n            ...\n\n    The system will later instantiate the class once per database (on\n    which the class' module is installed).\n    	f	\N	\N	t	f	f	\N	\N	\N	\N
476	\N	\N	account.payment.term	sequence, id	base	{"en_US": "Payment Terms", "es_ES": "Condiciones de pago", "pt_PT": "Termos de Pagamento"}	 Main super-class for regular database-persisted Odoo models.\n\n    Odoo models are created by inheriting from this class::\n\n        class user(Model):\n            ...\n\n    The system will later instantiate the class once per database (on\n    which the class' module is installed).\n    	f	\N	\N	f	f	f	\N	\N	\N	\N
477	\N	\N	account.payment.term.line	id	base	{"en_US": "Payment Terms Line", "es_ES": "Línea de condiciones de pago", "pt_PT": "Linha de Condições de Pagamento"}	 Main super-class for regular database-persisted Odoo models.\n\n    Odoo models are created by inheriting from this class::\n\n        class user(Model):\n            ...\n\n    The system will later instantiate the class once per database (on\n    which the class' module is installed).\n    	f	\N	\N	f	f	f	\N	\N	\N	\N
480	\N	\N	account.partial.reconcile	id	base	{"en_US": "Partial Reconcile", "es_ES": "Conciliación parcial", "pt_PT": "Reconciliação Parcial"}	 Main super-class for regular database-persisted Odoo models.\n\n    Odoo models are created by inheriting from this class::\n\n        class user(Model):\n            ...\n\n    The system will later instantiate the class once per database (on\n    which the class' module is installed).\n    	f	\N	\N	f	f	f	\N	\N	\N	\N
481	\N	\N	account.full.reconcile	id	base	{"en_US": "Full Reconcile", "es_ES": "Conciliación completa", "pt_PT": "Reconciliação total"}	 Main super-class for regular database-persisted Odoo models.\n\n    Odoo models are created by inheriting from this class::\n\n        class user(Model):\n            ...\n\n    The system will later instantiate the class once per database (on\n    which the class' module is installed).\n    	f	\N	\N	f	f	f	\N	\N	\N	\N
478	\N	\N	account.move.line	date desc, move_name desc, id	base	{"en_US": "Journal Item", "es_ES": "Apunte contable", "pt_PT": "Item do Diário"}	 Override AccountInvoice_line to add the link to the purchase order line it is related to	f	\N	\N	f	f	f	\N	\N	\N	\N
483	\N	\N	account.payment.method	id	base	{"en_US": "Payment Methods", "es_ES": "Métodos de pago", "pt_PT": "Métodos de Pagamento"}	 Main super-class for regular database-persisted Odoo models.\n\n    Odoo models are created by inheriting from this class::\n\n        class user(Model):\n            ...\n\n    The system will later instantiate the class once per database (on\n    which the class' module is installed).\n    	f	\N	\N	f	f	f	\N	\N	\N	\N
484	\N	\N	account.payment.method.line	sequence, id	base	{"en_US": "Payment Methods", "es_ES": "Métodos de pago", "pt_PT": "Métodos de Pagamento"}	 Main super-class for regular database-persisted Odoo models.\n\n    Odoo models are created by inheriting from this class::\n\n        class user(Model):\n            ...\n\n    The system will later instantiate the class once per database (on\n    which the class' module is installed).\n    	f	\N	\N	f	f	f	\N	\N	\N	\N
485	\N	\N	account.bank.statement	first_line_index desc	base	{"en_US": "Bank Statement", "es_ES": "Extracto bancario", "pt_PT": "Extrato Bancário"}	 Main super-class for regular database-persisted Odoo models.\n\n    Odoo models are created by inheriting from this class::\n\n        class user(Model):\n            ...\n\n    The system will later instantiate the class once per database (on\n    which the class' module is installed).\n    	f	\N	\N	f	f	f	\N	\N	\N	\N
486	\N	\N	account.bank.statement.line	internal_index desc	base	{"en_US": "Bank Statement Line", "es_ES": "Línea de extracto bancario", "pt_PT": "Linha de Extrato Bancário"}	 Main super-class for regular database-persisted Odoo models.\n\n    Odoo models are created by inheriting from this class::\n\n        class user(Model):\n            ...\n\n    The system will later instantiate the class once per database (on\n    which the class' module is installed).\n    	f	\N	\N	f	f	f	\N	\N	\N	\N
487	\N	\N	account.chart.template	id	base	{"en_US": "Account Chart Template", "es_ES": "Plantilla de plan contable", "pt_PT": "Modelo de Plano de Contas"}	 The base model, which is implicitly inherited by all models. 	f	\N	\N	f	f	f	\N	\N	\N	\N
488	\N	\N	account.cash.rounding	id	base	{"en_US": "Account Cash Rounding", "es_ES": "Redondeo de efectivo de la cuenta", "pt_PT": "Arredondamento de Moeda"}	\n    In some countries, we need to be able to make appear on an invoice a rounding line, appearing there only because the\n    smallest coinage has been removed from the circulation. For example, in Switzerland invoices have to be rounded to\n    0.05 CHF because coins of 0.01 CHF and 0.02 CHF aren't used anymore.\n    see https://en.wikipedia.org/wiki/Cash_rounding for more details.\n    	f	\N	\N	f	f	f	\N	\N	\N	\N
489	\N	\N	account.incoterms	id	base	{"en_US": "Incoterms", "es_ES": "Incoterms", "pt_PT": "Incoterms"}	 Main super-class for regular database-persisted Odoo models.\n\n    Odoo models are created by inheriting from this class::\n\n        class user(Model):\n            ...\n\n    The system will later instantiate the class once per database (on\n    which the class' module is installed).\n    	f	\N	\N	f	f	f	\N	\N	\N	\N
490	\N	\N	account.report	sequence, id	base	{"en_US": "Accounting Report", "es_ES": "Informe contable", "pt_PT": "Relatório Contabilístico"}	 Main super-class for regular database-persisted Odoo models.\n\n    Odoo models are created by inheriting from this class::\n\n        class user(Model):\n            ...\n\n    The system will later instantiate the class once per database (on\n    which the class' module is installed).\n    	f	\N	\N	f	f	f	\N	\N	\N	\N
491	\N	\N	account.report.line	sequence, id	base	{"en_US": "Accounting Report Line", "es_ES": "Línea del informe contable", "pt_PT": "Linha de Relatório Contabilístico"}	 Main super-class for regular database-persisted Odoo models.\n\n    Odoo models are created by inheriting from this class::\n\n        class user(Model):\n            ...\n\n    The system will later instantiate the class once per database (on\n    which the class' module is installed).\n    	f	\N	\N	f	f	f	\N	\N	\N	\N
492	\N	\N	account.report.expression	id	base	{"en_US": "Accounting Report Expression", "es_ES": "Expresión de informe contable", "pt_PT": "Expressão de Relatório Contabilístico"}	 Main super-class for regular database-persisted Odoo models.\n\n    Odoo models are created by inheriting from this class::\n\n        class user(Model):\n            ...\n\n    The system will later instantiate the class once per database (on\n    which the class' module is installed).\n    	f	\N	\N	f	f	f	\N	\N	\N	\N
493	\N	\N	account.report.column	sequence, id	base	{"en_US": "Accounting Report Column", "es_ES": "Columna de informe contable", "pt_PT": "Coluna de Relatório Contabilístico"}	 Main super-class for regular database-persisted Odoo models.\n\n    Odoo models are created by inheriting from this class::\n\n        class user(Model):\n            ...\n\n    The system will later instantiate the class once per database (on\n    which the class' module is installed).\n    	f	\N	\N	f	f	f	\N	\N	\N	\N
494	\N	\N	account.report.external.value	date, id	base	{"en_US": "Accounting Report External Value", "es_ES": "Valor externo de informe contable", "pt_PT": "Valor Externo de Relatório Contabilístico"}	 Main super-class for regular database-persisted Odoo models.\n\n    Odoo models are created by inheriting from this class::\n\n        class user(Model):\n            ...\n\n    The system will later instantiate the class once per database (on\n    which the class' module is installed).\n    	f	\N	\N	f	f	f	\N	\N	\N	\N
495	\N	\N	account.automatic.entry.wizard	id	base	{"en_US": "Create Automatic Entries", "es_ES": "Crear asientos automáticos", "pt_PT": "Criar Lançamentos Automáticos"}	 Model super-class for transient records, meant to be temporarily\n    persistent, and regularly vacuum-cleaned.\n\n    A TransientModel has a simplified access rights management, all users can\n    create new records, and may only access the records they created. The\n    superuser has unrestricted access to all TransientModel records.\n    	t	\N	\N	f	f	f	\N	\N	\N	\N
496	\N	\N	account.autopost.bills.wizard	id	base	{"en_US": "Autopost Bills Wizard", "es_ES": "Asistente de registro automático de facturas", "pt_PT": "Assistente de Auto-Registo de Faturas"}	 Model super-class for transient records, meant to be temporarily\n    persistent, and regularly vacuum-cleaned.\n\n    A TransientModel has a simplified access rights management, all users can\n    create new records, and may only access the records they created. The\n    superuser has unrestricted access to all TransientModel records.\n    	t	\N	\N	f	f	f	\N	\N	\N	\N
497	\N	\N	validate.account.move	id	base	{"en_US": "Validate Account Move", "es_ES": "Validar asiento contable", "pt_PT": "Validar Movimento Contabilístico"}	 Model super-class for transient records, meant to be temporarily\n    persistent, and regularly vacuum-cleaned.\n\n    A TransientModel has a simplified access rights management, all users can\n    create new records, and may only access the records they created. The\n    superuser has unrestricted access to all TransientModel records.\n    	t	\N	\N	f	f	f	\N	\N	\N	\N
499	\N	\N	account.resequence.wizard	id	base	{"en_US": "Remake the sequence of Journal Entries.", "es_ES": "Haga de nuevo la secuencia de asientos contables.", "pt_PT": "Refazer a Sequência de Lançamentos de Diário."}	 Model super-class for transient records, meant to be temporarily\n    persistent, and regularly vacuum-cleaned.\n\n    A TransientModel has a simplified access rights management, all users can\n    create new records, and may only access the records they created. The\n    superuser has unrestricted access to all TransientModel records.\n    	t	\N	\N	f	f	f	\N	\N	\N	\N
500	\N	\N	account.secure.entries.wizard	id	base	{"en_US": "Secure Journal Entries", "es_ES": "Asegurar asientos contables", "pt_PT": "Entradas de Diário Seguras"}	\n    This wizard is used to secure journal entries (with a hash)\n    	t	\N	\N	f	f	f	\N	\N	\N	\N
501	\N	\N	account.financial.year.op	id	base	{"en_US": "Opening Balance of Financial Year", "es_ES": "Saldo inicial del ejercicio fiscal", "pt_PT": "Saldo de Abertura do Ano Fiscal"}	 Model super-class for transient records, meant to be temporarily\n    persistent, and regularly vacuum-cleaned.\n\n    A TransientModel has a simplified access rights management, all users can\n    create new records, and may only access the records they created. The\n    superuser has unrestricted access to all TransientModel records.\n    	t	\N	\N	f	f	f	\N	\N	\N	\N
502	\N	\N	account.setup.bank.manual.config	id	base	{"en_US": "Bank setup manual config", "es_ES": "Configuración manual de datos bancarios", "pt_PT": "Configuração manual de bancos"}	 Model super-class for transient records, meant to be temporarily\n    persistent, and regularly vacuum-cleaned.\n\n    A TransientModel has a simplified access rights management, all users can\n    create new records, and may only access the records they created. The\n    superuser has unrestricted access to all TransientModel records.\n    	t	\N	\N	f	f	f	\N	\N	\N	\N
503	\N	\N	account.move.send.wizard	id	base	{"en_US": "Account Move Send Wizard", "es_ES": "Asistente de envío de asientos contables", "pt_PT": "Assistente de Envio de Lançamento Contabilístico"}	Wizard that handles the sending a single invoice.	t	\N	\N	f	f	f	\N	\N	\N	\N
498	\N	\N	account.move.reversal	id	base	{"en_US": "Account Move Reversal", "es_ES": "Reversión de movimiento de cuenta", "pt_PT": "Reversão de Movimento Contabilístico"}	\n    Account move reversal wizard, it cancel an account move by reversing it.\n    	t	\N	\N	f	f	f	\N	\N	\N	\N
505	\N	\N	account.payment.register	id	base	{"en_US": "Pay", "es_ES": "Pagar", "pt_PT": "Pagar"}	 Model super-class for transient records, meant to be temporarily\n    persistent, and regularly vacuum-cleaned.\n\n    A TransientModel has a simplified access rights management, all users can\n    create new records, and may only access the records they created. The\n    superuser has unrestricted access to all TransientModel records.\n    	t	\N	\N	f	f	f	\N	\N	\N	\N
506	\N	\N	account.accrued.orders.wizard	id	base	{"en_US": "Accrued Orders Wizard", "es_ES": "Asistente de pedidos devengados", "pt_PT": "Assistente para Encomendas acumuladas"}	 Model super-class for transient records, meant to be temporarily\n    persistent, and regularly vacuum-cleaned.\n\n    A TransientModel has a simplified access rights management, all users can\n    create new records, and may only access the records they created. The\n    superuser has unrestricted access to all TransientModel records.\n    	t	\N	\N	f	f	f	\N	\N	\N	\N
507	\N	\N	account.merge.wizard	id	base	{"en_US": "Account merge wizard", "es_ES": "Asistente de fusión de cuenta", "pt_PT": "Assistente de mesclagem de contas"}	 Model super-class for transient records, meant to be temporarily\n    persistent, and regularly vacuum-cleaned.\n\n    A TransientModel has a simplified access rights management, all users can\n    create new records, and may only access the records they created. The\n    superuser has unrestricted access to all TransientModel records.\n    	t	\N	\N	f	f	f	\N	\N	\N	\N
508	\N	\N	account.merge.wizard.line	sequence, id	base	{"en_US": "Account merge wizard line", "es_ES": "Línea del asistente de fusión de cuentas", "pt_PT": "Linha do assistente de mesclagem de contas"}	 Model super-class for transient records, meant to be temporarily\n    persistent, and regularly vacuum-cleaned.\n\n    A TransientModel has a simplified access rights management, all users can\n    create new records, and may only access the records they created. The\n    superuser has unrestricted access to all TransientModel records.\n    	t	\N	\N	f	f	f	\N	\N	\N	\N
509	\N	\N	account.invoice.report	invoice_date desc	base	{"en_US": "Invoices Statistics", "es_ES": "Estadísticas de facturas", "pt_PT": "Estatísticas de Faturas"}	 Main super-class for regular database-persisted Odoo models.\n\n    Odoo models are created by inheriting from this class::\n\n        class user(Model):\n            ...\n\n    The system will later instantiate the class once per database (on\n    which the class' module is installed).\n    	f	\N	\N	f	f	f	\N	\N	\N	\N
510	\N	\N	report.account.report_invoice	id	base	{"en_US": "Account report without payment lines", "es_ES": "Informe de cuenta sin líneas de pago", "pt_PT": "Relatório de conta sem linhas de pagamento"}	 The base model, which is implicitly inherited by all models. 	f	\N	\N	f	f	f	\N	\N	\N	\N
516	\N	\N	account_edi_proxy_client.user	id	base	{"en_US": "Account EDI proxy user", "es_ES": "Usuario del proxy de EDI para contabilidad", "pt_PT": "Conta de utilizador proxy EDI"}	Represents a user of the proxy for an electronic invoicing format.\n    An edi_proxy_user has a unique identification on a specific format (for example, the vat for Peppol) which\n    allows to identify him when receiving a document addressed to him. It is linked to a specific company on a specific\n    Odoo database.\n    It also owns a key with which each file should be decrypted with (the proxy encrypt all the files with the public key).\n    	f	\N	\N	f	f	f	\N	\N	\N	\N
517	\N	\N	account.edi.common	id	base	{"en_US": "Common functions for EDI documents: generate the data, the constraints, etc", "es_ES": "Funciones comunes para documentos EDI: generar los datos, las restricciones, etc.", "pt_PT": "Funções comuns para documentos de EDI: gerar os dados, as restrições, etc."}	 The base model, which is implicitly inherited by all models. 	f	\N	\N	f	f	f	\N	\N	\N	\N
519	\N	\N	account.edi.xml.cii	id	base	{"en_US": "Factur-x/XRechnung CII 2.2.0", "es_ES": "Factur-x/XRechnung CII 2.2.0", "pt_PT": "Factur-x/XRechnung CII 2.2.0"}	 The base model, which is implicitly inherited by all models. 	f	\N	\N	f	f	f	\N	\N	\N	\N
520	\N	\N	account.edi.xml.ubl_20	id	base	{"en_US": "UBL 2.0", "es_ES": "UBL 2.0", "pt_PT": "UBL 2.0"}	 The base model, which is implicitly inherited by all models. 	f	\N	\N	f	f	f	\N	\N	\N	\N
521	\N	\N	account.edi.xml.ubl_21	id	base	{"en_US": "UBL 2.1", "es_ES": "UBL 2.1", "pt_PT": "UBL 2.1"}	 The base model, which is implicitly inherited by all models. 	f	\N	\N	f	f	f	\N	\N	\N	\N
522	\N	\N	account.edi.xml.ubl_bis3	id	base	{"en_US": "UBL BIS Billing 3.0.12", "es_ES": "Facturación UBL BIS 3.0.12", "pt_PT": "UBL BIS Billing 3.0.12"}	 The base model, which is implicitly inherited by all models. 	f	\N	\N	f	f	f	\N	\N	\N	\N
523	\N	\N	account.edi.xml.ubl_de	id	base	{"en_US": "BIS3 DE (XRechnung)", "es_ES": "BIS3 DE (XRechnung)", "pt_PT": "BIS3 DE (XRechnung)"}	 The base model, which is implicitly inherited by all models. 	f	\N	\N	f	f	f	\N	\N	\N	\N
524	\N	\N	account.edi.xml.ubl_nl	id	base	{"en_US": "SI-UBL 2.0 (NLCIUS)", "es_ES": "SI-UBL 2.0 (NLCIUS)", "pt_PT": "SI-UBL 2.0 (NLCIUS)"}	 The base model, which is implicitly inherited by all models. 	f	\N	\N	f	f	f	\N	\N	\N	\N
525	\N	\N	account.edi.xml.ubl_efff	id	base	{"en_US": "E-FFF (BE)", "es_ES": "E-FFF (BE)", "pt_PT": "E-FFF (BE)"}	 The base model, which is implicitly inherited by all models. 	f	\N	\N	f	f	f	\N	\N	\N	\N
526	\N	\N	account.edi.xml.ubl_a_nz	id	base	{"en_US": "A-NZ BIS Billing 3.0", "es_ES": "A-NZ BIS Billing 3.0", "pt_PT": "A-NZ BIS Billing 3.0"}	 The base model, which is implicitly inherited by all models. 	f	\N	\N	f	f	f	\N	\N	\N	\N
527	\N	\N	account.edi.xml.ubl_sg	id	base	{"en_US": "SG BIS Billing 3.0", "es_ES": "Facturación SG BIS 3.0", "pt_PT": "SG BIS Billing 3.0"}	 The base model, which is implicitly inherited by all models. 	f	\N	\N	f	f	f	\N	\N	\N	\N
528	\N	\N	payment.refund.wizard	id	base	{"en_US": "Payment Refund Wizard", "es_ES": "Asistente de reembolso de pago", "pt_PT": "Assistente de reembolso de pagamento"}	 Model super-class for transient records, meant to be temporarily\n    persistent, and regularly vacuum-cleaned.\n\n    A TransientModel has a simplified access rights management, all users can\n    create new records, and may only access the records they created. The\n    superuser has unrestricted access to all TransientModel records.\n    	t	\N	\N	f	f	f	\N	\N	\N	\N
529	\N	\N	peppol.registration	id	base	{"en_US": "Peppol Registration", "es_ES": "Registro Peppol", "pt_PT": "Registro do Peppol"}	 Model super-class for transient records, meant to be temporarily\n    persistent, and regularly vacuum-cleaned.\n\n    A TransientModel has a simplified access rights management, all users can\n    create new records, and may only access the records they created. The\n    superuser has unrestricted access to all TransientModel records.\n    	t	\N	\N	f	f	f	\N	\N	\N	\N
530	\N	\N	account_peppol.service	document_name, id	base	{"en_US": "Peppol Service", "es_ES": "Servicio Peppol", "pt_PT": "Serviços do Peppol"}	 Model super-class for transient records, meant to be temporarily\n    persistent, and regularly vacuum-cleaned.\n\n    A TransientModel has a simplified access rights management, all users can\n    create new records, and may only access the records they created. The\n    superuser has unrestricted access to all TransientModel records.\n    	t	\N	\N	f	f	f	\N	\N	\N	\N
534	\N	\N	sale.report	date desc	base	{"en_US": "Sales Analysis Report", "es_ES": "Informe de análisis de ventas", "pt_PT": "Relatório de Análise de Vendas"}	 Main super-class for regular database-persisted Odoo models.\n\n    Odoo models are created by inheriting from this class::\n\n        class user(Model):\n            ...\n\n    The system will later instantiate the class once per database (on\n    which the class' module is installed).\n    	f	\N	\N	f	f	f	\N	\N	\N	\N
538	\N	\N	sale.advance.payment.inv	id	base	{"en_US": "Sales Advance Payment Invoice", "es_ES": "Pago anticipado para factura de ventas", "pt_PT": "Fatura de Pagamentos de Adiantamento das Vendas"}	 Model super-class for transient records, meant to be temporarily\n    persistent, and regularly vacuum-cleaned.\n\n    A TransientModel has a simplified access rights management, all users can\n    create new records, and may only access the records they created. The\n    superuser has unrestricted access to all TransientModel records.\n    	t	\N	\N	f	f	f	\N	\N	\N	\N
535	\N	\N	sale.mass.cancel.orders	id	base	{"en_US": "Cancel multiple quotations", "es_ES": "Cancelar varios presupuestos", "pt_PT": "Cancelar vários orçamentos"}	 Model super-class for transient records, meant to be temporarily\n    persistent, and regularly vacuum-cleaned.\n\n    A TransientModel has a simplified access rights management, all users can\n    create new records, and may only access the records they created. The\n    superuser has unrestricted access to all TransientModel records.\n    	t	\N	\N	f	f	f	\N	\N	\N	\N
537	\N	\N	sale.payment.provider.onboarding.wizard	id	base	{"en_US": "Sale Payment provider onboarding wizard", "es_ES": "Asistente para la incorporación de proveedores de pago a la venta", "pt_PT": "Assistente de integração de provedor de serviços de pagamento"}	 Override for the sale quotation onboarding panel. 	t	\N	\N	f	f	f	\N	\N	\N	\N
549	\N	\N	sale.order.template.line	sale_order_template_id, sequence, id	base	{"en_US": "Quotation Template Line", "es_ES": "Línea de plantilla de presupuesto", "pt_PT": "Linha do Modelo de Orçamento"}	 Main super-class for regular database-persisted Odoo models.\n\n    Odoo models are created by inheriting from this class::\n\n        class user(Model):\n            ...\n\n    The system will later instantiate the class once per database (on\n    which the class' module is installed).\n    	f	\N	\N	f	f	f	\N	\N	\N	\N
540	\N	\N	sale.order.discount	id	base	{"en_US": "Discount Wizard", "es_ES": "Asistente de descuentos", "pt_PT": "Assistente de Descontos"}	 Model super-class for transient records, meant to be temporarily\n    persistent, and regularly vacuum-cleaned.\n\n    A TransientModel has a simplified access rights management, all users can\n    create new records, and may only access the records they created. The\n    superuser has unrestricted access to all TransientModel records.\n    	t	\N	\N	f	f	f	\N	\N	\N	\N
547	\N	\N	sale.order.option	sequence, id	base	{"en_US": "Sale Options", "es_ES": "Opciones de venta", "pt_PT": "Opção de Venda"}	 Main super-class for regular database-persisted Odoo models.\n\n    Odoo models are created by inheriting from this class::\n\n        class user(Model):\n            ...\n\n    The system will later instantiate the class once per database (on\n    which the class' module is installed).\n    	f	\N	\N	f	f	f	\N	\N	\N	\N
548	\N	\N	sale.order.template	sequence, id	base	{"en_US": "Quotation Template", "es_ES": "Plantilla de presupuesto", "pt_PT": "Modelo de Orçamento"}	 Main super-class for regular database-persisted Odoo models.\n\n    Odoo models are created by inheriting from this class::\n\n        class user(Model):\n            ...\n\n    The system will later instantiate the class once per database (on\n    which the class' module is installed).\n    	f	\N	\N	f	f	f	\N	\N	\N	\N
550	\N	\N	sale.order.template.option	id	base	{"en_US": "Quotation Template Option", "es_ES": "Opción de plantilla de presupuesto", "pt_PT": "Opção do Modelo de Orçamento"}	 Main super-class for regular database-persisted Odoo models.\n\n    Odoo models are created by inheriting from this class::\n\n        class user(Model):\n            ...\n\n    The system will later instantiate the class once per database (on\n    which the class' module is installed).\n    	f	\N	\N	f	f	f	\N	\N	\N	\N
551	\N	\N	quotation.document	document_type desc, sequence, name	base	{"en_US": "Quotation's Headers & Footers", "es_ES": "Encabezados y pies de página del presupuesto", "pt_PT": "Cabeçalhos e Rodapés de Orçamento"}	 Main super-class for regular database-persisted Odoo models.\n\n    Odoo models are created by inheriting from this class::\n\n        class user(Model):\n            ...\n\n    The system will later instantiate the class once per database (on\n    which the class' module is installed).\n    	f	\N	\N	f	f	f	\N	\N	\N	\N
552	\N	\N	sale.pdf.form.field	name	base	{"en_US": "Form fields of inside quotation documents.", "es_ES": "Campos de formulario dentro de los documentos de presupuesto.", "pt_PT": "Campos de formulário dentro de documentos de cotação."}	 Main super-class for regular database-persisted Odoo models.\n\n    Odoo models are created by inheriting from this class::\n\n        class user(Model):\n            ...\n\n    The system will later instantiate the class once per database (on\n    which the class' module is installed).\n    	f	\N	\N	f	f	f	\N	\N	\N	\N
553	\N	\N	gamification.badge	id	base	{"en_US": "Gamification Badge", "es_ES": "Insignia de ludificación", "pt_PT": "Medalha de Gamificação"}	Badge object that users can send and receive	f	\N	\N	t	f	f	\N	\N	\N	\N
554	\N	\N	gamification.badge.user	create_date desc	base	{"en_US": "Gamification User Badge", "es_ES": "Insignia de usuario de ludificación", "pt_PT": "Medalha de Utilizador de Gamificação"}	User having received a badge	f	\N	\N	f	f	f	\N	\N	\N	\N
555	\N	\N	gamification.challenge	end_date, start_date, name, id	base	{"en_US": "Gamification Challenge", "es_ES": "Desafío de ludificación", "pt_PT": "Desafio de Gamificação"}	Gamification challenge\n\n    Set of predifined objectives assigned to people with rules for recurrence and\n    rewards\n\n    If 'user_ids' is defined and 'period' is different than 'one', the set will\n    be assigned to the users for each period (eg: every 1st of each month if\n    'monthly' is selected)\n    	f	\N	\N	t	f	f	\N	\N	\N	\N
556	\N	\N	gamification.challenge.line	sequence, id	base	{"en_US": "Gamification generic goal for challenge", "es_ES": "Meta genérica de ludificación para el desafío", "pt_PT": "Objetivo genérico da gamificação para o desafio"}	Gamification challenge line\n\n    Predefined goal for 'gamification_challenge'\n    These are generic list of goals with only the target goal defined\n    Should only be created for the gamification.challenge object\n    	f	\N	\N	f	f	f	\N	\N	\N	\N
557	\N	\N	gamification.goal	start_date desc, end_date desc, definition_id, id	base	{"en_US": "Gamification Goal", "es_ES": "Meta de ludificación", "pt_PT": "Objetivo de Gamificação"}	Goal instance for a user\n\n    An individual goal for a user on a specified time period	f	\N	\N	f	f	f	\N	\N	\N	\N
558	\N	\N	gamification.goal.definition	id	base	{"en_US": "Gamification Goal Definition", "es_ES": "Definición de meta de ludificación", "pt_PT": "Definição de Objetivo de Gamificação"}	Goal definition\n\n    A goal definition contains the way to evaluate an objective\n    Each module wanting to be able to set goals to the users needs to create\n    a new gamification_goal_definition\n    	f	\N	\N	f	f	f	\N	\N	\N	\N
559	\N	\N	gamification.karma.rank	karma_min	base	{"en_US": "Rank based on karma", "es_ES": "Rango basado en karma", "pt_PT": "Classificação baseada no carma"}	 Main super-class for regular database-persisted Odoo models.\n\n    Odoo models are created by inheriting from this class::\n\n        class user(Model):\n            ...\n\n    The system will later instantiate the class once per database (on\n    which the class' module is installed).\n    	f	\N	\N	f	f	f	\N	\N	\N	\N
560	\N	\N	gamification.karma.tracking	tracking_date desc, id desc	base	{"en_US": "Track Karma Changes", "es_ES": "Seguimiento de cambios de karma", "pt_PT": "Acompanhe Alterações de Carma"}	 Main super-class for regular database-persisted Odoo models.\n\n    Odoo models are created by inheriting from this class::\n\n        class user(Model):\n            ...\n\n    The system will later instantiate the class once per database (on\n    which the class' module is installed).\n    	f	\N	\N	f	f	f	\N	\N	\N	\N
561	\N	\N	gamification.goal.wizard	id	base	{"en_US": "Gamification Goal Wizard", "es_ES": "Asistente de metas de ludificación", "pt_PT": "Assistente de Objetivo de Gamificação"}	Wizard to update a manual goal	t	\N	\N	f	f	f	\N	\N	\N	\N
562	\N	\N	gamification.badge.user.wizard	id	base	{"en_US": "Gamification User Badge Wizard", "es_ES": "Asistente de insignia de usuario de ludificación", "pt_PT": "Assistente de Medalha de Utilizador de Gamificação"}	 Wizard allowing to grant a badge to a user	t	\N	\N	f	f	f	\N	\N	\N	\N
564	\N	\N	link.tracker.code	id	base	{"en_US": "Link Tracker Code", "es_ES": "Código del rastreador de enlace ", "pt_PT": "Código do rastreio de links"}	 Main super-class for regular database-persisted Odoo models.\n\n    Odoo models are created by inheriting from this class::\n\n        class user(Model):\n            ...\n\n    The system will later instantiate the class once per database (on\n    which the class' module is installed).\n    	f	\N	\N	f	f	f	\N	\N	\N	\N
565	\N	\N	link.tracker.click	id	base	{"en_US": "Link Tracker Click", "es_ES": "Clic en el rastreador de enlace", "pt_PT": "Clique do rastreador de links"}	 Main super-class for regular database-persisted Odoo models.\n\n    Odoo models are created by inheriting from this class::\n\n        class user(Model):\n            ...\n\n    The system will later instantiate the class once per database (on\n    which the class' module is installed).\n    	f	\N	\N	f	f	f	\N	\N	\N	\N
566	\N	\N	rating.rating	write_date desc, id desc	base	{"en_US": "Rating", "es_ES": "Calificación", "pt_PT": "Avaliação"}	 Main super-class for regular database-persisted Odoo models.\n\n    Odoo models are created by inheriting from this class::\n\n        class user(Model):\n            ...\n\n    The system will later instantiate the class once per database (on\n    which the class' module is installed).\n    	f	\N	\N	f	f	f	\N	\N	\N	\N
567	\N	\N	rating.mixin	id	base	{"en_US": "Rating Mixin", "es_ES": "Mixin de calificación", "pt_PT": "Mixin de avaliação"}	This mixin adds rating statistics to mail.thread that already support ratings.	f	\N	\N	t	f	f	\N	\N	\N	\N
568	\N	\N	rating.parent.mixin	id	base	{"en_US": "Rating Parent Mixin", "es_ES": "Mixin de la calificación padre", "pt_PT": "Mixin principal de avaliação"}	 The base model, which is implicitly inherited by all models. 	f	\N	\N	f	f	f	\N	\N	\N	\N
782	\N	\N	maintenance.stage	sequence, id	base	{"en_US": "Maintenance Stage", "es_ES": "Etapa de mantenimiento", "pt_PT": "Estágio de manutenção"}	 Model for case stages. This models the main stages of a Maintenance Request management flow. 	f	\N	\N	f	f	f	\N	\N	\N	\N
783	\N	\N	maintenance.equipment.category	id	base	{"en_US": "Maintenance Equipment Category", "es_ES": "Categoría de equipo de mantenimiento", "pt_PT": "Categoria de equipamentos de manutenção"}	 Main super-class for regular database-persisted Odoo models.\n\n    Odoo models are created by inheriting from this class::\n\n        class user(Model):\n            ...\n\n    The system will later instantiate the class once per database (on\n    which the class' module is installed).\n    	f	\N	\N	t	f	f	\N	\N	\N	\N
563	\N	\N	link.tracker	count DESC	base	{"en_US": "Link Tracker", "es_ES": "Rastreador de enlaces", "pt_PT": "Rastrear Ligações"}	 Link trackers allow users to wrap any URL into a short URL that can be\n    tracked by Odoo. Clicks are counter on each link. A tracker is linked to\n    UTMs allowing to analyze marketing actions.\n\n    This model is also used in mass_mailing where each link in html body is\n    automatically converted into a short link that is tracked and integrates\n    UTMs. 	f	\N	\N	f	f	f	\N	\N	\N	\N
787	\N	\N	maintenance.team	id	base	{"en_US": "Maintenance Teams", "es_ES": "Equipos de mantenimiento", "pt_PT": "Equipas de Manutenção"}	 Main super-class for regular database-persisted Odoo models.\n\n    Odoo models are created by inheriting from this class::\n\n        class user(Model):\n            ...\n\n    The system will later instantiate the class once per database (on\n    which the class' module is installed).\n    	f	\N	\N	f	f	f	\N	\N	\N	\N
614	\N	\N	project.task.burndown.chart.report	date	base	{"en_US": "Burndown Chart", "es_ES": "Diagrama de quemado", "pt_PT": "Gráfico de Burndown"}	 The base model, which is implicitly inherited by all models. 	f	\N	\N	f	f	f	\N	\N	\N	\N
630	\N	\N	calendar.attendee	create_date ASC	base	{"en_US": "Calendar Attendee Information", "es_ES": "Información del calendario de asistentes", "pt_PT": "Informações do participante no calendário"}	 Calendar Attendee Information 	f	\N	\N	f	f	f	\N	\N	\N	\N
611	\N	\N	project.collaborator	id	base	{"en_US": "Collaborators in project shared", "es_ES": "Colaboradores en proyectos compartidos", "pt_PT": "Colaboradores no projeto compartilhado"}	 Main super-class for regular database-persisted Odoo models.\n\n    Odoo models are created by inheriting from this class::\n\n        class user(Model):\n            ...\n\n    The system will later instantiate the class once per database (on\n    which the class' module is installed).\n    	f	\N	\N	f	f	f	\N	\N	\N	\N
631	\N	\N	calendar.recurrence	id	base	{"en_US": "Event Recurrence Rule", "es_ES": "Regla de recurrencia de evento", "pt_PT": "Regra de recorrência de evento"}	 Main super-class for regular database-persisted Odoo models.\n\n    Odoo models are created by inheriting from this class::\n\n        class user(Model):\n            ...\n\n    The system will later instantiate the class once per database (on\n    which the class' module is installed).\n    	f	\N	\N	f	f	f	\N	\N	\N	\N
632	\N	\N	calendar.event	start desc	base	{"en_US": "Calendar Event", "es_ES": "Evento de calendario", "pt_PT": "Evento do Calendário"}	 Main super-class for regular database-persisted Odoo models.\n\n    Odoo models are created by inheriting from this class::\n\n        class user(Model):\n            ...\n\n    The system will later instantiate the class once per database (on\n    which the class' module is installed).\n    	f	\N	\N	t	f	f	\N	\N	\N	\N
633	\N	\N	calendar.alarm	id	base	{"en_US": "Event Alarm", "es_ES": "Alerta del evento", "pt_PT": "Alarme do Evento"}	 Main super-class for regular database-persisted Odoo models.\n\n    Odoo models are created by inheriting from this class::\n\n        class user(Model):\n            ...\n\n    The system will later instantiate the class once per database (on\n    which the class' module is installed).\n    	f	\N	\N	f	f	f	\N	\N	\N	\N
634	\N	\N	calendar.alarm_manager	id	base	{"en_US": "Event Alarm Manager", "es_ES": "Gestor de alertas del calendario", "pt_PT": "Gestor de Alarmes do Evento"}	 The base model, which is implicitly inherited by all models. 	f	\N	\N	f	f	f	\N	\N	\N	\N
635	\N	\N	calendar.filters	id	base	{"en_US": "Calendar Filters", "es_ES": "Filtros de calendario", "pt_PT": "Filtros de calendário"}	 Main super-class for regular database-persisted Odoo models.\n\n    Odoo models are created by inheriting from this class::\n\n        class user(Model):\n            ...\n\n    The system will later instantiate the class once per database (on\n    which the class' module is installed).\n    	f	\N	\N	f	f	f	\N	\N	\N	\N
636	\N	\N	calendar.event.type	id	base	{"en_US": "Event Meeting Type", "es_ES": "Tipo de reunión", "pt_PT": "Tipo de evento"}	 Main super-class for regular database-persisted Odoo models.\n\n    Odoo models are created by inheriting from this class::\n\n        class user(Model):\n            ...\n\n    The system will later instantiate the class once per database (on\n    which the class' module is installed).\n    	f	\N	\N	f	f	f	\N	\N	\N	\N
637	\N	\N	calendar.provider.config	id	base	{"en_US": "Calendar Provider Configuration Wizard", "es_ES": "Asistente de configuración de proveedor de calendario", "pt_PT": "Assistente de configuração do provedor de calendário"}	 Model super-class for transient records, meant to be temporarily\n    persistent, and regularly vacuum-cleaned.\n\n    A TransientModel has a simplified access rights management, all users can\n    create new records, and may only access the records they created. The\n    superuser has unrestricted access to all TransientModel records.\n    	t	\N	\N	f	f	f	\N	\N	\N	\N
638	\N	\N	calendar.popover.delete.wizard	id	base	{"en_US": "Calendar Popover Delete Wizard", "es_ES": "Asistente para eliminar ventana emergente del calendario", "pt_PT": "Assistente de exclusão de popover de calendário"}	 Model super-class for transient records, meant to be temporarily\n    persistent, and regularly vacuum-cleaned.\n\n    A TransientModel has a simplified access rights management, all users can\n    create new records, and may only access the records they created. The\n    superuser has unrestricted access to all TransientModel records.\n    	t	\N	\N	f	f	f	\N	\N	\N	\N
658	\N	\N	barcodes.barcode_events_mixin	id	base	{"en_US": "Barcode Event Mixin", "es_ES": "Mixin de eventos de código de barras", "pt_PT": "Mixin de Eventos de Código de Barras"}	 Mixin class for objects reacting when a barcode is scanned in their form views\n        which contains `<field name="_barcode_scanned" widget="barcode_handler"/>`.\n        Models using this mixin must implement the method on_barcode_scanned. It works\n        like an onchange and receives the scanned barcode in parameter.\n    	f	\N	\N	f	f	f	\N	\N	\N	\N
659	\N	\N	barcode.nomenclature	id	base	{"en_US": "Barcode Nomenclature", "es_ES": "Nomenclatura de código de barras", "pt_PT": "Nomenclatura de Código de Barras"}	 Main super-class for regular database-persisted Odoo models.\n\n    Odoo models are created by inheriting from this class::\n\n        class user(Model):\n            ...\n\n    The system will later instantiate the class once per database (on\n    which the class' module is installed).\n    	f	\N	\N	f	f	f	\N	\N	\N	\N
660	\N	\N	barcode.rule	sequence asc, id	base	{"en_US": "Barcode Rule", "es_ES": "Regla de código de barras", "pt_PT": "Regra de Código de Barras"}	 Main super-class for regular database-persisted Odoo models.\n\n    Odoo models are created by inheriting from this class::\n\n        class user(Model):\n            ...\n\n    The system will later instantiate the class once per database (on\n    which the class' module is installed).\n    	f	\N	\N	f	f	f	\N	\N	\N	\N
661	\N	\N	product.removal	id	base	{"en_US": "Removal Strategy", "es_ES": "Estrategia de salida", "pt_PT": "Estratégia de Remoção"}	 Main super-class for regular database-persisted Odoo models.\n\n    Odoo models are created by inheriting from this class::\n\n        class user(Model):\n            ...\n\n    The system will later instantiate the class once per database (on\n    which the class' module is installed).\n    	f	\N	\N	f	f	f	\N	\N	\N	\N
662	\N	\N	stock.putaway.rule	sequence,product_id	base	{"en_US": "Putaway Rule", "es_ES": "Regla de almacenamiento", "pt_PT": "Regra de entrada em depósito"}	 Main super-class for regular database-persisted Odoo models.\n\n    Odoo models are created by inheriting from this class::\n\n        class user(Model):\n            ...\n\n    The system will later instantiate the class once per database (on\n    which the class' module is installed).\n    	f	\N	\N	f	f	f	\N	\N	\N	\N
663	\N	\N	stock.location	complete_name, id	base	{"en_US": "Inventory Locations", "es_ES": "Ubicaciones de inventario", "pt_PT": "Localizações de Inventário"}	 Main super-class for regular database-persisted Odoo models.\n\n    Odoo models are created by inheriting from this class::\n\n        class user(Model):\n            ...\n\n    The system will later instantiate the class once per database (on\n    which the class' module is installed).\n    	f	\N	\N	f	f	f	\N	\N	\N	\N
664	\N	\N	stock.route	sequence	base	{"en_US": "Inventory Routes", "es_ES": "Rutas de inventario", "pt_PT": "Rotas do Inventário"}	 Main super-class for regular database-persisted Odoo models.\n\n    Odoo models are created by inheriting from this class::\n\n        class user(Model):\n            ...\n\n    The system will later instantiate the class once per database (on\n    which the class' module is installed).\n    	f	\N	\N	f	f	f	\N	\N	\N	\N
666	\N	\N	stock.move.line	result_package_id desc, id	base	{"en_US": "Product Moves (Stock Move Line)", "es_ES": "Movimientos de producto (línea de movimiento de stock)", "pt_PT": "Movimentos de Artigo (Linha de Movimentos de Armazém)"}	 Main super-class for regular database-persisted Odoo models.\n\n    Odoo models are created by inheriting from this class::\n\n        class user(Model):\n            ...\n\n    The system will later instantiate the class once per database (on\n    which the class' module is installed).\n    	f	\N	\N	f	f	f	\N	\N	\N	\N
668	\N	\N	procurement.group	id desc	base	{"en_US": "Procurement Group", "es_ES": "Grupo de abastecimiento", "pt_PT": "Grupo de Aprovisionamento"}	\n    The procurement group class is used to group products together\n    when computing procurements. (tasks, physical products, ...)\n\n    The goal is that when you have one sales order of several products\n    and the products are pulled from the same or several location(s), to keep\n    having the moves grouped into pickings that represent the sales order.\n\n    Used in: sales order (to group delivery order lines like the so), pull/push\n    rules (to pack like the delivery order), on orderpoints (e.g. for wave picking\n    all the similar products together).\n\n    Grouping is made only if the source and the destination is the same.\n    Suppose you have 4 lines on a picking from Output where 2 lines will need\n    to come from Input (crossdock) and 2 lines coming from Stock -> Output As\n    the four will have the same group ids from the SO, the move from input will\n    have a stock.picking with 2 grouped lines and the move from stock will have\n    2 grouped lines also.\n\n    The name is usually the name of the original document (sales order) or a\n    sequence computed if created manually.\n    	f	\N	\N	f	f	f	\N	\N	\N	\N
669	\N	\N	stock.warehouse.orderpoint	location_id,company_id,id	base	{"en_US": "Minimum Inventory Rule", "es_ES": "Regla de inventario mínimo", "pt_PT": "Regra de Inventário Minimo"}	 Defines Minimum stock rules. 	f	\N	\N	f	f	f	\N	\N	\N	\N
670	\N	\N	stock.lot	name, id	base	{"en_US": "Lot/Serial", "es_ES": "Lote/serie ", "pt_PT": "Lote/Série"}	 Main super-class for regular database-persisted Odoo models.\n\n    Odoo models are created by inheriting from this class::\n\n        class user(Model):\n            ...\n\n    The system will later instantiate the class once per database (on\n    which the class' module is installed).\n    	f	\N	\N	t	t	f	\N	\N	\N	\N
671	\N	\N	stock.picking.type	is_favorite desc, sequence, id	base	{"en_US": "Picking Type", "es_ES": "Tipo de albarán", "pt_PT": "Tipo de Recolha"}	 Main super-class for regular database-persisted Odoo models.\n\n    Odoo models are created by inheriting from this class::\n\n        class user(Model):\n            ...\n\n    The system will later instantiate the class once per database (on\n    which the class' module is installed).\n    	f	\N	\N	f	f	f	\N	\N	\N	\N
673	\N	\N	stock.quant	id	base	{"en_US": "Quants", "es_ES": "Cuantos", "pt_PT": "Quants"}	 Main super-class for regular database-persisted Odoo models.\n\n    Odoo models are created by inheriting from this class::\n\n        class user(Model):\n            ...\n\n    The system will later instantiate the class once per database (on\n    which the class' module is installed).\n    	f	\N	\N	f	f	f	\N	\N	\N	\N
674	\N	\N	stock.quant.package	name	base	{"en_US": "Packages", "es_ES": "Paquetes", "pt_PT": "Embalagens"}	 Packages containing quants and/or other packages 	f	\N	\N	f	f	f	\N	\N	\N	\N
675	\N	\N	stock.replenish.mixin	id	base	{"en_US": "Product Replenish Mixin", "es_ES": "Mixin de reposición de producto", "pt_PT": "Mixin de reposição de produtos"}	 The base model, which is implicitly inherited by all models. 	f	\N	\N	f	f	f	\N	\N	\N	\N
676	\N	\N	stock.warehouse	sequence,id	base	{"en_US": "Warehouse", "es_ES": "Almacén", "pt_PT": "Armazém"}	 Main super-class for regular database-persisted Odoo models.\n\n    Odoo models are created by inheriting from this class::\n\n        class user(Model):\n            ...\n\n    The system will later instantiate the class once per database (on\n    which the class' module is installed).\n    	f	\N	\N	f	f	f	\N	\N	\N	\N
677	\N	\N	stock.scrap	id desc	base	{"en_US": "Scrap", "es_ES": "Desechar", "pt_PT": "Quebras"}	 Main super-class for regular database-persisted Odoo models.\n\n    Odoo models are created by inheriting from this class::\n\n        class user(Model):\n            ...\n\n    The system will later instantiate the class once per database (on\n    which the class' module is installed).\n    	f	\N	\N	t	f	f	\N	\N	\N	\N
678	\N	\N	stock.scrap.reason.tag	sequence, id	base	{"en_US": "Scrap Reason Tag", "es_ES": "Etiqueta del motivo de desecho", "pt_PT": "Marcador do motivo da sucata"}	 Main super-class for regular database-persisted Odoo models.\n\n    Odoo models are created by inheriting from this class::\n\n        class user(Model):\n            ...\n\n    The system will later instantiate the class once per database (on\n    which the class' module is installed).\n    	f	\N	\N	f	f	f	\N	\N	\N	\N
679	\N	\N	stock.package_level	id	base	{"en_US": "Stock Package Level", "es_ES": "Nivel del paquete de stock", "pt_PT": "Nível de embalagem de estoque"}	 Main super-class for regular database-persisted Odoo models.\n\n    Odoo models are created by inheriting from this class::\n\n        class user(Model):\n            ...\n\n    The system will later instantiate the class once per database (on\n    which the class' module is installed).\n    	f	\N	\N	f	f	f	\N	\N	\N	\N
680	\N	\N	stock.package.type	sequence, id	base	{"en_US": "Stock package type", "es_ES": "Tipo de paquete de stock", "pt_PT": "Tipo de pacote de estoque"}	 Main super-class for regular database-persisted Odoo models.\n\n    Odoo models are created by inheriting from this class::\n\n        class user(Model):\n            ...\n\n    The system will later instantiate the class once per database (on\n    which the class' module is installed).\n    	f	\N	\N	f	f	f	\N	\N	\N	\N
681	\N	\N	stock.storage.category	name	base	{"en_US": "Storage Category", "es_ES": "Categoría de almacenamiento", "pt_PT": "Categoria de armazenamento"}	 Main super-class for regular database-persisted Odoo models.\n\n    Odoo models are created by inheriting from this class::\n\n        class user(Model):\n            ...\n\n    The system will later instantiate the class once per database (on\n    which the class' module is installed).\n    	f	\N	\N	f	f	f	\N	\N	\N	\N
682	\N	\N	stock.storage.category.capacity	storage_category_id	base	{"en_US": "Storage Category Capacity", "es_ES": "Capacidad de la categoría de almacenamiento", "pt_PT": "Capacidade da categoria de armazenamento"}	 Main super-class for regular database-persisted Odoo models.\n\n    Odoo models are created by inheriting from this class::\n\n        class user(Model):\n            ...\n\n    The system will later instantiate the class once per database (on\n    which the class' module is installed).\n    	f	\N	\N	f	f	f	\N	\N	\N	\N
667	\N	\N	stock.rule	sequence, id	base	{"en_US": "Stock Rule", "es_ES": "Regla de inventario", "pt_PT": "Regras de Inventariação"}	 A rule describe what a procurement should do; produce, buy, move, ... 	f	\N	\N	f	f	f	\N	\N	\N	\N
685	\N	\N	report.stock.quantity	id	base	{"en_US": "Stock Quantity Report", "es_ES": "Informe de cantidad de stock", "pt_PT": "Relatório de Quantidades de Inventário"}	 Main super-class for regular database-persisted Odoo models.\n\n    Odoo models are created by inheriting from this class::\n\n        class user(Model):\n            ...\n\n    The system will later instantiate the class once per database (on\n    which the class' module is installed).\n    	f	\N	\N	f	f	f	\N	\N	\N	\N
686	\N	\N	report.stock.report_reception	id	base	{"en_US": "Stock Reception Report", "es_ES": "Informe de recepción de stock", "pt_PT": "Relatório de recebimento de estoque"}	 The base model, which is implicitly inherited by all models. 	f	\N	\N	f	f	f	\N	\N	\N	\N
687	\N	\N	report.stock.report_stock_rule	id	base	{"en_US": "Stock rule report", "es_ES": "Informe de regla de inventario", "pt_PT": "Relatório de regra de inventariação"}	 The base model, which is implicitly inherited by all models. 	f	\N	\N	f	f	f	\N	\N	\N	\N
688	\N	\N	stock.traceability.report	id	base	{"en_US": "Traceability Report", "es_ES": "Informe de trazabilidad", "pt_PT": "Relatório de Rastreamento"}	 Model super-class for transient records, meant to be temporarily\n    persistent, and regularly vacuum-cleaned.\n\n    A TransientModel has a simplified access rights management, all users can\n    create new records, and may only access the records they created. The\n    superuser has unrestricted access to all TransientModel records.\n    	t	\N	\N	f	f	f	\N	\N	\N	\N
689	\N	\N	report.stock.label_product_product_view	id	base	{"en_US": "Product Label Report", "es_ES": "Informe de la etiqueta de producto", "pt_PT": "Etiqueta da etiqueta do produto"}	 The base model, which is implicitly inherited by all models. 	f	\N	\N	f	f	f	\N	\N	\N	\N
690	\N	\N	report.stock.label_lot_template_view	id	base	{"en_US": "Lot Label Report", "es_ES": "Informe de etiqueta del lote", "pt_PT": "Relatório de etiqueta de lote"}	 The base model, which is implicitly inherited by all models. 	f	\N	\N	f	f	f	\N	\N	\N	\N
692	\N	\N	stock.return.picking.line	id	base	{"en_US": "Return Picking Line", "es_ES": "Línea de albarán de devolución", "pt_PT": "Linha de Operação de Devolução de Stock"}	 Model super-class for transient records, meant to be temporarily\n    persistent, and regularly vacuum-cleaned.\n\n    A TransientModel has a simplified access rights management, all users can\n    create new records, and may only access the records they created. The\n    superuser has unrestricted access to all TransientModel records.\n    	t	\N	\N	f	f	f	\N	\N	\N	\N
693	\N	\N	stock.return.picking	id	base	{"en_US": "Return Picking", "es_ES": "Albarán de devolución", "pt_PT": "Recebimento de Devolução"}	 Model super-class for transient records, meant to be temporarily\n    persistent, and regularly vacuum-cleaned.\n\n    A TransientModel has a simplified access rights management, all users can\n    create new records, and may only access the records they created. The\n    superuser has unrestricted access to all TransientModel records.\n    	t	\N	\N	f	f	f	\N	\N	\N	\N
694	\N	\N	stock.change.product.qty	id	base	{"en_US": "Change Product Quantity", "es_ES": "Cambiar cantidad de producto", "pt_PT": "Alterar Quantidade do Artigo"}	 Model super-class for transient records, meant to be temporarily\n    persistent, and regularly vacuum-cleaned.\n\n    A TransientModel has a simplified access rights management, all users can\n    create new records, and may only access the records they created. The\n    superuser has unrestricted access to all TransientModel records.\n    	t	\N	\N	f	f	f	\N	\N	\N	\N
695	\N	\N	stock.inventory.conflict	id	base	{"en_US": "Conflict in Inventory", "es_ES": "Conflicto en el inventario", "pt_PT": "Conflito no inventário"}	 Model super-class for transient records, meant to be temporarily\n    persistent, and regularly vacuum-cleaned.\n\n    A TransientModel has a simplified access rights management, all users can\n    create new records, and may only access the records they created. The\n    superuser has unrestricted access to all TransientModel records.\n    	t	\N	\N	f	f	f	\N	\N	\N	\N
696	\N	\N	stock.inventory.warning	id	base	{"en_US": "Inventory Adjustment Warning", "es_ES": "Advertencia del ajuste de inventario", "pt_PT": "Aviso de ajuste de estoque"}	 Model super-class for transient records, meant to be temporarily\n    persistent, and regularly vacuum-cleaned.\n\n    A TransientModel has a simplified access rights management, all users can\n    create new records, and may only access the records they created. The\n    superuser has unrestricted access to all TransientModel records.\n    	t	\N	\N	f	f	f	\N	\N	\N	\N
697	\N	\N	stock.inventory.adjustment.name	id	base	{"en_US": "Inventory Adjustment Reference / Reason", "es_ES": "Referencia/motivo del ajuste de inventario", "pt_PT": "Referência/motivo do ajuste de estoque"}	 Model super-class for transient records, meant to be temporarily\n    persistent, and regularly vacuum-cleaned.\n\n    A TransientModel has a simplified access rights management, all users can\n    create new records, and may only access the records they created. The\n    superuser has unrestricted access to all TransientModel records.\n    	t	\N	\N	f	f	f	\N	\N	\N	\N
698	\N	\N	picking.label.type	id	base	{"en_US": "Choose whether to print product or lot/sn labels", "es_ES": "Elija si imprimir etiquetas de producto o de número de lote/serie", "pt_PT": "Escolha se deseja imprimir etiquetas de produto ou de lote/número de série"}	 Model super-class for transient records, meant to be temporarily\n    persistent, and regularly vacuum-cleaned.\n\n    A TransientModel has a simplified access rights management, all users can\n    create new records, and may only access the records they created. The\n    superuser has unrestricted access to all TransientModel records.\n    	t	\N	\N	f	f	f	\N	\N	\N	\N
699	\N	\N	lot.label.layout	id	base	{"en_US": "Choose the sheet layout to print lot labels", "es_ES": "Elija el diseño de la hoja para imprimir etiquetas de lotes", "pt_PT": "Escolha o layout da folha para imprimir etiquetas de lote"}	 Model super-class for transient records, meant to be temporarily\n    persistent, and regularly vacuum-cleaned.\n\n    A TransientModel has a simplified access rights management, all users can\n    create new records, and may only access the records they created. The\n    superuser has unrestricted access to all TransientModel records.\n    	t	\N	\N	f	f	f	\N	\N	\N	\N
700	\N	\N	stock.backorder.confirmation.line	id	base	{"en_US": "Backorder Confirmation Line", "es_ES": "Línea de confirmación de entregas parciales", "pt_PT": "Linha de confirmação de pedido em espera"}	 Model super-class for transient records, meant to be temporarily\n    persistent, and regularly vacuum-cleaned.\n\n    A TransientModel has a simplified access rights management, all users can\n    create new records, and may only access the records they created. The\n    superuser has unrestricted access to all TransientModel records.\n    	t	\N	\N	f	f	f	\N	\N	\N	\N
701	\N	\N	stock.backorder.confirmation	id	base	{"en_US": "Backorder Confirmation", "es_ES": "Confirmación de entrega parcial", "pt_PT": "Confirmação de Transferência Diferida"}	 Model super-class for transient records, meant to be temporarily\n    persistent, and regularly vacuum-cleaned.\n\n    A TransientModel has a simplified access rights management, all users can\n    create new records, and may only access the records they created. The\n    superuser has unrestricted access to all TransientModel records.\n    	t	\N	\N	f	f	f	\N	\N	\N	\N
702	\N	\N	stock.quantity.history	id	base	{"en_US": "Stock Quantity History", "es_ES": "Historial de cantidad de stock", "pt_PT": "Histórico de Quantidade de Inventário"}	 Model super-class for transient records, meant to be temporarily\n    persistent, and regularly vacuum-cleaned.\n\n    A TransientModel has a simplified access rights management, all users can\n    create new records, and may only access the records they created. The\n    superuser has unrestricted access to all TransientModel records.\n    	t	\N	\N	f	f	f	\N	\N	\N	\N
703	\N	\N	stock.rules.report	id	base	{"en_US": "Stock Rules report", "es_ES": "Informe de reglas de inventario", "pt_PT": "Relatório de regras de estoque"}	 Model super-class for transient records, meant to be temporarily\n    persistent, and regularly vacuum-cleaned.\n\n    A TransientModel has a simplified access rights management, all users can\n    create new records, and may only access the records they created. The\n    superuser has unrestricted access to all TransientModel records.\n    	t	\N	\N	f	f	f	\N	\N	\N	\N
704	\N	\N	stock.warn.insufficient.qty	id	base	{"en_US": "Warn Insufficient Quantity", "es_ES": "Advertir de cantidad insuficiente", "pt_PT": "Avisar quantidade insuficiente"}	 The base model, which is implicitly inherited by all models. 	f	\N	\N	f	f	f	\N	\N	\N	\N
705	\N	\N	stock.warn.insufficient.qty.scrap	id	base	{"en_US": "Warn Insufficient Scrap Quantity", "es_ES": "Advertir de cantidad de desecho insuficiente", "pt_PT": "Avisar quantidade insuficiente de sucata"}	 Model super-class for transient records, meant to be temporarily\n    persistent, and regularly vacuum-cleaned.\n\n    A TransientModel has a simplified access rights management, all users can\n    create new records, and may only access the records they created. The\n    superuser has unrestricted access to all TransientModel records.\n    	t	\N	\N	f	f	f	\N	\N	\N	\N
706	\N	\N	product.replenish	id	base	{"en_US": "Product Replenish", "es_ES": "Reposición de producto", "pt_PT": "Reabastecimento de Artigos"}	 Model super-class for transient records, meant to be temporarily\n    persistent, and regularly vacuum-cleaned.\n\n    A TransientModel has a simplified access rights management, all users can\n    create new records, and may only access the records they created. The\n    superuser has unrestricted access to all TransientModel records.\n    	t	\N	\N	f	f	f	\N	\N	\N	\N
709	\N	\N	stock.package.destination	id	base	{"en_US": "Stock Package Destination", "es_ES": "Destino del paquete de stock", "pt_PT": "Destino da embalagem de estoque"}	 Model super-class for transient records, meant to be temporarily\n    persistent, and regularly vacuum-cleaned.\n\n    A TransientModel has a simplified access rights management, all users can\n    create new records, and may only access the records they created. The\n    superuser has unrestricted access to all TransientModel records.\n    	t	\N	\N	f	f	f	\N	\N	\N	\N
710	\N	\N	stock.orderpoint.snooze	id	base	{"en_US": "Snooze Orderpoint", "es_ES": "Posponer punto de orden", "pt_PT": "Adiar ponto de pedido"}	 Model super-class for transient records, meant to be temporarily\n    persistent, and regularly vacuum-cleaned.\n\n    A TransientModel has a simplified access rights management, all users can\n    create new records, and may only access the records they created. The\n    superuser has unrestricted access to all TransientModel records.\n    	t	\N	\N	f	f	f	\N	\N	\N	\N
711	\N	\N	stock.request.count	id	base	{"en_US": "Stock Request an Inventory Count", "es_ES": "Solicitar un recuento de inventario", "pt_PT": "Solicitação de Inventariação de Armazém"}	 Model super-class for transient records, meant to be temporarily\n    persistent, and regularly vacuum-cleaned.\n\n    A TransientModel has a simplified access rights management, all users can\n    create new records, and may only access the records they created. The\n    superuser has unrestricted access to all TransientModel records.\n    	t	\N	\N	f	f	f	\N	\N	\N	\N
712	\N	\N	stock.replenishment.info	id	base	{"en_US": "Stock supplier replenishment information", "es_ES": "Información de reposición de stock del proveedor", "pt_PT": "Informação de fornecedor de inventário de reabastecimento"}	 Model super-class for transient records, meant to be temporarily\n    persistent, and regularly vacuum-cleaned.\n\n    A TransientModel has a simplified access rights management, all users can\n    create new records, and may only access the records they created. The\n    superuser has unrestricted access to all TransientModel records.\n    	t	\N	\N	f	f	f	\N	\N	\N	\N
713	\N	\N	stock.replenishment.option	id	base	{"en_US": "Stock warehouse replenishment option", "es_ES": "Opción de reposición de almacén de stock", "pt_PT": "Opção de reposição do armazém de estoque"}	 Model super-class for transient records, meant to be temporarily\n    persistent, and regularly vacuum-cleaned.\n\n    A TransientModel has a simplified access rights management, all users can\n    create new records, and may only access the records they created. The\n    superuser has unrestricted access to all TransientModel records.\n    	t	\N	\N	f	f	f	\N	\N	\N	\N
714	\N	\N	stock.quant.relocate	id	base	{"en_US": "Stock Quantity Relocation", "es_ES": "Reubicación de la cantidad de stock", "pt_PT": "Realocação de quantidade de estoque"}	 Model super-class for transient records, meant to be temporarily\n    persistent, and regularly vacuum-cleaned.\n\n    A TransientModel has a simplified access rights management, all users can\n    create new records, and may only access the records they created. The\n    superuser has unrestricted access to all TransientModel records.\n    	t	\N	\N	f	f	f	\N	\N	\N	\N
715	\N	\N	stock.valuation.layer	create_date, id	base	{"en_US": "Stock Valuation Layer", "es_ES": "Capa de valoración de stock", "pt_PT": "Camada de Valorização de Inventário"}	Stock Valuation Layer	f	\N	\N	f	f	f	\N	\N	\N	\N
716	\N	\N	stock.valuation.layer.revaluation	id	base	{"en_US": "Wizard model to reavaluate a stock inventory for a product", "es_ES": "Modelo de asistente para revalorizar un inventario del stock para un producto", "pt_PT": "Assistente modelo para revalorizar o inventário de um artigo"}	 Model super-class for transient records, meant to be temporarily\n    persistent, and regularly vacuum-cleaned.\n\n    A TransientModel has a simplified access rights management, all users can\n    create new records, and may only access the records they created. The\n    superuser has unrestricted access to all TransientModel records.\n    	t	\N	\N	f	f	f	\N	\N	\N	\N
718	\N	\N	hr.contract.type	sequence	base	{"en_US": "Contract Type", "es_ES": "Tipo de contrato", "pt_PT": "Tipo de Contrato"}	 Main super-class for regular database-persisted Odoo models.\n\n    Odoo models are created by inheriting from this class::\n\n        class user(Model):\n            ...\n\n    The system will later instantiate the class once per database (on\n    which the class' module is installed).\n    	f	\N	\N	f	f	f	\N	\N	\N	\N
719	\N	\N	hr.employee.base	name	base	{"en_US": "Basic Employee", "es_ES": "Empleado básico", "pt_PT": "Funcionário básico"}	 The base model, which is implicitly inherited by all models. 	f	\N	\N	f	f	f	\N	\N	\N	\N
721	\N	\N	hr.employee.category	id	base	{"en_US": "Employee Category", "es_ES": "Categoría de empleado", "pt_PT": "Categoria do funcionário"}	 Main super-class for regular database-persisted Odoo models.\n\n    Odoo models are created by inheriting from this class::\n\n        class user(Model):\n            ...\n\n    The system will later instantiate the class once per database (on\n    which the class' module is installed).\n    	f	\N	\N	f	f	f	\N	\N	\N	\N
722	\N	\N	hr.employee.public	name	base	{"en_US": "Public Employee", "es_ES": "Empleado público", "pt_PT": "Funcionário Público"}	 Main super-class for regular database-persisted Odoo models.\n\n    Odoo models are created by inheriting from this class::\n\n        class user(Model):\n            ...\n\n    The system will later instantiate the class once per database (on\n    which the class' module is installed).\n    	f	\N	\N	f	f	f	\N	\N	\N	\N
723	\N	\N	hr.department	name	base	{"en_US": "Department", "es_ES": "Departamento", "pt_PT": "Departamento"}	 Main super-class for regular database-persisted Odoo models.\n\n    Odoo models are created by inheriting from this class::\n\n        class user(Model):\n            ...\n\n    The system will later instantiate the class once per database (on\n    which the class' module is installed).\n    	f	\N	\N	t	t	f	\N	\N	\N	\N
724	\N	\N	hr.departure.reason	sequence	base	{"en_US": "Departure Reason", "es_ES": "Motivo de salida", "pt_PT": "Motivo da renúncia"}	 Main super-class for regular database-persisted Odoo models.\n\n    Odoo models are created by inheriting from this class::\n\n        class user(Model):\n            ...\n\n    The system will later instantiate the class once per database (on\n    which the class' module is installed).\n    	f	\N	\N	f	f	f	\N	\N	\N	\N
725	\N	\N	hr.job	sequence	base	{"en_US": "Job Position", "es_ES": "Puesto de trabajo", "pt_PT": "Posição do Cargo/Função"}	 Main super-class for regular database-persisted Odoo models.\n\n    Odoo models are created by inheriting from this class::\n\n        class user(Model):\n            ...\n\n    The system will later instantiate the class once per database (on\n    which the class' module is installed).\n    	f	\N	\N	t	f	f	\N	\N	\N	\N
726	\N	\N	hr.work.location	name	base	{"en_US": "Work Location", "es_ES": "Ubicación de trabajo", "pt_PT": "Local de Trabalho"}	 Main super-class for regular database-persisted Odoo models.\n\n    Odoo models are created by inheriting from this class::\n\n        class user(Model):\n            ...\n\n    The system will later instantiate the class once per database (on\n    which the class' module is installed).\n    	f	\N	\N	f	f	f	\N	\N	\N	\N
728	\N	\N	hr.manager.department.report	id	base	{"en_US": "Hr Manager Department Report", "es_ES": "Informe de departamento del gerente de RR. HH.", "pt_PT": "Relatório do departamento de gestão de RH"}	 The base model, which is implicitly inherited by all models. 	f	\N	\N	f	f	f	\N	\N	\N	\N
733	\N	\N	hr.resume.line	line_type_id, date_end desc, date_start desc	base	{"en_US": "Resume line of an employee", "es_ES": "Línea de currículum de un empleado", "pt_PT": "Linha de currículo de um funcionário"}	 Main super-class for regular database-persisted Odoo models.\n\n    Odoo models are created by inheriting from this class::\n\n        class user(Model):\n            ...\n\n    The system will later instantiate the class once per database (on\n    which the class' module is installed).\n    	f	\N	\N	f	f	f	\N	\N	\N	\N
734	\N	\N	hr.resume.line.type	sequence	base	{"en_US": "Type of a resume line", "es_ES": "Tipo de una línea de currículum", "pt_PT": "Tipo de linha de currículo"}	 Main super-class for regular database-persisted Odoo models.\n\n    Odoo models are created by inheriting from this class::\n\n        class user(Model):\n            ...\n\n    The system will later instantiate the class once per database (on\n    which the class' module is installed).\n    	f	\N	\N	f	f	f	\N	\N	\N	\N
735	\N	\N	hr.skill	sequence, name	base	{"en_US": "Skill", "es_ES": "Habilidad", "pt_PT": "Competência"}	 Main super-class for regular database-persisted Odoo models.\n\n    Odoo models are created by inheriting from this class::\n\n        class user(Model):\n            ...\n\n    The system will later instantiate the class once per database (on\n    which the class' module is installed).\n    	f	\N	\N	f	f	f	\N	\N	\N	\N
737	\N	\N	hr.employee.skill.log	employee_id,date	base	{"en_US": "Skills History", "es_ES": "Historial de habilidades", "pt_PT": "Histórico de habilidades"}	 Main super-class for regular database-persisted Odoo models.\n\n    Odoo models are created by inheriting from this class::\n\n        class user(Model):\n            ...\n\n    The system will later instantiate the class once per database (on\n    which the class' module is installed).\n    	f	\N	\N	f	f	f	\N	\N	\N	\N
738	\N	\N	hr.skill.level	level_progress desc	base	{"en_US": "Skill Level", "es_ES": "Nivel de habilidad", "pt_PT": "Nível de habilidade"}	 Main super-class for regular database-persisted Odoo models.\n\n    Odoo models are created by inheriting from this class::\n\n        class user(Model):\n            ...\n\n    The system will later instantiate the class once per database (on\n    which the class' module is installed).\n    	f	\N	\N	f	f	f	\N	\N	\N	\N
739	\N	\N	hr.skill.type	name	base	{"en_US": "Skill Type", "es_ES": "Tipo de habilidad", "pt_PT": "Tipo de habilidade"}	 Main super-class for regular database-persisted Odoo models.\n\n    Odoo models are created by inheriting from this class::\n\n        class user(Model):\n            ...\n\n    The system will later instantiate the class once per database (on\n    which the class' module is installed).\n    	f	\N	\N	f	f	f	\N	\N	\N	\N
740	\N	\N	report.hr_skills.report_employee_cv	id	base	{"en_US": "Employee Resume", "es_ES": "Currículum del empleado", "pt_PT": "Currículo do funcionário"}	 The base model, which is implicitly inherited by all models. 	f	\N	\N	f	f	f	\N	\N	\N	\N
741	\N	\N	hr.employee.skill.report	employee_id, level_progress desc	base	{"en_US": "Employee Skills Report", "es_ES": "Informe de habilidades del empleado", "pt_PT": "Relatório de habilidades do funcionário"}	 The base model, which is implicitly inherited by all models. 	f	\N	\N	f	f	f	\N	\N	\N	\N
742	\N	\N	hr.employee.cv.wizard	id	base	{"en_US": "Print Resume", "es_ES": "Imprimir currículum", "pt_PT": "Imprimir currículo"}	 Model super-class for transient records, meant to be temporarily\n    persistent, and regularly vacuum-cleaned.\n\n    A TransientModel has a simplified access rights management, all users can\n    create new records, and may only access the records they created. The\n    superuser has unrestricted access to all TransientModel records.\n    	t	\N	\N	f	f	f	\N	\N	\N	\N
513	\N	\N	spreadsheet.dashboard.group	sequence	base	{"en_US": "Group of dashboards", "es_ES": "Grupo de tableros", "pt_PT": "Grupo de painéis"}	 Main super-class for regular database-persisted Odoo models.\n\n    Odoo models are created by inheriting from this class::\n\n        class user(Model):\n            ...\n\n    The system will later instantiate the class once per database (on\n    which the class' module is installed).\n    	f	\N	\N	f	f	f	\N	\N	\N	\N
745	\N	\N	stock.warn.insufficient.qty.repair	id	base	{"en_US": "Warn Insufficient Repair Quantity", "es_ES": "Advertencia sobre cantidad de reparación insuficiente", "pt_PT": "Avisar sobre Insuficiente Quantidade de Reparação"}	 Model super-class for transient records, meant to be temporarily\n    persistent, and regularly vacuum-cleaned.\n\n    A TransientModel has a simplified access rights management, all users can\n    create new records, and may only access the records they created. The\n    superuser has unrestricted access to all TransientModel records.\n    	t	\N	\N	f	f	f	\N	\N	\N	\N
774	\N	\N	purchase.bill.line.match	product_id, aml_id, pol_id	base	{"en_US": "Purchase Line and Vendor Bill line matching view", "es_ES": "Vista de conciliación entre líneas de compra y líneas de factura del proveedor", "pt_PT": "Visualização da correspondência de linhas de compras e de contas do fornecedor"}	 Main super-class for regular database-persisted Odoo models.\n\n    Odoo models are created by inheriting from this class::\n\n        class user(Model):\n            ...\n\n    The system will later instantiate the class once per database (on\n    which the class' module is installed).\n    	f	\N	\N	f	f	f	\N	\N	\N	\N
777	\N	\N	purchase.report	date_order desc, price_total desc	base	{"en_US": "Purchase Report", "es_ES": "Informe de Compras", "pt_PT": "Relatório de Compras"}	 Main super-class for regular database-persisted Odoo models.\n\n    Odoo models are created by inheriting from this class::\n\n        class user(Model):\n            ...\n\n    The system will later instantiate the class once per database (on\n    which the class' module is installed).\n    	f	\N	\N	f	f	f	\N	\N	\N	\N
778	\N	\N	purchase.bill.union	date desc, name desc	base	{"en_US": "Purchases & Bills Union", "es_ES": "Unión de compras y facturas", "pt_PT": "União de compras e faturas"}	 Main super-class for regular database-persisted Odoo models.\n\n    Odoo models are created by inheriting from this class::\n\n        class user(Model):\n            ...\n\n    The system will later instantiate the class once per database (on\n    which the class' module is installed).\n    	f	\N	\N	f	f	f	\N	\N	\N	\N
779	\N	\N	bill.to.po.wizard	id	base	{"en_US": "Bill to Purchase Order", "es_ES": "Facturar el pedido de compra", "pt_PT": "Conta para pedido de compra"}	 Model super-class for transient records, meant to be temporarily\n    persistent, and regularly vacuum-cleaned.\n\n    A TransientModel has a simplified access rights management, all users can\n    create new records, and may only access the records they created. The\n    superuser has unrestricted access to all TransientModel records.\n    	t	\N	\N	f	f	f	\N	\N	\N	\N
781	\N	\N	vendor.delay.report	id	base	{"en_US": "Vendor Delay Report", "es_ES": "Informe de retraso del proveedor", "pt_PT": "Relatório de Atraso de Fornecedor"}	 Main super-class for regular database-persisted Odoo models.\n\n    Odoo models are created by inheriting from this class::\n\n        class user(Model):\n            ...\n\n    The system will later instantiate the class once per database (on\n    which the class' module is installed).\n    	f	\N	\N	f	f	f	\N	\N	\N	\N
96	\N	\N	res.company	sequence, name	base	{"en_US": "Companies", "es_ES": "Compañías", "pt_PT": "Empresas"}	 Main super-class for regular database-persisted Odoo models.\n\n    Odoo models are created by inheriting from this class::\n\n        class user(Model):\n            ...\n\n    The system will later instantiate the class once per database (on\n    which the class' module is installed).\n    	f	\N	\N	t	f	f	\N	\N	\N	\N
775	\N	\N	purchase.order	priority desc, id desc	base	{"en_US": "Purchase Order", "es_ES": "Pedido de compra", "pt_PT": "Notas de encomenda"}	 Main super-class for regular database-persisted Odoo models.\n\n    Odoo models are created by inheriting from this class::\n\n        class user(Model):\n            ...\n\n    The system will later instantiate the class once per database (on\n    which the class' module is installed).\n    	f	\N	\N	t	t	f	\N	\N	\N	\N
539	\N	\N	sale.order.cancel	id	base	{"en_US": "Sales Order Cancel", "es_ES": "Cancelar pedido de venta", "pt_PT": "Cancelar Ordem de Venda"}	 Model super-class for transient records, meant to be temporarily\n    persistent, and regularly vacuum-cleaned.\n\n    A TransientModel has a simplified access rights management, all users can\n    create new records, and may only access the records they created. The\n    superuser has unrestricted access to all TransientModel records.\n    	t	\N	\N	f	f	f	\N	\N	\N	\N
532	\N	2	sale.order	date_order desc, id desc	base	{"en_US": "Sales Order", "es_ES": "Pedido de venta", "pt_PT": "Ordem de Venda"}	 Main super-class for regular database-persisted Odoo models.\n\n    Odoo models are created by inheriting from this class::\n\n        class user(Model):\n            ...\n\n    The system will later instantiate the class once per database (on\n    which the class' module is installed).\n    	f	\N	2026-05-07 11:51:16.389287	t	t	f	\N	\N	\N	\N
776	\N	\N	purchase.order.line	order_id, sequence, id	base	{"en_US": "Purchase Order Line", "es_ES": "Línea de pedido de compra", "pt_PT": "Linha de Encomenda"}	 Main super-class for regular database-persisted Odoo models.\n\n    Odoo models are created by inheriting from this class::\n\n        class user(Model):\n            ...\n\n    The system will later instantiate the class once per database (on\n    which the class' module is installed).\n    	f	\N	\N	f	f	f	\N	\N	\N	\N
393	\N	\N	product.template	is_favorite desc, name	base	{"en_US": "Product", "es_ES": "Producto", "pt_PT": "Artigo"}	 Main super-class for regular database-persisted Odoo models.\n\n    Odoo models are created by inheriting from this class::\n\n        class user(Model):\n            ...\n\n    The system will later instantiate the class once per database (on\n    which the class' module is installed).\n    	f	\N	\N	t	t	f	\N	\N	\N	\N
665	\N	\N	stock.move	sequence, id	base	{"en_US": "Stock Move", "es_ES": "Movimiento de stock", "pt_PT": "Movimentação de estoque"}	 Main super-class for regular database-persisted Odoo models.\n\n    Odoo models are created by inheriting from this class::\n\n        class user(Model):\n            ...\n\n    The system will later instantiate the class once per database (on\n    which the class' module is installed).\n    	f	\N	\N	f	f	f	\N	\N	\N	\N
443	\N	\N	snailmail.letter.format.error	id	base	{"en_US": "Format Error Sending a Snailmail Letter", "es_ES": "Error de formato al enviar una carta por correo postal", "pt_PT": "Erro de Formato ao Enviar uma Carta de Snailmail"}	 Model super-class for transient records, meant to be temporarily\n    persistent, and regularly vacuum-cleaned.\n\n    A TransientModel has a simplified access rights management, all users can\n    create new records, and may only access the records they created. The\n    superuser has unrestricted access to all TransientModel records.\n    	t	\N	\N	f	f	f	\N	\N	\N	\N
179	\N	\N	mail.notification	id	base	{"en_US": "Message Notifications", "es_ES": "Notificaciones de mensajes", "pt_PT": "Notificações de Mensagem"}	 Main super-class for regular database-persisted Odoo models.\n\n    Odoo models are created by inheriting from this class::\n\n        class user(Model):\n            ...\n\n    The system will later instantiate the class once per database (on\n    which the class' module is installed).\n    	f	\N	\N	f	f	f	\N	\N	\N	\N
28	\N	\N	ir.actions.report	name, id	base	{"en_US": "Report Action", "es_ES": "Acción de informe", "pt_PT": "Relatar Ação"}	 Main super-class for regular database-persisted Odoo models.\n\n    Odoo models are created by inheriting from this class::\n\n        class user(Model):\n            ...\n\n    The system will later instantiate the class once per database (on\n    which the class' module is installed).\n    	f	\N	\N	f	f	f	\N	\N	\N	\N
442	\N	\N	snailmail.letter	id	base	{"en_US": "Snailmail Letter", "es_ES": "Carta por correo postal", "pt_PT": "Carta de Snailmail"}	 Main super-class for regular database-persisted Odoo models.\n\n    Odoo models are created by inheriting from this class::\n\n        class user(Model):\n            ...\n\n    The system will later instantiate the class once per database (on\n    which the class' module is installed).\n    	f	\N	\N	f	f	f	\N	\N	\N	\N
444	\N	\N	snailmail.letter.missing.required.fields	id	base	{"en_US": "Update address of partner", "es_ES": "Actualizar la dirección del contacto", "pt_PT": "Atualizar endereço do parceiro"}	 Model super-class for transient records, meant to be temporarily\n    persistent, and regularly vacuum-cleaned.\n\n    A TransientModel has a simplified access rights management, all users can\n    create new records, and may only access the records they created. The\n    superuser has unrestricted access to all TransientModel records.\n    	t	\N	\N	f	f	f	\N	\N	\N	\N
479	\N	\N	account.move.send	id	base	{"en_US": "Account Move Send", "es_ES": "Enviar movimiento de cuenta", "pt_PT": "Envio de Movimento de Conta"}	 Shared class between the two sending wizards.\n    See 'account.move.send.batch.wizard' for multiple invoices sending wizard (async)\n    and 'account.move.send.wizard' for single invoice sending wizard (sync).\n    	f	\N	\N	f	f	f	\N	\N	\N	\N
504	\N	\N	account.move.send.batch.wizard	id	base	{"en_US": "Account Move Send Batch Wizard", "es_ES": "Asistente de envío de lotes y asientos contables", "pt_PT": "Assistente de envio de lote de movimentações da conta"}	Wizard that handles the sending of multiple invoices.	t	\N	\N	f	f	f	\N	\N	\N	\N
94	\N	\N	res.currency	active desc, name	base	{"en_US": "Currency", "es_ES": "Moneda", "pt_PT": "Moeda"}	 Main super-class for regular database-persisted Odoo models.\n\n    Odoo models are created by inheriting from this class::\n\n        class user(Model):\n            ...\n\n    The system will later instantiate the class once per database (on\n    which the class' module is installed).\n    	f	\N	\N	f	f	f	\N	\N	\N	\N
95	\N	\N	res.currency.rate	name desc	base	{"en_US": "Currency Rate", "es_ES": "Tipo de cambio", "pt_PT": "Taxa de Câmbio"}	 Main super-class for regular database-persisted Odoo models.\n\n    Odoo models are created by inheriting from this class::\n\n        class user(Model):\n            ...\n\n    The system will later instantiate the class once per database (on\n    which the class' module is installed).\n    	f	\N	\N	f	f	f	\N	\N	\N	\N
454	\N	\N	spreadsheet.mixin	id	base	{"en_US": "Spreadsheet mixin", "es_ES": "Mixin de la hoja de cálculo", "pt_PT": "Mixin de planilha"}	 The base model, which is implicitly inherited by all models. 	f	\N	\N	f	f	f	\N	\N	\N	\N
462	\N	\N	account.account	code, placeholder_code	base	{"en_US": "Account", "es_ES": "Cuenta", "pt_PT": "Conta"}	 Main super-class for regular database-persisted Odoo models.\n\n    Odoo models are created by inheriting from this class::\n\n        class user(Model):\n            ...\n\n    The system will later instantiate the class once per database (on\n    which the class' module is installed).\n    	f	\N	\N	t	f	f	\N	\N	\N	\N
515	\N	\N	spreadsheet.dashboard.share	id	base	{"en_US": "Copy of a shared dashboard", "es_ES": "Copia de una hoja de cálculo compartida", "pt_PT": "Cópia de um painel compartilhado"}	 Main super-class for regular database-persisted Odoo models.\n\n    Odoo models are created by inheriting from this class::\n\n        class user(Model):\n            ...\n\n    The system will later instantiate the class once per database (on\n    which the class' module is installed).\n    	f	\N	\N	f	f	f	\N	\N	\N	\N
192	\N	\N	mail.message	id desc	base	{"en_US": "Message", "es_ES": "Mensaje", "pt_PT": "Mensagem"}	 Override MailMessage class in order to add a new type: SMS messages.\n    Those messages comes with their own notification method, using SMS\n    gateway. 	f	\N	\N	f	f	f	\N	\N	\N	\N
65	\N	\N	ir.http	id	base	{"en_US": "HTTP Routing", "es_ES": "Enrutamiento HTTP ", "pt_PT": "Roteamento HTTP"}	 The base model, which is implicitly inherited by all models. 	f	\N	\N	f	f	f	\N	\N	\N	\N
514	\N	\N	spreadsheet.dashboard	sequence	base	{"en_US": "Spreadsheet Dashboard", "es_ES": "Tablero de hojas de cálculo", "pt_PT": "Painel de Folhas de Cálculo"}	 Main super-class for regular database-persisted Odoo models.\n\n    Odoo models are created by inheriting from this class::\n\n        class user(Model):\n            ...\n\n    The system will later instantiate the class once per database (on\n    which the class' module is installed).\n    	f	\N	\N	f	f	f	\N	\N	\N	\N
717	\N	\N	confirm.stock.sms	id	base	{"en_US": "Confirm Stock SMS", "es_ES": "Confirmar SMS de stock", "pt_PT": "Confirmar SMS de estoque"}	 Model super-class for transient records, meant to be temporarily\n    persistent, and regularly vacuum-cleaned.\n\n    A TransientModel has a simplified access rights management, all users can\n    create new records, and may only access the records they created. The\n    superuser has unrestricted access to all TransientModel records.\n    	t	\N	\N	f	f	f	\N	\N	\N	\N
55	\N	\N	ir.qweb.field.image	id	base	{"en_US": "Qweb Field Image", "es_ES": "Campo Qweb Imagen", "pt_PT": "Campo Qweb – Imagem"}	\n    Widget options:\n\n    ``class``\n        set as attribute on the generated <img> tag\n    	f	\N	\N	f	f	f	\N	\N	\N	\N
727	\N	\N	hr.departure.wizard	id	base	{"en_US": "Departure Wizard", "es_ES": "Asistente de salida", "pt_PT": "Assistente de Saída"}	 Model super-class for transient records, meant to be temporarily\n    persistent, and regularly vacuum-cleaned.\n\n    A TransientModel has a simplified access rights management, all users can\n    create new records, and may only access the records they created. The\n    superuser has unrestricted access to all TransientModel records.\n    	t	\N	\N	f	f	f	\N	\N	\N	\N
785	\N	\N	maintenance.equipment	id	base	{"en_US": "Maintenance Equipment", "es_ES": "Equipo de mantenimiento", "pt_PT": "Manutenção de Equipamento"}	 Main super-class for regular database-persisted Odoo models.\n\n    Odoo models are created by inheriting from this class::\n\n        class user(Model):\n            ...\n\n    The system will later instantiate the class once per database (on\n    which the class' module is installed).\n    	f	\N	\N	t	t	f	\N	\N	\N	\N
786	\N	\N	maintenance.request	id desc	base	{"en_US": "Maintenance Request", "es_ES": "Solicitud de mantenimiento", "pt_PT": "Pedido de Manutenção"}	 Main super-class for regular database-persisted Odoo models.\n\n    Odoo models are created by inheriting from this class::\n\n        class user(Model):\n            ...\n\n    The system will later instantiate the class once per database (on\n    which the class' module is installed).\n    	f	\N	\N	t	t	f	\N	\N	\N	\N
99	\N	\N	res.users	name, login	base	{"en_US": "User", "es_ES": "Usuario", "pt_PT": "Utilizador"}	 Update of res.users class\n        - add a preference about sending emails about notifications\n        - make a new user follow itself\n        - add a welcome message\n        - add suggestion preference\n    	f	\N	\N	f	f	f	\N	\N	\N	\N
219	\N	\N	publisher_warranty.contract	id	base	{"en_US": "Publisher Warranty Contract", "es_ES": "Contrato de garantía del editor", "pt_PT": "Contrato de garantia do editor"}	 The base model, which is implicitly inherited by all models. 	f	\N	\N	f	f	f	\N	\N	\N	\N
448	\N	\N	payment.provider	module_state, state desc, sequence, name	base	{"en_US": "Payment Provider", "es_ES": "Proveedor de pago", "pt_PT": "Provedor de Pagamentos"}	 Main super-class for regular database-persisted Odoo models.\n\n    Odoo models are created by inheriting from this class::\n\n        class user(Model):\n            ...\n\n    The system will later instantiate the class once per database (on\n    which the class' module is installed).\n    	f	\N	\N	f	f	f	\N	\N	\N	\N
450	\N	\N	payment.transaction	id desc	base	{"en_US": "Payment Transaction", "es_ES": "Transacción de pago", "pt_PT": "Transação de Pagamento"}	 Main super-class for regular database-persisted Odoo models.\n\n    Odoo models are created by inheriting from this class::\n\n        class user(Model):\n            ...\n\n    The system will later instantiate the class once per database (on\n    which the class' module is installed).\n    	f	\N	\N	f	f	f	\N	\N	\N	\N
482	\N	\N	account.payment	date desc, name desc	base	{"en_US": "Payments", "es_ES": "Pagos", "pt_PT": "Pagamentos"}	 Main super-class for regular database-persisted Odoo models.\n\n    Odoo models are created by inheriting from this class::\n\n        class user(Model):\n            ...\n\n    The system will later instantiate the class once per database (on\n    which the class' module is installed).\n    	f	\N	\N	t	t	f	\N	\N	\N	\N
672	\N	\N	stock.picking	priority desc, scheduled_date asc, id desc	base	{"en_US": "Transfer", "es_ES": "Traslado", "pt_PT": "Transferência"}	 Main super-class for regular database-persisted Odoo models.\n\n    Odoo models are created by inheriting from this class::\n\n        class user(Model):\n            ...\n\n    The system will later instantiate the class once per database (on\n    which the class' module is installed).\n    	f	\N	\N	t	t	f	\N	\N	\N	\N
720	\N	\N	hr.employee	name	base	{"en_US": "Employee", "es_ES": "Empleado", "pt_PT": "Funcionário"}	\n    NB: Any field only available on the model hr.employee (i.e. not on the\n    hr.employee.public model) should have `groups="hr.group_hr_user"` on its\n    definition to avoid being prefetched when the user hasn't access to the\n    hr.employee model. Indeed, the prefetch loads the data for all the fields\n    that are available according to the group defined on them.\n    	f	\N	\N	t	t	f	\N	\N	\N	\N
605	\N	1	project.task	priority desc, sequence, date_deadline asc, id desc	base	{"en_US": "Task", "es_ES": "Tarea", "pt_PT": "Tarefa"}	 Main super-class for regular database-persisted Odoo models.\n\n    Odoo models are created by inheriting from this class::\n\n        class user(Model):\n            ...\n\n    The system will later instantiate the class once per database (on\n    which the class' module is installed).\n    	f	\N	2026-05-18 07:10:52.425972	t	t	f	8201	Create a Task	create_task	t
\.


--
