-- Data for Name: calendar_alarm_calendar_event_rel; Type: TABLE DATA; Schema: public; Owner: odoo
--

COPY public.calendar_alarm_calendar_event_rel (calendar_event_id, calendar_alarm_id) FROM stdin;
\.


--
-- Data for Name: calendar_attendee; Type: TABLE DATA; Schema: public; Owner: odoo
--

COPY public.calendar_attendee (id, event_id, partner_id, create_uid, write_uid, common_name, access_token, state, availability, create_date, write_date) FROM stdin;
\.


--
-- Data for Name: calendar_event; Type: TABLE DATA; Schema: public; Owner: odoo
--

COPY public.calendar_event (id, user_id, videocall_channel_id, res_id, res_model_id, recurrence_id, create_uid, write_uid, name, location, videocall_location, access_token, privacy, show_as, res_model, start_date, stop_date, description, active, allday, recurrency, follow_recurrence, start, stop, create_date, write_date, duration, opportunity_id) FROM stdin;
\.


--
-- Data for Name: calendar_event_res_partner_rel; Type: TABLE DATA; Schema: public; Owner: odoo
--

COPY public.calendar_event_res_partner_rel (res_partner_id, calendar_event_id) FROM stdin;
\.


--
-- Data for Name: calendar_event_type; Type: TABLE DATA; Schema: public; Owner: odoo
--

COPY public.calendar_event_type (id, color, create_uid, write_uid, name, create_date, write_date) FROM stdin;
\.


--
-- Data for Name: calendar_filters; Type: TABLE DATA; Schema: public; Owner: odoo
--

COPY public.calendar_filters (id, user_id, partner_id, create_uid, write_uid, active, partner_checked, create_date, write_date) FROM stdin;
\.


--
-- Data for Name: calendar_popover_delete_wizard; Type: TABLE DATA; Schema: public; Owner: odoo
--

COPY public.calendar_popover_delete_wizard (id, record, create_uid, write_uid, delete, create_date, write_date) FROM stdin;
\.


--
-- Data for Name: calendar_provider_config; Type: TABLE DATA; Schema: public; Owner: odoo
--

COPY public.calendar_provider_config (id, create_uid, write_uid, external_calendar_provider, cal_client_id, cal_client_secret, microsoft_outlook_client_identifier, microsoft_outlook_client_secret, cal_sync_paused, microsoft_outlook_sync_paused, create_date, write_date) FROM stdin;
\.


--
-- Data for Name: calendar_recurrence; Type: TABLE DATA; Schema: public; Owner: odoo
--

COPY public.calendar_recurrence (id, base_event_id, "interval", count, day, trigger_id, create_uid, write_uid, name, event_tz, rrule, rrule_type, end_type, month_by, weekday, byday, until, mon, tue, wed, thu, fri, sat, sun, create_date, write_date) FROM stdin;
\.


--
-- Data for Name: certificate_certificate; Type: TABLE DATA; Schema: public; Owner: odoo
--

COPY public.certificate_certificate (id, private_key_id, public_key_id, company_id, create_uid, write_uid, name, pkcs12_password, scope, content_format, subject_common_name, serial_number, loading_error, active, date_start, date_end, create_date, write_date) FROM stdin;
\.


--
-- Data for Name: certificate_key; Type: TABLE DATA; Schema: public; Owner: odoo
--

COPY public.certificate_key (id, company_id, create_uid, write_uid, name, password, loading_error, public, active, create_date, write_date) FROM stdin;
\.


--
-- Data for Name: change_password_own; Type: TABLE DATA; Schema: public; Owner: odoo
--

COPY public.change_password_own (id, create_uid, write_uid, new_password, confirm_password, create_date, write_date) FROM stdin;
\.


--
-- Data for Name: change_password_user; Type: TABLE DATA; Schema: public; Owner: odoo
--

COPY public.change_password_user (id, wizard_id, user_id, create_uid, write_uid, user_login, new_passwd, create_date, write_date) FROM stdin;
\.


--
-- Data for Name: change_password_wizard; Type: TABLE DATA; Schema: public; Owner: odoo
--

COPY public.change_password_wizard (id, create_uid, write_uid, create_date, write_date) FROM stdin;
\.


--
-- Data for Name: change_production_qty; Type: TABLE DATA; Schema: public; Owner: odoo
--

COPY public.change_production_qty (id, mo_id, create_uid, write_uid, product_qty, create_date, write_date) FROM stdin;
\.


--
-- Data for Name: confirm_stock_sms; Type: TABLE DATA; Schema: public; Owner: odoo
--

COPY public.confirm_stock_sms (id, create_uid, write_uid, create_date, write_date) FROM stdin;
\.


--
-- Data for Name: crm_convert_lead_mass_lead_rel; Type: TABLE DATA; Schema: public; Owner: odoo
--

COPY public.crm_convert_lead_mass_lead_rel (crm_lead2opportunity_partner_mass_id, crm_lead_id) FROM stdin;
\.


--
-- Data for Name: crm_iap_lead_helpers; Type: TABLE DATA; Schema: public; Owner: odoo
--

COPY public.crm_iap_lead_helpers (id, create_uid, write_uid, create_date, write_date) FROM stdin;
\.


--
-- Data for Name: crm_iap_lead_industry; Type: TABLE DATA; Schema: public; Owner: odoo
--

COPY public.crm_iap_lead_industry (id, color, sequence, create_uid, write_uid, reveal_ids, name, create_date, write_date) FROM stdin;
22	\N	18	1	1	238	{"en_US": "Automobiles & Components", "es_ES": "Automóviles y componentes"}	2026-04-08 08:39:01.400782	2026-04-08 08:39:01.400782
3	\N	2	1	1	69,157	{"en_US": "Banks & Insurance", "es_ES": "Bancos y seguro"}	2026-04-08 08:39:01.400782	2026-04-08 08:39:01.400782
16	\N	6	1	1	162	{"en_US": "Capital Goods", "es_ES": "Bienes de equipo"}	2026-04-08 08:39:01.400782	2026-04-08 08:39:01.400782
17	\N	5	1	1	163	{"en_US": "Commercial & Professional Services", "es_ES": "Servicios comerciales y profesionales"}	2026-04-08 08:39:01.400782	2026-04-08 08:39:01.400782
20	\N	23	1	1	167	{"en_US": "Construction Materials", "es_ES": "Materiales de construcción"}	2026-04-08 08:39:01.400782	2026-04-08 08:39:01.400782
1	\N	1	1	1	30,155	{"en_US": "Consumer Discretionary", "es_ES": "Discrecional del consumidor"}	2026-04-08 08:39:01.400782	2026-04-08 08:39:01.400782
23	\N	10	1	1	239	{"en_US": "Consumer Durables & Apparel", "es_ES": "Bienes de consumo duraderos y ropa"}	2026-04-08 08:39:01.400782	2026-04-08 08:39:01.400782
10	\N	9	1	1	150,151	{"en_US": "Consumer Services", "es_ES": "Servicios al consumidor"}	2026-04-08 08:39:01.400782	2026-04-08 08:39:01.400782
2	\N	4	1	1	33	{"en_US": "Consumer Staples", "es_ES": "Artículos básicos de consumo"}	2026-04-08 08:39:01.400782	2026-04-08 08:39:01.400782
13	\N	15	1	1	158,159	{"en_US": "Diversified Financials & Financial Services", "es_ES": "Finanzas diversificadas y servicios financieros"}	2026-04-08 08:39:01.400782	2026-04-08 08:39:01.400782
7	\N	22	1	1	138	{"en_US": "Energy & Utilities ", "es_ES": "Energía y utilidades"}	2026-04-08 08:39:01.400782	2026-04-08 08:39:01.400782
12	\N	12	1	1	153,154	{"en_US": "Food, Beverage & Tobacco", "es_ES": "Alimentos, bebidas y tabaco"}	2026-04-08 08:39:01.400782	2026-04-08 08:39:01.400782
14	\N	11	1	1	160	{"en_US": "Health Care Equipment & Services", "es_ES": "equipos y servicios de atención médica"}	2026-04-08 08:39:01.400782	2026-04-08 08:39:01.400782
21	\N	14	1	1	168	{"en_US": "Independent Power and Renewable Electricity Producers", "es_ES": "Productores independientes de energía y electricidad renovable"}	2026-04-08 08:39:01.400782	2026-04-08 08:39:01.400782
8	\N	17	1	1	148	{"en_US": "Materials", "es_ES": "Materiales"}	2026-04-08 08:39:01.400782	2026-04-08 08:39:01.400782
4	\N	7	1	1	86	{"en_US": "Media", "es_ES": "Medios"}	2026-04-08 08:39:01.400782	2026-04-08 08:39:01.400782
15	\N	13	1	1	161	{"en_US": "Pharmaceuticals, Biotechnology & Life Sciences", "es_ES": "Productos farmacéuticos, biotecnología y ciencias de la vida"}	2026-04-08 08:39:01.400782	2026-04-08 08:39:01.400782
5	\N	21	1	1	114	{"en_US": "Real Estate", "es_ES": "Inmuebles"}	2026-04-08 08:39:01.400782	2026-04-08 08:39:01.400782
11	\N	3	1	1	152	{"en_US": "Retailing", "es_ES": "Venta minorista"}	2026-04-08 08:39:01.400782	2026-04-08 08:39:01.400782
18	\N	8	1	1	165	{"en_US": "Software & Services", "es_ES": "Software y servicios"}	2026-04-08 08:39:01.400782	2026-04-08 08:39:01.400782
19	\N	19	1	1	166	{"en_US": "Technology Hardware & Equipment", "es_ES": "Tecnología, hardware y equipo"}	2026-04-08 08:39:01.400782	2026-04-08 08:39:01.400782
9	\N	20	1	1	149	{"en_US": "Telecommunication Services", "es_ES": "Servicios de telecomunicaciones"}	2026-04-08 08:39:01.400782	2026-04-08 08:39:01.400782
6	\N	16	1	1	136	{"en_US": "Transportation", "es_ES": "Transportación"}	2026-04-08 08:39:01.400782	2026-04-08 08:39:01.400782
\.


--
-- Data for Name: crm_iap_lead_industry_crm_iap_lead_mining_request_rel; Type: TABLE DATA; Schema: public; Owner: odoo
--

COPY public.crm_iap_lead_industry_crm_iap_lead_mining_request_rel (crm_iap_lead_mining_request_id, crm_iap_lead_industry_id) FROM stdin;
\.


--
-- Data for Name: crm_iap_lead_mining_request; Type: TABLE DATA; Schema: public; Owner: odoo
--

COPY public.crm_iap_lead_mining_request (id, lead_number, team_id, user_id, company_size_min, company_size_max, contact_number, preferred_role_id, seniority_id, create_uid, write_uid, name, state, search_type, error_type, lead_type, contact_filter_type, filter_on_size, create_date, write_date) FROM stdin;
\.


--
-- Data for Name: crm_iap_lead_mining_request_crm_iap_lead_role_rel; Type: TABLE DATA; Schema: public; Owner: odoo
--

COPY public.crm_iap_lead_mining_request_crm_iap_lead_role_rel (crm_iap_lead_mining_request_id, crm_iap_lead_role_id) FROM stdin;
\.


--
-- Data for Name: crm_iap_lead_mining_request_crm_tag_rel; Type: TABLE DATA; Schema: public; Owner: odoo
--

COPY public.crm_iap_lead_mining_request_crm_tag_rel (crm_iap_lead_mining_request_id, crm_tag_id) FROM stdin;
\.


--
-- Data for Name: crm_iap_lead_mining_request_res_country_rel; Type: TABLE DATA; Schema: public; Owner: odoo
--

COPY public.crm_iap_lead_mining_request_res_country_rel (crm_iap_lead_mining_request_id, res_country_id) FROM stdin;
\.


--
-- Data for Name: crm_iap_lead_mining_request_res_country_state_rel; Type: TABLE DATA; Schema: public; Owner: odoo
--

COPY public.crm_iap_lead_mining_request_res_country_state_rel (crm_iap_lead_mining_request_id, res_country_state_id) FROM stdin;
\.


--
-- Data for Name: crm_iap_lead_role; Type: TABLE DATA; Schema: public; Owner: odoo
--

COPY public.crm_iap_lead_role (id, color, create_uid, write_uid, reveal_id, name, create_date, write_date) FROM stdin;
1	\N	1	1	CEO	{"en_US": "CEO", "es_ES": "Director ejecutivo"}	2026-04-08 08:39:01.400782	2026-04-08 08:39:01.400782
2	\N	1	1	communications	{"en_US": "Communications", "es_ES": "Comunicaciones"}	2026-04-08 08:39:01.400782	2026-04-08 08:39:01.400782
3	\N	1	1	consulting	{"en_US": "Consulting", "es_ES": "Consultoría"}	2026-04-08 08:39:01.400782	2026-04-08 08:39:01.400782
4	\N	1	1	customer_service	{"en_US": "Customer Service", "es_ES": "Servicio al cliente"}	2026-04-08 08:39:01.400782	2026-04-08 08:39:01.400782
5	\N	1	1	education	{"en_US": "Education", "es_ES": "Educación"}	2026-04-08 08:39:01.400782	2026-04-08 08:39:01.400782
6	\N	1	1	engineering	{"en_US": "Engineering", "es_ES": "Ingeniería"}	2026-04-08 08:39:01.400782	2026-04-08 08:39:01.400782
7	\N	1	1	finance	{"en_US": "Finance", "es_ES": "Finanzas"}	2026-04-08 08:39:01.400782	2026-04-08 08:39:01.400782
8	\N	1	1	founder	{"en_US": "Founder", "es_ES": "Fundador "}	2026-04-08 08:39:01.400782	2026-04-08 08:39:01.400782
9	\N	1	1	health_professional	{"en_US": "Health Professional", "es_ES": "Profesional de la salud "}	2026-04-08 08:39:01.400782	2026-04-08 08:39:01.400782
10	\N	1	1	human_resources	{"en_US": "Human Resources", "es_ES": "Recursos humanos"}	2026-04-08 08:39:01.400782	2026-04-08 08:39:01.400782
11	\N	1	1	information_technology	{"en_US": "Information Technology", "es_ES": "Tecnologías de la Información "}	2026-04-08 08:39:01.400782	2026-04-08 08:39:01.400782
12	\N	1	1	legal	{"en_US": "Legal", "es_ES": "Legal"}	2026-04-08 08:39:01.400782	2026-04-08 08:39:01.400782
13	\N	1	1	marketing	{"en_US": "Marketing", "es_ES": "Marketing"}	2026-04-08 08:39:01.400782	2026-04-08 08:39:01.400782
14	\N	1	1	operations	{"en_US": "Operations", "es_ES": "Operaciones"}	2026-04-08 08:39:01.400782	2026-04-08 08:39:01.400782
15	\N	1	1	owner	{"en_US": "Owner", "es_ES": "Propietario"}	2026-04-08 08:39:01.400782	2026-04-08 08:39:01.400782
16	\N	1	1	president	{"en_US": "President", "es_ES": "Presidente "}	2026-04-08 08:39:01.400782	2026-04-08 08:39:01.400782
17	\N	1	1	product	{"en_US": "Product", "es_ES": "Producto"}	2026-04-08 08:39:01.400782	2026-04-08 08:39:01.400782
18	\N	1	1	public_relations	{"en_US": "Public Relations", "es_ES": "Relaciones públicas"}	2026-04-08 08:39:01.400782	2026-04-08 08:39:01.400782
19	\N	1	1	real_estate	{"en_US": "Real Estate", "es_ES": "Inmuebles"}	2026-04-08 08:39:01.400782	2026-04-08 08:39:01.400782
20	\N	1	1	recruiting	{"en_US": "Recruiting", "es_ES": "Reclutando"}	2026-04-08 08:39:01.400782	2026-04-08 08:39:01.400782
21	\N	1	1	research	{"en_US": "Research", "es_ES": "Investigación"}	2026-04-08 08:39:01.400782	2026-04-08 08:39:01.400782
22	\N	1	1	sale	{"en_US": "Sale", "es_ES": "Venta"}	2026-04-08 08:39:01.400782	2026-04-08 08:39:01.400782
\.


--
-- Data for Name: crm_iap_lead_seniority; Type: TABLE DATA; Schema: public; Owner: odoo
--

COPY public.crm_iap_lead_seniority (id, create_uid, write_uid, reveal_id, name, create_date, write_date) FROM stdin;
1	1	1	director	{"en_US": "director", "es_ES": "director"}	2026-04-08 08:39:01.400782	2026-04-08 08:39:01.400782
2	1	1	executive	{"en_US": "executive", "es_ES": "directivo"}	2026-04-08 08:39:01.400782	2026-04-08 08:39:01.400782
3	1	1	manager	{"en_US": "manager", "es_ES": "gerente"}	2026-04-08 08:39:01.400782	2026-04-08 08:39:01.400782
\.


--
-- Data for Name: crm_lead; Type: TABLE DATA; Schema: public; Owner: odoo
--

COPY public.crm_lead (id, campaign_id, source_id, medium_id, message_bounce, user_id, team_id, company_id, stage_id, color, recurring_plan, partner_id, title, lang_id, state_id, country_id, lost_reason_id, create_uid, write_uid, phone_sanitized, email_normalized, email_cc, name, referred, type, priority, contact_name, partner_name, function, email_from, email_domain_criterion, phone, mobile, phone_state, email_state, website, street, street2, zip, city, date_deadline, lead_properties, description, expected_revenue, prorated_revenue, recurring_revenue, recurring_revenue_monthly, recurring_revenue_monthly_prorated, recurring_revenue_prorated, active, date_closed, date_automation_last, date_open, date_last_stage_update, date_conversion, create_date, write_date, day_open, day_close, probability, automated_probability, reveal_id, iap_enrich_done, lead_mining_request_id) FROM stdin;
\.


--
-- Data for Name: crm_lead2opportunity_partner; Type: TABLE DATA; Schema: public; Owner: odoo
--

COPY public.crm_lead2opportunity_partner (id, lead_id, partner_id, user_id, team_id, create_uid, write_uid, name, action, force_assignment, create_date, write_date) FROM stdin;
\.


--
-- Data for Name: crm_lead2opportunity_partner_mass; Type: TABLE DATA; Schema: public; Owner: odoo
--

COPY public.crm_lead2opportunity_partner_mass (id, lead_id, partner_id, user_id, team_id, create_uid, write_uid, name, action, force_assignment, deduplicate, create_date, write_date) FROM stdin;
\.


--
-- Data for Name: crm_lead2opportunity_partner_mass_res_users_rel; Type: TABLE DATA; Schema: public; Owner: odoo
--

COPY public.crm_lead2opportunity_partner_mass_res_users_rel (crm_lead2opportunity_partner_mass_id, res_users_id) FROM stdin;
\.


--
-- Data for Name: crm_lead_crm_lead2opportunity_partner_mass_rel; Type: TABLE DATA; Schema: public; Owner: odoo
--

COPY public.crm_lead_crm_lead2opportunity_partner_mass_rel (crm_lead2opportunity_partner_mass_id, crm_lead_id) FROM stdin;
\.


--
-- Data for Name: crm_lead_crm_lead2opportunity_partner_rel; Type: TABLE DATA; Schema: public; Owner: odoo
--

COPY public.crm_lead_crm_lead2opportunity_partner_rel (crm_lead2opportunity_partner_id, crm_lead_id) FROM stdin;
\.


--
-- Data for Name: crm_lead_crm_lead_lost_rel; Type: TABLE DATA; Schema: public; Owner: odoo
--

COPY public.crm_lead_crm_lead_lost_rel (crm_lead_lost_id, crm_lead_id) FROM stdin;
\.


--
-- Data for Name: crm_lead_lost; Type: TABLE DATA; Schema: public; Owner: odoo
--

COPY public.crm_lead_lost (id, lost_reason_id, create_uid, write_uid, lost_feedback, create_date, write_date) FROM stdin;
\.


--
-- Data for Name: crm_lead_pls_update; Type: TABLE DATA; Schema: public; Owner: odoo
--

COPY public.crm_lead_pls_update (id, create_uid, write_uid, pls_start_date, create_date, write_date) FROM stdin;
\.


--
-- Data for Name: crm_lead_pls_update_crm_lead_scoring_frequency_field_rel; Type: TABLE DATA; Schema: public; Owner: odoo
--

COPY public.crm_lead_pls_update_crm_lead_scoring_frequency_field_rel (crm_lead_pls_update_id, crm_lead_scoring_frequency_field_id) FROM stdin;
\.


--
-- Data for Name: crm_lead_scoring_frequency; Type: TABLE DATA; Schema: public; Owner: odoo
--

COPY public.crm_lead_scoring_frequency (id, team_id, create_uid, write_uid, variable, value, won_count, lost_count, create_date, write_date) FROM stdin;
\.


--
-- Data for Name: crm_lead_scoring_frequency_field; Type: TABLE DATA; Schema: public; Owner: odoo
--

COPY public.crm_lead_scoring_frequency_field (id, field_id, create_uid, write_uid, create_date, write_date) FROM stdin;
1	9112	1	1	2026-04-08 08:38:57.179101	2026-04-08 08:38:57.179101
2	9113	1	1	2026-04-08 08:38:57.179101	2026-04-08 08:38:57.179101
3	9102	1	1	2026-04-08 08:38:57.179101	2026-04-08 08:38:57.179101
4	9103	1	1	2026-04-08 08:38:57.179101	2026-04-08 08:38:57.179101
5	9027	1	1	2026-04-08 08:38:57.179101	2026-04-08 08:38:57.179101
6	9105	1	1	2026-04-08 08:38:57.179101	2026-04-08 08:38:57.179101
7	9074	1	1	2026-04-08 08:38:57.179101	2026-04-08 08:38:57.179101
\.


--
-- Data for Name: crm_lost_reason; Type: TABLE DATA; Schema: public; Owner: odoo
--

COPY public.crm_lost_reason (id, create_uid, write_uid, name, active, create_date, write_date) FROM stdin;
1	1	1	{"en_US": "Too expensive", "es_ES": "Demasiado caro"}	t	2026-04-08 08:38:57.179101	2026-04-08 08:38:57.179101
2	1	1	{"en_US": "We don't have people/skills", "es_ES": "No tenemos gente/habilidades"}	t	2026-04-08 08:38:57.179101	2026-04-08 08:38:57.179101
3	1	1	{"en_US": "Not enough stock", "es_ES": "No hay suficiente stock"}	t	2026-04-08 08:38:57.179101	2026-04-08 08:38:57.179101
\.


--
-- Data for Name: crm_merge_opportunity; Type: TABLE DATA; Schema: public; Owner: odoo
--

COPY public.crm_merge_opportunity (id, user_id, team_id, create_uid, write_uid, create_date, write_date) FROM stdin;
\.


--
-- Data for Name: crm_quotation_partner; Type: TABLE DATA; Schema: public; Owner: odoo
--

COPY public.crm_quotation_partner (id, lead_id, partner_id, create_uid, write_uid, action, create_date, write_date) FROM stdin;
\.


--
-- Data for Name: crm_recurring_plan; Type: TABLE DATA; Schema: public; Owner: odoo
--

COPY public.crm_recurring_plan (id, number_of_months, sequence, create_uid, write_uid, name, active, create_date, write_date) FROM stdin;
1	1	10	1	1	{"en_US": "Monthly", "es_ES": "Mensualmente"}	t	2026-04-08 08:38:57.179101	2026-04-08 08:38:57.179101
2	12	10	1	1	{"en_US": "Yearly", "es_ES": "Anualmente"}	t	2026-04-08 08:38:57.179101	2026-04-08 08:38:57.179101
3	36	10	1	1	{"en_US": "Over 3 years", "es_ES": "Más de 3 años "}	t	2026-04-08 08:38:57.179101	2026-04-08 08:38:57.179101
4	60	10	1	1	{"en_US": "Over 5 years ", "es_ES": "Más de 5 años"}	t	2026-04-08 08:38:57.179101	2026-04-08 08:38:57.179101
\.


--
-- Data for Name: crm_stage; Type: TABLE DATA; Schema: public; Owner: odoo
--

COPY public.crm_stage (id, sequence, team_id, create_uid, write_uid, name, requirements, is_won, fold, create_date, write_date) FROM stdin;
1	1	\N	1	1	{"en_US": "New", "es_ES": "Nuevo"}	\N	\N	\N	2026-04-08 08:38:57.179101	2026-04-08 08:38:57.179101
2	2	\N	1	1	{"en_US": "Qualified", "es_ES": "Calificado"}	\N	\N	\N	2026-04-08 08:38:57.179101	2026-04-08 08:38:57.179101
3	3	\N	1	1	{"en_US": "Proposition", "es_ES": "Propuesta"}	\N	\N	\N	2026-04-08 08:38:57.179101	2026-04-08 08:38:57.179101
4	70	\N	1	1	{"en_US": "Won", "es_ES": "Ganado"}	\N	t	f	2026-04-08 08:38:57.179101	2026-04-08 08:38:57.179101
\.


--
-- Data for Name: crm_tag; Type: TABLE DATA; Schema: public; Owner: odoo
--

COPY public.crm_tag (id, color, create_uid, write_uid, name, create_date, write_date) FROM stdin;
\.


--
-- Data for Name: crm_tag_rel; Type: TABLE DATA; Schema: public; Owner: odoo
--

COPY public.crm_tag_rel (lead_id, tag_id) FROM stdin;
\.


--
-- Data for Name: crm_team; Type: TABLE DATA; Schema: public; Owner: odoo
--

COPY public.crm_team (id, sequence, company_id, user_id, color, create_uid, write_uid, name, active, create_date, write_date, invoiced_target, alias_id, assignment_domain, lead_properties_definition, use_leads, use_opportunities, assignment_optout) FROM stdin;
1	0	\N	\N	\N	1	1	{"en_US": "Sales", "es_ES": "Ventas"}	t	2026-04-08 08:34:38.229338	2026-04-08 08:38:57.179101	\N	3	\N	\N	\N	t	\N
3	10	\N	\N	\N	1	1	{"en_US": "Point of Sale", "es_ES": "Punto de venta"}	f	2026-04-08 08:34:38.229338	2026-04-08 08:38:57.179101	\N	4	\N	\N	\N	f	\N
2	10	\N	\N	\N	1	1	{"en_US": "Website", "es_ES": "Sitio web"}	f	2026-04-08 08:34:38.229338	2026-04-08 08:38:57.179101	\N	5	\N	\N	\N	f	\N
\.


--
-- Data for Name: crm_team_member; Type: TABLE DATA; Schema: public; Owner: odoo
--

COPY public.crm_team_member (id, crm_team_id, user_id, create_uid, write_uid, active, create_date, write_date, assignment_max, assignment_domain, assignment_optout) FROM stdin;
1	1	2	1	1	t	2026-04-08 08:34:38.229338	2026-04-08 08:34:38.229338	30	\N	\N
\.


--
-- Data for Name: decimal_precision; Type: TABLE DATA; Schema: public; Owner: odoo
--

COPY public.decimal_precision (id, digits, create_uid, write_uid, name, create_date, write_date) FROM stdin;
1	2	1	1	Percentage Analytic	2026-04-08 08:34:32.743761	2026-04-08 08:34:32.743761
2	2	1	1	Product Price	2026-04-08 08:34:36.29858	2026-04-08 08:34:36.29858
3	2	1	1	Discount	2026-04-08 08:34:36.29858	2026-04-08 08:34:36.29858
4	2	1	1	Stock Weight	2026-04-08 08:34:36.29858	2026-04-08 08:34:36.29858
5	2	1	1	Volume	2026-04-08 08:34:36.29858	2026-04-08 08:34:36.29858
6	2	1	1	Product Unit of Measure	2026-04-08 08:34:36.29858	2026-04-08 08:34:36.29858
7	6	1	1	Payment Terms	2026-04-08 08:34:46.340378	2026-04-08 08:34:46.340378
\.


--
-- Data for Name: digest_digest; Type: TABLE DATA; Schema: public; Owner: odoo
--

COPY public.digest_digest (id, company_id, create_uid, write_uid, periodicity, state, next_run_date, name, kpi_res_users_connected, kpi_mail_message_total, create_date, write_date, kpi_account_total_revenue, kpi_all_sale_total, kpi_project_task_opened, kpi_crm_lead_created, kpi_crm_opportunities_won) FROM stdin;
1	1	1	6	weekly	activated	2026-05-08	{"en_US": "Your Odoo Periodic Digest", "es_ES": "Su resumen periódico de Odoo"}	t	t	2026-04-08 08:34:42.757453	2026-05-04 10:22:25.018913	t	t	t	t	t
\.


--
-- Data for Name: digest_digest_res_users_rel; Type: TABLE DATA; Schema: public; Owner: odoo
--

COPY public.digest_digest_res_users_rel (digest_digest_id, res_users_id) FROM stdin;
1	2
1	7
1	8
1	11
1	13
1	14
1	15
1	16
1	17
1	18
1	19
1	20
1	21
1	22
1	23
1	24
1	25
1	27
1	46
1	47
1	48
\.


--
-- Data for Name: digest_tip; Type: TABLE DATA; Schema: public; Owner: odoo
--

COPY public.digest_tip (id, sequence, group_id, create_uid, write_uid, name, tip_description, create_date, write_date) FROM stdin;
4	2400	1	1	1	{"en_US": "Tip: How to ping users in internal notes?", "es_ES": "Consejo: ¿Cómo notificar usuarios en las notas internas?"}	{"en_US": "<div>\\n    <p class=\\"tip_title\\">Tip: How to ping users in internal notes?</p>\\n    <p class=\\"tip_content\\">Type \\"@\\" to notify someone in a message, or \\"#\\" to link to a channel. Try to notify @OdooBot to test the feature.</p>\\n    <img src=\\"https://download.odoocdn.com/digests/digest/static/src/img/milk-notifications.png\\" width=\\"540\\" class=\\"illustration_border\\">\\n</div>\\n            ", "es_ES": "<div>\\n    <p class=\\"tip_title\\">Consejo: ¿Cómo notificar usuarios en las notas internas?</p>\\n    <p class=\\"tip_content\\">Escriba \\"@\\" para enviar una notificación a alguien por medio de un mensaje, o \\"#\\" para vincular un canal. Intente enviar una notificación a @OdooBot para probar esta función.</p>\\n    <img src=\\"https://download.odoocdn.com/digests/digest/static/src/img/milk-notifications.png\\" width=\\"540\\" class=\\"illustration_border\\">\\n</div>\\n            "}	2026-04-08 08:34:42.757453	2026-04-08 08:34:42.757453
5	2500	1	1	1	{"en_US": "Tip: Knowledge is power", "es_ES": "Consejo: el conocimiento es poder"}	{"en_US": "<div>\\n    <p class=\\"tip_title\\">Tip: Knowledge is power</p>\\n    <p class=\\"tip_content\\">When following documents, use the pencil icon to fine-tune the information you want to receive.\\nFollow a project / sales team to keep track of this project's tasks / this team's opportunities.</p>\\n    <img src=\\"https://download.odoocdn.com/digests/digest/static/src/img/milk-following.png\\" width=\\"540\\" class=\\"illustration_border\\">\\n</div>\\n            ", "es_ES": "<div>\\n    <p class=\\"tip_title\\">Consejo: el conocimiento es poder</p>\\n    <p class=\\"tip_content\\">Cuando siga documentos, use el icono de lápiz para ajustar la información que desea recibir.\\nSiga un proyecto o un equipo de ventas para llevar el seguimiento de las tareas de este proyecto o las oportunidades de este equipo.</p>\\n    <img src=\\"https://download.odoocdn.com/digests/digest/static/src/img/milk-following.png\\" width=\\"540\\" class=\\"illustration_border\\">\\n</div>\\n            "}	2026-04-08 08:34:42.757453	2026-04-08 08:34:42.757453
3	2300	1	1	1	{"en_US": "Tip: A calculator in Odoo", "es_ES": "Consejo: una calculadora en Odoo"}	{"en_US": "<div>\\n    <p class=\\"tip_title\\">Tip: A calculator in Odoo</p>\\n    <p class=\\"tip_content\\">When editing a number, you can use formulae by typing the `=` character. This is useful when computing a margin or a discount on a quotation, sale order or invoice.</p>\\n    <img src=\\"https://download.odoocdn.com/digests/digest/static/src/img/milk-calculator.gif\\" width=\\"540\\" class=\\"illustration_border\\">\\n</div>\\n            ", "es_ES": "<div>\\n    <p class=\\"tip_title\\">Consejo: una calculadora en Odoo</p>\\n    <p class=\\"tip_content\\">Cuando edite un número, puede utilizar fórmulas al escribir el carácter `=`. Esto es útil cuando calcula un margen o un descuento en un presupuesto, pedido de venta o factura.</p>\\n    <img src=\\"https://download.odoocdn.com/digests/digest/static/src/img/milk-calculator.gif\\" width=\\"540\\" class=\\"illustration_border\\">\\n</div>\\n            "}	2026-04-08 08:34:42.757453	2026-05-01 10:35:07.370498
2	2100	1	1	1	{"en_US": "Tip: Click on an avatar to chat with a user", "es_ES": "Consejo: Haga clic en un avatar para chatear con el usuario"}	{"en_US": "<div>\\n    <p class=\\"tip_title\\">Tip: Click on an avatar to chat with a user</p>\\n    <p class=\\"tip_content\\">Have a question about a document? Click on the responsible user's picture to start a conversation. If his avatar has a green dot, he is online.</p>\\n    <img src=\\"https://download.odoocdn.com/digests/digest/static/src/img/milk-avatar.gif\\" width=\\"540\\" class=\\"illustration_border\\">\\n</div>\\n            ", "es_ES": "<div>\\n    <p class=\\"tip_title\\">Consejo: Haga clic en un avatar para chatear con un usuario</p>\\n    <p class=\\"tip_content\\">¿Tienes una pregunta sobre el documento? Haga clic en la fotografía del usuario responsable para iniciar una conversación. Si el avatar tiene un punto verde, está en línea.</p>\\n    <img src=\\"https://download.odoocdn.com/digests/digest/static/src/img/milk-avatar.gif\\" width=\\"540\\" class=\\"illustration_border\\">\\n</div>\\n            "}	2026-04-08 08:34:42.757453	2026-05-01 10:35:07.370498
6	3300	1	1	1	{"en_US": "Tip: Join the Dark Side", "es_ES": "Consejo: únase al lado oscuro"}	{"en_US": "<div>\\n    <p class=\\"tip_title\\">Tip: Join the Dark Side</p>\\n    <p class=\\"tip_content\\">Feeling eye strain? Give your eyes a break by switching to Dark Mode.</p>\\n    <img src=\\"https://download.odoocdn.com/digests/digest/static/src/img/18-web-dark-theme.gif\\" width=\\"540\\" class=\\"illustration_border\\">\\n</div>\\n            ", "es_ES": "<div>\\n    <p class=\\"tip_title\\">Consejo: únase al lado oscuro</p>\\n    <p class=\\"tip_content\\">¿Necesita descansar su vista? Use el modo oscuro.</p>\\n    <img src=\\"https://download.odoocdn.com/digests/digest/static/src/img/18-web-dark-theme.gif\\" width=\\"540\\" class=\\"illustration_border\\">\\n</div>\\n            "}	2026-04-08 08:34:42.757453	2026-04-08 08:34:42.757453
7	3800	1	1	1	{"en_US": "Tip: Personalize your Home Menu", "es_ES": "Consejo: personalice su menú principal"}	{"en_US": "<div>\\n    <p class=\\"tip_title\\">Tip: Personalize your Home Menu</p>\\n    <p class=\\"tip_content\\">Click and hold on a Menu Item to reorder your Apps to your liking.</p>\\n    <img src=\\"https://download.odoocdn.com/digests/digest/static/src/img/18-web-app-order.gif\\" width=\\"540\\" class=\\"illustration_border\\">\\n</div>\\n            ", "es_ES": "<div>\\n    <p class=\\"tip_title\\">Consejo: personalice su menú principal</p>\\n    <p class=\\"tip_content\\">Haga clic y mantenga presionado un elemento del menú para reordenar sus aplicaciones a su gusto.</p>\\n    <img src=\\"https://download.odoocdn.com/digests/digest/static/src/img/18-web-app-order.gif\\" width=\\"540\\" class=\\"illustration_border\\">\\n</div>\\n            "}	2026-04-08 08:34:42.757453	2026-04-08 08:34:42.757453
8	700	26	1	1	{"en_US": "Tip: No need to print, put in an envelop and post your invoices", "es_ES": "Consejo: no es necesario que imprima, ponga en un sobre y envíe sus facturas"}	{"en_US": "<div>\\n    <p class=\\"tip_title\\">Tip: No need to print, put in an envelop and post your invoices</p>\\n    <p class=\\"tip_content\\">Use the “<i>Send by Post</i>” option to post invoices automatically. For the cost of a local stamp, we do all the manual work: your invoice will be printed in the right country, put in an envelop and sent by snail mail. Use this feature from the list view to post hundreds of invoices in bulk.</p>\\n    <img src=\\"https://download.odoocdn.com/digests/account/static/src/img/invoice-stamps.png\\" width=\\"540\\" class=\\"illustration_border\\">\\n</div>\\n            ", "es_ES": "<div>\\n    <p class=\\"tip_title\\">Consejo: no es necesario que imprima, ponga en un sobre y envíe sus facturas</p>\\n    <p class=\\"tip_content\\">Utilice la opción \\"<i>Enviar por correo electrónico</i>\\" para registrar facturas automáticamente. Por el coste de un sello local, hacemos todo el trabajo manual: su factura se imprimirá en el país correcto, se colocará en un sobre y se enviará por correo postal. Utilice esta función de la vista de lista para registrar cientos de facturas de forma masiva.</p>\\n    <img src=\\"https://download.odoocdn.com/digests/account/static/src/img/invoice-stamps.png\\" width=\\"540\\" class=\\"illustration_border\\">\\n</div>\\n            "}	2026-04-08 08:34:46.340378	2026-04-10 10:35:10.35607
9	3100	26	1	1	{"en_US": "Tip: Stop chasing the Documents you need", "es_ES": "Consejo: deje de buscar los documentos que necesita"}	{"en_US": "<div>\\n    <p class=\\"tip_title\\">Tip: Stop chasing the Documents you need</p>\\n    <p class=\\"tip_content\\">Missing a document for a banking statement? Use the Documents apps to request it and let the owner upload it at the right place.</p>\\n    <img src=\\"https://download.odoocdn.com/digests/account/static/src/img/18-invoice-request-document.gif\\" width=\\"540\\" class=\\"illustration_border\\">\\n</div>\\n            ", "es_ES": "<div>\\n    <p class=\\"tip_title\\">Consejo: deje de buscar los documentos que necesita</p>\\n    <p class=\\"tip_content\\">¿Falta un documento para un extracto bancario? Use la aplicación Documentos para solicitarlo y permita que el propietario lo suba al lugar correcto.</p>\\n    <img src=\\"https://download.odoocdn.com/digests/account/static/src/img/18-invoice-request-document.gif\\" width=\\"540\\" class=\\"illustration_border\\">\\n</div>\\n            "}	2026-04-08 08:34:46.340378	2026-04-08 08:34:46.340378
10	2200	23	1	1	{"en_US": "Tip: Odoo supports configurable products", "es_ES": "Consejo: Odoo admite productos configurables"}	{"en_US": "<div>\\n    <p class=\\"tip_title\\">Tip: Odoo supports configurable products</p>\\n    <p class=\\"tip_content\\">Struggling with a complex product catalog? Try out the Product Configurator to help sales configure a product with different options: colors, size, capacity, etc. Make sale orders encoding easier and error-proof.</p>\\n    <img src=\\"https://download.odoocdn.com/digests/sale_management/static/src/img/milk-Sales-configure-products.gif\\" width=\\"540\\" class=\\"illustration_border\\">\\n</div>\\n            ", "es_ES": "<div>\\n    <p class=\\"tip_title\\">Consejo: Odoo admite productos configurables</p>\\n    <p class=\\"tip_content\\">¿Tiene problemas con un catálogo de productos complejo? Pruebe el Configurador de productos para ayudar a las ventas a configurar un producto con diferentes opciones: colores, tamaño, capacidad, etc. Haga que la codificación de los pedidos de venta sea más fácil y sin errores.</p>\\n    <img src=\\"https://download.odoocdn.com/digests/sale_management/static/src/img/milk-Sales-configure-products.gif\\" width=\\"540\\" class=\\"illustration_border\\">\\n</div>\\n            "}	2026-04-08 08:35:05.349582	2026-04-08 08:35:05.349582
11	2700	23	1	1	{"en_US": "Tip: Sell or buy products in bulk with matrixes", "es_ES": "Consejo: Vender o comprar productos al por mayor con matrices"}	{"en_US": "<div>\\n    <p class=\\"tip_title\\">Tip: Sell or buy products in bulk with matrixes</p>\\n    <p class=\\"tip_content\\">Selling the same product in different sizes or colors? Try the product grid and populate your orders with multiple quantities of each variant. This feature also exists in the Purchase application.</p>\\n    <img src=\\"https://download.odoocdn.com/digests/sale_management/static/src/img/milk-t-shirts.png\\" width=\\"540\\" class=\\"illustration_border\\">\\n</div>\\n            ", "es_ES": "<div>\\n    <p class=\\"tip_title\\">Consejo: Vender o comprar productos al por mayor con matrices</p>\\n    <p class=\\"tip_content\\">¿Vender el mismo producto en diferentes tamaños o colores? Pruebe la tabla de productos y cree pedidos con diversas variantes. Esta función también existe en la aplicación de Compras.</p>\\n    <img src=\\"https://download.odoocdn.com/digests/sale_management/static/src/img/milk-t-shirts.png\\" width=\\"540\\" class=\\"illustration_border\\">\\n</div>\\n            "}	2026-04-08 08:35:05.349582	2026-04-08 08:35:05.349582
15	3200	48	1	1	{"en_US": "Tip: Your Own Personal Kanban", "es_ES": "Consejo: use su propia vista de kanban"}	{"en_US": "<div>\\n    <p class=\\"tip_title\\">Tip: Your Own Personal Kanban</p>\\n    <p class=\\"tip_content\\">Use personal stages to organize your tasks and create your own workflow.</p>\\n    <img src=\\"https://download.odoocdn.com/digests/project/static/src/img/18-project-personal-stages.gif\\" width=\\"540\\" class=\\"illustration_border\\">\\n</div>\\n            ", "es_ES": "<div>\\n    <p class=\\"tip_title\\">Consejo: use su propia vista de kanban</p>\\n    <p class=\\"tip_content\\">Utilice etapas personales para organizar sus tareas y crear su propio flujo de trabajo.</p>\\n    <img src=\\"https://download.odoocdn.com/digests/project/static/src/img/18-project-personal-stages.gif\\" width=\\"540\\" class=\\"illustration_border\\">\\n</div>\\n            "}	2026-04-08 08:35:22.624638	2026-04-08 08:35:22.624638
14	1300	48	1	1	{"en_US": "Tip: Create tasks from incoming emails", "es_ES": "Consejo: cree tareas desde sus correos electrónicos"}	{"en_US": "<div>\\n    <t t-set=\\"project_record\\" t-value=\\"object.env['project.project'].search([('alias_name', '!=', False), ('alias_domain_id', '!=', False)], limit=1, order='sequence asc')\\"></t>\\n    <p class=\\"tip_title\\">Tip: Create tasks from incoming emails</p>\\n    <t t-if=\\"project_record.alias_email\\">\\n        <p class=\\"tip_content\\">Emails sent to <a t-attf-href=\\"mailto:{{project_record.alias_email}}\\" target=\\"_blank\\" style=\\"color: #714B67; text-decoration: none;\\"><t t-out=\\"project_record.alias_email\\"></t></a> will generate tasks in your <t t-out=\\"project_record.name\\"></t> project.</p>\\n    </t>\\n    <t t-else=\\"\\">\\n        <p class=\\"tip_content\\">Create tasks by sending an email to the email address of your project.</p>\\n    </t>\\n</div>\\n            ", "es_ES": "<div>\\n    <t t-set=\\"project_record\\" t-value=\\"object.env['project.project'].search([('alias_name', '!=', False), ('alias_domain_id', '!=', False)], limit=1, order='sequence asc')\\"></t>\\n    <p class=\\"tip_title\\">Consejo: cree tareas desde sus correos electrónicos</p>\\n    <t t-if=\\"project_record.alias_email\\">\\n        <p class=\\"tip_content\\">Correos electrónicos enviados a <a t-attf-href=\\"mailto:{{project_record.alias_email}}\\" target=\\"_blank\\" style=\\"color: #714B67; text-decoration: none;\\"><t t-out=\\"project_record.alias_email\\"></t></a> generarán tareas en su proyecto <t t-out=\\"project_record.name\\"></t> .</p>\\n    </t>\\n    <t t-else=\\"\\">\\n        <p class=\\"tip_content\\">Cree tareas al enviar un correo electrónico a la dirección de correo electrónico de su proyecto.</p>\\n    </t>\\n</div>\\n            "}	2026-04-08 08:35:22.624638	2026-04-08 08:35:22.624638
16	3900	49	1	1	{"en_US": "Tip: Project-Specific Fields", "es_ES": "Consejo: campos específicos para sus proyectos"}	{"en_US": "<div>\\n    <p class=\\"tip_title\\">Tip: Project-Specific Fields</p>\\n    <p class=\\"tip_content\\">Add project-specific property fields on tasks to customize your project management process.</p>\\n    <img src=\\"https://download.odoocdn.com/digests/project/static/src/img/18-project-property-fields.gif\\" width=\\"540\\" class=\\"illustration_border\\">\\n</div>\\n            ", "es_ES": "<div>\\n    <p class=\\"tip_title\\">Consejo: campos específicos para sus proyectos</p>\\n    <p class=\\"tip_content\\">Añada campos de propiedad específicos al proyecto a las tareas para personalizar su proceso de gestión de proyectos.</p>\\n    <img src=\\"https://download.odoocdn.com/digests/project/static/src/img/18-project-property-fields.gif\\" width=\\"540\\" class=\\"illustration_border\\">\\n</div>\\n            "}	2026-04-08 08:35:22.624638	2026-04-08 08:35:22.624638
13	1200	48	1	1	{"en_US": "Tip: Use task states to keep track of your tasks' progression", "es_ES": "Consejo: use los estados en las tareas para llevar seguimiento del avance de sus tareas"}	{"en_US": "<div>\\n                <p class=\\"tip_title\\">Tip: Use task states to keep track of your tasks' progression</p>\\n                <p class=\\"tip_content\\">\\n                Quickly check the status of tasks for approvals or change requests and identify those on hold until dependencies are resolved with the hourglass icon.\\n                </p>\\n                <img src=\\"https://download.odoocdn.com/digests/project/static/src/img/task-state-img.png\\" width=\\"720\\" class=\\"illustration_border\\">\\n            </div>\\n            ", "es_ES": "<div>\\n                <p class=\\"tip_title\\">Consejo: use los estados en las tareas para llevar seguimiento del avance de sus tareas</p>\\n                <p class=\\"tip_content\\">\\n                Revise el estado de las tareas para aprobarlas o cambiar sus solicitudes. Con el icono de reloj de arena puede identificar las que están en pausa hasta que se resuelvan las dependencias.\\n                </p>\\n                <img src=\\"https://download.odoocdn.com/digests/project/static/src/img/task-state-img.png\\" width=\\"720\\" class=\\"illustration_border\\">\\n            </div>\\n            "}	2026-04-08 08:35:22.624638	2026-05-01 10:35:07.370498
23	3600	21	1	1	{"en_US": "Tip: Identify Bottlenecks at a glance", "es_ES": "Consejo: identifique bloqueos de un solo vistazo"}	{"en_US": "<div>\\n    <p class=\\"tip_title\\">Tip: Identify Bottlenecks at a glance</p>\\n    <p class=\\"tip_content\\">Check the Stage Tracker of Leads to identify bottlenecks in your Sales process.</p>\\n    <img src=\\"https://download.odoocdn.com/digests/crm/static/src/img/18-lead-stage-bottleneck.png\\" width=\\"540\\" class=\\"illustration_border\\">\\n</div>\\n            ", "es_ES": "<div>\\n    <p class=\\"tip_title\\">Consejo: identifique bloqueos de un solo vistazo</p>\\n    <p class=\\"tip_content\\">Consulte el rastreador de etapas de los leads para identificar aquellos que retrasen su proceso de ventas.</p>\\n    <img src=\\"https://download.odoocdn.com/digests/crm/static/src/img/18-lead-stage-bottleneck.png\\" width=\\"540\\" class=\\"illustration_border\\">\\n</div>\\n            "}	2026-04-08 08:38:57.179101	2026-04-08 08:38:57.179101
24	4400	21	1	1	{"en_US": "Tip: Turn Sales Forecasting into Child's Play", "es_ES": "Consejo: facilite el proceso de pronóstico de ventas"}	{"en_US": "<div>\\n    <p class=\\"tip_title\\">Tip: Turn Sales Forecasting into Child's Play</p>\\n    <p class=\\"tip_content\\">Use the CRM Forecast Kanban to easily define when Opportunities are expected to be won.</p>\\n    <img src=\\"https://download.odoocdn.com/digests/crm/static/src/img/18-opportunity-forecast.gif\\" width=\\"540\\" class=\\"illustration_border\\">\\n</div>\\n            ", "es_ES": "<div>\\n    <p class=\\"tip_title\\">Consejo: facilite el proceso de pronóstico de ventas</p>\\n    <p class=\\"tip_content\\">Utilice la vista de kanban para sus pronósticos en CRM y defina con facilidad cuándo espera ganar las oportunidades.</p>\\n    <img src=\\"https://download.odoocdn.com/digests/crm/static/src/img/18-opportunity-forecast.gif\\" width=\\"540\\" class=\\"illustration_border\\">\\n</div>\\n            "}	2026-04-08 08:38:57.179101	2026-04-08 08:38:57.179101
22	3000	22	1	1	{"en_US": "Tip: Turn a selection of opportunities into a map", "es_ES": "Consejo: convierta una selección de oportunidades en un mapa"}	{"en_US": "<div>\\n    <p class=\\"tip_title\\">Tip: Turn a selection of opportunities into a map</p>\\n    <p class=\\"tip_content\\">Did you know you can turn a list of opportunities into a map view, using the top-right map icon? A lot of screens in Odoo can be turned into a map: tasks, contacts, delivery orders, etc.</p>\\n    <img src=\\"https://download.odoocdn.com/digests/crm/static/src/img/milk-mapview-toggle.gif\\" width=\\"540\\" class=\\"illustration_border\\">\\n</div>\\n            ", "es_ES": "<div>\\n    <p class=\\"tip_title\\">Consejo: convierta una selección de oportunidades en un mapa</p>\\n    <p class=\\"tip_content\\">¿Sabía que puede convertir una lista de oportunidades en una vista de mapa con el icono de mapa en la esquina superior derecha? Muchas pantallas en Odoo pueden convertirse en mapas: tareas, contactos, órdenes de entrega, etc.</p>\\n    <img src=\\"https://download.odoocdn.com/digests/crm/static/src/img/milk-mapview-toggle.gif\\" width=\\"540\\" class=\\"illustration_border\\">\\n</div>\\n            "}	2026-04-08 08:38:57.179101	2026-04-08 08:38:57.179101
20	2600	22	1	1	{"en_US": "Tip: Manage your pipeline", "es_ES": "Consejo: Gestione su flujo"}	{"en_US": "<div>\\n    <p class=\\"tip_title\\">Tip: Manage your pipeline</p>\\n    <p class=\\"tip_content\\">A great tip to boost sales efficiency is to always define a next step on each opportunity. To manage ongoing activities, click on any status of the progress bar to filter opportunities based on their next activities' status. Click on the grey area of the progress bar to see all opportunities that have no next activity.</p>\\n    <img src=\\"https://download.odoocdn.com/digests/crm/static/src/img/milk-pipeline-progress.gif\\" width=\\"540\\" class=\\"illustration_border\\">\\n</div>\\n            ", "es_ES": "<div>\\n    <p class=\\"tip_title\\">Consejo: Gestione su flujo</p>\\n    <p class=\\"tip_content\\">Un gran consejo para impulsar sus ventas es siempre definir un siguiente paso en cada oportunidad. Si desea gestionar actividades en curso, haga clic en cualquier estado de la barra de progreso para filtrar oportunidades según el estado de su siguiente actividad. Haga clic en el área gris de la barra de progreso para ver todas las oportunidades que no tienen siguiente actividad.</p>\\n    <img src=\\"https://download.odoocdn.com/digests/crm/static/src/img/milk-pipeline-progress.gif\\" width=\\"540\\" class=\\"illustration_border\\">\\n</div>\\n            "}	2026-04-08 08:38:57.179101	2026-04-08 08:38:57.179101
21	2800	22	1	1	{"en_US": "Tip: Do not waste time recording customers' data", "es_ES": "Consejo: no pierda tiempo registrando los datos de los clientes"}	{"en_US": "<div>\\n    <p class=\\"tip_title\\">Tip: Do not waste time recording customers' data</p>\\n    <p class=\\"tip_content\\">Did you know you can search a company by name or VAT number to instantly fill in all its data? Odoo autocompletes everything for you: logo, address, company size, business information, social media accounts, etc.</p>\\n    <img src=\\"https://download.odoocdn.com/digests/crm/static/src/img/milk-autofill.gif\\" width=\\"540\\" class=\\"illustration_border\\">\\n</div>\\n            ", "es_ES": "<div>\\n    <p class=\\"tip_title\\">Consejo: no pierda tiempo registrando los datos de los clientes</p>\\n    <p class=\\"tip_content\\">¿Sabía que puede buscar una empresa por su nombre o Número de Identificación Fiscal para completar todos sus datos de forma instantánea? Odoo autocompleta todo por usted: logo, dirección, tamaño de empresa, información empresarial, cuentas en redes sociales, etc.</p>\\n    <img src=\\"https://download.odoocdn.com/digests/crm/static/src/img/milk-autofill.gif\\" width=\\"540\\" class=\\"illustration_border\\">\\n</div>\\n            "}	2026-04-08 08:38:57.179101	2026-04-08 08:38:57.179101
1	800	1	1	1	{"en_US": "Tip: Speed up your workflow with shortcuts", "es_ES": "Consejo: acelere su flujo de trabajo con accesos rápidos"}	{"en_US": "<div>\\n    <p class=\\"tip_title\\">Tip: Speed up your workflow with shortcuts</p>\\n    <p class=\\"tip_content\\">Press ALT in any screen to highlight shortcuts for every button in the screen. It is useful to process multiple documents in batch.</p>\\n    <img src=\\"https://download.odoocdn.com/digests/digest/static/src/img/milk-alt-shortcuts.gif\\" width=\\"540\\" class=\\"illustration_border\\">\\n</div>\\n            ", "es_ES": "<div>\\n    <p class=\\"tip_title\\">Consejo: acelere su flujo de trabajo con accesos rápidos</p>\\n    <p class=\\"tip_content\\">Presiona ALT en cualquier pantalla para resaltar accesos rápidos para cada botón en la pantalla. Es útil para procesar múltiples documentos en lote. </p>\\n    <img src=\\"https://download.odoocdn.com/digests/digest/static/src/img/milk-alt-shortcuts.gif\\" width=\\"540\\" class=\\"illustration_border\\">\\n</div>\\n            "}	2026-04-08 08:34:42.757453	2026-05-01 10:35:07.370498
25	1000	60	1	1	{"en_US": "Tip: Speed up inventory operations with barcodes", "es_ES": "Consejo: acelere las operaciones de inventario con códigos de barras"}	{"en_US": "<div>\\n    <p class=\\"tip_title\\">Tip: Speed up inventory operations with barcodes</p>\\n    <table class=\\"tip_twocol\\">\\n        <tr>\\n            <td class=\\"tip_twocol_left\\" style=\\"width: 45%;\\">\\n                <img src=\\"https://download.odoocdn.com/digests/stock/static/src/img/barcode.gif\\" class=\\"tip_twocol_img\\" width=\\"240\\">\\n            </td>\\n            <td style=\\"width: 55%;\\">\\n                <p class=\\"tip_content\\" style=\\"margin: 0;\\">Enjoy a quick-paced experience with the Odoo barcode app. It is blazing fast and works even without a stable internet connection. It supports all flows: inventory adjustments, batch picking, moving lots or pallets, low inventory checks, etc. Go to the \\"Apps\\" menu to activate the barcode interface.</p>\\n            </td>\\n        </tr>\\n    </table>\\n    <div style=\\"clear: both;\\"></div>\\n</div>\\n            ", "es_ES": "<div>\\n    <p class=\\"tip_title\\">Consejo: acelere las operaciones de inventario con códigos de barras</p>\\n    <table class=\\"tip_twocol\\">\\n        <tr>\\n            <td class=\\"tip_twocol_left\\" style=\\"width: 45%;\\">\\n                <img src=\\"https://download.odoocdn.com/digests/stock/static/src/img/barcode.gif\\" class=\\"tip_twocol_img\\" width=\\"240\\">\\n            </td>\\n            <td style=\\"width: 55%;\\">\\n                <p class=\\"tip_content\\" style=\\"margin: 0;\\">Disfrute de una experiencia de ritmo rápido con la aplicación de código de barras Odoo. Es increíblemente rápido y funciona incluso sin una conexión a Internet estable. Admite todos los flujos: ajustes de inventario, picking por lotes, mover lotes o paletas, controles de inventario bajo, etc. Vaya al menú \\"Aplicaciones\\" para activar la interfaz de código de barras.</p>\\n            </td>\\n        </tr>\\n    </table>\\n    <div style=\\"clear: both;\\"></div>\\n</div>\\n            "}	2026-04-08 08:46:08.412603	2026-05-01 10:35:07.370498
26	4000	60	1	1	{"en_US": "Tip: Monitor Lot details", "es_ES": "Consejo: supervise los detalles del lote"}	{"en_US": "<div>\\n    <p class=\\"tip_title\\">Tip: Monitor Lot details</p>\\n    <p class=\\"tip_content\\">Store and retrieve information regarding every Lot/Serial Number (condition, product info, ...).</p>\\n    <img src=\\"https://download.odoocdn.com/digests/stock/static/src/img/18-stock-property-fields.gif\\" width=\\"540\\" class=\\"illustration_border\\">\\n</div>\\n            ", "es_ES": "<div>\\n    <p class=\\"tip_title\\">Consejo: supervise los detalles del lote</p>\\n    <p class=\\"tip_content\\">Almacene y consulte la información relacionada con el número de serie o lote (condición, información del producto...)</p>\\n    <img src=\\"https://download.odoocdn.com/digests/stock/static/src/img/18-stock-property-fields.gif\\" width=\\"540\\" class=\\"illustration_border\\">\\n</div>\\n            "}	2026-04-08 08:46:08.412603	2026-04-08 08:46:08.412603
27	3500	74	1	1	{"en_US": "Tip: Where's Bryan?", "es_ES": "Consejo: ¿Dónde está Brian?"}	{"en_US": "<div>\\n    <p class=\\"tip_title\\">Tip: Where's Bryan?</p>\\n    <p class=\\"tip_content\\">Activate Remote Work to let Employees specify where they are working from.</p>\\n    <img src=\\"https://download.odoocdn.com/digests/hr/static/src/img/18-hr-work-location.gif\\" width=\\"540\\" class=\\"illustration_border\\">\\n</div>\\n            ", "es_ES": "<div>\\n    <p class=\\"tip_title\\">Consejo: ¿Dónde está Brian?</p>\\n    <p class=\\"tip_content\\">Habilite la función de teletrabajo para permitir que los empleados especifiquen desde dónde están trabajando.</p>\\n    <img src=\\"https://download.odoocdn.com/digests/hr/static/src/img/18-hr-work-location.gif\\" width=\\"540\\" class=\\"illustration_border\\">\\n</div>\\n            "}	2026-04-08 08:50:55.821924	2026-04-08 08:50:55.821924
17	200	22	1	1	{"en_US": "Tip: Convert incoming emails into opportunities", "es_ES": "Consejo: convierta correos electrónicos entrantes en oportunidades"}	{"en_US": "<div>\\n    <t t-set=\\"record\\" t-value=\\"object.env['crm.team'].search([('alias_name', '!=', 'False')], limit=1)\\"></t>\\n    <p class=\\"tip_title\\">Tip: Convert incoming emails into opportunities</p>\\n    <t t-if=\\"record.alias_email\\">\\n        <p class=\\"tip_content\\">Did you know emails sent to <t t-out=\\"record.alias_email\\"></t> generate opportunities in your pipeline?<br>\\n        <a t-attf-href=\\"mailto:{{record.alias_email}}\\" target=\\"_blank\\">Try sending an email</a> to your CRM. This email address is configurable by sales team members.</p>\\n    </t>\\n    <t t-else=\\"\\">\\n        <p class=\\"tip_content\\">Did you know emails sent to a Sales Team alias generate opportunities in your pipeline?</p>\\n    </t>\\n</div>\\n            ", "es_ES": "<div>\\n    <t t-set=\\"record\\" t-value=\\"object.env['crm.team'].search([('alias_name', '!=', 'False')], limit=1)\\"></t>\\n    <p class=\\"tip_title\\">Consejo: convierta correos electrónicos entrantes en oportunidades</p>\\n    <t t-if=\\"record.alias_email\\">\\n        <p class=\\"tip_content\\">¿Sabía que los correos electrónicos enviados <t t-out=\\"record.alias_email\\"></t> generan oportunidades en su flujo?<br>\\n        <a t-attf-href=\\"mailto:{{record.alias_email}}\\" target=\\"_blank\\">Prueba enviar un correo electrónico</a> a su CRM. Los miembros del equipo de ventas pueden configurar este correo electrónico.</p>\\n    </t>\\n    <t t-else=\\"\\">\\n        <p class=\\"tip_content\\">¿Sabía que los correos electrónicos enviados al alias del equipo de ventas generan oportunidades en su flujo?</p>\\n    </t>\\n</div>\\n            "}	2026-04-08 08:38:57.179101	2026-04-24 06:52:20.713829
30	2000	82	1	1	{"en_US": "Tip: Never miss a purchase order", "es_ES": "Consejo: Nunca pierda un pedido de compra"}	{"en_US": "<div>\\n    <p class=\\"tip_title\\">Tip: Never miss a purchase order</p>\\n    <p class=\\"tip_content\\">When sending a purchase order by email, Odoo asks the vendor to acknowledge the reception of the order. When the vendor acknowledges the order by clicking on a button in the email, the information is added on the purchase order. Use filters to track orders that have not been acknowledged.</p>\\n</div>\\n            ", "es_ES": "<div>\\n    <p class=\\"tip_title\\">Consejo: Nunca pierda un pedido de compra</p>\\n    <p class=\\"tip_content\\">Al enviar un pedido de compra por correo electrónico, Odoo le pide al proveedor que reconozca la recepción del mismo. Cuando el proveedor reconoce el pedido haciendo clic en un botón en el correo electrónico, la información se añade en el pedido de compra. Utilice filtros para realizar un seguimiento de los pedidos que no han sido confirmados.</p>\\n</div>\\n            "}	2026-04-14 08:54:03.289914	2026-04-24 06:52:20.713829
28	600	75	1	1	{"en_US": "Tip: Use tablets in the shop to control manufacturing", "es_ES": "Consejo: utilice tabletas electrónicas en el taller para controlar la fabricación"}	{"en_US": "<div>\\n    <p class=\\"tip_title\\">Tip: Use tablets in the shop to control manufacturing</p>\\n    <p class=\\"tip_content\\">With the Odoo work center control panel, your worker can start work orders in the shop and follow instructions of the worksheet. Quality tests are perfectly integrated into the process. Workers can trigger feedback loops, maintenance alerts, scrap products, etc.</p>\\n    <img src=\\"https://download.odoocdn.com/digests/mrp/static/src/img/milk-mrp-tablet.png\\" width=\\"540\\" class=\\"illustration_border\\">\\n</div>\\n            ", "es_ES": "<div>\\n    <p class=\\"tip_title\\">Consejo: utilice tabletas electrónicas en el taller para controlar la fabricación</p>\\n    <p class=\\"tip_content\\">Con el panel de control del centro de trabajo de Odoo, su trabajador puede iniciar órdenes de trabajo en el taller y seguir instrucciones en las hojas de trabajo. Las pruebas de calidad están perfectamente integradas en el proceso. Los trabajadores pueden activar bucles de comentarios, alertas de mantenimiento, productos desechados, etc.</p>\\n    <img src=\\"https://download.odoocdn.com/digests/mrp/static/src/img/milk-mrp-tablet.png\\" width=\\"540\\" class=\\"illustration_border\\">\\n</div>\\n            "}	2026-04-08 09:11:55.219689	2026-05-01 10:35:07.370498
29	100	82	1	1	{"en_US": "Tip: How to keep late receipts under control?", "es_ES": "Consejo: ¿Cómo mantener bajo control los recibos atrasados?"}	{"en_US": "<div>\\n    <p class=\\"tip_title\\">Tip: How to keep late receipts under control?</p>\\n    <p class=\\"tip_content\\">When creating a purchase order, have a look at the vendor's <i>On Time Delivery</i> rate: the percentage of products shipped on time. If it is too low, activate the <i>automated reminders</i>. A few days before the due shipment, Odoo will send the vendor an email to ask confirmation of shipment dates and keep you informed in case of any delays. To get the vendor's performance statistics, click on the OTD rate.</p>\\n    <img src=\\"https://download.odoocdn.com/digests/purchase/static/src/img/milk-OTDPurchase.gif\\" width=\\"540\\" class=\\"illustration_border\\">\\n</div>\\n            ", "es_ES": "<div>\\n    <p class=\\"tip_title\\">Consejo: ¿Cómo mantener bajo control los recibos atrasados?</p>\\n    <p class=\\"tip_content\\">Al crear un pedido de compra, observe la tasa de <i>entrega a tiempo</i> del proveedor, la cual muestra el porcentaje de productos que este proveedor ha entregado a tiempo. Si es demasiado bajo, active los <i>recordatorios automáticos</i> . Unos días antes del vencimiento del envío, Odoo enviará al proveedor un correo electrónico para solicitar la confirmación de las fechas de envío y mantenerlo informado en caso de retrasos. Para obtener las estadísticas de rendimiento del proveedor, haga clic en la tasa de entrega justo a tiempo.</p>\\n    <img src=\\"https://download.odoocdn.com/digests/purchase/static/src/img/milk-OTDPurchase.gif\\" width=\\"540\\" class=\\"illustration_border\\">\\n</div>\\n            "}	2026-04-14 08:54:03.289914	2026-04-17 10:35:13.718474
19	1700	22	1	1	{"en_US": "Tip: Opportunity win rate is predicted with AI", "es_ES": "Consejo: la tasa de ganancia de oportunidades se predice con IA"}	{"en_US": "<div>\\n    <p class=\\"tip_title\\">Tip: Opportunity win rate is predicted with AI</p>\\n    <p class=\\"tip_content\\">Odoo's artificial intelligence engine predicts the success rate of each opportunity based on your history. You can always update the success rate manually, but if you let Odoo do the job the score is updated while the opportunity moves forward in your sales cycle.</p>\\n    <img src=\\"https://download.odoocdn.com/digests/crm/static/src/img/milk-probability-rate.gif\\" width=\\"540\\" class=\\"illustration_border\\">\\n</div>\\n            ", "es_ES": "<div>\\n    <p class=\\"tip_title\\">Consejo: la tasa de ganancia de oportunidades se predice con IA</p>\\n    <p class=\\"tip_content\\">El motor de inteligencia artificial de Odoo predice la tasa de éxito de cada oportunidad según su historial. Siempre puede actualizar la tasa de éxito de forma manual, pero si deja que Odoo lo haga, se actualiza cuando su oportunidad avanza en su ciclo de ventas.</p>\\n    <img src=\\"https://download.odoocdn.com/digests/crm/static/src/img/milk-probability-rate.gif\\" width=\\"540\\" class=\\"illustration_border\\">\\n</div>\\n            "}	2026-04-08 08:38:57.179101	2026-05-01 10:35:07.370498
18	1500	22	1	1	{"en_US": "Tip: Did you know Odoo has built-in lead mining?", "es_ES": "Consejo: ¿Sabía que Odoo tiene minería de leads integrada?"}	{"en_US": "<div>\\n    <p class=\\"tip_title\\">Tip: Did you know Odoo has built-in lead mining?</p>\\n    <p class=\\"tip_content\\">For a sales team, there is nothing worse than being dry on leads. Fortunately, in just a few clicks, you can generate leads specifically targeted to your needs: company size, industry, etc. To help you test the feature, we offer you 20 credits for free.</p>\\n    <img src=\\"https://download.odoocdn.com/digests/crm/static/src/img/milk-generate-leads.gif\\" width=\\"540\\" class=\\"illustration_border\\">\\n</div>\\n            ", "es_ES": "<div>\\n    <p class=\\"tip_title\\">Consejo: ¿Sabía que Odoo tiene minería de leads integrada?</p>\\n    <p class=\\"tip_content\\">Para un equipo de ventas, no hay nada peor que quedarse sin leads. Por suerte, con solo unos clics puedes generar leads adaptados a tus necesidades: tamaño de la empresa, sector, etc. Para ayudarte a probar la funcionalidad, te ofrecemos 20 créditos gratuitos.</p>\\n    <img src=\\"https://download.odoocdn.com/digests/crm/static/src/img/milk-generate-leads.gif\\" width=\\"540\\" class=\\"illustration_border\\">\\n</div>\\n            "}	2026-04-08 08:38:57.179101	2026-05-01 10:35:07.370498
\.


--
-- Data for Name: digest_tip_res_users_rel; Type: TABLE DATA; Schema: public; Owner: odoo
--

COPY public.digest_tip_res_users_rel (digest_tip_id, res_users_id) FROM stdin;
17	2
17	18
28	15
17	17
17	8
17	11
17	20
17	13
17	21
17	16
17	19
17	7
17	14
28	2
28	18
1	15
28	17
28	8
28	11
28	20
28	13
28	21
28	16
28	19
28	7
28	14
8	2
1	18
25	15
1	17
8	8
8	11
1	20
8	13
1	21
1	16
1	19
8	7
1	14
29	2
29	18
29	15
29	17
28	25
29	8
1	27
29	23
29	22
29	20
1	13
29	21
29	11
29	16
29	19
29	24
29	7
25	14
1	2
25	18
30	15
25	17
1	25
1	8
2	27
17	23
17	22
25	20
25	13
25	21
1	11
25	16
25	19
17	24
1	7
18	14
25	2
18	18
2	15
18	17
25	25
25	8
3	27
28	23
28	22
18	20
13	13
18	21
25	11
18	16
18	19
28	24
25	7
19	14
\.


--
-- Data for Name: discuss_channel; Type: TABLE DATA; Schema: public; Owner: odoo
--

COPY public.discuss_channel (id, parent_channel_id, from_message_id, group_public_id, create_uid, write_uid, name, channel_type, default_display_mode, sfu_channel_uuid, sfu_server_url, uuid, description, active, allow_public_upload, last_interest_dt, create_date, write_date) FROM stdin;
2	\N	\N	4	1	1	Administrators	channel	\N	\N	\N	wxWtPdGwbg	General channel for administrators.	t	f	\N	2026-04-08 08:34:27.650619	2026-04-08 08:34:27.650619
1	\N	\N	1	1	1	general	channel	\N	\N	\N	dmNVv5KZCe	General announcements for all employees.	t	f	\N	2026-04-08 08:34:27.650619	2026-04-08 08:34:27.650619
3	\N	\N	\N	2	2	OdooBot, Administrator	chat	\N	\N	\N	myV64Rk338	\N	t	f	2026-04-08 08:35:37	2026-04-08 08:35:37.297423	2026-04-08 08:35:37.297423
4	\N	\N	\N	6	6	OdooBot, José Ángel Jiménez Medrano	chat	\N	\N	\N	fi7bqudya8	\N	t	f	2026-04-08 08:37:27	2026-04-08 08:37:27.824743	2026-04-08 08:37:27.824743
5	\N	\N	\N	18	18	OdooBot, CAMACHO VARGAS ADRIÁN	chat	\N	\N	\N	katR6GpSL3	\N	t	f	2026-04-14 11:41:49	2026-04-14 11:41:49.538889	2026-04-14 11:41:49.538889
6	\N	\N	\N	19	19	OdooBot, SAGUAR HERNÁIZ VÍCTOR	chat	\N	\N	\N	8usoYmusiH	\N	t	f	2026-04-15 08:20:08	2026-04-15 08:20:08.772012	2026-04-15 08:20:08.772012
7	\N	\N	\N	11	11	OdooBot, Luis Enrique Paz Sánchez	chat	\N	\N	\N	hJ7yGTBPaF	\N	t	f	2026-04-15 10:08:35	2026-04-15 10:08:35.416084	2026-04-15 10:08:35.416084
23	\N	\N	\N	46	46	OdooBot, Sergio Martín Gómez	chat	\N	\N	\N	QTMyoTjjWk	\N	t	f	2026-05-04 08:50:04	2026-05-04 08:50:04.85055	2026-05-04 08:50:04.85055
8	\N	\N	\N	13	13	OdooBot, NOVOA CATUCUAMBA SANTIAGO	chat	\N	\N	\N	vtiPkbdT7j	\N	t	f	2026-04-15 10:15:27	2026-04-15 10:15:27.322262	2026-04-15 10:15:27.322262
9	\N	\N	\N	20	20	OdooBot, NAVARRO GÓMEZ PABLO	chat	\N	\N	\N	bwzI7xxb4C	\N	t	f	2026-04-15 10:20:28	2026-04-15 10:20:28.396198	2026-04-15 10:20:28.396198
24	\N	\N	\N	25	6	JIMÉNEZ MEDRANO JOSÉ ÁNGEL, FERNÁNDEZ MORÍN ÓSCAR	chat	\N	\N	\N	z4InMLtQWm	\N	t	f	\N	2026-05-04 09:00:19.126927	2026-05-04 09:00:19.126927
10	\N	\N	\N	8	8	OdooBot, GATARIN LASAM ENRIQUE	chat	\N	\N	\N	R8DTjD2TnV	\N	t	f	2026-04-15 10:22:21	2026-04-15 10:22:12.282492	2026-04-15 10:22:21.156274
11	\N	\N	\N	2	23	LÓPEZ PAIVA RUBÉN MATHIAS, Administrator	chat	\N	\N	\N	RQYR83qnRD	\N	t	f	\N	2026-04-15 10:28:36.951456	2026-04-15 10:28:36.951456
12	\N	\N	\N	23	23	OdooBot, LÓPEZ PAIVA RUBÉN MATHIAS	chat	\N	\N	\N	qCwWdFHhuM	\N	t	f	2026-04-15 10:33:50	2026-04-15 10:33:50.413718	2026-04-15 10:33:50.413718
22	\N	\N	\N	\N	\N	OdooBot, Ballesteros Álvaro Nicolas	chat	\N	\N	\N	tegBUYLAXy	\N	t	f	2026-05-04 08:46:43	2026-05-04 08:46:43.954078	2026-05-04 08:46:43.954078
13	\N	\N	\N	25	25	OdooBot, Óscar Fenández Morín	chat	\N	\N	\N	mkC5RAS4M8	\N	t	f	2026-04-15 10:50:05	2026-04-15 10:50:05.229655	2026-04-15 10:50:05.229655
14	\N	\N	\N	21	21	OdooBot, OVIEDO FLEITAS ALEXIS JAVIER	chat	\N	\N	\N	GSGKohyWL4	\N	t	f	2026-04-15 11:08:49	2026-04-15 11:08:49.741794	2026-04-15 11:08:49.741794
15	\N	\N	\N	22	22	OdooBot, MÓSQUEZ BERMEO CARLOS ALBERTO	chat	\N	\N	\N	FeN8SMajMj	\N	t	f	2026-04-16 10:15:35	2026-04-16 10:15:35.557119	2026-04-16 10:15:35.557119
25	\N	\N	\N	48	48	OdooBot, BALLESTEROS ÁLVARO NICOLÁS	chat	\N	\N	\N	ydpqEMy52h	\N	t	f	2026-05-04 10:23:55	2026-05-04 10:23:55.358199	2026-05-04 10:23:55.358199
16	\N	\N	\N	14	14	OdooBot, ÁLVAREZ GIORDANO LUCIANO ALFREDO	chat	\N	\N	\N	hB3NHEKwuk	\N	t	f	2026-04-16 10:19:53	2026-04-16 10:19:53.017524	2026-04-16 10:19:53.017524
17	\N	\N	\N	17	17	OdooBot, DIEZ ROJAS ARIEL	chat	\N	\N	\N	fWwu4c5bHK	\N	t	f	2026-04-16 10:31:53	2026-04-16 10:31:53.485408	2026-04-16 10:31:53.485408
18	\N	\N	\N	24	24	OdooBot, SECO CUMBREÑO DIEGO	chat	\N	\N	\N	A3dV57XPpI	\N	t	f	2026-04-16 12:17:36	2026-04-16 12:17:36.436204	2026-04-16 12:17:36.436204
19	\N	\N	\N	27	27	OdooBot, GONZALEZ ROJAS RANDALL	chat	\N	\N	\N	TFushRAjt5	\N	t	f	2026-04-21 07:44:24	2026-04-21 07:44:24.012129	2026-04-21 07:44:24.012129
20	\N	\N	\N	16	16	OdooBot, ROMÁN CIPRIANO ANDRÉS	chat	\N	\N	\N	rYUMdyMIjP	\N	t	f	2026-04-22 10:19:13	2026-04-22 10:19:13.385282	2026-04-22 10:19:13.385282
21	\N	\N	\N	15	15	OdooBot, COSTEA CELI DAVID	chat	\N	\N	\N	knjfRjbPDf	\N	t	f	2026-04-22 10:26:54	2026-04-22 10:26:54.360849	2026-04-22 10:26:54.360849
\.


--
-- Data for Name: discuss_channel_hr_department_rel; Type: TABLE DATA; Schema: public; Owner: odoo
--

COPY public.discuss_channel_hr_department_rel (discuss_channel_id, hr_department_id) FROM stdin;
\.


--
-- Data for Name: discuss_channel_member; Type: TABLE DATA; Schema: public; Owner: odoo
--

COPY public.discuss_channel_member (id, partner_id, guest_id, channel_id, fetched_message_id, seen_message_id, new_message_separator, rtc_inviting_session_id, create_uid, write_uid, custom_channel_name, fold_state, custom_notifications, mute_until_dt, unpin_dt, last_interest_dt, last_seen_dt, create_date, write_date) FROM stdin;
1	3	\N	2	\N	\N	0	\N	1	1	\N	closed	\N	\N	\N	2026-04-08 08:34:30	\N	2026-04-08 08:34:27.650619	2026-04-08 08:34:27.650619
2	7	\N	2	\N	\N	0	\N	1	1	\N	closed	\N	\N	\N	2026-04-08 08:34:30	\N	2026-04-08 08:34:27.650619	2026-04-08 08:34:27.650619
5	2	\N	3	\N	\N	0	\N	2	2	\N	closed	\N	\N	2026-04-08 08:35:37	2026-04-08 08:35:07	\N	2026-04-08 08:35:37.297423	2026-04-08 08:35:37.297423
7	2	\N	4	\N	\N	0	\N	6	6	\N	closed	\N	\N	2026-04-08 08:37:27	2026-04-08 08:36:57	\N	2026-04-08 08:37:27.824743	2026-04-08 08:37:27.824743
9	9	\N	1	\N	\N	0	\N	2	2	\N	closed	\N	\N	\N	2026-04-08 08:37:48	\N	2026-04-08 08:37:47.862683	2026-04-08 08:37:47.862683
10	9	\N	2	\N	\N	0	\N	2	2	\N	closed	\N	\N	\N	2026-04-08 08:37:48	\N	2026-04-08 08:37:47.862683	2026-04-08 08:37:47.862683
6	3	\N	3	31	31	32	\N	2	2	\N	closed	\N	\N	\N	2026-04-08 08:35:37	2026-04-08 08:39:15	2026-04-08 08:35:37.297423	2026-04-08 08:39:15.551944
12	10	\N	2	\N	\N	0	\N	6	6	\N	closed	\N	\N	\N	2026-04-08 08:39:17	\N	2026-04-08 08:39:17.205602	2026-04-08 08:39:17.205602
16	13	\N	2	\N	\N	0	\N	2	2	\N	closed	\N	\N	\N	2026-04-08 08:42:37	\N	2026-04-08 08:42:37.057811	2026-04-08 08:42:37.057811
3	3	\N	1	1	1	2	\N	1	2	\N	closed	\N	\N	\N	2026-04-08 08:34:30	\N	2026-04-08 08:34:27.650619	2026-04-08 08:44:18.562348
17	15	\N	1	\N	\N	0	\N	6	6	\N	closed	\N	\N	\N	2026-04-08 08:44:25	\N	2026-04-08 08:44:25.120354	2026-04-08 08:44:25.120354
19	17	\N	1	\N	\N	0	\N	6	6	\N	closed	\N	\N	\N	2026-04-08 08:47:17	\N	2026-04-08 08:47:17.270394	2026-04-08 08:47:17.270394
22	20	\N	1	\N	\N	0	\N	6	6	\N	closed	\N	\N	\N	2026-04-08 08:53:57	\N	2026-04-08 08:53:57.272195	2026-04-08 08:53:57.272195
29	2	\N	5	\N	\N	0	\N	18	18	\N	closed	\N	\N	2026-04-14 11:41:49	2026-04-14 11:41:19	\N	2026-04-14 11:41:49.538889	2026-04-14 11:41:49.538889
30	20	\N	5	\N	\N	0	\N	18	18	\N	closed	\N	\N	\N	2026-04-14 11:41:49	\N	2026-04-14 11:41:49.538889	2026-04-14 11:41:49.538889
31	2	\N	6	\N	\N	0	\N	19	19	\N	closed	\N	\N	2026-04-15 08:20:08	2026-04-15 08:19:38	\N	2026-04-15 08:20:08.772012	2026-04-15 08:20:08.772012
23	21	\N	1	1	1	2	\N	6	19	\N	closed	\N	\N	\N	2026-04-08 08:55:07	2026-04-15 08:20:17	2026-04-08 08:55:07.483208	2026-04-15 08:20:16.989007
32	21	\N	6	358	358	359	\N	19	19	\N	closed	\N	\N	\N	2026-04-15 08:20:08	2026-04-15 08:20:33	2026-04-15 08:20:08.772012	2026-04-15 08:20:33.611279
8	7	\N	4	33	33	34	\N	6	6	\N	closed	\N	\N	\N	2026-04-08 08:37:27	2026-04-15 08:50:23	2026-04-08 08:37:27.824743	2026-04-15 08:50:23.5016
4	7	\N	1	1	1	2	\N	1	6	\N	closed	\N	\N	\N	2026-04-08 08:34:30	2026-04-15 08:50:29	2026-04-08 08:34:27.650619	2026-04-15 08:50:29.62516
33	2	\N	7	\N	\N	0	\N	11	11	\N	closed	\N	\N	2026-04-15 10:08:35	2026-04-15 10:08:05	\N	2026-04-15 10:08:35.416084	2026-04-15 10:08:35.416084
35	2	\N	8	\N	\N	0	\N	13	13	\N	closed	\N	\N	2026-04-15 10:15:27	2026-04-15 10:14:57	\N	2026-04-15 10:15:27.322262	2026-04-15 10:15:27.322262
36	15	\N	8	\N	\N	0	\N	13	13	\N	closed	\N	\N	\N	2026-04-15 10:15:27	\N	2026-04-15 10:15:27.322262	2026-04-15 10:15:27.322262
37	2	\N	9	\N	\N	0	\N	20	20	\N	closed	\N	\N	2026-04-15 10:20:28	2026-04-15 10:19:58	\N	2026-04-15 10:20:28.396198	2026-04-15 10:20:28.396198
39	2	\N	10	\N	\N	0	\N	8	8	\N	closed	\N	\N	2026-04-15 10:22:12	2026-04-15 10:21:42	\N	2026-04-15 10:22:12.282492	2026-04-15 10:22:12.282492
40	10	\N	10	383	383	384	\N	8	8	\N	closed	\N	\N	\N	2026-04-15 10:22:12	2026-04-15 10:22:21	2026-04-15 10:22:12.282492	2026-04-15 10:22:21.302685
42	28	\N	11	\N	\N	0	\N	2	2	\N	closed	\N	\N	2026-04-15 10:28:36	2026-04-15 10:28:06	\N	2026-04-15 10:28:36.951456	2026-04-15 10:28:36.951456
59	29	\N	18	469	469	470	\N	24	24	\N	closed	\N	\N	\N	2026-04-16 12:17:36	2026-04-16 12:17:42	2026-04-16 12:17:36.436204	2026-04-16 12:17:42.435584
43	3	\N	11	\N	\N	0	\N	2	2	\N	closed	\N	\N	\N	2026-04-15 10:28:36	\N	2026-04-15 10:28:36.951456	2026-04-15 10:29:22.443325
44	2	\N	12	\N	\N	0	\N	23	23	\N	closed	\N	\N	2026-04-15 10:33:50	2026-04-15 10:33:20	\N	2026-04-15 10:33:50.413718	2026-04-15 10:33:50.413718
45	28	\N	12	393	393	394	\N	23	23	\N	closed	\N	\N	\N	2026-04-15 10:33:50	2026-04-15 10:33:56	2026-04-15 10:33:50.413718	2026-04-15 10:33:56.355535
24	22	\N	1	1	1	2	\N	6	20	\N	closed	\N	\N	\N	2026-04-08 08:56:50	2026-04-15 10:34:02	2026-04-08 08:56:50.352891	2026-04-15 10:34:02.019395
27	28	\N	1	1	1	2	\N	6	23	\N	closed	\N	\N	\N	2026-04-14 08:43:52	2026-04-15 10:34:03	2026-04-14 08:43:52.517716	2026-04-15 10:34:03.595021
38	22	\N	9	379	379	380	\N	20	20	\N	closed	\N	\N	\N	2026-04-15 10:20:28	2026-04-15 10:46:29	2026-04-15 10:20:28.396198	2026-04-15 10:46:29.630017
46	2	\N	13	\N	\N	0	\N	25	25	\N	closed	\N	\N	2026-04-15 10:50:05	2026-04-15 10:49:35	\N	2026-04-15 10:50:05.229655	2026-04-15 10:50:05.229655
48	2	\N	14	\N	\N	0	\N	21	21	\N	closed	\N	\N	2026-04-15 11:08:49	2026-04-15 11:08:19	\N	2026-04-15 11:08:49.741794	2026-04-15 11:08:49.741794
51	35	\N	1	\N	\N	0	\N	6	6	\N	closed	\N	\N	\N	2026-04-16 09:02:33	\N	2026-04-16 09:02:32.839478	2026-04-16 09:02:32.839478
52	2	\N	15	\N	\N	0	\N	22	22	\N	closed	\N	\N	2026-04-16 10:15:35	2026-04-16 10:15:05	\N	2026-04-16 10:15:35.557119	2026-04-16 10:15:35.557119
53	27	\N	15	441	441	442	\N	22	22	\N	closed	\N	\N	\N	2026-04-16 10:15:35	2026-04-16 10:15:41	2026-04-16 10:15:35.557119	2026-04-16 10:15:41.893556
26	27	\N	1	1	1	2	\N	2	22	\N	closed	\N	\N	\N	2026-04-14 08:39:57	2026-04-16 10:15:54	2026-04-14 08:39:57.616861	2026-04-16 10:15:54.072542
54	2	\N	16	\N	\N	0	\N	14	14	\N	closed	\N	\N	2026-04-16 10:19:53	2026-04-16 10:19:23	\N	2026-04-16 10:19:53.017524	2026-04-16 10:19:53.017524
55	16	\N	16	\N	\N	0	\N	14	14	\N	closed	\N	\N	\N	2026-04-16 10:19:53	\N	2026-04-16 10:19:53.017524	2026-04-16 10:19:53.017524
56	2	\N	17	\N	\N	0	\N	17	17	\N	closed	\N	\N	2026-04-16 10:31:53	2026-04-16 10:31:23	\N	2026-04-16 10:31:53.485408	2026-04-16 10:31:53.485408
58	2	\N	18	\N	\N	0	\N	24	24	\N	closed	\N	\N	2026-04-16 12:17:36	2026-04-16 12:17:06	\N	2026-04-16 12:17:36.436204	2026-04-16 12:17:36.436204
28	29	\N	1	1	1	2	\N	6	24	\N	closed	\N	\N	\N	2026-04-14 09:09:50	2026-04-16 12:19:44	2026-04-14 09:09:50.351378	2026-04-16 12:19:44.119452
60	2	\N	19	\N	\N	0	\N	27	27	\N	closed	\N	\N	2026-04-21 07:44:24	2026-04-21 07:43:54	\N	2026-04-21 07:44:24.012129	2026-04-21 07:44:24.012129
61	35	\N	19	493	493	494	\N	27	27	\N	closed	\N	\N	\N	2026-04-21 07:44:24	2026-04-21 07:44:30	2026-04-21 07:44:24.012129	2026-04-21 07:44:30.246506
62	2	\N	20	\N	\N	0	\N	16	16	\N	closed	\N	\N	2026-04-22 10:19:13	2026-04-22 10:18:43	\N	2026-04-22 10:19:13.385282	2026-04-22 10:19:13.385282
63	18	\N	20	495	495	496	\N	16	16	\N	closed	\N	\N	\N	2026-04-22 10:19:13	2026-04-22 10:19:59	2026-04-22 10:19:13.385282	2026-04-22 10:19:59.455025
20	18	\N	1	1	1	2	\N	6	16	\N	closed	\N	\N	\N	2026-04-08 08:49:09	2026-04-22 10:20:05	2026-04-08 08:49:08.872772	2026-04-22 10:20:05.228719
57	19	\N	17	464	464	465	\N	17	17	\N	closed	\N	\N	\N	2026-04-16 10:31:53	2026-04-24 11:49:10	2026-04-16 10:31:53.485408	2026-04-24 11:49:13.752208
64	2	\N	21	\N	\N	0	\N	15	15	\N	closed	\N	\N	2026-04-22 10:26:54	2026-04-22 10:26:24	\N	2026-04-22 10:26:54.360849	2026-04-22 10:26:54.360849
65	17	\N	21	\N	\N	0	\N	15	15	\N	closed	\N	\N	\N	2026-04-22 10:26:54	\N	2026-04-22 10:26:54.360849	2026-04-22 10:26:54.360849
34	13	\N	7	365	365	366	\N	11	11	\N	closed	\N	\N	\N	2026-04-15 10:08:35	2026-04-28 07:24:29	2026-04-15 10:08:35.416084	2026-04-28 07:24:29.145627
21	19	\N	1	1	1	2	\N	6	17	\N	closed	\N	\N	\N	2026-04-08 08:52:14	2026-04-22 10:25:54	2026-04-08 08:52:14.496662	2026-04-24 11:49:08.480066
15	13	\N	1	1	1	2	\N	2	11	\N	closed	\N	\N	\N	2026-04-08 08:42:37	2026-04-28 07:24:37	2026-04-08 08:42:37.057811	2026-04-28 07:24:37.21033
49	23	\N	14	402	402	403	\N	21	21	\N	closed	\N	\N	\N	2026-04-15 11:08:49	2026-05-04 08:23:50	2026-04-15 11:08:49.741794	2026-05-04 08:23:50.838086
25	23	\N	1	1	1	2	\N	6	21	\N	closed	\N	\N	\N	2026-04-08 08:57:52	2026-05-04 08:23:54	2026-04-08 08:57:52.341903	2026-05-04 08:23:54.057546
70	2	\N	23	\N	\N	0	\N	46	46	\N	closed	\N	\N	2026-05-04 08:50:04	2026-05-04 08:49:34	\N	2026-05-04 08:50:04.85055	2026-05-04 08:50:04.85055
71	55	\N	23	\N	\N	0	\N	46	46	\N	closed	\N	\N	\N	2026-05-04 08:50:04	\N	2026-05-04 08:50:04.85055	2026-05-04 08:50:04.85055
41	32	\N	1	1	1	2	\N	6	25	\N	closed	\N	\N	\N	2026-04-15 10:23:29	2026-05-04 08:57:29	2026-04-15 10:23:29.432239	2026-05-04 08:57:28.996403
11	10	\N	1	1	1	2	\N	6	8	\N	closed	\N	\N	\N	2026-04-08 08:38:36	2026-05-04 08:54:07	2026-04-08 08:38:35.913819	2026-05-04 08:54:09.622669
47	32	\N	13	398	398	399	\N	25	25	\N	closed	\N	\N	\N	2026-04-15 10:50:05	2026-05-04 08:59:40	2026-04-15 10:50:05.229655	2026-05-04 08:59:40.750805
72	7	\N	24	\N	\N	0	\N	25	25	\N	closed	\N	\N	2026-05-04 09:00:19	2026-05-04 08:59:49	\N	2026-05-04 09:00:19.126927	2026-05-04 09:00:19.126927
73	32	\N	24	\N	\N	0	\N	25	25	\N	closed	\N	\N	2026-05-04 09:00:23	2026-05-04 09:00:19	\N	2026-05-04 09:00:19.126927	2026-05-04 09:00:23.056526
18	16	\N	1	1	1	2	\N	6	14	\N	closed	\N	\N	\N	2026-04-08 08:45:41	2026-05-04 09:02:31	2026-04-08 08:45:41.005601	2026-05-04 09:02:31.572989
74	58	\N	1	\N	\N	0	\N	11	11	\N	closed	\N	\N	\N	2026-05-04 09:24:47	\N	2026-05-04 09:24:47.147655	2026-05-04 09:24:47.147655
75	58	\N	2	\N	\N	0	\N	11	11	\N	closed	\N	\N	\N	2026-05-04 09:24:47	\N	2026-05-04 09:24:47.147655	2026-05-04 09:24:47.147655
77	2	\N	25	\N	\N	0	\N	48	48	\N	closed	\N	\N	2026-05-04 10:23:55	2026-05-04 10:23:25	\N	2026-05-04 10:23:55.358199	2026-05-04 10:23:55.358199
68	2	\N	22	\N	\N	0	\N	\N	\N	\N	closed	\N	\N	2026-05-04 08:46:43	2026-05-04 08:46:13	\N	2026-05-04 08:46:43.954078	2026-05-04 08:46:43.954078
76	61	\N	1	1	1	2	\N	6	48	\N	closed	\N	\N	\N	2026-05-04 10:22:25	2026-05-04 10:23:58	2026-05-04 10:22:25.018913	2026-05-04 10:23:57.987216
67	55	\N	1	1	1	2	\N	6	46	\N	closed	\N	\N	\N	2026-05-04 08:39:22	2026-05-04 10:25:19	2026-05-04 08:39:22.00411	2026-05-04 10:25:19.674211
78	61	\N	25	658	658	659	\N	48	48	\N	closed	\N	\N	\N	2026-05-04 10:23:55	2026-05-04 10:36:04	2026-05-04 10:23:55.358199	2026-05-04 10:36:04.904791
\.


--
-- Data for Name: discuss_channel_res_groups_rel; Type: TABLE DATA; Schema: public; Owner: odoo
--

COPY public.discuss_channel_res_groups_rel (discuss_channel_id, res_groups_id) FROM stdin;
2	4
1	1
\.


--
-- Data for Name: discuss_channel_rtc_session; Type: TABLE DATA; Schema: public; Owner: odoo
--

COPY public.discuss_channel_rtc_session (id, channel_member_id, channel_id, create_uid, write_uid, is_screen_sharing_on, is_camera_on, is_muted, is_deaf, write_date, create_date) FROM stdin;
\.


--
-- Data for Name: discuss_gif_favorite; Type: TABLE DATA; Schema: public; Owner: odoo
--

COPY public.discuss_gif_favorite (id, create_uid, write_uid, tenor_gif_id, create_date, write_date) FROM stdin;
\.


--
-- Data for Name: discuss_voice_metadata; Type: TABLE DATA; Schema: public; Owner: odoo
--

COPY public.discuss_voice_metadata (id, attachment_id, create_uid, write_uid, create_date, write_date) FROM stdin;
\.


--
-- Data for Name: email_template_attachment_rel; Type: TABLE DATA; Schema: public; Owner: odoo
--

COPY public.email_template_attachment_rel (email_template_id, attachment_id) FROM stdin;
\.


--
-- Data for Name: employee_category_rel; Type: TABLE DATA; Schema: public; Owner: odoo
--

COPY public.employee_category_rel (employee_id, category_id) FROM stdin;
\.


--
-- Data for Name: fetchmail_server; Type: TABLE DATA; Schema: public; Owner: odoo
--

COPY public.fetchmail_server (id, port, object_id, priority, create_uid, write_uid, name, state, server, server_type, "user", password, script, configuration, active, is_ssl, attach, original, date, create_date, write_date, google_gmail_access_token_expiration, google_gmail_authorization_code, google_gmail_refresh_token, google_gmail_access_token) FROM stdin;
\.


--
-- Data for Name: gamification_badge; Type: TABLE DATA; Schema: public; Owner: odoo
--

COPY public.gamification_badge (id, rule_max_number, create_uid, write_uid, level, rule_auth, name, description, active, rule_max, create_date, write_date) FROM stdin;
1	\N	1	1	bronze	everyone	{"en_US": "Good Job", "es_ES": "Buen trabajo"}	{"en_US": "<p>You did great at your job.</p>", "es_ES": "<p>Hizo un excelente trabajo.</p>"}	t	\N	2026-04-08 08:35:10.407079	2026-04-08 08:35:12.97444
2	\N	1	1	bronze	everyone	{"en_US": "Problem Solver", "es_ES": "Solucionador de problemas"}	{"en_US": "<p>No one can solve challenges like you do.</p>", "es_ES": "<p>Nadie puede resolver desafíos como usted.</p>"}	t	\N	2026-04-08 08:35:10.407079	2026-04-08 08:35:12.97444
3	\N	1	1	bronze	nobody	{"en_US": "Hidden", "es_ES": "Oculto"}	{"en_US": "<p>You have found the hidden badge</p>", "es_ES": "<p>Ha encontrado una insignia oculta</p>"}	f	\N	2026-04-08 08:35:10.407079	2026-04-08 08:35:12.97444
4	2	1	1	bronze	everyone	{"en_US": "Brilliant", "es_ES": "Brillante"}	{"en_US": "<p>With your brilliant ideas, you are an inspiration to others.</p>", "es_ES": "<p>Con sus brillantes ideas, usted es la inspiración de otros.</p>"}	t	t	2026-04-08 08:35:10.407079	2026-04-08 08:35:12.97444
\.


--
-- Data for Name: gamification_badge_rule_badge_rel; Type: TABLE DATA; Schema: public; Owner: odoo
--

COPY public.gamification_badge_rule_badge_rel (badge1_id, badge2_id) FROM stdin;
\.


--
-- Data for Name: gamification_badge_user; Type: TABLE DATA; Schema: public; Owner: odoo
--

COPY public.gamification_badge_user (id, user_id, sender_id, badge_id, challenge_id, create_uid, write_uid, level, comment, create_date, write_date, employee_id) FROM stdin;
\.


--
-- Data for Name: gamification_badge_user_wizard; Type: TABLE DATA; Schema: public; Owner: odoo
--

COPY public.gamification_badge_user_wizard (id, user_id, badge_id, create_uid, write_uid, comment, create_date, write_date, employee_id) FROM stdin;
\.


--
-- Data for Name: gamification_challenge; Type: TABLE DATA; Schema: public; Owner: odoo
--

COPY public.gamification_challenge (id, manager_id, reward_id, reward_first_id, reward_second_id, reward_third_id, report_message_group_id, report_template_id, remind_update_delay, create_uid, write_uid, state, user_domain, period, visibility_mode, report_message_frequency, challenge_category, start_date, end_date, last_report_date, next_report_date, name, description, reward_failure, reward_realtime, create_date, write_date) FROM stdin;
4	1	\N	\N	\N	\N	\N	18	\N	1	1	draft	[('groups_id', 'in', [21])]	monthly	ranking	weekly	hr	\N	\N	2026-04-08	2026-04-15	{"en_US": "Lead Acquisition", "es_ES": "Adquisición de leads"}	\N	\N	t	2026-04-08 08:39:02.472851	2026-04-08 08:39:02.472851
3	1	\N	\N	\N	\N	\N	18	\N	1	1	draft	[('groups_id', 'in', [21])]	monthly	ranking	weekly	hr	\N	\N	2026-04-08	2026-04-15	{"en_US": "Monthly Sales Targets", "es_ES": "Objetivos de venta mensuales"}	\N	\N	t	2026-04-08 08:39:02.472851	2026-04-08 08:39:02.472851
2	1	\N	\N	\N	\N	\N	18	\N	1	1	inprogress	[('groups_id.id', '=', 2)]	once	personal	never	other	\N	\N	2026-04-08	\N	{"en_US": "Setup your Company", "es_ES": "Configure su empresa"}	\N	\N	t	2026-04-08 08:35:10.407079	2026-05-05 08:35:17.338546
1	1	\N	\N	\N	\N	\N	18	\N	1	1	inprogress	[('groups_id.id', '=', 1)]	once	personal	never	other	\N	\N	2026-04-08	\N	{"en_US": "Complete your Profile", "es_ES": "Complete su perfil"}	\N	\N	t	2026-04-08 08:35:10.407079	2026-05-05 08:35:17.338546
\.


--
-- Data for Name: gamification_challenge_line; Type: TABLE DATA; Schema: public; Owner: odoo
--

COPY public.gamification_challenge_line (id, challenge_id, definition_id, sequence, create_uid, write_uid, create_date, write_date, target_goal) FROM stdin;
1	1	1	1	1	1	2026-04-08 08:35:10.407079	2026-04-08 08:35:10.407079	1
2	2	3	1	1	1	2026-04-08 08:35:10.407079	2026-04-08 08:35:10.407079	1
3	2	2	1	1	1	2026-04-08 08:35:10.407079	2026-04-08 08:35:10.407079	0
4	2	4	1	1	1	2026-04-08 08:35:10.407079	2026-04-08 08:35:10.407079	1
5	3	5	1	1	1	2026-04-08 08:39:02.472851	2026-04-08 08:39:02.472851	20000
6	4	6	1	1	1	2026-04-08 08:39:02.472851	2026-04-08 08:39:02.472851	7
7	4	7	2	1	1	2026-04-08 08:39:02.472851	2026-04-08 08:39:02.472851	15
8	4	9	3	1	1	2026-04-08 08:39:02.472851	2026-04-08 08:39:02.472851	5
\.


--
-- Data for Name: gamification_challenge_users_rel; Type: TABLE DATA; Schema: public; Owner: odoo
--

COPY public.gamification_challenge_users_rel (gamification_challenge_id, res_users_id) FROM stdin;
1	2
1	6
2	2
2	6
3	2
3	6
3	7
3	8
4	2
4	6
4	7
4	8
1	18
1	15
1	17
1	8
1	11
1	20
1	13
1	21
1	16
1	19
1	7
1	14
2	8
2	11
2	7
1	22
1	23
1	24
1	25
2	23
1	27
1	48
1	46
1	47
2	47
\.


--
-- Data for Name: gamification_goal; Type: TABLE DATA; Schema: public; Owner: odoo
--

COPY public.gamification_goal (id, definition_id, user_id, line_id, challenge_id, remind_update_delay, create_uid, write_uid, state, start_date, end_date, last_update, to_update, closed, create_date, write_date, target_goal, current) FROM stdin;
1	1	2	1	1	\N	1	1	reached	2026-04-08	\N	2026-04-08	\N	\N	2026-04-08 08:36:04.634973	2026-04-08 08:36:04.634973	1	1
2	1	6	1	1	\N	1	1	reached	2026-04-08	\N	2026-04-08	\N	\N	2026-04-08 08:36:04.634973	2026-04-08 08:36:04.634973	1	1
3	3	2	2	2	\N	1	1	reached	2026-04-08	\N	2026-04-08	\N	\N	2026-04-08 08:36:04.682292	2026-04-08 08:36:04.682292	1	1
4	3	6	2	2	\N	1	1	reached	2026-04-08	\N	2026-04-08	\N	\N	2026-04-08 08:36:04.682292	2026-04-08 08:36:04.682292	1	1
5	2	2	3	2	\N	1	1	reached	2026-04-08	\N	2026-04-08	\N	\N	2026-04-08 08:36:04.682292	2026-04-08 08:36:04.713463	0	0
6	2	6	3	2	\N	1	1	reached	2026-04-08	\N	2026-04-08	\N	\N	2026-04-08 08:36:04.682292	2026-04-08 08:36:04.713463	0	0
7	4	2	4	2	\N	1	1	reached	2026-04-08	\N	2026-04-08	\N	\N	2026-04-08 08:36:04.682292	2026-04-08 08:36:04.730943	1	1
8	4	6	4	2	\N	1	1	reached	2026-04-08	\N	2026-04-08	\N	\N	2026-04-08 08:36:04.682292	2026-04-08 08:36:04.730943	1	1
9	1	7	1	1	\N	1	1	reached	2026-04-09	\N	2026-04-09	\N	\N	2026-04-09 08:35:40.058478	2026-04-09 08:35:40.058478	1	1
10	1	8	1	1	\N	1	1	reached	2026-04-09	\N	2026-04-09	\N	\N	2026-04-09 08:35:40.058478	2026-04-09 08:35:40.058478	1	1
11	1	11	1	1	\N	1	1	reached	2026-04-09	\N	2026-04-09	\N	\N	2026-04-09 08:35:40.058478	2026-04-09 08:35:40.058478	1	1
12	1	13	1	1	\N	1	1	reached	2026-04-09	\N	2026-04-09	\N	\N	2026-04-09 08:35:40.058478	2026-04-09 08:35:40.058478	1	1
13	1	14	1	1	\N	1	1	reached	2026-04-09	\N	2026-04-09	\N	\N	2026-04-09 08:35:40.058478	2026-04-09 08:35:40.058478	1	1
14	1	15	1	1	\N	1	1	reached	2026-04-09	\N	2026-04-09	\N	\N	2026-04-09 08:35:40.058478	2026-04-09 08:35:40.058478	1	1
15	1	16	1	1	\N	1	1	reached	2026-04-09	\N	2026-04-09	\N	\N	2026-04-09 08:35:40.058478	2026-04-09 08:35:40.058478	1	1
16	1	17	1	1	\N	1	1	reached	2026-04-09	\N	2026-04-09	\N	\N	2026-04-09 08:35:40.058478	2026-04-09 08:35:40.058478	1	1
17	1	18	1	1	\N	1	1	reached	2026-04-09	\N	2026-04-09	\N	\N	2026-04-09 08:35:40.058478	2026-04-09 08:35:40.058478	1	1
18	1	19	1	1	\N	1	1	reached	2026-04-09	\N	2026-04-09	\N	\N	2026-04-09 08:35:40.058478	2026-04-09 08:35:40.058478	1	1
19	1	20	1	1	\N	1	1	reached	2026-04-09	\N	2026-04-09	\N	\N	2026-04-09 08:35:40.058478	2026-04-09 08:35:40.058478	1	1
20	1	21	1	1	\N	1	1	reached	2026-04-09	\N	2026-04-09	\N	\N	2026-04-09 08:35:40.058478	2026-04-09 08:35:40.058478	1	1
21	3	8	2	2	\N	1	1	reached	2026-04-09	\N	2026-04-09	\N	\N	2026-04-09 08:35:40.193138	2026-04-09 08:35:40.193138	1	1
22	3	11	2	2	\N	1	1	reached	2026-04-09	\N	2026-04-09	\N	\N	2026-04-09 08:35:40.193138	2026-04-09 08:35:40.193138	1	1
23	3	7	2	2	\N	1	1	reached	2026-04-09	\N	2026-04-09	\N	\N	2026-04-09 08:35:40.193138	2026-04-09 08:35:40.193138	1	1
24	2	8	3	2	\N	1	1	reached	2026-04-09	\N	2026-04-09	\N	\N	2026-04-09 08:35:40.193138	2026-04-09 08:35:40.264765	0	0
25	2	11	3	2	\N	1	1	reached	2026-04-09	\N	2026-04-09	\N	\N	2026-04-09 08:35:40.193138	2026-04-09 08:35:40.264765	0	0
26	2	7	3	2	\N	1	1	reached	2026-04-09	\N	2026-04-09	\N	\N	2026-04-09 08:35:40.193138	2026-04-09 08:35:40.264765	0	0
27	4	8	4	2	\N	1	1	reached	2026-04-09	\N	2026-04-09	\N	\N	2026-04-09 08:35:40.193138	2026-04-09 08:35:40.302601	1	13
28	4	11	4	2	\N	1	1	reached	2026-04-09	\N	2026-04-09	\N	\N	2026-04-09 08:35:40.193138	2026-04-09 08:35:40.302601	1	13
29	4	7	4	2	\N	1	1	reached	2026-04-09	\N	2026-04-09	\N	\N	2026-04-09 08:35:40.193138	2026-04-09 08:35:40.302601	1	13
30	1	24	1	1	\N	1	1	reached	2026-04-15	\N	2026-04-15	\N	\N	2026-04-15 08:35:25.76609	2026-04-15 08:35:25.76609	1	1
31	1	22	1	1	\N	1	1	reached	2026-04-15	\N	2026-04-15	\N	\N	2026-04-15 08:35:25.76609	2026-04-15 08:35:25.76609	1	1
32	1	23	1	1	\N	1	1	reached	2026-04-15	\N	2026-04-15	\N	\N	2026-04-15 08:35:25.76609	2026-04-15 08:35:25.76609	1	1
33	1	25	1	1	\N	1	1	reached	2026-04-16	\N	2026-04-16	\N	\N	2026-04-16 08:35:49.248043	2026-04-16 08:35:49.248043	1	1
34	3	23	2	2	\N	1	1	reached	2026-04-16	\N	2026-04-16	\N	\N	2026-04-16 08:35:49.331136	2026-04-16 08:35:49.331136	1	1
35	2	23	3	2	\N	1	1	reached	2026-04-16	\N	2026-04-16	\N	\N	2026-04-16 08:35:49.331136	2026-04-16 08:35:49.379385	0	0
36	4	23	4	2	\N	1	1	reached	2026-04-16	\N	2026-04-16	\N	\N	2026-04-16 08:35:49.331136	2026-04-16 08:35:49.411116	1	17
38	1	27	1	1	\N	1	1	reached	2026-04-17	\N	2026-04-17	\N	\N	2026-04-17 08:36:08.503387	2026-04-17 08:36:08.503387	1	1
40	1	48	1	1	\N	1	1	reached	2026-05-05	\N	2026-05-05	\N	\N	2026-05-05 08:35:17.338546	2026-05-05 08:35:17.338546	1	1
41	1	46	1	1	\N	1	1	reached	2026-05-05	\N	2026-05-05	\N	\N	2026-05-05 08:35:17.338546	2026-05-05 08:35:17.338546	1	1
42	1	47	1	1	\N	1	1	reached	2026-05-05	\N	2026-05-05	\N	\N	2026-05-05 08:35:17.338546	2026-05-05 08:35:17.338546	1	1
43	3	47	2	2	\N	1	1	reached	2026-05-05	\N	2026-05-05	\N	\N	2026-05-05 08:35:17.417138	2026-05-05 08:35:17.417138	1	1
44	2	47	3	2	\N	1	1	reached	2026-05-05	\N	2026-05-05	\N	\N	2026-05-05 08:35:17.417138	2026-05-05 08:35:17.457264	0	0
45	4	47	4	2	\N	1	1	reached	2026-05-05	\N	2026-05-05	\N	\N	2026-05-05 08:35:17.417138	2026-05-05 08:35:17.488408	1	21
\.


--
-- Data for Name: gamification_goal_definition; Type: TABLE DATA; Schema: public; Owner: odoo
--

COPY public.gamification_goal_definition (id, model_id, field_id, field_date_id, batch_distinctive_field, action_id, create_uid, write_uid, computation_mode, display_mode, domain, batch_user_expression, condition, res_id_field, name, suffix, description, compute_code, monetary, batch_mode, create_date, write_date) FROM stdin;
1	99	\N	\N	1152	72	1	1	count	boolean	[('partner_id.tz', '!=', False)]	user.id	higher	user.id	{"en_US": "Set your Timezone", "es_ES": "Establezca su zona horaria"}	\N	Configure your profile and specify your timezone	\N	f	t	2026-04-08 08:35:10.407079	2026-04-08 08:35:10.407079
2	96	\N	\N	\N	53	1	1	count	boolean	[('user_ids', 'in', [user.id]), ('name', '=', 'YourCompany')]	\N	lower	user.company_id.id	{"en_US": "Set your Company Data", "es_ES": "Establezca los datos de su empresa"}	\N	Write some information about your company (specify at least a name)	\N	f	\N	2026-04-08 08:35:10.407079	2026-04-08 08:35:10.407079
3	96	\N	\N	\N	53	1	1	count	boolean	[('user_ids', 'in', [user.id]),('logo', '!=', False)]	\N	higher	user.company_id.id	{"en_US": "Set your Company Logo", "es_ES": "Establezca el logotipo de su empresa"}	\N	\N	\N	f	\N	2026-04-08 08:35:10.407079	2026-04-08 08:35:10.407079
4	99	\N	\N	\N	365	1	1	count	boolean	[('id', '!=', user.id)]	\N	higher	\N	{"en_US": "Invite new Users", "es_ES": "Invitar nuevos usuarios"}	\N	Create at least another user	\N	f	\N	2026-04-08 08:35:10.407079	2026-04-08 08:35:10.407079
5	509	5892	5884	5879	\N	1	1	sum	progress	[('state','!=','cancel'),('move_type','=','out_invoice')]	user.id	higher	\N	{"en_US": "Total Invoiced", "es_ES": "Total facturado"}	\N		\N	t	t	2026-04-08 08:39:02.472851	2026-04-08 08:39:02.472851
12	509	5892	5884	5879	\N	1	1	count	progress	[('payment_state','in',('paid', 'in_payment')),('move_type','=','out_invoice')]	user.id	higher	\N	{"en_US": "Total Paid Sales Orders", "es_ES": "Total de pedidos de venta pagados"}	\N	Based on the invoice date	\N	t	t	2026-04-08 08:39:02.472851	2026-04-08 08:39:02.472851
14	509	5892	5884	5879	\N	1	1	sum	progress	[('state','!=','cancel'),('move_type','=','out_refund')]	user.id	higher	\N	{"en_US": "Total Customer Credit Notes", "es_ES": "Total de facturas rectificativas del cliente"}	\N	The total credit note value is negative. Validated when higher (min credit note value).	\N	t	t	2026-04-08 08:39:02.472851	2026-04-08 08:39:02.472851
6	640	\N	9129	9063	\N	1	1	count	progress	['|', ('type', '=', 'lead'), ('type', '=', 'opportunity')]	user.id	higher	\N	{"en_US": "New Leads", "es_ES": "Nuevos leads"}	{"en_US": "leads", "es_ES": "leads"}	Based on the creation date	\N	f	t	2026-04-08 08:39:02.472851	2026-04-08 08:39:02.472851
7	640	9088	9084	9063	\N	1	1	sum	progress	[('type', '=', 'lead')]	user.id	lower	\N	{"en_US": "Time to Qualify a Lead", "es_ES": "Tiempo para calificar un lead"}	{"en_US": "days", "es_ES": "días"}	The average number of days to open the case (lower than)	\N	f	t	2026-04-08 08:39:02.472851	2026-04-08 08:39:02.472851
8	640	9087	9086	9063	\N	1	1	sum	progress	[]	user.id	lower	\N	{"en_US": "Days to Close a Deal", "es_ES": "Días para cerrar un trato"}	{"en_US": "days", "es_ES": "días"}	The average number of days to close the case (lower than)	\N	f	t	2026-04-08 08:39:02.472851	2026-04-08 08:39:02.472851
9	640	\N	9086	9063	\N	1	1	count	progress	[('type','=','opportunity')]	user.id	higher	\N	{"en_US": "New Opportunities", "es_ES": "Nuevas oportunidades"}	{"en_US": "opportunities", "es_ES": "oportunidades"}	Based on the opening date	\N	f	t	2026-04-08 08:39:02.472851	2026-04-08 08:39:02.472851
10	532	\N	6251	6270	\N	1	1	count	progress	[('state','not in',('draft', 'sent', 'cancel'))]	user.id	higher	\N	{"en_US": "New Sales Orders", "es_ES": "Nuevos pedidos de venta"}	{"en_US": "orders", "es_ES": "pedidos"}	Based on the creation date	\N	f	t	2026-04-08 08:39:02.472851	2026-04-08 08:39:02.472851
11	509	\N	5884	5879	\N	1	1	count	progress	[('payment_state','in',('paid', 'in_payment')),('move_type','=','out_invoice')]	user.id	higher	\N	{"en_US": "Paid Sales Orders", "es_ES": "Pedidos de venta pagados"}	{"en_US": "orders", "es_ES": "pedidos"}	Based on the invoice date	\N	f	t	2026-04-08 08:39:02.472851	2026-04-08 08:39:02.472851
13	509	\N	5884	5879	\N	1	1	count	progress	[('state','!=','cancel'),('move_type','=','out_refund')]	user.id	lower	\N	{"en_US": "Customer Credit Notes", "es_ES": "Facturas rectificativas de clientes"}	{"en_US": "invoices", "es_ES": "facturas"}	Add credit note to the least customers (lower than)	\N	f	t	2026-04-08 08:39:02.472851	2026-04-08 08:39:02.472851
\.


--
-- Data for Name: gamification_goal_wizard; Type: TABLE DATA; Schema: public; Owner: odoo
--

COPY public.gamification_goal_wizard (id, goal_id, create_uid, write_uid, create_date, write_date, current) FROM stdin;
\.


--
-- Data for Name: gamification_invited_user_ids_rel; Type: TABLE DATA; Schema: public; Owner: odoo
--

COPY public.gamification_invited_user_ids_rel (gamification_challenge_id, res_users_id) FROM stdin;
\.


--
-- Data for Name: gamification_karma_rank; Type: TABLE DATA; Schema: public; Owner: odoo
--

COPY public.gamification_karma_rank (id, karma_min, create_uid, write_uid, name, description, description_motivational, create_date, write_date) FROM stdin;
1	1	1	1	{"en_US": "Newbie", "es_ES": "Newbie"}	{"en_US": "<p>You just began the adventure! Welcome!</p>", "es_ES": "<p>Su aventura apenas comienza, ¡le damos la bienvenida!</p>"}	{"en_US": "<div class=\\"d-flex align-items-center\\">\\n                <div class=\\"flex-grow-1\\">Earn your first points and join the adventure!</div>\\n                <img class=\\"ms-3 img img-fluid\\" style=\\"max-height: 72px;\\" src=\\"/gamification/static/img/rank_newbie_badge.svg\\" alt=\\"\\">\\n            </div>\\n        ", "es_ES": "<div class=\\"d-flex align-items-center\\">\\n                <div class=\\"flex-grow-1\\">¡Gane sus primeros puntos y únase a la aventura!</div>\\n                <img class=\\"ms-3 img img-fluid\\" style=\\"max-height: 72px;\\" src=\\"/gamification/static/img/rank_newbie_badge.svg\\" alt=\\"\\">\\n            </div>\\n        "}	2026-04-08 08:35:10.407079	2026-04-08 08:35:10.407079
2	100	1	1	{"en_US": "Student", "es_ES": "Estudiante"}	{"en_US": "<p>You're a young padawan now. May the force be with you!</p>", "es_ES": "<p>Ahora es un joven padawan. ¡Que la fuerza le acompañe!</p>"}	{"en_US": "<div class=\\"d-flex align-items-center\\">\\n                <div class=\\"flex-grow-1\\">Reach the next rank to show the rest of the world you exist.</div>\\n                <img class=\\"ms-3 img img-fluid\\" style=\\"max-height: 72px;\\" src=\\"/gamification/static/img/rank_student_badge.svg\\" alt=\\"\\">\\n            </div>\\n        ", "es_ES": "<div class=\\"d-flex align-items-center\\">\\n                <div class=\\"flex-grow-1\\">¡Alcance el siguiente estado para que el mundo le conozca!</div>\\n                <img class=\\"ms-3 img img-fluid\\" style=\\"max-height: 72px;\\" src=\\"/gamification/static/img/rank_student_badge.svg\\" alt=\\"\\">\\n            </div>\\n        "}	2026-04-08 08:35:10.407079	2026-04-08 08:35:10.407079
3	500	1	1	{"en_US": "Bachelor", "es_ES": "Título de grado"}	{"en_US": "<p>You love learning things. Curiosity is a good way to progress.</p>", "es_ES": "<p>Le encanta aprender cosas. La curiosidad es una buena manera de progresar.</p>"}	{"en_US": "<div class=\\"d-flex align-items-center\\">\\n                <div class=\\"flex-grow-1\\">Reach the next rank to improve your status!</div>\\n                <img class=\\"ms-3 img img-fluid\\" style=\\"max-height: 72px;\\" src=\\"/gamification/static/img/rank_bachelor_badge.svg\\" alt=\\"\\">\\n            </div>\\n        ", "es_ES": "<div class=\\"d-flex align-items-center\\">\\n                <div class=\\"flex-grow-1\\">¡Alcance el siguiente rango para mejorar su estado!</div>\\n                <img class=\\"ms-3 img img-fluid\\" style=\\"max-height: 72px;\\" src=\\"/gamification/static/img/rank_bachelor_badge.svg\\" alt=\\"\\">\\n            </div>\\n        "}	2026-04-08 08:35:10.407079	2026-04-08 08:35:10.407079
4	2000	1	1	{"en_US": "Master", "es_ES": "Maestro"}	{"en_US": "<p>You know what you are talking about. People learn from you.</p>", "es_ES": "<p>En verdad es un experto, la gente aprende de usted.</p>"}	{"en_US": "<div class=\\"d-flex align-items-center\\">\\n                <div class=\\"flex-grow-1\\">Reach the next rank and become a Master!</div>\\n                <img class=\\"ms-3 img img-fluid\\" style=\\"max-height: 72px;\\" src=\\"/gamification/static/img/rank_master_badge.svg\\" alt=\\"\\">\\n            </div>\\n        ", "es_ES": "<div class=\\"d-flex align-items-center\\">\\n                <div class=\\"flex-grow-1\\">¡Alcance el siguiente rango y conviértase en Maestro!</div>\\n                <img class=\\"ms-3 img img-fluid\\" style=\\"max-height: 72px;\\" src=\\"/gamification/static/img/rank_master_badge.svg\\" alt=\\"\\">\\n            </div>\\n        "}	2026-04-08 08:35:10.407079	2026-04-08 08:35:10.407079
5	10000	1	1	{"en_US": "Doctor", "es_ES": "Doctor"}	{"en_US": "<p>You have reached the last rank. Congratulations!</p>", "es_ES": "<p>Ha alcanzado el último rango. ¡Enhorabuena!</p>"}	{"en_US": "<div class=\\"d-flex align-items-center\\">\\n                <div class=\\"flex-grow-1\\">Reach the next rank and become a powerful user!</div>\\n                <img class=\\"ms-3 img img-fluid\\" style=\\"max-height: 72px;\\" src=\\"/gamification/static/img/rank_doctor_badge.svg\\" alt=\\"\\">\\n            </div>\\n        ", "es_ES": "<div class=\\"d-flex align-items-center\\">\\n                <div class=\\"flex-grow-1\\">¡Alcance el siguiente rango y conviértase en un usuario poderoso!</div>\\n                <img class=\\"ms-3 img img-fluid\\" style=\\"max-height: 72px;\\" src=\\"/gamification/static/img/rank_doctor_badge.svg\\" alt=\\"\\">\\n            </div>\\n        "}	2026-04-08 08:35:10.407079	2026-04-08 08:35:10.407079
\.


--
-- Data for Name: gamification_karma_tracking; Type: TABLE DATA; Schema: public; Owner: odoo
--

COPY public.gamification_karma_tracking (id, user_id, old_value, new_value, create_uid, write_uid, origin_ref, origin_ref_model_name, reason, consolidated, tracking_date, create_date, write_date) FROM stdin;
1	1	0	2500	1	1	res.users,1	res.users	I am the Root!	\N	2026-04-08 08:35:11	2026-04-08 08:35:10.407079	2026-04-08 08:35:10.407079
2	2	0	2500	1	1	res.users,1	res.users	I am the Admin!	\N	2026-04-08 08:35:11	2026-04-08 08:35:10.407079	2026-04-08 08:35:10.407079
\.


--
-- Data for Name: header_footer_quotation_template_rel; Type: TABLE DATA; Schema: public; Owner: odoo
--

COPY public.header_footer_quotation_template_rel (quotation_document_id, sale_order_template_id) FROM stdin;
\.


--
-- Data for Name: hr_contract_type; Type: TABLE DATA; Schema: public; Owner: odoo
--

COPY public.hr_contract_type (id, sequence, country_id, create_uid, write_uid, code, name, create_date, write_date) FROM stdin;
1	1	\N	1	1	Permanent	{"en_US": "Permanent", "es_ES": "Permanente"}	2026-04-08 08:50:55.821924	2026-04-08 08:50:55.821924
2	2	\N	1	1	Temporary	{"en_US": "Temporary", "es_ES": "Temporal"}	2026-04-08 08:50:55.821924	2026-04-08 08:50:55.821924
3	3	\N	1	1	Seasonal	{"en_US": "Seasonal", "es_ES": "Por temporada"}	2026-04-08 08:50:55.821924	2026-04-08 08:50:55.821924
4	4	\N	1	1	Full-Time	{"en_US": "Full-Time", "es_ES": "Tiempo completo"}	2026-04-08 08:50:55.821924	2026-04-08 08:50:55.821924
5	6	\N	1	1	Intern	{"en_US": "Intern", "es_ES": "En prácticas"}	2026-04-08 08:50:55.821924	2026-04-08 08:50:55.821924
6	7	\N	1	1	Student	{"en_US": "Student", "es_ES": "Estudiante"}	2026-04-08 08:50:55.821924	2026-04-08 08:50:55.821924
7	8	\N	1	1	Apprenticeship	{"en_US": "Apprenticeship", "es_ES": "Formación profesional"}	2026-04-08 08:50:55.821924	2026-04-08 08:50:55.821924
8	9	\N	1	1	Thesis	{"en_US": "Thesis", "es_ES": "Tesis"}	2026-04-08 08:50:55.821924	2026-04-08 08:50:55.821924
9	10	\N	1	1	Statutory	{"en_US": "Statutory", "es_ES": "Estatutario"}	2026-04-08 08:50:55.821924	2026-04-08 08:50:55.821924
10	11	\N	1	1	Employee	{"en_US": "Employee", "es_ES": "Empleado"}	2026-04-08 08:50:55.821924	2026-04-08 08:50:55.821924
\.


--
-- Data for Name: hr_department; Type: TABLE DATA; Schema: public; Owner: odoo
--

COPY public.hr_department (id, company_id, parent_id, manager_id, color, master_department_id, create_uid, write_uid, complete_name, parent_path, name, note, active, create_date, write_date) FROM stdin;
1	1	\N	\N	\N	1	1	1	Administration	1/	{"en_US": "Administration", "es_ES": "Administración"}	\N	t	2026-04-08 08:50:55.821924	2026-04-08 08:50:55.821924
2	1	\N	\N	\N	2	2	2	Ventas	2/	{"en_US": "Ventas", "es_ES": "Ventas"}	\N	t	2026-04-14 08:25:17.845122	2026-04-14 08:25:17.845122
3	1	\N	\N	\N	3	2	2	Pedidos	3/	{"en_US": "Pedidos", "es_ES": "Pedidos"}	\N	t	2026-04-14 08:30:23.066849	2026-04-14 08:30:23.066849
4	1	\N	\N	\N	4	2	2	Órdenes de trabajo:	4/	{"en_US": "Órdenes de trabajo:", "es_ES": "Órdenes de trabajo:"}	\N	t	2026-04-14 08:32:17.801834	2026-04-14 08:32:17.801834
5	1	\N	\N	\N	5	2	2	Albaranes	5/	{"en_US": "Albaranes", "es_ES": "Albaranes"}	\N	t	2026-04-14 08:33:53.762172	2026-04-14 08:33:53.762172
6	1	\N	\N	\N	6	2	2	Personal	6/	{"en_US": "Personal", "es_ES": "Personal"}	\N	t	2026-04-14 08:38:48.471566	2026-04-14 08:38:48.471566
7	1	\N	\N	\N	7	6	6	Sistemas	7/	{"en_US": "Sistemas", "es_ES": "Sistemas"}	\N	t	2026-04-14 08:44:06.126605	2026-04-14 08:44:06.126605
8	1	\N	\N	\N	8	6	6	Recursos Humanos	8/	{"en_US": "Recursos Humanos", "es_ES": "Recursos Humanos"}	\N	t	2026-04-14 08:45:30.241409	2026-04-14 08:45:30.241409
9	1	\N	\N	\N	9	6	6	Relaciones	9/	{"en_US": "Relaciones", "es_ES": "Relaciones"}	\N	t	2026-04-14 08:54:14.641415	2026-04-14 08:54:14.641415
10	1	\N	\N	\N	10	6	6	Almacén	10/	{"en_US": "Almacén", "es_ES": "Almacén"}	\N	t	2026-04-14 08:58:06.537612	2026-04-14 08:58:06.537612
11	1	\N	\N	\N	11	6	6	Diseño Gráfico	11/	{"en_US": "Diseño Gráfico", "es_ES": "Diseño Gráfico"}	\N	t	2026-04-15 10:31:57.904252	2026-04-15 10:31:57.904252
12	1	\N	\N	\N	12	6	6	Relaciones clientes	12/	{"en_US": "Relaciones clientes", "es_ES": "Relaciones clientes"}	\N	t	2026-04-21 07:26:44.589764	2026-04-21 07:26:44.589764
\.


--
-- Data for Name: hr_departure_reason; Type: TABLE DATA; Schema: public; Owner: odoo
--

COPY public.hr_departure_reason (id, sequence, reason_code, create_uid, write_uid, name, create_date, write_date) FROM stdin;
1	0	342	1	1	{"en_US": "Fired", "es_ES": "Despedido"}	2026-04-08 08:50:55.821924	2026-04-08 08:50:55.821924
2	1	343	1	1	{"en_US": "Resigned", "es_ES": "Renunció"}	2026-04-08 08:50:55.821924	2026-04-08 08:50:55.821924
3	2	340	1	1	{"en_US": "Retired", "es_ES": "Jubilado/a"}	2026-04-08 08:50:55.821924	2026-04-08 08:50:55.821924
\.


--
-- Data for Name: hr_departure_wizard; Type: TABLE DATA; Schema: public; Owner: odoo
--

COPY public.hr_departure_wizard (id, departure_reason_id, employee_id, create_uid, write_uid, departure_date, departure_description, create_date, write_date, unassign_equipment) FROM stdin;
\.


--
-- Data for Name: hr_employee; Type: TABLE DATA; Schema: public; Owner: odoo
--

COPY public.hr_employee (id, resource_id, company_id, resource_calendar_id, message_main_attachment_id, color, department_id, job_id, address_id, work_contact_id, work_location_id, user_id, parent_id, coach_id, private_state_id, private_country_id, country_id, children, country_of_birth, bank_account_id, distance_home_work, km_home_work, departure_reason_id, create_uid, write_uid, name, job_title, work_phone, mobile_phone, work_email, private_street, private_street2, private_city, private_zip, private_phone, private_email, lang, gender, marital, spouse_complete_name, place_of_birth, ssnid, sinid, identification_id, passport_id, permit_no, visa_no, certificate, study_field, study_school, emergency_contact, emergency_phone, distance_home_work_unit, employee_type, barcode, pin, private_car_plate, spouse_birthdate, birthday, visa_expire, work_permit_expiration_date, departure_date, employee_properties, additional_note, notes, departure_description, active, is_flexible, is_fully_flexible, work_permit_scheduled_activity, create_date, write_date) FROM stdin;
1	3	1	1	\N	0	1	\N	1	3	\N	2	\N	\N	\N	\N	\N	\N	\N	\N	\N	0	\N	1	1	Administrator	\N	\N	\N	relsum.dosa@gmail.com	\N	\N	\N	\N	\N	admin@example.com	\N	\N	single	\N	\N	\N	\N	\N	\N	\N	\N	\N	\N	\N	\N	\N	kilometers	employee	\N	\N	\N	\N	\N	\N	\N	\N	\N	\N	\N	\N	t	f	f	f	2026-04-08 08:50:55.821924	2026-04-08 08:50:55.821924
14	16	1	1	\N	0	10	9	1	18	\N	16	11	11	\N	\N	\N	0	\N	\N	0	0	\N	6	6	ROMÁN CIPRIANO ANDRÉS	Catálogo de productos	\N	\N	fp.aromancipriano@salesianosdosa.com	\N	\N	\N	\N	\N	\N	\N	\N	single	\N	\N	\N	\N	\N	\N	\N	\N	\N	\N	\N	\N	\N	kilometers	worker	\N	\N	\N	\N	\N	\N	\N	\N	{"1b026227b1ae386c": false, "ee3a5743ba66e0cb": false}	\N	\N	\N	t	f	f	f	2026-04-14 09:08:28.688174	2026-05-05 10:33:44.371373
6	8	1	1	\N	0	12	5	1	19	\N	17	6	6	\N	\N	\N	0	\N	\N	0	0	\N	2	6	DIEZ ROJAS ARIEL	Albaranes	\N	\N	fp.adiezrojas@salesianosdosa.com	\N	\N	\N	\N	\N	\N	\N	\N	single	\N	\N	\N	\N	\N	\N	\N	\N	\N	\N	\N	\N	\N	kilometers	student	\N	\N	\N	\N	\N	\N	\N	\N	{"1b026227b1ae386c": false, "ee3a5743ba66e0cb": false}	\N	\N	\N	t	f	f	f	2026-04-14 08:33:35.851116	2026-05-05 10:43:42.227281
17	19	1	1	\N	0	6	10	1	22	\N	20	7	7	\N	\N	\N	0	\N	\N	0	0	\N	6	6	NAVARRO GÓMEZ PABLO	Órdenes de trabajo	\N	\N	fp.pnavarrogomez@salesianosdosa.com	\N	\N	\N	\N	\N	\N	\N	\N	single	\N	\N	\N	\N	\N	\N	\N	\N	\N	\N	\N	\N	\N	kilometers	worker	\N	\N	\N	\N	\N	\N	\N	\N	{"1b026227b1ae386c": false, "ee3a5743ba66e0cb": false}	\N	\N	\N	t	f	f	f	2026-04-14 09:20:45.732423	2026-05-05 10:16:10.963977
11	13	1	1	\N	0	10	8	1	15	\N	13	11	11	\N	\N	\N	0	\N	\N	0	0	\N	6	6	NOVOA CATUCUAMBA SANTIAGO	Proveedores	\N	\N	fp.snovoacatucuamba@salesianosdosa.com	\N	\N	\N	\N	\N	\N	\N	\N	single	\N	\N	\N	\N	\N	\N	\N	\N	\N	\N	\N	\N	\N	kilometers	worker	\N	\N	\N	\N	\N	\N	\N	\N	{"1b026227b1ae386c": false, "aa681d55aa93b3f6": false, "ee3a5743ba66e0cb": false}	\N	\N	\N	t	f	f	f	2026-04-14 08:53:25.572031	2026-05-05 10:07:45.215589
4	6	1	1	\N	0	6	10	1	23	\N	21	7	7	\N	\N	\N	\N	\N	\N	\N	0	\N	2	6	OVIEDO FLEITAS ALEXIS JAVIER	Órdenes de trabajo	\N	\N	fp.aoviedofleitas@salesianosdosa.com	\N	\N	\N	\N	\N	\N	\N	\N	single	\N	\N	\N	\N	\N	\N	\N	\N	\N	\N	\N	\N	\N	kilometers	worker	\N	\N	\N	\N	\N	\N	\N	\N	{"1b026227b1ae386c": false, "ee3a5743ba66e0cb": false}	\N	\N	\N	t	f	f	f	2026-04-14 08:26:32.566951	2026-05-05 10:08:06.286016
16	18	1	1	\N	0	12	5	1	21	\N	19	6	6	\N	\N	\N	0	\N	\N	0	0	\N	6	6	SAGUAR HERNÁIZ VÍCTOR	Albaranes	\N	\N	fp.vsaguarhernaiz@salesianosdosa.com	\N	\N	\N	\N	\N	\N	\N	\N	single	\N	\N	\N	\N	\N	\N	\N	\N	\N	\N	\N	\N	\N	kilometers	worker	\N	\N	\N	\N	\N	\N	\N	\N	{"1b026227b1ae386c": false, "ee3a5743ba66e0cb": false}	\N	\N	\N	t	f	f	f	2026-04-14 09:19:50.638269	2026-05-05 10:38:10.029382
12	14	1	1	\N	0	10	9	1	16	\N	14	11	11	\N	\N	\N	0	\N	\N	0	0	\N	6	6	ÁLVAREZ GIORDANO LUCIANO ALFREDO	Catálogo de productos	\N	\N	fp.lalvarezgiordano@salesianosdosa.com	\N	\N	\N	\N	\N	\N	\N	\N	single	\N	\N	\N	\N	\N	\N	\N	\N	\N	\N	\N	\N	\N	kilometers	worker	\N	\N	\N	\N	\N	\N	\N	\N	{"1b026227b1ae386c": false, "ee3a5743ba66e0cb": false}	\N	\N	\N	t	f	f	f	2026-04-14 09:00:21.613649	2026-05-05 10:08:17.899284
21	23	1	1	\N	0	11	11	1	35	\N	27	19	19	\N	\N	\N	\N	\N	\N	\N	0	\N	6	6	GONZALEZ ROJAS RANDALL	Diseño Gráfico	\N	\N	fp.rgonzalezrojas@salesianosdosa.com	\N	\N	\N	\N	\N	\N	\N	\N	single	\N	\N	\N	\N	\N	\N	\N	\N	\N	\N	\N	\N	\N	kilometers	worker	\N	\N	\N	\N	\N	\N	\N	\N	{"1b026227b1ae386c": false, "9eb6fd430c341eb8": false, "aa681d55aa93b3f6": false, "e6afed9523ad992a": false, "ee3a5743ba66e0cb": false}	\N	\N	\N	t	f	f	f	2026-04-16 09:02:44.025345	2026-05-04 11:25:08.745108
13	15	1	1	\N	0	10	9	1	17	\N	15	11	11	\N	\N	\N	0	\N	\N	0	0	\N	6	6	COSTEA CELI DAVID	Catálogo de productos	\N	\N	fp.dcosteaceli@salesianosdosa.com	\N	\N	\N	\N	\N	\N	\N	\N	single	\N	\N	\N	\N	\N	\N	\N	\N	\N	\N	\N	\N	\N	kilometers	worker	\N	\N	\N	\N	\N	\N	\N	\N	{"1b026227b1ae386c": false, "ee3a5743ba66e0cb": false}	\N	\N	\N	t	f	f	f	2026-04-14 09:01:23.987349	2026-05-05 10:06:59.445704
15	17	1	1	\N	0	11	11	1	29	\N	24	11	11	\N	\N	68	0	68	\N	0	0	\N	6	6	SECO CUMBREÑO DIEGO	Diseño Gráfico	\N	\N	fp.dsecocumbreno@salesianosdosa.com	\N	\N	\N	\N	655617963	\N	\N	male	married	Victoria Villar Rodriguez	Guadalajara, Castilla y la Mancha	\N	\N	49393550S	\N	\N	\N	bachelor	ESO	Colegio Corazón De María	\N	\N	kilometers	worker	\N	\N	\N	2008-07-29	2008-04-24	\N	\N	\N	{"1b026227b1ae386c": false, "ee3a5743ba66e0cb": false}	\N	\N	\N	t	f	f	f	2026-04-14 09:09:32.231525	2026-05-05 10:53:41.520437
8	10	1	1	\N	0	7	7	1	28	\N	23	9	\N	\N	\N	\N	0	\N	\N	0	0	\N	6	6	LÓPEZ PAIVA RUBÉN MATHIAS	Sistemas	\N	\N	fp.rlopezpaiva@salesianosdosa.com	\N	\N	\N	\N	\N	\N	\N	\N	single	\N	\N	\N	\N	\N	\N	\N	\N	\N	\N	\N	\N	\N	kilometers	worker	\N	\N	\N	\N	\N	\N	\N	\N	{"1b026227b1ae386c": false, "9eb6fd430c341eb8": false, "aa681d55aa93b3f6": false, "e6afed9523ad992a": false, "ee3a5743ba66e0cb": false}	\N	\N	\N	t	f	f	f	2026-04-14 08:43:39.925804	2026-05-05 10:55:39.467149
28	30	1	1	\N	0	11	11	1	61	\N	48	19	19	\N	\N	\N	\N	\N	\N	\N	0	\N	6	6	BALLESTEROS ÁLVARO NICOLÁS	Diseño Gráfico	\N	\N	fp.nballesterosalvaro@salesianosdosa.com	\N	\N	\N	\N	\N	\N	\N	\N	single	\N	\N	\N	\N	\N	\N	\N	\N	\N	\N	\N	\N	\N	kilometers	employee	\N	\N	\N	\N	\N	\N	\N	\N	{"1b026227b1ae386c": false, "9eb6fd430c341eb8": false, "aa681d55aa93b3f6": false, "e6afed9523ad992a": false, "ee3a5743ba66e0cb": false}	\N	\N	\N	t	f	f	f	2026-05-04 10:22:32.755767	2026-05-05 10:50:03.926856
5	7	1	1	\N	0	12	3	1	20	\N	18	6	6	\N	\N	\N	0	\N	\N	0	0	\N	2	6	CAMACHO VARGAS ADRIÁN	Pedidos	\N	\N	fp.acamachovargas@salesianosdosa.com	\N	\N	\N	\N	\N	\N	\N	\N	single	\N	\N	\N	\N	\N	\N	\N	\N	\N	\N	\N	\N	\N	kilometers	worker	\N	\N	\N	\N	\N	\N	\N	\N	{"1b026227b1ae386c": false, "aa681d55aa93b3f6": false, "e6afed9523ad992a": false, "ee3a5743ba66e0cb": false}	\N	\N	\N	t	f	f	f	2026-04-14 08:27:07.91347	2026-05-05 10:09:49.692264
7	9	1	1	\N	0	6	10	1	27	\N	22	7	7	\N	\N	\N	0	\N	\N	0	0	\N	2	6	MÓSQUEZ BERMEO CARLOS ALBERTO	Órdenes de trabajo	\N	\N	fp.cmosquezbermeo@salesianosdosa.com	\N	\N	\N	\N	\N	\N	\N	\N	single	\N	\N	\N	\N	\N	\N	\N	\N	\N	\N	\N	\N	\N	kilometers	worker	\N	\N	\N	\N	\N	\N	\N	\N	{"1b026227b1ae386c": false, "ee3a5743ba66e0cb": false}	\N	\N	\N	t	f	f	f	2026-04-14 08:35:17.688443	2026-05-05 11:18:32.121298
3	5	1	1	\N	0	8	1	1	7	\N	6	10	10	\N	\N	\N	0	\N	\N	0	0	\N	2	6	JIMÉNEZ MEDRANO JOSÉ ÁNGEL	Recursos Humanos	\N	\N	fp.jjimenezmedrano@salesianosdosa.com	\N	\N	\N	\N	\N	\N	\N	\N	single	\N	\N	\N	\N	\N	\N	\N	\N	\N	\N	\N	\N	\N	kilometers	worker	\N	\N	\N	\N	\N	\N	\N	\N	{"1b026227b1ae386c": false, "ee3a5743ba66e0cb": false}	\N	\N	\N	t	f	f	f	2026-04-14 08:20:39.804186	2026-05-05 10:02:56.168681
9	11	1	1	\N	0	7	7	1	13	\N	11	9	9	\N	\N	\N	0	\N	\N	0	0	\N	6	2	PAZ SÁNCHEZ LUIS ENRIQUE	Sistemas	\N	\N	fp.lpazsanchez@salesianosdosa.com	\N	\N	\N	\N	\N	\N	\N	\N	single	\N	\N	\N	\N	\N	\N	\N	\N	\N	\N	\N	\N	\N	kilometers	worker	\N	\N	\N	\N	\N	\N	\N	\N	{"1b026227b1ae386c": false, "ee3a5743ba66e0cb": false}	\N	\N	\N	t	f	f	f	2026-04-14 08:46:49.476519	2026-05-05 10:28:59.992843
10	12	1	1	\N	0	8	1	1	10	\N	8	10	10	\N	\N	\N	0	\N	\N	0	0	\N	6	6	GATARIN LASAM ENRIQUE	Recursos Humanos	\N	\N	fp.egatarinlasam@salesianosdosa.com	\N	\N	\N	\N	\N	\N	\N	\N	single	\N	\N	\N	\N	\N	\N	\N	\N	\N	\N	\N	\N	\N	kilometers	worker	\N	\N	\N	\N	\N	\N	\N	\N	{"1b026227b1ae386c": false, "ee3a5743ba66e0cb": false}	\N	\N	\N	t	f	f	f	2026-04-14 08:47:53.881559	2026-05-05 09:41:06.987294
19	21	1	1	\N	0	11	11	1	32	\N	25	19	19	\N	\N	\N	\N	\N	\N	\N	0	\N	6	6	FERNÁNDEZ MORÍN ÓSCAR	Diseño Gráfico	\N	\N	fp.ofernandezmorin@salesianosdosa.com	\N	\N	\N	\N	\N	\N	\N	\N	single	\N	\N	\N	\N	\N	\N	\N	\N	\N	\N	\N	\N	\N	kilometers	worker	\N	\N	\N	\N	\N	\N	\N	\N	{"1b026227b1ae386c": false, "9eb6fd430c341eb8": false, "aa681d55aa93b3f6": false, "e6afed9523ad992a": false, "ee3a5743ba66e0cb": false}	\N	\N	\N	t	f	f	f	2026-04-15 10:29:41.502907	2026-05-05 11:04:52.041836
23	25	1	1	\N	0	6	10	1	55	\N	46	7	7	\N	\N	\N	\N	\N	\N	\N	0	\N	6	6	MARTÍN GÓMEZ SERGIO	Órdenes de trabajo	\N	\N	fp.smartingomez@salesianosdosa.com	\N	\N	\N	\N	\N	\N	\N	\N	single	\N	\N	\N	\N	\N	\N	\N	\N	\N	\N	\N	\N	\N	kilometers	employee	\N	\N	\N	\N	\N	\N	\N	\N	{"1b026227b1ae386c": false, "9eb6fd430c341eb8": false, "aa681d55aa93b3f6": false, "e6afed9523ad992a": false, "ee3a5743ba66e0cb": false}	\N	\N	\N	t	f	f	f	2026-05-04 08:39:33.148109	2026-05-05 10:07:35.164876
\.


--
-- Data for Name: hr_employee_category; Type: TABLE DATA; Schema: public; Owner: odoo
--

COPY public.hr_employee_category (id, color, create_uid, write_uid, name, create_date, write_date) FROM stdin;
\.


--
-- Data for Name: hr_employee_cv_wizard; Type: TABLE DATA; Schema: public; Owner: odoo
--

COPY public.hr_employee_cv_wizard (id, create_uid, write_uid, color_primary, color_secondary, show_skills, show_contact, show_others, create_date, write_date) FROM stdin;
\.


--
-- Data for Name: hr_employee_hr_employee_cv_wizard_rel; Type: TABLE DATA; Schema: public; Owner: odoo
--

COPY public.hr_employee_hr_employee_cv_wizard_rel (hr_employee_cv_wizard_id, hr_employee_id) FROM stdin;
\.


--
-- Data for Name: hr_employee_hr_skill_rel; Type: TABLE DATA; Schema: public; Owner: odoo
--

COPY public.hr_employee_hr_skill_rel (hr_employee_id, hr_skill_id) FROM stdin;
8	2
8	3
8	11
8	30
8	22
8	36
8	29
8	25
8	34
8	32
8	26
8	31
8	23
8	24
8	28
9	3
7	3
10	3
10	5
12	3
3	3
3	29
3	32
3	30
3	22
10	32
10	30
10	36
10	29
10	22
10	25
3	25
3	36
6	3
23	3
23	30
23	36
23	22
23	33
12	30
12	36
12	22
12	29
12	32
13	3
13	30
13	36
13	22
13	32
11	3
11	30
11	36
11	22
11	29
11	25
11	32
11	23
11	26
11	27
23	26
23	23
12	23
12	27
4	3
4	30
4	36
4	22
4	29
4	25
4	32
4	23
4	24
4	27
10	23
10	27
10	26
3	23
3	24
3	27
5	3
5	30
5	36
5	22
5	29
5	25
5	26
5	23
5	27
17	3
17	30
17	36
17	22
17	29
17	25
17	23
17	27
17	31
9	30
9	36
9	22
9	29
9	33
9	25
9	32
9	23
14	3
14	30
14	36
14	22
14	29
14	25
14	32
14	23
14	27
14	24
16	3
16	30
16	36
16	22
16	25
16	32
16	23
16	24
16	27
6	30
6	36
6	22
6	29
6	33
6	25
6	32
6	23
6	26
6	31
28	3
28	30
28	36
28	22
28	29
28	25
28	32
28	23
28	24
28	35
15	32
15	30
15	22
15	36
15	23
15	33
15	34
15	3
19	3
19	30
19	36
19	22
19	29
19	33
19	25
19	23
19	27
19	35
7	30
7	36
7	22
7	29
7	33
7	25
7	32
7	23
7	27
7	31
\.


--
-- Data for Name: hr_employee_skill; Type: TABLE DATA; Schema: public; Owner: odoo
--

COPY public.hr_employee_skill (id, employee_id, skill_id, skill_level_id, skill_type_id, create_uid, write_uid, create_date, write_date) FROM stdin;
46	13	30	10	2	6	6	2026-05-05 09:00:34.195482	2026-05-05 09:00:34.195482
47	13	36	9	2	6	6	2026-05-05 09:00:53.706138	2026-05-05 09:00:53.706138
48	13	22	10	2	6	6	2026-05-05 09:01:00.930126	2026-05-05 09:01:00.930126
49	13	32	10	2	6	6	2026-05-05 09:01:26.05549	2026-05-05 09:01:26.05549
50	11	3	2	1	6	6	2026-05-05 09:09:47.659046	2026-05-05 09:09:47.659046
51	11	30	9	2	6	6	2026-05-05 09:10:02.65595	2026-05-05 09:10:02.65595
52	11	36	10	2	6	6	2026-05-05 09:10:12.571956	2026-05-05 09:10:12.571956
53	11	22	9	2	6	6	2026-05-05 09:10:20.092228	2026-05-05 09:10:20.092228
54	11	29	9	2	6	6	2026-05-05 09:10:28.395633	2026-05-05 09:10:28.395633
55	11	25	9	2	6	6	2026-05-05 09:10:39.852149	2026-05-05 09:10:39.852149
56	11	32	10	2	6	6	2026-05-05 09:10:54.039554	2026-05-05 09:10:54.039554
57	11	23	11	2	6	6	2026-05-05 09:11:14.329084	2026-05-05 09:11:14.329084
58	11	26	9	2	6	6	2026-05-05 09:11:24.782976	2026-05-05 09:11:24.782976
59	11	27	10	2	6	6	2026-05-05 09:11:35.056382	2026-05-05 09:11:35.056382
60	23	26	10	2	6	6	2026-05-05 09:12:01.920995	2026-05-05 09:12:01.920995
61	23	23	11	2	6	6	2026-05-05 09:12:16.702086	2026-05-05 09:12:16.702086
62	12	23	10	2	6	6	2026-05-05 09:17:01.814704	2026-05-05 09:17:01.814704
63	12	27	9	2	6	6	2026-05-05 09:17:12.714817	2026-05-05 09:17:12.714817
64	4	3	4	1	6	6	2026-05-05 09:22:13.929164	2026-05-05 09:22:13.929164
65	4	30	10	2	6	6	2026-05-05 09:22:36.636096	2026-05-05 09:22:36.636096
66	4	36	11	2	6	6	2026-05-05 09:22:47.176842	2026-05-05 09:22:47.176842
67	4	22	11	2	6	6	2026-05-05 09:22:56.001823	2026-05-05 09:22:56.001823
68	4	29	10	2	6	6	2026-05-05 09:23:02.453633	2026-05-05 09:23:02.453633
69	4	25	9	2	6	6	2026-05-05 09:23:14.301729	2026-05-05 09:23:14.301729
70	4	32	9	2	6	6	2026-05-05 09:23:22.840718	2026-05-05 09:23:22.840718
71	4	23	11	2	6	6	2026-05-05 09:23:36.604789	2026-05-05 09:23:36.604789
72	4	24	9	2	6	6	2026-05-05 09:23:45.998769	2026-05-05 09:23:45.998769
73	4	27	9	2	6	6	2026-05-05 09:23:54.348328	2026-05-05 09:26:56.546856
74	10	23	11	2	6	6	2026-05-05 09:33:57.39665	2026-05-05 09:33:57.39665
75	10	27	10	2	6	6	2026-05-05 09:34:04.304051	2026-05-05 09:34:04.304051
76	10	26	10	2	6	6	2026-05-05 09:34:12.880862	2026-05-05 09:34:12.880862
77	3	23	11	2	6	6	2026-05-05 09:38:46.992395	2026-05-05 09:38:46.992395
78	3	24	10	2	6	6	2026-05-05 09:38:56.578109	2026-05-05 09:38:56.578109
79	3	27	9	2	6	6	2026-05-05 09:39:03.8991	2026-05-05 09:39:03.8991
80	5	3	1	1	6	6	2026-05-05 09:42:04.192856	2026-05-05 09:42:04.192856
15	8	28	9	2	23	23	2026-04-28 08:26:07.362147	2026-04-28 08:26:07.362147
7	8	29	11	2	23	23	2026-04-28 08:24:24.251456	2026-04-28 08:26:07.362147
9	8	34	10	2	23	23	2026-04-28 08:24:46.501976	2026-04-28 08:26:07.362147
8	8	25	10	2	23	23	2026-04-28 08:24:33.341235	2026-04-28 08:26:07.362147
11	8	26	10	2	23	23	2026-04-28 08:25:09.45158	2026-04-28 08:26:07.362147
6	8	36	10	2	23	23	2026-04-28 08:24:12.635408	2026-04-28 08:26:07.362147
81	5	30	9	2	6	6	2026-05-05 09:59:08.878904	2026-05-05 09:59:08.878904
82	5	36	9	2	6	6	2026-05-05 09:59:20.727843	2026-05-05 09:59:20.727843
83	5	22	9	2	6	6	2026-05-05 09:59:26.433587	2026-05-05 09:59:26.433587
84	5	29	10	2	6	6	2026-05-05 09:59:33.06834	2026-05-05 09:59:33.06834
85	5	25	10	2	6	6	2026-05-05 09:59:42.633671	2026-05-05 09:59:42.633671
86	5	26	9	2	6	6	2026-05-05 10:00:02.564653	2026-05-05 10:00:02.564653
87	5	23	10	2	6	6	2026-05-05 10:00:09.549125	2026-05-05 10:00:09.549125
88	5	27	9	2	6	6	2026-05-05 10:00:24.21394	2026-05-05 10:00:24.21394
89	17	3	3	1	6	6	2026-05-05 10:11:10.540892	2026-05-05 10:11:10.540892
90	17	30	10	2	6	6	2026-05-05 10:11:22.908704	2026-05-05 10:11:22.908704
4	8	30	10	2	23	23	2026-04-28 08:23:48.659821	2026-04-28 08:26:07.362147
12	8	31	10	2	23	23	2026-04-28 08:25:20.950495	2026-04-28 08:26:07.362147
14	8	24	9	2	23	23	2026-04-28 08:25:46.471729	2026-04-28 08:26:07.362147
13	8	23	9	2	23	23	2026-04-28 08:25:31.068294	2026-04-28 08:26:07.362147
5	8	22	9	2	23	23	2026-04-28 08:24:02.339642	2026-04-28 08:26:07.362147
10	8	32	9	2	23	23	2026-04-28 08:24:58.990573	2026-04-28 08:26:07.362147
1	8	2	6	1	23	23	2026-04-28 08:20:59.599824	2026-04-28 08:26:07.362147
2	8	3	4	1	23	23	2026-04-28 08:21:16.033868	2026-04-28 08:26:07.362147
3	8	11	1	1	23	23	2026-04-28 08:21:35.987967	2026-04-28 08:26:07.362147
16	9	3	4	1	11	11	2026-05-04 08:23:48.175207	2026-05-04 08:26:10.217308
17	7	3	2	1	22	22	2026-05-04 08:34:09.266184	2026-05-04 10:09:44.081711
18	10	3	5	1	6	6	2026-05-04 11:18:55.949577	2026-05-04 11:18:55.949577
19	10	5	6	1	6	6	2026-05-04 11:19:12.042794	2026-05-04 11:19:12.042794
20	12	3	4	1	6	6	2026-05-04 11:35:24.165104	2026-05-04 11:35:24.165104
21	3	3	2	1	6	6	2026-05-04 11:53:53.497973	2026-05-04 11:53:53.497973
22	3	29	10	2	6	6	2026-05-04 11:54:15.847085	2026-05-04 11:54:15.847085
23	3	32	9	2	6	6	2026-05-04 11:54:28.748272	2026-05-04 11:54:28.748272
24	3	30	10	2	6	6	2026-05-04 11:54:34.592489	2026-05-04 11:54:34.592489
25	3	22	10	2	6	6	2026-05-04 11:54:41.386423	2026-05-04 11:54:41.386423
26	10	32	10	2	6	6	2026-05-04 11:55:15.534601	2026-05-04 11:55:15.534601
27	10	30	11	2	6	6	2026-05-04 11:55:22.607548	2026-05-04 11:55:22.607548
28	10	36	10	2	6	6	2026-05-04 11:55:31.718137	2026-05-04 11:55:31.718137
29	10	29	10	2	6	6	2026-05-04 11:55:39.13874	2026-05-04 11:55:39.13874
30	10	22	10	2	6	6	2026-05-04 11:55:46.10546	2026-05-04 11:55:46.10546
31	10	25	10	2	6	6	2026-05-04 11:55:54.01872	2026-05-04 11:55:54.01872
32	3	25	10	2	6	6	2026-05-04 11:56:52.010146	2026-05-04 11:56:52.010146
33	3	36	11	2	6	6	2026-05-04 11:57:21.905609	2026-05-04 11:57:21.905609
34	6	3	4	1	8	8	2026-05-05 07:20:12.296065	2026-05-05 07:20:12.296065
35	23	3	2	1	6	6	2026-05-05 08:28:02.940169	2026-05-05 08:28:02.940169
36	23	30	10	2	6	6	2026-05-05 08:28:26.123876	2026-05-05 08:28:26.123876
37	23	36	11	2	6	6	2026-05-05 08:30:21.077217	2026-05-05 08:30:21.077217
38	23	22	10	2	6	6	2026-05-05 08:30:33.529045	2026-05-05 08:30:33.529045
39	23	33	10	2	6	6	2026-05-05 08:30:53.835938	2026-05-05 08:30:53.835938
40	12	30	11	2	6	6	2026-05-05 08:52:09.091089	2026-05-05 08:52:09.091089
41	12	36	10	2	6	6	2026-05-05 08:52:20.308304	2026-05-05 08:52:20.308304
42	12	22	11	2	6	6	2026-05-05 08:52:43.949171	2026-05-05 08:52:43.949171
43	12	29	10	2	6	6	2026-05-05 08:53:01.833917	2026-05-05 08:53:01.833917
44	12	32	11	2	6	6	2026-05-05 08:53:17.825706	2026-05-05 08:53:17.825706
45	13	3	4	1	6	6	2026-05-05 09:00:12.681701	2026-05-05 09:00:12.681701
91	17	36	10	2	6	6	2026-05-05 10:11:44.342767	2026-05-05 10:11:44.342767
92	17	22	10	2	6	6	2026-05-05 10:11:50.959481	2026-05-05 10:11:50.959481
93	17	29	10	2	6	6	2026-05-05 10:12:01.066878	2026-05-05 10:12:01.066878
94	17	25	9	2	6	6	2026-05-05 10:12:09.811892	2026-05-05 10:12:09.811892
95	17	23	11	2	6	6	2026-05-05 10:12:32.780362	2026-05-05 10:12:32.780362
96	17	27	10	2	6	6	2026-05-05 10:12:43.359432	2026-05-05 10:12:43.359432
97	17	31	10	2	6	6	2026-05-05 10:12:55.476444	2026-05-05 10:12:55.476444
98	9	30	10	2	6	6	2026-05-05 10:20:43.722223	2026-05-05 10:20:43.722223
99	9	36	11	2	6	6	2026-05-05 10:20:52.631534	2026-05-05 10:20:52.631534
100	9	22	10	2	6	6	2026-05-05 10:20:59.042696	2026-05-05 10:20:59.042696
101	9	29	11	2	6	6	2026-05-05 10:21:06.443438	2026-05-05 10:21:06.443438
102	9	33	10	2	6	6	2026-05-05 10:21:15.847878	2026-05-05 10:21:15.847878
103	9	25	11	2	6	6	2026-05-05 10:21:23.323223	2026-05-05 10:21:23.323223
104	9	32	9	2	6	6	2026-05-05 10:21:30.947756	2026-05-05 10:21:30.947756
105	9	23	11	2	6	6	2026-05-05 10:21:38.907217	2026-05-05 10:21:38.907217
106	14	3	4	1	6	6	2026-05-05 10:27:35.250807	2026-05-05 10:27:35.250807
107	14	30	11	2	6	6	2026-05-05 10:27:50.934714	2026-05-05 10:27:50.934714
108	14	36	10	2	6	6	2026-05-05 10:28:14.44216	2026-05-05 10:28:14.44216
109	14	22	11	2	6	6	2026-05-05 10:28:22.829065	2026-05-05 10:28:22.829065
110	14	29	10	2	6	6	2026-05-05 10:28:45.255652	2026-05-05 10:28:45.255652
111	14	25	9	2	6	6	2026-05-05 10:29:21.737006	2026-05-05 10:29:21.737006
112	14	32	11	2	6	6	2026-05-05 10:29:29.464534	2026-05-05 10:29:29.464534
113	14	23	11	2	6	6	2026-05-05 10:29:34.780156	2026-05-05 10:29:34.780156
114	14	27	10	2	6	6	2026-05-05 10:29:59.049734	2026-05-05 10:29:59.049734
115	14	24	9	2	6	6	2026-05-05 10:30:12.314103	2026-05-05 10:30:12.314103
116	16	3	3	1	6	6	2026-05-05 10:35:03.656323	2026-05-05 10:35:03.656323
117	16	30	10	2	6	6	2026-05-05 10:35:13.593115	2026-05-05 10:35:13.593115
118	16	36	11	2	6	6	2026-05-05 10:35:22.568761	2026-05-05 10:35:22.568761
119	16	22	10	2	6	6	2026-05-05 10:35:28.276806	2026-05-05 10:35:28.276806
120	16	25	10	2	6	6	2026-05-05 10:35:43.505996	2026-05-05 10:35:43.505996
121	16	32	10	2	6	6	2026-05-05 10:35:51.389872	2026-05-05 10:35:51.389872
122	16	23	11	2	6	6	2026-05-05 10:35:57.557164	2026-05-05 10:35:57.557164
123	16	24	10	2	6	6	2026-05-05 10:36:09.363784	2026-05-05 10:36:09.363784
124	16	27	10	2	6	6	2026-05-05 10:36:29.970571	2026-05-05 10:36:29.970571
125	6	30	10	2	6	6	2026-05-05 10:39:26.603387	2026-05-05 10:39:26.603387
126	6	36	10	2	6	6	2026-05-05 10:39:32.700656	2026-05-05 10:39:32.700656
127	6	22	10	2	6	6	2026-05-05 10:39:42.566521	2026-05-05 10:39:42.566521
128	6	29	10	2	6	6	2026-05-05 10:39:49.56214	2026-05-05 10:39:49.56214
129	6	33	11	2	6	6	2026-05-05 10:39:57.699278	2026-05-05 10:39:57.699278
130	6	25	9	2	6	6	2026-05-05 10:40:05.273665	2026-05-05 10:40:05.273665
131	6	32	10	2	6	6	2026-05-05 10:40:16.124587	2026-05-05 10:40:16.124587
132	6	23	11	2	6	6	2026-05-05 10:40:21.903211	2026-05-05 10:40:21.903211
133	6	26	11	2	6	6	2026-05-05 10:40:36.216292	2026-05-05 10:40:36.216292
134	6	31	10	2	6	6	2026-05-05 10:40:49.589293	2026-05-05 10:40:49.589293
135	28	3	3	1	6	6	2026-05-05 10:45:21.832167	2026-05-05 10:45:21.832167
136	28	30	10	2	6	6	2026-05-05 10:45:41.892345	2026-05-05 10:45:41.892345
137	28	36	10	2	6	6	2026-05-05 10:45:50.101855	2026-05-05 10:45:50.101855
138	28	22	11	2	6	6	2026-05-05 10:45:56.719602	2026-05-05 10:45:56.719602
139	28	29	10	2	6	6	2026-05-05 10:46:06.941796	2026-05-05 10:46:06.941796
140	28	25	9	2	6	6	2026-05-05 10:46:17.053139	2026-05-05 10:46:17.053139
141	28	32	10	2	6	6	2026-05-05 10:46:29.873607	2026-05-05 10:46:29.873607
142	28	23	11	2	6	6	2026-05-05 10:46:35.916433	2026-05-05 10:46:35.916433
143	28	24	10	2	6	6	2026-05-05 10:46:47.866697	2026-05-05 10:46:47.866697
144	28	35	10	2	6	6	2026-05-05 10:47:02.568533	2026-05-05 10:47:02.568533
145	15	32	11	2	24	24	2026-05-05 10:49:04.153559	2026-05-05 10:49:04.153559
146	15	30	11	2	24	24	2026-05-05 10:49:12.558262	2026-05-05 10:49:12.558262
147	15	22	11	2	24	24	2026-05-05 10:49:18.33954	2026-05-05 10:49:18.33954
148	15	36	10	2	24	24	2026-05-05 10:49:29.361595	2026-05-05 10:49:29.361595
149	15	23	11	2	24	24	2026-05-05 10:49:43.279774	2026-05-05 10:49:43.279774
150	15	33	8	2	24	24	2026-05-05 10:49:53.513343	2026-05-05 10:49:53.513343
151	15	34	9	2	24	24	2026-05-05 10:49:58.920463	2026-05-05 10:49:58.920463
152	15	3	4	1	6	6	2026-05-05 10:50:39.782062	2026-05-05 10:50:39.782062
153	19	3	4	1	6	6	2026-05-05 10:57:50.33524	2026-05-05 10:57:50.33524
154	19	30	9	2	6	6	2026-05-05 10:58:00.735115	2026-05-05 10:58:00.735115
155	19	36	10	2	6	6	2026-05-05 10:58:08.605748	2026-05-05 10:58:08.605748
156	19	22	9	2	6	6	2026-05-05 10:58:15.373671	2026-05-05 10:58:15.373671
157	19	29	9	2	6	6	2026-05-05 10:58:23.29651	2026-05-05 10:58:23.29651
158	19	33	11	2	6	6	2026-05-05 10:58:33.058168	2026-05-05 10:58:33.058168
159	19	25	9	2	6	6	2026-05-05 10:58:40.628012	2026-05-05 10:58:40.628012
160	19	23	10	2	6	6	2026-05-05 10:58:54.245811	2026-05-05 10:58:54.245811
161	19	27	9	2	6	6	2026-05-05 10:59:16.558334	2026-05-05 10:59:16.558334
162	19	35	9	2	6	6	2026-05-05 10:59:33.014817	2026-05-05 10:59:33.014817
163	7	30	11	2	6	6	2026-05-05 11:11:41.114978	2026-05-05 11:11:41.114978
164	7	36	11	2	6	6	2026-05-05 11:11:56.580398	2026-05-05 11:11:56.580398
165	7	22	11	2	6	6	2026-05-05 11:12:02.466596	2026-05-05 11:12:02.466596
166	7	29	11	2	6	6	2026-05-05 11:12:07.740914	2026-05-05 11:12:07.740914
167	7	33	11	2	6	6	2026-05-05 11:12:18.718935	2026-05-05 11:12:18.718935
168	7	25	11	2	6	6	2026-05-05 11:12:27.629513	2026-05-05 11:12:27.629513
169	7	32	11	2	6	6	2026-05-05 11:12:33.02014	2026-05-05 11:12:33.02014
170	7	23	11	2	6	6	2026-05-05 11:12:41.677153	2026-05-05 11:12:41.677153
171	7	27	11	2	6	6	2026-05-05 11:12:52.97962	2026-05-05 11:12:52.97962
172	7	31	11	2	6	6	2026-05-05 11:13:06.047936	2026-05-05 11:13:06.047936
\.


--
-- Data for Name: hr_employee_skill_log; Type: TABLE DATA; Schema: public; Owner: odoo
--

COPY public.hr_employee_skill_log (id, employee_id, department_id, skill_id, skill_level_id, skill_type_id, level_progress, create_uid, write_uid, date, create_date, write_date) FROM stdin;
16	9	7	3	4	1	75	11	11	2026-05-04	2026-05-04 08:23:48.175207	2026-05-04 08:26:10.217308
17	7	6	3	2	1	40	22	22	2026-05-04	2026-05-04 08:34:09.266184	2026-05-04 10:09:44.081711
20	12	10	3	4	1	75	6	6	2026-05-04	2026-05-04 11:35:24.165104	2026-05-04 11:35:24.165104
33	3	8	36	11	2	100	6	6	2026-05-04	2026-05-04 11:57:21.905609	2026-05-04 11:57:21.905609
32	3	8	25	10	2	80	6	6	2026-05-04	2026-05-04 11:56:52.010146	2026-05-04 11:57:21.905609
25	3	8	22	10	2	80	6	6	2026-05-04	2026-05-04 11:54:41.386423	2026-05-04 11:57:21.905609
24	3	8	30	10	2	80	6	6	2026-05-04	2026-05-04 11:54:34.592489	2026-05-04 11:57:21.905609
23	3	8	32	9	2	50	6	6	2026-05-04	2026-05-04 11:54:28.748272	2026-05-04 11:57:21.905609
22	3	8	29	10	2	80	6	6	2026-05-04	2026-05-04 11:54:15.847085	2026-05-04 11:57:21.905609
21	3	8	3	2	1	40	6	6	2026-05-04	2026-05-04 11:53:53.497973	2026-05-04 11:57:21.905609
34	6	12	3	4	1	75	8	6	2026-05-05	2026-05-05 07:20:12.296065	2026-05-05 10:40:49.589293
62	23	6	23	11	2	100	6	6	2026-05-05	2026-05-05 09:12:16.702086	2026-05-05 09:12:16.702086
15	8	7	28	9	2	50	23	23	2026-04-28	2026-04-28 08:26:07.362147	2026-04-28 08:26:07.362147
7	8	7	29	11	2	100	23	23	2026-04-28	2026-04-28 08:24:24.251456	2026-04-28 08:26:07.362147
9	8	7	34	10	2	80	23	23	2026-04-28	2026-04-28 08:24:46.501976	2026-04-28 08:26:07.362147
8	8	7	25	10	2	80	23	23	2026-04-28	2026-04-28 08:24:33.341235	2026-04-28 08:26:07.362147
11	8	7	26	10	2	80	23	23	2026-04-28	2026-04-28 08:25:09.45158	2026-04-28 08:26:07.362147
6	8	7	36	10	2	80	23	23	2026-04-28	2026-04-28 08:24:12.635408	2026-04-28 08:26:07.362147
4	8	7	30	10	2	80	23	23	2026-04-28	2026-04-28 08:23:48.659821	2026-04-28 08:26:07.362147
12	8	7	31	10	2	80	23	23	2026-04-28	2026-04-28 08:25:20.950495	2026-04-28 08:26:07.362147
14	8	7	24	9	2	50	23	23	2026-04-28	2026-04-28 08:25:46.471729	2026-04-28 08:26:07.362147
13	8	7	23	9	2	50	23	23	2026-04-28	2026-04-28 08:25:31.068294	2026-04-28 08:26:07.362147
5	8	7	22	9	2	50	23	23	2026-04-28	2026-04-28 08:24:02.339642	2026-04-28 08:26:07.362147
10	8	7	32	9	2	50	23	23	2026-04-28	2026-04-28 08:24:58.990573	2026-04-28 08:26:07.362147
61	23	6	26	10	2	80	6	6	2026-05-05	2026-05-05 09:12:01.920995	2026-05-05 09:12:16.702086
39	23	6	33	10	2	80	6	6	2026-05-05	2026-05-05 08:30:53.835938	2026-05-05 09:12:16.702086
38	23	6	22	10	2	80	6	6	2026-05-05	2026-05-05 08:30:33.529045	2026-05-05 09:12:16.702086
1	8	7	2	6	1	100	23	23	2026-04-28	2026-04-28 08:20:59.599824	2026-04-28 08:26:07.362147
2	8	7	3	4	1	75	23	23	2026-04-28	2026-04-28 08:21:16.033868	2026-04-28 08:26:07.362147
3	8	7	11	1	1	10	23	23	2026-04-28	2026-04-28 08:21:35.987967	2026-04-28 08:26:07.362147
37	23	6	36	11	2	100	6	6	2026-05-05	2026-05-05 08:30:21.077217	2026-05-05 09:12:16.702086
36	23	6	30	10	2	80	6	6	2026-05-05	2026-05-05 08:28:26.123876	2026-05-05 09:12:16.702086
35	23	6	3	2	1	40	6	6	2026-05-05	2026-05-05 08:28:02.940169	2026-05-05 09:12:16.702086
31	10	8	25	10	2	80	6	6	2026-05-04	2026-05-04 11:55:54.01872	2026-05-04 11:55:54.01872
30	10	8	22	10	2	80	6	6	2026-05-04	2026-05-04 11:55:46.10546	2026-05-04 11:55:54.01872
29	10	8	29	10	2	80	6	6	2026-05-04	2026-05-04 11:55:39.13874	2026-05-04 11:55:54.01872
28	10	8	36	10	2	80	6	6	2026-05-04	2026-05-04 11:55:31.718137	2026-05-04 11:55:54.01872
27	10	8	30	11	2	100	6	6	2026-05-04	2026-05-04 11:55:22.607548	2026-05-04 11:55:54.01872
26	10	8	32	10	2	80	6	6	2026-05-04	2026-05-04 11:55:15.534601	2026-05-04 11:55:54.01872
19	10	8	5	6	1	100	6	6	2026-05-04	2026-05-04 11:19:12.042794	2026-05-04 11:55:54.01872
18	10	8	3	5	1	85	6	6	2026-05-04	2026-05-04 11:18:55.949577	2026-05-04 11:55:54.01872
50	13	10	32	10	2	80	6	6	2026-05-05	2026-05-05 09:01:26.05549	2026-05-05 09:01:26.05549
49	13	10	22	10	2	80	6	6	2026-05-05	2026-05-05 09:01:00.930126	2026-05-05 09:01:26.05549
48	13	10	36	9	2	50	6	6	2026-05-05	2026-05-05 09:00:53.706138	2026-05-05 09:01:26.05549
47	13	10	30	10	2	80	6	6	2026-05-05	2026-05-05 09:00:34.195482	2026-05-05 09:01:26.05549
46	13	10	3	4	1	75	6	6	2026-05-05	2026-05-05 09:00:12.681701	2026-05-05 09:01:26.05549
60	11	10	27	10	2	80	6	6	2026-05-05	2026-05-05 09:11:35.056382	2026-05-05 09:11:35.056382
59	11	10	26	9	2	50	6	6	2026-05-05	2026-05-05 09:11:24.782976	2026-05-05 09:11:35.056382
58	11	10	23	11	2	100	6	6	2026-05-05	2026-05-05 09:11:14.329084	2026-05-05 09:11:35.056382
57	11	10	32	10	2	80	6	6	2026-05-05	2026-05-05 09:10:54.039554	2026-05-05 09:11:35.056382
56	11	10	25	9	2	50	6	6	2026-05-05	2026-05-05 09:10:39.852149	2026-05-05 09:11:35.056382
55	11	10	29	9	2	50	6	6	2026-05-05	2026-05-05 09:10:28.395633	2026-05-05 09:11:35.056382
54	11	10	22	9	2	50	6	6	2026-05-05	2026-05-05 09:10:20.092228	2026-05-05 09:11:35.056382
53	11	10	36	10	2	80	6	6	2026-05-05	2026-05-05 09:10:12.571956	2026-05-05 09:11:35.056382
52	11	10	30	9	2	50	6	6	2026-05-05	2026-05-05 09:10:02.65595	2026-05-05 09:11:35.056382
51	11	10	3	2	1	40	6	6	2026-05-05	2026-05-05 09:09:47.659046	2026-05-05 09:11:35.056382
64	12	10	27	9	2	50	6	6	2026-05-05	2026-05-05 09:17:12.714817	2026-05-05 09:17:12.714817
63	12	10	23	10	2	80	6	6	2026-05-05	2026-05-05 09:17:01.814704	2026-05-05 09:17:12.714817
45	12	10	32	11	2	100	6	6	2026-05-05	2026-05-05 08:53:17.825706	2026-05-05 09:17:12.714817
44	12	10	29	10	2	80	6	6	2026-05-05	2026-05-05 08:53:01.833917	2026-05-05 09:17:12.714817
43	12	10	22	11	2	100	6	6	2026-05-05	2026-05-05 08:52:43.949171	2026-05-05 09:17:12.714817
42	12	10	36	10	2	80	6	6	2026-05-05	2026-05-05 08:52:20.308304	2026-05-05 09:17:12.714817
40	12	10	30	11	2	100	6	6	2026-05-05	2026-05-05 08:52:09.091089	2026-05-05 09:17:12.714817
41	12	10	3	4	1	75	6	6	2026-05-05	2026-05-05 08:52:09.091089	2026-05-05 09:17:12.714817
73	4	6	24	9	2	50	6	6	2026-05-05	2026-05-05 09:23:45.998769	2026-05-05 09:26:56.546856
84	10	8	27	10	2	80	6	6	2026-05-05	2026-05-05 09:34:04.304051	2026-05-05 09:34:12.880862
72	4	6	23	11	2	100	6	6	2026-05-05	2026-05-05 09:23:36.604789	2026-05-05 09:26:56.546856
71	4	6	32	9	2	50	6	6	2026-05-05	2026-05-05 09:23:22.840718	2026-05-05 09:26:56.546856
70	4	6	25	9	2	50	6	6	2026-05-05	2026-05-05 09:23:14.301729	2026-05-05 09:26:56.546856
69	4	6	29	10	2	80	6	6	2026-05-05	2026-05-05 09:23:02.453633	2026-05-05 09:26:56.546856
68	4	6	22	11	2	100	6	6	2026-05-05	2026-05-05 09:22:56.001823	2026-05-05 09:26:56.546856
67	4	6	36	11	2	100	6	6	2026-05-05	2026-05-05 09:22:47.176842	2026-05-05 09:26:56.546856
66	4	6	30	10	2	80	6	6	2026-05-05	2026-05-05 09:22:36.636096	2026-05-05 09:26:56.546856
65	4	6	3	4	1	75	6	6	2026-05-05	2026-05-05 09:22:13.929164	2026-05-05 09:26:56.546856
74	4	6	27	9	2	50	6	6	2026-05-05	2026-05-05 09:23:54.348328	2026-05-05 09:26:56.546856
75	10	8	23	11	2	100	6	6	2026-05-05	2026-05-05 09:33:57.39665	2026-05-05 09:34:12.880862
76	10	8	30	11	2	100	6	6	2026-05-05	2026-05-05 09:33:57.39665	2026-05-05 09:34:12.880862
77	10	8	36	10	2	80	6	6	2026-05-05	2026-05-05 09:33:57.39665	2026-05-05 09:34:12.880862
78	10	8	32	10	2	80	6	6	2026-05-05	2026-05-05 09:33:57.39665	2026-05-05 09:34:12.880862
79	10	8	25	10	2	80	6	6	2026-05-05	2026-05-05 09:33:57.39665	2026-05-05 09:34:12.880862
80	10	8	29	10	2	80	6	6	2026-05-05	2026-05-05 09:33:57.39665	2026-05-05 09:34:12.880862
81	10	8	22	10	2	80	6	6	2026-05-05	2026-05-05 09:33:57.39665	2026-05-05 09:34:12.880862
82	10	8	5	6	1	100	6	6	2026-05-05	2026-05-05 09:33:57.39665	2026-05-05 09:34:12.880862
85	10	8	26	10	2	80	6	6	2026-05-05	2026-05-05 09:34:12.880862	2026-05-05 09:34:12.880862
83	10	8	3	5	1	85	6	6	2026-05-05	2026-05-05 09:33:57.39665	2026-05-05 09:34:12.880862
104	5	12	27	9	2	50	6	6	2026-05-05	2026-05-05 10:00:24.21394	2026-05-05 10:00:24.21394
103	5	12	23	10	2	80	6	6	2026-05-05	2026-05-05 10:00:09.549125	2026-05-05 10:00:24.21394
102	5	12	26	9	2	50	6	6	2026-05-05	2026-05-05 10:00:02.564653	2026-05-05 10:00:24.21394
101	5	12	25	10	2	80	6	6	2026-05-05	2026-05-05 09:59:42.633671	2026-05-05 10:00:24.21394
100	5	12	29	10	2	80	6	6	2026-05-05	2026-05-05 09:59:33.06834	2026-05-05 10:00:24.21394
99	5	12	22	9	2	50	6	6	2026-05-05	2026-05-05 09:59:26.433587	2026-05-05 10:00:24.21394
98	5	12	36	9	2	50	6	6	2026-05-05	2026-05-05 09:59:20.727843	2026-05-05 10:00:24.21394
97	5	12	30	9	2	50	6	6	2026-05-05	2026-05-05 09:59:08.878904	2026-05-05 10:00:24.21394
96	5	12	3	1	1	10	6	6	2026-05-05	2026-05-05 09:42:04.192856	2026-05-05 10:00:24.21394
132	14	10	24	9	2	50	6	6	2026-05-05	2026-05-05 10:30:12.314103	2026-05-05 10:30:12.314103
131	14	10	27	10	2	80	6	6	2026-05-05	2026-05-05 10:29:59.049734	2026-05-05 10:30:12.314103
95	3	8	27	9	2	50	6	6	2026-05-05	2026-05-05 09:39:03.8991	2026-05-05 09:39:03.8991
94	3	8	24	10	2	80	6	6	2026-05-05	2026-05-05 09:38:56.578109	2026-05-05 09:39:03.8991
86	3	8	23	11	2	100	6	6	2026-05-05	2026-05-05 09:38:46.992395	2026-05-05 09:39:03.8991
87	3	8	36	11	2	100	6	6	2026-05-05	2026-05-05 09:38:46.992395	2026-05-05 09:39:03.8991
88	3	8	29	10	2	80	6	6	2026-05-05	2026-05-05 09:38:46.992395	2026-05-05 09:39:03.8991
89	3	8	30	10	2	80	6	6	2026-05-05	2026-05-05 09:38:46.992395	2026-05-05 09:39:03.8991
90	3	8	22	10	2	80	6	6	2026-05-05	2026-05-05 09:38:46.992395	2026-05-05 09:39:03.8991
91	3	8	25	10	2	80	6	6	2026-05-05	2026-05-05 09:38:46.992395	2026-05-05 09:39:03.8991
92	3	8	32	9	2	50	6	6	2026-05-05	2026-05-05 09:38:46.992395	2026-05-05 09:39:03.8991
93	3	8	3	2	1	40	6	6	2026-05-05	2026-05-05 09:38:46.992395	2026-05-05 09:39:03.8991
130	14	10	23	11	2	100	6	6	2026-05-05	2026-05-05 10:29:34.780156	2026-05-05 10:30:12.314103
129	14	10	32	11	2	100	6	6	2026-05-05	2026-05-05 10:29:29.464534	2026-05-05 10:30:12.314103
128	14	10	25	9	2	50	6	6	2026-05-05	2026-05-05 10:29:21.737006	2026-05-05 10:30:12.314103
127	14	10	29	10	2	80	6	6	2026-05-05	2026-05-05 10:28:45.255652	2026-05-05 10:30:12.314103
126	14	10	22	11	2	100	6	6	2026-05-05	2026-05-05 10:28:22.829065	2026-05-05 10:30:12.314103
125	14	10	36	10	2	80	6	6	2026-05-05	2026-05-05 10:28:14.44216	2026-05-05 10:30:12.314103
124	14	10	30	11	2	100	6	6	2026-05-05	2026-05-05 10:27:50.934714	2026-05-05 10:30:12.314103
123	14	10	3	4	1	75	6	6	2026-05-05	2026-05-05 10:27:35.250807	2026-05-05 10:30:12.314103
151	6	12	31	10	2	80	6	6	2026-05-05	2026-05-05 10:40:49.589293	2026-05-05 10:40:49.589293
150	6	12	26	11	2	100	6	6	2026-05-05	2026-05-05 10:40:36.216292	2026-05-05 10:40:49.589293
149	6	12	23	11	2	100	6	6	2026-05-05	2026-05-05 10:40:21.903211	2026-05-05 10:40:49.589293
148	6	12	32	10	2	80	6	6	2026-05-05	2026-05-05 10:40:16.124587	2026-05-05 10:40:49.589293
147	6	12	25	9	2	50	6	6	2026-05-05	2026-05-05 10:40:05.273665	2026-05-05 10:40:49.589293
146	6	12	33	11	2	100	6	6	2026-05-05	2026-05-05 10:39:57.699278	2026-05-05 10:40:49.589293
145	6	12	29	10	2	80	6	6	2026-05-05	2026-05-05 10:39:49.56214	2026-05-05 10:40:49.589293
122	9	7	23	11	2	100	6	6	2026-05-05	2026-05-05 10:21:38.907217	2026-05-05 10:21:38.907217
121	9	7	32	9	2	50	6	6	2026-05-05	2026-05-05 10:21:30.947756	2026-05-05 10:21:38.907217
113	17	6	31	10	2	80	6	6	2026-05-05	2026-05-05 10:12:55.476444	2026-05-05 10:12:55.476444
112	17	6	27	10	2	80	6	6	2026-05-05	2026-05-05 10:12:43.359432	2026-05-05 10:12:55.476444
111	17	6	23	11	2	100	6	6	2026-05-05	2026-05-05 10:12:32.780362	2026-05-05 10:12:55.476444
110	17	6	25	9	2	50	6	6	2026-05-05	2026-05-05 10:12:09.811892	2026-05-05 10:12:55.476444
109	17	6	29	10	2	80	6	6	2026-05-05	2026-05-05 10:12:01.066878	2026-05-05 10:12:55.476444
108	17	6	22	10	2	80	6	6	2026-05-05	2026-05-05 10:11:50.959481	2026-05-05 10:12:55.476444
107	17	6	36	10	2	80	6	6	2026-05-05	2026-05-05 10:11:44.342767	2026-05-05 10:12:55.476444
106	17	6	30	10	2	80	6	6	2026-05-05	2026-05-05 10:11:22.908704	2026-05-05 10:12:55.476444
105	17	6	3	3	1	60	6	6	2026-05-05	2026-05-05 10:11:10.540892	2026-05-05 10:12:55.476444
120	9	7	25	11	2	100	6	6	2026-05-05	2026-05-05 10:21:23.323223	2026-05-05 10:21:38.907217
119	9	7	33	10	2	80	6	6	2026-05-05	2026-05-05 10:21:15.847878	2026-05-05 10:21:38.907217
118	9	7	29	11	2	100	6	6	2026-05-05	2026-05-05 10:21:06.443438	2026-05-05 10:21:38.907217
117	9	7	22	10	2	80	6	6	2026-05-05	2026-05-05 10:20:59.042696	2026-05-05 10:21:38.907217
116	9	7	36	11	2	100	6	6	2026-05-05	2026-05-05 10:20:52.631534	2026-05-05 10:21:38.907217
114	9	7	30	10	2	80	6	6	2026-05-05	2026-05-05 10:20:43.722223	2026-05-05 10:21:38.907217
115	9	7	3	4	1	75	6	6	2026-05-05	2026-05-05 10:20:43.722223	2026-05-05 10:21:38.907217
144	6	12	22	10	2	80	6	6	2026-05-05	2026-05-05 10:39:42.566521	2026-05-05 10:40:49.589293
143	6	12	36	10	2	80	6	6	2026-05-05	2026-05-05 10:39:32.700656	2026-05-05 10:40:49.589293
142	6	12	30	10	2	80	6	6	2026-05-05	2026-05-05 10:39:26.603387	2026-05-05 10:40:49.589293
141	16	12	27	10	2	80	6	6	2026-05-05	2026-05-05 10:36:29.970571	2026-05-05 10:36:29.970571
140	16	12	24	10	2	80	6	6	2026-05-05	2026-05-05 10:36:09.363784	2026-05-05 10:36:29.970571
139	16	12	23	11	2	100	6	6	2026-05-05	2026-05-05 10:35:57.557164	2026-05-05 10:36:29.970571
138	16	12	32	10	2	80	6	6	2026-05-05	2026-05-05 10:35:51.389872	2026-05-05 10:36:29.970571
137	16	12	25	10	2	80	6	6	2026-05-05	2026-05-05 10:35:43.505996	2026-05-05 10:36:29.970571
136	16	12	22	10	2	80	6	6	2026-05-05	2026-05-05 10:35:28.276806	2026-05-05 10:36:29.970571
135	16	12	36	11	2	100	6	6	2026-05-05	2026-05-05 10:35:22.568761	2026-05-05 10:36:29.970571
134	16	12	30	10	2	80	6	6	2026-05-05	2026-05-05 10:35:13.593115	2026-05-05 10:36:29.970571
133	16	12	3	3	1	60	6	6	2026-05-05	2026-05-05 10:35:03.656323	2026-05-05 10:36:29.970571
161	28	11	35	10	2	80	6	6	2026-05-05	2026-05-05 10:47:02.568533	2026-05-05 10:47:02.568533
160	28	11	24	10	2	80	6	6	2026-05-05	2026-05-05 10:46:47.866697	2026-05-05 10:47:02.568533
159	28	11	23	11	2	100	6	6	2026-05-05	2026-05-05 10:46:35.916433	2026-05-05 10:47:02.568533
158	28	11	32	10	2	80	6	6	2026-05-05	2026-05-05 10:46:29.873607	2026-05-05 10:47:02.568533
157	28	11	25	9	2	50	6	6	2026-05-05	2026-05-05 10:46:17.053139	2026-05-05 10:47:02.568533
156	28	11	29	10	2	80	6	6	2026-05-05	2026-05-05 10:46:06.941796	2026-05-05 10:47:02.568533
155	28	11	22	11	2	100	6	6	2026-05-05	2026-05-05 10:45:56.719602	2026-05-05 10:47:02.568533
154	28	11	36	10	2	80	6	6	2026-05-05	2026-05-05 10:45:50.101855	2026-05-05 10:47:02.568533
153	28	11	30	10	2	80	6	6	2026-05-05	2026-05-05 10:45:41.892345	2026-05-05 10:47:02.568533
152	28	11	3	3	1	60	6	6	2026-05-05	2026-05-05 10:45:21.832167	2026-05-05 10:47:02.568533
169	15	11	3	4	1	75	6	6	2026-05-05	2026-05-05 10:50:39.782062	2026-05-05 10:50:39.782062
168	15	11	34	9	2	50	24	6	2026-05-05	2026-05-05 10:49:58.920463	2026-05-05 10:50:39.782062
167	15	11	33	8	2	25	24	6	2026-05-05	2026-05-05 10:49:53.513343	2026-05-05 10:50:39.782062
166	15	11	23	11	2	100	24	6	2026-05-05	2026-05-05 10:49:43.279774	2026-05-05 10:50:39.782062
165	15	11	36	10	2	80	24	6	2026-05-05	2026-05-05 10:49:29.361595	2026-05-05 10:50:39.782062
164	15	11	22	11	2	100	24	6	2026-05-05	2026-05-05 10:49:18.33954	2026-05-05 10:50:39.782062
163	15	11	30	11	2	100	24	6	2026-05-05	2026-05-05 10:49:12.558262	2026-05-05 10:50:39.782062
162	15	11	32	11	2	100	24	6	2026-05-05	2026-05-05 10:49:04.153559	2026-05-05 10:50:39.782062
179	19	11	35	9	2	50	6	6	2026-05-05	2026-05-05 10:59:33.014817	2026-05-05 10:59:33.014817
178	19	11	27	9	2	50	6	6	2026-05-05	2026-05-05 10:59:16.558334	2026-05-05 10:59:33.014817
177	19	11	23	10	2	80	6	6	2026-05-05	2026-05-05 10:58:54.245811	2026-05-05 10:59:33.014817
176	19	11	25	9	2	50	6	6	2026-05-05	2026-05-05 10:58:40.628012	2026-05-05 10:59:33.014817
175	19	11	33	11	2	100	6	6	2026-05-05	2026-05-05 10:58:33.058168	2026-05-05 10:59:33.014817
174	19	11	29	9	2	50	6	6	2026-05-05	2026-05-05 10:58:23.29651	2026-05-05 10:59:33.014817
173	19	11	22	9	2	50	6	6	2026-05-05	2026-05-05 10:58:15.373671	2026-05-05 10:59:33.014817
172	19	11	36	10	2	80	6	6	2026-05-05	2026-05-05 10:58:08.605748	2026-05-05 10:59:33.014817
171	19	11	30	9	2	50	6	6	2026-05-05	2026-05-05 10:58:00.735115	2026-05-05 10:59:33.014817
170	19	11	3	4	1	75	6	6	2026-05-05	2026-05-05 10:57:50.33524	2026-05-05 10:59:33.014817
190	7	6	31	11	2	100	6	6	2026-05-05	2026-05-05 11:13:06.047936	2026-05-05 11:13:06.047936
189	7	6	27	11	2	100	6	6	2026-05-05	2026-05-05 11:12:52.97962	2026-05-05 11:13:06.047936
188	7	6	23	11	2	100	6	6	2026-05-05	2026-05-05 11:12:41.677153	2026-05-05 11:13:06.047936
187	7	6	32	11	2	100	6	6	2026-05-05	2026-05-05 11:12:33.02014	2026-05-05 11:13:06.047936
186	7	6	25	11	2	100	6	6	2026-05-05	2026-05-05 11:12:27.629513	2026-05-05 11:13:06.047936
185	7	6	33	11	2	100	6	6	2026-05-05	2026-05-05 11:12:18.718935	2026-05-05 11:13:06.047936
184	7	6	29	11	2	100	6	6	2026-05-05	2026-05-05 11:12:07.740914	2026-05-05 11:13:06.047936
183	7	6	22	11	2	100	6	6	2026-05-05	2026-05-05 11:12:02.466596	2026-05-05 11:13:06.047936
182	7	6	36	11	2	100	6	6	2026-05-05	2026-05-05 11:11:56.580398	2026-05-05 11:13:06.047936
180	7	6	30	11	2	100	6	6	2026-05-05	2026-05-05 11:11:41.114978	2026-05-05 11:13:06.047936
181	7	6	3	2	1	40	6	6	2026-05-05	2026-05-05 11:11:41.114978	2026-05-05 11:13:06.047936
\.


--
-- Data for Name: hr_job; Type: TABLE DATA; Schema: public; Owner: odoo
--

COPY public.hr_job (id, sequence, expected_employees, no_of_employee, no_of_recruitment, department_id, company_id, contract_type_id, create_uid, write_uid, name, description, requirements, active, create_date, write_date) FROM stdin;
10	10	4	4	0	\N	1	\N	6	6	{"en_US": "Órdenes de trabajo", "es_ES": "Órdenes de trabajo"}	\N	\N	t	2026-04-14 09:14:16.050206	2026-05-04 08:43:20.844133
2	10	0	0	0	\N	1	\N	2	2	{"en_US": "Ventas", "es_ES": "Ventas"}	\N	\N	t	2026-04-14 08:25:06.325997	2026-04-14 08:30:41.064803
3	10	1	1	0	\N	1	\N	2	2	{"en_US": "Pedidos", "es_ES": "Pedidos"}	\N	\N	t	2026-04-14 08:30:31.178571	2026-04-14 08:30:41.064803
11	10	4	4	0	\N	1	\N	6	6	{"en_US": "Diseño Gráfico", "es_ES": "Diseño Gráfico"}	\N	\N	t	2026-04-15 10:30:04.561106	2026-05-05 08:22:01.714777
9	10	3	3	0	\N	1	\N	6	6	{"en_US": "Catálogo de productos", "es_ES": "Catálogo de productos"}	\N	\N	t	2026-04-14 09:00:53.076639	2026-05-05 08:22:01.714777
7	10	2	2	0	\N	1	\N	6	6	{"en_US": "Sistemas", "es_ES": "Sistemas"}	\N	\N	t	2026-04-14 08:44:14.017209	2026-04-14 08:46:49.476519
1	10	2	2	0	\N	1	\N	2	6	{"en_US": "Recursos Humanos", "es_ES": "Recursos Humanos"}	\N	\N	t	2026-04-14 08:02:41.997923	2026-04-14 08:47:53.881559
6	10	0	0	0	\N	1	\N	2	6	{"en_US": "Persona", "es_ES": "Persona"}	\N	\N	t	2026-04-14 08:38:55.224672	2026-04-14 08:56:47.333373
8	10	1	1	0	\N	1	\N	6	6	{"en_US": "Proveedores", "es_ES": "Proveedores"}	\N	\N	t	2026-04-14 08:58:12.721483	2026-04-14 08:58:13.731696
4	10	0	0	0	\N	1	\N	2	6	{"en_US": "Órdenes de trabajo:", "es_ES": "Órdenes de trabajo:"}	\N	\N	t	2026-04-14 08:32:39.794588	2026-04-14 09:15:02.000117
5	10	2	2	0	\N	1	\N	2	6	{"en_US": "Albaranes", "es_ES": "Albaranes"}	\N	\N	t	2026-04-14 08:33:56.458064	2026-04-14 09:20:00.858815
\.


--
-- Data for Name: hr_resume_line; Type: TABLE DATA; Schema: public; Owner: odoo
--

COPY public.hr_resume_line (id, employee_id, line_type_id, create_uid, write_uid, display_type, date_start, date_end, name, description, create_date, write_date) FROM stdin;
2	3	1	2	2	classic	2026-04-14	\N	{"en_US": "RELSUM HEREDEROS SL.", "es_ES": "RELSUM HEREDEROS SL."}	{"en_US": "<p>Recursos Humanos</p>", "es_ES": "<p>Recursos Humanos</p>"}	2026-04-14 08:20:39.804186	2026-04-14 08:20:39.804186
3	4	1	2	2	classic	2026-04-14	\N	{"en_US": "RELSUM HEREDEROS SL.", "es_ES": "RELSUM HEREDEROS SL."}	{"en_US": "", "es_ES": ""}	2026-04-14 08:26:32.566951	2026-04-14 08:26:32.566951
4	5	1	2	2	classic	2026-04-14	\N	{"en_US": "RELSUM HEREDEROS SL.", "es_ES": "RELSUM HEREDEROS SL."}	{"en_US": "<p>Ventas</p>", "es_ES": "<p>Ventas</p>"}	2026-04-14 08:27:07.91347	2026-04-14 08:27:07.91347
5	6	1	2	2	classic	2026-04-14	\N	{"en_US": "RELSUM HEREDEROS SL.", "es_ES": "RELSUM HEREDEROS SL."}	{"en_US": "", "es_ES": ""}	2026-04-14 08:33:35.851116	2026-04-14 08:33:35.851116
10	11	1	6	6	classic	2026-04-14	\N	{"en_US": "RELSUM HEREDEROS SL.", "es_ES": "RELSUM HEREDEROS SL."}	{"en_US": "", "es_ES": ""}	2026-04-14 08:53:25.572031	2026-04-14 08:53:25.572031
11	12	1	6	6	classic	2026-04-14	\N	{"en_US": "RELSUM HEREDEROS SL.", "es_ES": "RELSUM HEREDEROS SL."}	{"en_US": "", "es_ES": ""}	2026-04-14 09:00:21.613649	2026-04-14 09:00:21.613649
12	13	1	6	6	classic	2026-04-14	\N	{"en_US": "RELSUM HEREDEROS SL.", "es_ES": "RELSUM HEREDEROS SL."}	{"en_US": "", "es_ES": ""}	2026-04-14 09:01:23.987349	2026-04-14 09:01:23.987349
13	14	1	6	6	classic	2026-04-14	\N	{"en_US": "RELSUM HEREDEROS SL.", "es_ES": "RELSUM HEREDEROS SL."}	{"en_US": "", "es_ES": ""}	2026-04-14 09:08:28.688174	2026-04-14 09:08:28.688174
14	15	1	6	6	classic	2026-04-14	\N	{"en_US": "RELSUM HEREDEROS SL.", "es_ES": "RELSUM HEREDEROS SL."}	{"en_US": "", "es_ES": ""}	2026-04-14 09:09:32.231525	2026-04-14 09:09:32.231525
15	16	1	6	6	classic	2026-04-14	\N	{"en_US": "RELSUM HEREDEROS SL.", "es_ES": "RELSUM HEREDEROS SL."}	{"en_US": "", "es_ES": ""}	2026-04-14 09:19:50.638269	2026-04-14 09:19:50.638269
16	17	1	6	6	classic	2026-04-14	\N	{"en_US": "RELSUM HEREDEROS SL.", "es_ES": "RELSUM HEREDEROS SL."}	{"en_US": "", "es_ES": ""}	2026-04-14 09:20:45.732423	2026-04-14 09:20:45.732423
18	19	1	6	6	classic	2026-04-15	\N	{"en_US": "RELSUM HEREDEROS SL.", "es_ES": "RELSUM HEREDEROS SL."}	{"en_US": "", "es_ES": ""}	2026-04-15 10:29:41.502907	2026-04-15 10:29:41.502907
20	21	1	6	6	classic	2026-04-16	\N	{"en_US": "RELSUM HEREDEROS SL.", "es_ES": "RELSUM HEREDEROS SL."}	{"en_US": "", "es_ES": ""}	2026-04-16 09:02:44.025345	2026-04-16 09:02:44.025345
9	10	1	6	8	classic	2026-04-14	\N	{"en_US": "RELSUM HEREDEROS SL.", "es_ES": "RELSUM HEREDEROS SL."}	{"en_US": "<p>Recursos Humanos</p>", "es_ES": "<p>Recursos Humanos</p>"}	2026-04-14 08:47:53.881559	2026-04-28 08:37:22.191284
27	10	2	8	6	classic	2025-10-13	\N	{"en_US": "Sistemas Microinformáticos y Redes", "es_ES": "Sistemas Microinformáticos y Redes"}	{"en_US": "<div data-oe-version=\\"1.2\\"><strong>Grado Medio</strong></div><ul><li>Dominio de los servicios&nbsp;de Office.</li><li>Dominio en el mantenimiento y sustitución de equipos informáticos.</li><li>Dominio en la instalación de sistemas operativos.</li><li>Conocimientos de Redes Locales.</li><li>Conocimientos básico de Fundamentos de Programación.</li></ul>", "es_ES": "<div data-oe-version=\\"1.2\\"><strong>Grado Medio</strong></div><ul><li>Dominio de los servicios&nbsp;de Office.</li><li>Dominio en el mantenimiento y sustitución de equipos informáticos.</li><li>Dominio en la instalación de sistemas operativos.</li><li>Conocimientos de Redes Locales.</li><li>Conocimientos básico de Fundamentos de Programación.</li></ul>"}	2026-04-28 08:19:05.488341	2026-05-05 09:41:06.987294
31	10	1	8	8	classic	2025-05-09	2025-06-12	{"en_US": "Pinardi", "es_ES": "Pinardi"}	{"en_US": "<ul data-oe-version=\\"1.2\\"><li>Montaje y Mantenimiento de equipos para nivel profesional y usuario</li><li>Instalación de sistemas operativos como Windows 10, 11 en equipos sobremesa y portátiles.</li></ul>", "es_ES": "<ul data-oe-version=\\"1.2\\"><li>Montaje y Mantenimiento de equipos para nivel profesional y usuario</li><li>Instalación de sistemas operativos como Windows 10, 11 en equipos sobremesa y portátiles.</li></ul>"}	2026-04-28 08:22:27.283081	2026-04-28 08:37:22.191284
24	7	1	22	6	classic	2018-06-01	2018-09-06	{"en_US": "Iriparo", "es_ES": "Iriparo"}	{"en_US": "<ul data-oe-version=\\"1.2\\"><li>Mantenimiento de dispositivos electrónicos.</li><li>Configuración de sistemas operativo de la red local.</li><li>Atención al cliente para soluciones de problemas informáticos.</li></ul>", "es_ES": "<ul data-oe-version=\\"1.2\\"><li>Mantenimiento de dispositivos electrónicos.</li><li>Configuración de sistemas operativo de la red local.</li><li>Atención al cliente para soluciones de problemas informáticos.</li></ul>"}	2026-04-28 08:17:26.55765	2026-05-05 11:18:32.121298
7	8	1	6	23	classic	2026-04-14	\N	{"en_US": "RELSUM HEREDEROS SL.", "es_ES": "RELSUM HEREDEROS SL."}	{"en_US": "", "es_ES": ""}	2026-04-14 08:43:39.925804	2026-05-04 11:59:57.791225
26	7	1	22	6	classic	2019-06-03	2019-09-06	{"en_US": "Uniplay", "es_ES": "Uniplay"}	{"en_US": "<ul data-oe-version=\\"1.2\\"><li>Mantenimiento, mejora y ajuste de dispositivos.</li><li>Configuración técnica del sistema operativo acordados entre la compañía y el cliente&nbsp;</li></ul>", "es_ES": "<ul data-oe-version=\\"1.2\\"><li>Mantenimiento, mejora y ajuste de dispositivos.</li><li>Configuración técnica del sistema operativo acordados entre la compañía y el cliente&nbsp;</li></ul>"}	2026-04-28 08:18:05.829526	2026-05-05 11:18:32.121298
8	9	1	6	11	classic	2026-04-14	\N	{"en_US": "RELSUM HEREDEROS SL.", "es_ES": "RELSUM HEREDEROS SL."}	{"en_US": "<p>Sistemas</p>", "es_ES": "<p>Sistemas</p>"}	2026-04-14 08:46:49.476519	2026-05-04 08:28:29.43152
6	7	1	2	22	classic	2026-04-14	\N	{"en_US": "RELSUM HEREDEROS SL.", "es_ES": "RELSUM HEREDEROS SL."}	{"en_US": "", "es_ES": ""}	2026-04-14 08:35:17.688443	2026-04-28 08:25:36.367363
37	10	1	8	8	classic	2025-09-09	2025-10-07	{"en_US": "Fundación Altius", "es_ES": "Fundación Altius"}	{"en_US": "<ul data-oe-version=\\"1.2\\"><li>Montaje y Mantenimiento de equipos de oficina y aulas.</li><li>Intervención de seguridad de redes locales para una auditoria de certificación de Seguridad Informática para la empresa.</li><li>Instalación de sistemas operativos como Windows 10, 11, Ubuntu Server, Kali Linux y virtualización.</li><li>Uso de base de datos de la comunidad de Madrid</li></ul>", "es_ES": "<ul data-oe-version=\\"1.2\\"><li>Montaje y Mantenimiento de equipos de oficina y aulas.</li><li>Intervención de seguridad de redes locales para una auditoria de certificación de Seguridad Informática para la empresa.</li><li>Instalación de sistemas operativos como Windows 10, 11, Ubuntu Server, Kali Linux y virtualización.</li><li>Uso de base de datos de la comunidad de Madrid</li></ul>"}	2026-04-28 08:27:18.135791	2026-04-28 08:37:22.191284
41	23	1	6	6	classic	2026-05-04	\N	{"en_US": "RELSUM HEREDEROS SL.", "es_ES": "RELSUM HEREDEROS SL."}	{"en_US": "", "es_ES": ""}	2026-05-04 08:39:33.148109	2026-05-04 08:39:33.148109
49	28	1	6	6	classic	2026-05-04	\N	{"en_US": "RELSUM HEREDEROS SL.", "es_ES": "RELSUM HEREDEROS SL."}	{"en_US": "", "es_ES": ""}	2026-05-04 10:22:32.755767	2026-05-04 10:22:32.755767
63	23	2	6	6	classic	2025-09-11	\N	{"en_US": "Sistemas Microinformáticos y Redes", "es_ES": "Sistemas Microinformáticos y Redes"}	{"en_US": "<div data-oe-version=\\"1.2\\"><strong>Grado Medio</strong></div><ul><li>Dominio avanzado de las herramientas del paquete Office.</li><li>Experiencia práctica en mantenimiento, diagnóstico y sustitución de componentes de hardware.</li><li>Capacidad para instalar y configurar sistemas operativos.</li><li>Conocimientos en redes de área local y fundamentos de programación.</li></ul>", "es_ES": "<div data-oe-version=\\"1.2\\"><strong>Grado Medio</strong></div><ul><li>Dominio avanzado de las herramientas del paquete Office.</li><li>Experiencia práctica en mantenimiento, diagnóstico y sustitución de componentes de hardware.</li><li>Capacidad para instalar y configurar sistemas operativos.</li><li>Conocimientos en redes de área local y fundamentos de programación.</li></ul>"}	2026-05-05 08:26:04.967632	2026-05-05 10:07:35.164876
64	23	4	6	6	classic	2025-01-28	2026-05-05	{"en_US": "Configuración de servidor VPS", "es_ES": "Configuración de servidor VPS"}	{"en_US": "<div data-oe-version=\\"1.2\\">Configuración un servidor VPS implica elegir un plan, acceder vía SSH, actualizar el sistema, crear un usuario no-root seguro, configurar claves SSH y establecer un firewall.</div>", "es_ES": "<div data-oe-version=\\"1.2\\">Configuración un servidor VPS implica elegir un plan, acceder vía SSH, actualizar el sistema, crear un usuario no-root seguro, configurar claves SSH y establecer un firewall.</div>"}	2026-05-05 08:36:48.284198	2026-05-05 08:36:48.284198
65	23	4	6	6	classic	2026-04-07	2026-05-05	{"en_US": "Gibhub volcado con ralwey para base de datos", "es_ES": "Gibhub volcado con ralwey para base de datos"}	\N	2026-05-05 08:38:13.407195	2026-05-05 08:38:13.407195
66	23	5	6	6	classic	2015-09-08	2017-06-27	{"en_US": "Fútbol sala", "es_ES": "Fútbol sala"}	\N	2026-05-05 08:48:12.510916	2026-05-05 08:48:12.510916
61	8	2	23	6	classic	2025-09-11	\N	{"en_US": "Sistemas Microinformáticos y Redes", "es_ES": "Sistemas Microinformáticos y Redes"}	{"en_US": "<div data-oe-version=\\"1.2\\"><strong>Grado Medio</strong></div><ul><li>Curso Python Essentials completado en&nbsp;Cisco</li><li>Curso Linux Unhatched completado en Cisco</li><li>Experiencia en programación html y css</li><li>Experiencia en programación con&nbsp;Python</li><li>Edición de vídeo básica (After Effects, DaVinci Resolve)</li><li>Experiencia en aplicaciones ofimáticas (Access, Excel, Word)</li></ul>", "es_ES": "<div data-oe-version=\\"1.2\\"><strong>Grado Medio</strong></div><ul><li>Curso Python Essentials completado en&nbsp;Cisco</li><li>Curso Linux Unhatched completado en Cisco</li><li>Experiencia en programación html y css</li><li>Experiencia en programación con&nbsp;Python</li><li>Edición de vídeo básica (After Effects, DaVinci Resolve)</li><li>Experiencia en aplicaciones ofimáticas (Access, Excel, Word)</li></ul>"}	2026-05-04 11:49:04.270567	2026-05-05 10:07:23.791033
68	12	4	6	6	classic	2025-10-26	\N	{"en_US": "Experto en sistemas operativos", "es_ES": "Experto en sistemas operativos"}	{"en_US": "<div data-oe-version=\\"1.2\\"><br></div>", "es_ES": "<div data-oe-version=\\"1.2\\"><br></div>"}	2026-05-05 08:56:40.93349	2026-05-05 08:56:40.93349
71	13	4	6	6	classic	2024-02-16	2025-08-21	{"en_US": "Reparación de equipos", "es_ES": "Reparación de equipos"}	{"en_US": "<div data-oe-version=\\"1.2\\">Reparación de equipos de sobremesa a compañeros y un negocio.</div>", "es_ES": "<div data-oe-version=\\"1.2\\">Reparación de equipos de sobremesa a compañeros y un negocio.</div>"}	2026-05-05 09:03:55.976086	2026-05-05 09:03:55.976086
72	13	4	6	6	classic	2026-04-15	\N	{"en_US": "OBS", "es_ES": "OBS"}	\N	2026-05-05 09:05:52.475837	2026-05-05 09:05:52.475837
73	13	5	6	6	classic	2022-06-09	2023-05-16	{"en_US": "Ecuavóley", "es_ES": "Ecuavóley"}	\N	2026-05-05 09:06:58.153461	2026-05-05 09:08:29.144146
75	11	5	6	6	classic	2017-07-15	\N	{"en_US": "Fútbol", "es_ES": "Fútbol"}	\N	2026-05-05 09:15:10.421226	2026-05-05 09:15:10.421226
76	11	4	6	6	classic	2025-12-13	\N	{"en_US": "Creación de máquinas virtual", "es_ES": "Creación de máquinas virtual"}	\N	2026-05-05 09:16:16.169974	2026-05-05 09:16:16.169974
77	12	5	6	6	classic	2021-06-26	2021-07-09	{"en_US": "Campamento inmersivo", "es_ES": "Campamento inmersivo"}	\N	2026-05-05 09:20:29.432393	2026-05-05 09:20:29.432393
79	4	4	6	6	classic	2026-02-10	\N	{"en_US": "Instalación de Linux", "es_ES": "Instalación de Linux"}	{"en_US": "<div data-oe-version=\\"1.2\\">Invierto el tiempo en la instalación de aplicaciones y personalización del escritorio.</div>", "es_ES": "<div data-oe-version=\\"1.2\\">Invierto el tiempo en la instalación de aplicaciones y personalización del escritorio.</div>"}	2026-05-05 09:26:56.546856	2026-05-05 09:26:56.546856
80	4	5	6	6	classic	2025-11-13	\N	{"en_US": "Profesor de niños", "es_ES": "Profesor de niños"}	{"en_US": "<div data-oe-version=\\"1.2\\"><br></div>", "es_ES": "<div data-oe-version=\\"1.2\\"><br></div>"}	2026-05-05 09:31:19.603375	2026-05-05 09:31:19.603375
78	4	2	6	6	classic	2025-09-11	\N	{"en_US": "Sistemas Microinformáticos y Redes Locales", "es_ES": "Sistemas Microinformáticos y Redes Locales"}	{"en_US": "<div data-oe-version=\\"1.2\\"><strong>Grado Medio</strong></div><ul><li>Nivel avanzado en el uso del paquete Office.</li><li>Destreza en el mantenimiento, reparación e intercambio de componentes informáticos.</li><li>Experiencia en la implantación y configuración de sistemas operativos.</li><li>Familiaridad con redes LAN y conceptos elementales de programación.</li></ul>", "es_ES": "<div data-oe-version=\\"1.2\\"><strong>Grado Medio</strong></div><ul><li>Nivel avanzado en el uso del paquete Office.</li><li>Destreza en el mantenimiento, reparación e intercambio de componentes informáticos.</li><li>Experiencia en la implantación y configuración de sistemas operativos.</li><li>Familiaridad con redes LAN y conceptos elementales de programación.</li></ul>"}	2026-05-05 09:21:48.940836	2026-05-05 10:08:06.286016
70	13	2	6	6	classic	2025-09-11	\N	{"en_US": "Sistemas Microinformáticos y Redes", "es_ES": "Sistemas Microinformáticos y Redes"}	{"en_US": "<div data-oe-version=\\"1.2\\"><strong>Grado Medio</strong></div><ul><li>Usuario avanzado del paquete Office.</li><li>Capacidad para mantener, reparar y reemplazar componentes de hardware en equipos informáticos.</li><li>Habilidad para desplegar y configurar sistemas operativos.</li><li>Conocimientos básicos de redes y fundamentos de programación.</li></ul>", "es_ES": "<div data-oe-version=\\"1.2\\"><strong>Grado Medio</strong></div><ul><li>Usuario avanzado del paquete Office.</li><li>Capacidad para mantener, reparar y reemplazar componentes de hardware en equipos informáticos.</li><li>Habilidad para desplegar y configurar sistemas operativos.</li><li>Conocimientos básicos de redes y fundamentos de programación.</li></ul>"}	2026-05-05 08:59:54.275284	2026-05-05 10:06:59.445704
74	11	2	6	6	classic	2025-09-11	\N	{"en_US": "Sistemas Microinformáticos y Redes", "es_ES": "Sistemas Microinformáticos y Redes"}	{"en_US": "<div data-oe-version=\\"1.2\\"><strong>Grado Medio</strong></div><ul><li>Amplio dominio de las aplicaciones incluidas en el paquete Office.</li><li>Sólida experiencia en labores de mantenimiento y reparación de equipos, así como en la sustitución de piezas y componentes.</li><li>Competencia en la instalación y puesta en marcha de sistemas operativos.</li><li>Base sólida en redes de área local y principios de programación.</li></ul>", "es_ES": "<div data-oe-version=\\"1.2\\"><strong>Grado Medio</strong></div><ul><li>Amplio dominio de las aplicaciones incluidas en el paquete Office.</li><li>Sólida experiencia en labores de mantenimiento y reparación de equipos, así como en la sustitución de piezas y componentes.</li><li>Competencia en la instalación y puesta en marcha de sistemas operativos.</li><li>Base sólida en redes de área local y principios de programación.</li></ul>"}	2026-05-05 09:09:33.185722	2026-05-05 10:07:45.215589
83	10	5	6	6	classic	2020-02-19	\N	{"en_US": "Banda músical", "es_ES": "Banda músical"}	\N	2026-05-05 09:37:14.814471	2026-05-05 09:37:14.814471
82	10	4	6	6	classic	2021-06-16	\N	{"en_US": "Mantenimiento de equipos y redes locales", "es_ES": "Mantenimiento de equipos y redes locales"}	\N	2026-05-05 09:35:08.433005	2026-05-05 09:37:14.814471
84	10	5	6	6	classic	2020-12-08	2025-07-06	{"en_US": "Equipo de producción", "es_ES": "Equipo de producción"}	\N	2026-05-05 09:38:00.43098	2026-05-05 09:38:00.43098
60	3	2	6	6	classic	2025-09-11	\N	{"en_US": "Sistemas Microinformáticos y Redes", "es_ES": "Sistemas Microinformáticos y Redes"}	{"en_US": "<div data-oe-version=\\"1.2\\"><strong>Grado Medio</strong></div><ul><li>Manejo avanzado de las aplicaciones del paquete Office.</li><li>Experiencia en mantenimiento, reparación y sustitución de componentes informáticos.</li><li>Instalación y configuración de sistemas operativos.</li><li>Conocimientos en redes de área local.</li><li>Conocimientos básicos de&nbsp;fundamentos de programación.</li></ul>", "es_ES": "<div data-oe-version=\\"1.2\\"><strong>Grado Medio</strong></div><ul><li>Manejo avanzado de las aplicaciones del paquete Office.</li><li>Experiencia en mantenimiento, reparación y sustitución de componentes informáticos.</li><li>Instalación y configuración de sistemas operativos.</li><li>Conocimientos en redes de área local.</li><li>Conocimientos básicos de&nbsp;fundamentos de programación.</li></ul>"}	2026-05-04 11:47:00.584065	2026-05-05 09:40:33.434634
81	19	2	6	6	classic	2025-09-11	\N	{"en_US": "Sistemas Microinformáticos y Redes", "es_ES": "Sistemas Microinformáticos y Redes"}	{"en_US": "<ul data-oe-version=\\"1.2\\"><li>Dominio a nivel avanzado de las herramientas ofimáticas del paquete Office.</li><li>Aptitud demostrada en tareas de mantenimiento, resolución de averías y reemplazo de componentes en equipos informáticos.</li><li>Capacitación en la instalación y ajuste de sistemas operativos.</li><li>Conocimiento de infraestructuras de red local y nociones fundamentales de desarrollo de software.</li></ul>", "es_ES": "<ul data-oe-version=\\"1.2\\"><li>Dominio a nivel avanzado de las herramientas ofimáticas del paquete Office.</li><li>Aptitud demostrada en tareas de mantenimiento, resolución de averías y reemplazo de componentes en equipos informáticos.</li><li>Capacitación en la instalación y ajuste de sistemas operativos.</li><li>Conocimiento de infraestructuras de red local y nociones fundamentales de desarrollo de software.</li></ul>"}	2026-05-05 09:33:06.796879	2026-05-05 09:40:55.608515
86	5	4	6	6	classic	2025-06-19	\N	{"en_US": "Reparación/mejoras de equipos", "es_ES": "Reparación/mejoras de equipos"}	{"en_US": "<div data-oe-version=\\"1.2\\">Busco mejoras para que el equipo funciones lo mejor posible y que dure lo máximo posible.</div>", "es_ES": "<div data-oe-version=\\"1.2\\">Busco mejoras para que el equipo funciones lo mejor posible y que dure lo máximo posible.</div>"}	2026-05-05 09:43:46.6457	2026-05-05 09:43:46.6457
87	5	5	6	6	classic	2025-11-12	2025-11-30	{"en_US": "Competencias digitales", "es_ES": "Competencias digitales"}	{"en_US": "<div data-oe-version=\\"1.2\\">Manejo básico de herramientas informáticas y plataformas digitales, capacidad para buscar y gestionar información en internet.</div>", "es_ES": "<div data-oe-version=\\"1.2\\">Manejo básico de herramientas informáticas y plataformas digitales, capacidad para buscar y gestionar información en internet.</div>"}	2026-05-05 09:58:35.131214	2026-05-05 09:58:35.131214
88	3	4	6	6	classic	2026-01-23	\N	{"en_US": "Creación de máquinas virtuales", "es_ES": "Creación de máquinas virtuales"}	{"en_US": "<div data-oe-version=\\"1.2\\">Voy probando sistemas operativos para ver cual funciona mejor.</div>", "es_ES": "<div data-oe-version=\\"1.2\\">Voy probando sistemas operativos para ver cual funciona mejor.</div>"}	2026-05-05 10:01:36.859147	2026-05-05 10:01:36.859147
89	3	5	6	6	classic	2024-08-29	\N	{"en_US": "Fútbol sala", "es_ES": "Fútbol sala"}	\N	2026-05-05 10:02:56.168681	2026-05-05 10:02:56.168681
67	12	2	6	6	classic	2025-09-11	\N	{"en_US": "Sistemas Microinformáticos y Redes", "es_ES": "Sistemas Microinformáticos y Redes"}	{"en_US": "<div data-oe-version=\\"1.2\\"><strong>Grado Medio</strong></div><ul><li>Manejo avanzado del paquete Office (Word, Excel, PowerPoint, etc.).</li><li>Experiencia en el mantenimiento preventivo y correctivo de equipos informáticos, incluyendo la reparación y sustitución de componentes.</li><li>Instalación y configuración de sistemas operativos en entornos de escritorio.</li><li>Nociones de redes de área local&nbsp;y bases de programación.</li></ul>", "es_ES": "<div data-oe-version=\\"1.2\\"><strong>Grado Medio</strong></div><ul><li>Manejo avanzado del paquete Office (Word, Excel, PowerPoint, etc.).</li><li>Experiencia en el mantenimiento preventivo y correctivo de equipos informáticos, incluyendo la reparación y sustitución de componentes.</li><li>Instalación y configuración de sistemas operativos en entornos de escritorio.</li><li>Nociones de redes de área local&nbsp;y bases de programación.</li></ul>"}	2026-05-05 08:51:43.13941	2026-05-05 10:08:17.899284
85	5	2	6	6	classic	2025-09-11	\N	{"en_US": "Sistemas Microinformáticos y Redes", "es_ES": "Sistemas Microinformáticos y Redes"}	{"en_US": "<div data-oe-version=\\"1.2\\"><strong>Grado Medio</strong></div><ul><li>Sé manejar bien los programas de Office en el día a día.</li><li>Tengo experiencia arreglando, manteniendo y cambiando piezas de ordenadores.</li><li>Sé instalar sistemas operativos sin problema.</li><li>Tengo conocimientos sobre cómo funcionan las redes locales.</li><li>Conozco los conceptos básicos de programación.</li></ul>", "es_ES": "<div data-oe-version=\\"1.2\\"><strong>Grado Medio</strong></div><ul><li>Sé manejar bien los programas de Office en el día a día.</li><li>Tengo experiencia arreglando, manteniendo y cambiando piezas de ordenadores.</li><li>Sé instalar sistemas operativos sin problema.</li><li>Tengo conocimientos sobre cómo funcionan las redes locales.</li><li>Conozco los conceptos básicos de programación.</li></ul>"}	2026-05-05 09:41:51.435264	2026-05-05 10:09:49.692264
91	17	4	6	6	classic	2025-11-29	\N	{"en_US": "Configura de equipos packet tracer", "es_ES": "Configura de equipos packet tracer"}	{"en_US": "<div data-oe-version=\\"1.2\\">Configuración de Switches y Router.</div>", "es_ES": "<div data-oe-version=\\"1.2\\">Configuración de Switches y Router.</div>"}	2026-05-05 10:14:55.782065	2026-05-05 10:14:55.782065
90	17	2	6	6	classic	2025-09-11	\N	{"en_US": "Sistemas Microinformáticos y Redes", "es_ES": "Sistemas Microinformáticos y Redes"}	{"en_US": "<div data-oe-version=\\"1.2\\"><strong>Grado Medio</strong></div><ul><li>Me desenvuelvo bien con los programas de Office.</li><li>Sé cómo mantener y reparar ordenadores, así como cambiar sus componentes.</li><li>Puedo instalar y configurar sistemas operativos.</li><li>Entiendo cómo funcionan las redes locales.</li><li>Tengo una base en programación.</li></ul>", "es_ES": "<div data-oe-version=\\"1.2\\"><strong>Grado Medio</strong></div><ul><li>Me desenvuelvo bien con los programas de Office.</li><li>Sé cómo mantener y reparar ordenadores, así como cambiar sus componentes.</li><li>Puedo instalar y configurar sistemas operativos.</li><li>Entiendo cómo funcionan las redes locales.</li><li>Tengo una base en programación.</li></ul>"}	2026-05-05 10:10:58.220149	2026-05-05 10:14:55.782065
92	17	5	6	6	classic	2018-09-13	2019-07-18	{"en_US": "Fútbol", "es_ES": "Fútbol"}	\N	2026-05-05 10:16:10.963977	2026-05-05 10:16:10.963977
94	9	4	6	6	classic	2022-06-22	\N	{"en_US": "Edición de audio y videos", "es_ES": "Edición de audio y videos"}	\N	2026-05-05 10:22:37.45919	2026-05-05 10:22:37.45919
93	9	2	6	2	classic	2025-09-11	\N	{"en_US": "Sistemas Microinformáticos y Redes", "es_ES": "Sistemas Microinformáticos y Redes"}	{"en_US": "<div data-oe-version=\\"1.2\\"><strong>Grado Medio&nbsp;</strong></div><ul><li>Curso Python Essentials completado en&nbsp;Cisco</li><li>Curso Linux Unhatched completado en Cisco</li><li>Experto en administración de sistemas y servidores</li><li>Edición de vídeo básica&nbsp;(Adobe Premiere)</li><li>Experiencia en aplicaciones ofimáticas (Access, Excel, Word)</li><li>Experto en entornos de inteligencia artificial</li></ul>", "es_ES": "<div data-oe-version=\\"1.2\\"><strong>Grado Medio&nbsp;</strong></div><ul><li>Curso Python Essentials completado en&nbsp;Cisco</li><li>Curso Linux Unhatched completado en Cisco</li><li>Experto en administración de sistemas y servidores</li><li>Edición de vídeo básica&nbsp;(Adobe Premiere)</li><li>Experiencia en aplicaciones ofimáticas (Access, Excel, Word)</li><li>Experto en entornos de inteligencia artificial</li></ul>"}	2026-05-05 10:20:20.847776	2026-05-05 10:28:59.992843
95	14	2	6	6	classic	2025-09-11	\N	{"en_US": "Sistemas Microinformáticos y Redes", "es_ES": "Sistemas Microinformáticos y Redes"}	{"en_US": "<div data-oe-version=\\"1.2\\"><strong>Grado Medio</strong></div><ul><li>Manejo bien las herramientas de Office.</li><li>Sé mantener, reparar y cambiar componentes de ordenadores.</li><li>Instalo y configuro sistemas operativos sin problema.</li><li>Tengo buenos conocimientos de redes locales.</li><li>Tengo una base sólida en programación.</li></ul>", "es_ES": "<div data-oe-version=\\"1.2\\"><strong>Grado Medio</strong></div><ul><li>Manejo bien las herramientas de Office.</li><li>Sé mantener, reparar y cambiar componentes de ordenadores.</li><li>Instalo y configuro sistemas operativos sin problema.</li><li>Tengo buenos conocimientos de redes locales.</li><li>Tengo una base sólida en programación.</li></ul>"}	2026-05-05 10:27:25.270497	2026-05-05 10:31:59.172086
97	14	4	6	6	classic	2023-04-20	\N	{"en_US": "Reparación de equipos", "es_ES": "Reparación de equipos"}	\N	2026-05-05 10:31:59.172086	2026-05-05 10:31:59.172086
98	14	5	6	6	classic	2012-07-21	2020-06-25	{"en_US": "Fútbol", "es_ES": "Fútbol"}	\N	2026-05-05 10:33:44.371373	2026-05-05 10:33:44.371373
99	16	2	6	6	classic	2025-09-11	\N	{"en_US": "Sistemas Microinformáticos y Redes", "es_ES": "Sistemas Microinformáticos y Redes"}	{"en_US": "<div data-oe-version=\\"1.2\\"><strong>Grado Medio</strong></div><ul><li>Me defiendo muy bien con Office.</li><li>Sé cómo cuidar y reparar ordenadores, incluido el cambio de piezas.</li><li>No tengo problema instalando sistemas operativos.</li><li>Conozco bien el funcionamiento de las redes locales.</li><li>Tengo una buena base de programación.</li></ul>", "es_ES": "<div data-oe-version=\\"1.2\\"><strong>Grado Medio</strong></div><ul><li>Me defiendo muy bien con Office.</li><li>Sé cómo cuidar y reparar ordenadores, incluido el cambio de piezas.</li><li>No tengo problema instalando sistemas operativos.</li><li>Conozco bien el funcionamiento de las redes locales.</li><li>Tengo una buena base de programación.</li></ul>"}	2026-05-05 10:34:53.698309	2026-05-05 10:34:53.698309
100	16	4	6	6	classic	2024-05-15	\N	{"en_US": "Reparación de equipos", "es_ES": "Reparación de equipos"}	\N	2026-05-05 10:37:26.247396	2026-05-05 10:37:26.247396
101	16	5	6	6	classic	2014-06-19	\N	{"en_US": "Balonmano", "es_ES": "Balonmano"}	\N	2026-05-05 10:38:10.029382	2026-05-05 10:38:10.029382
103	6	4	6	6	classic	2023-09-20	\N	{"en_US": "Placas arduino", "es_ES": "Placas arduino"}	{"en_US": "<div data-oe-version=\\"1.2\\">Creo circuitos y soldar componentes.</div>", "es_ES": "<div data-oe-version=\\"1.2\\">Creo circuitos y soldar componentes.</div>"}	2026-05-05 10:43:03.575844	2026-05-05 10:43:03.575844
104	6	5	6	6	classic	2020-09-15	\N	{"en_US": "Pádel", "es_ES": "Pádel"}	\N	2026-05-05 10:43:42.227281	2026-05-05 10:43:42.227281
102	6	2	6	6	classic	2025-09-11	\N	{"en_US": "Sistemas Microinformáticos y Redes", "es_ES": "Sistemas Microinformáticos y Redes"}	{"en_US": "<div data-oe-version=\\"1.2\\"><strong>Grado Medio</strong></div><ul><li>Domino el paquete Office a nivel profesional.</li><li>Tengo experiencia en el mantenimiento y reparación de equipos, así como en el cambio de componentes.</li><li>Instalo sistemas operativos con facilidad.</li><li>Conozco el mundo de las redes locales.</li><li>Me he formado en los fundamentos de la programación.</li></ul>", "es_ES": "<div data-oe-version=\\"1.2\\"><strong>Grado Medio</strong></div><ul><li>Domino el paquete Office a nivel profesional.</li><li>Tengo experiencia en el mantenimiento y reparación de equipos, así como en el cambio de componentes.</li><li>Instalo sistemas operativos con facilidad.</li><li>Conozco el mundo de las redes locales.</li><li>Me he formado en los fundamentos de la programación.</li></ul>"}	2026-05-05 10:39:11.933169	2026-05-05 10:43:42.227281
105	28	2	6	6	classic	2025-09-11	\N	{"en_US": "Sistemas Microinformáticos y Redes", "es_ES": "Sistemas Microinformáticos y Redes"}	{"en_US": "<div data-oe-version=\\"1.2\\"><strong>Grado Medio</strong></div><ul><li>Me manejo bien con Office en el día a día.</li><li>He arreglado ordenadores y cambiado piezas cuando ha hecho falta.</li><li>Sé instalar sistemas operativos.</li><li>Tengo conocimientos de redes locales.</li><li>Sé cómo funciona la programación a nivel básico.</li></ul>", "es_ES": "<div data-oe-version=\\"1.2\\"><strong>Grado Medio</strong></div><ul><li>Me manejo bien con Office en el día a día.</li><li>He arreglado ordenadores y cambiado piezas cuando ha hecho falta.</li><li>Sé instalar sistemas operativos.</li><li>Tengo conocimientos de redes locales.</li><li>Sé cómo funciona la programación a nivel básico.</li></ul>"}	2026-05-05 10:45:12.32178	2026-05-05 10:45:12.32178
106	28	4	6	6	classic	2026-01-14	\N	{"en_US": "Configuración en packet tracer", "es_ES": "Configuración en packet tracer"}	{"en_US": "<div data-oe-version=\\"1.2\\">Hago redes de prueba que están mal y voy solucionando los problemas.</div>", "es_ES": "<div data-oe-version=\\"1.2\\">Hago redes de prueba que están mal y voy solucionando los problemas.</div>"}	2026-05-05 10:49:18.05806	2026-05-05 10:49:18.05806
107	28	5	6	6	classic	2025-01-15	\N	{"en_US": "Pádel", "es_ES": "Pádel"}	\N	2026-05-05 10:50:03.926856	2026-05-05 10:50:03.926856
108	15	2	6	6	classic	2025-09-11	\N	{"en_US": "Sistemas Microinformáticos y Redes", "es_ES": "Sistemas Microinformáticos y Redes"}	{"en_US": "<div data-oe-version=\\"1.2\\"><strong>Grado Medio</strong></div><ul><li>Uso Office con soltura en el trabajo.</li><li>He mantenido y reparado ordenadores, cambiando lo que haga falta.</li><li>Instalo sistemas operativos sin ningún problema.</li><li>Me defiendo con las redes locales.</li><li>Tengo nociones de programación.</li></ul>", "es_ES": "<div data-oe-version=\\"1.2\\"><strong>Grado Medio</strong></div><ul><li>Uso Office con soltura en el trabajo.</li><li>He mantenido y reparado ordenadores, cambiando lo que haga falta.</li><li>Instalo sistemas operativos sin ningún problema.</li><li>Me defiendo con las redes locales.</li><li>Tengo nociones de programación.</li></ul>"}	2026-05-05 10:52:11.822427	2026-05-05 10:52:11.822427
109	15	4	6	6	classic	2026-01-14	\N	{"en_US": "Reparación de equipos", "es_ES": "Reparación de equipos"}	\N	2026-05-05 10:52:56.248829	2026-05-05 10:52:56.248829
110	15	5	6	6	classic	2019-06-13	\N	{"en_US": "Fútbol sala", "es_ES": "Fútbol sala"}	\N	2026-05-05 10:53:41.520437	2026-05-05 10:53:41.520437
111	8	4	6	6	classic	2024-12-12	\N	{"en_US": "Edición de vídeos", "es_ES": "Edición de vídeos"}	{"en_US": "<div data-oe-version=\\"1.2\\">Edito en After Effects, Alight Motion y DaVinci Resolve.</div>", "es_ES": "<div data-oe-version=\\"1.2\\">Edito en After Effects, Alight Motion y DaVinci Resolve.</div>"}	2026-05-05 10:55:39.467149	2026-05-05 10:55:39.467149
112	19	4	6	6	classic	2022-06-24	\N	{"en_US": "Edición de vídeos y imagen", "es_ES": "Edición de vídeos y imagen"}	\N	2026-05-05 11:00:31.491951	2026-05-05 11:00:31.491951
113	19	4	6	6	classic	2022-02-18	\N	{"en_US": "Diseño de videojuegos", "es_ES": "Diseño de videojuegos"}	{"en_US": "<div data-oe-version=\\"1.2\\">Tengo experiencia en el diseño de niveles de Doom y creación de sprites.</div>", "es_ES": "<div data-oe-version=\\"1.2\\">Tengo experiencia en el diseño de niveles de Doom y creación de sprites.</div>"}	2026-05-05 11:01:49.508081	2026-05-05 11:01:49.508081
114	7	2	6	6	classic	2025-09-11	\N	{"en_US": "Sistemas Microinformáticos y Redes", "es_ES": "Sistemas Microinformáticos y Redes"}	{"en_US": "<div data-oe-version=\\"1.2\\"><strong>Grado Medio&nbsp;</strong></div><ul><li>Manejo Office a nivel avanzado.</li><li>Tengo experiencia manteniendo, reparando y cambiando piezas de ordenadores.</li><li>Instalo y configuro sistemas operativos en diferentes equipos.</li><li>Conozco cómo funcionan las redes locales.</li><li>Entiendo los fundamentos de la programación.</li></ul>", "es_ES": "<div data-oe-version=\\"1.2\\"><strong>Grado Medio&nbsp;</strong></div><ul><li>Manejo Office a nivel avanzado.</li><li>Tengo experiencia manteniendo, reparando y cambiando piezas de ordenadores.</li><li>Instalo y configuro sistemas operativos en diferentes equipos.</li><li>Conozco cómo funcionan las redes locales.</li><li>Entiendo los fundamentos de la programación.</li></ul>"}	2026-05-05 11:06:19.927174	2026-05-05 11:06:19.927174
21	7	2	22	6	classic	2017-09-13	2019-06-21	{"en_US": "Informática y Telecomunicaciones", "es_ES": "Informática y Telecomunicaciones"}	{"en_US": "<div data-oe-version=\\"1.2\\"><strong>Curso&nbsp;</strong></div><ul><li><strong>Montaje y mantenimiento de equipos</strong></li><li><strong>Instalación y mantenimiento de redes de comunicación</strong><br></li><li><strong>&nbsp;Manejo y uso de los principales programas informáticos</strong></li><li><strong> Soporte técnico a usuarios y resolución de problemas informáticos</strong></li><li><strong>Configuración y gestión de redes locales e internet</strong><br></li></ul>", "es_ES": "<div data-oe-version=\\"1.2\\"><strong>Curso&nbsp;</strong></div><ul><li><strong>Montaje y mantenimiento de equipos</strong></li><li><strong>Instalación y mantenimiento de redes de comunicación</strong><br></li><li><strong>&nbsp;Manejo y uso de los principales programas informáticos</strong></li><li><strong> Soporte técnico a usuarios y resolución de problemas informáticos</strong></li><li><strong>Configuración y gestión de redes locales e internet</strong><br></li></ul>"}	2026-04-28 08:13:38.06698	2026-05-05 11:11:41.114978
115	7	4	6	6	classic	2019-05-15	\N	{"en_US": "Creación de máquinas virtuales", "es_ES": "Creación de máquinas virtuales"}	\N	2026-05-05 11:18:32.121298	2026-05-05 11:18:32.121298
\.


--
-- Data for Name: hr_resume_line_type; Type: TABLE DATA; Schema: public; Owner: odoo
--

COPY public.hr_resume_line_type (id, sequence, create_uid, write_uid, name, create_date, write_date) FROM stdin;
1	1	1	1	{"en_US": "Experience", "es_ES": "Experiencia"}	2026-04-08 08:51:03.454743	2026-04-08 08:51:03.454743
2	2	1	1	{"en_US": "Education", "es_ES": "Educación"}	2026-04-08 08:51:03.454743	2026-04-08 08:51:03.454743
3	3	1	1	{"en_US": "Social Media", "es_ES": "Redes sociales"}	2026-04-08 08:51:03.454743	2026-04-08 08:51:03.454743
4	10	6	6	{"en_US": "Hobby", "es_ES": "Hobby"}	2026-05-05 08:33:11.432297	2026-05-05 08:33:11.432297
5	10	6	6	{"en_US": "Habilidades", "es_ES": "Habilidades"}	2026-05-05 08:48:00.306091	2026-05-05 08:48:00.306091
\.


--
-- Data for Name: hr_skill; Type: TABLE DATA; Schema: public; Owner: odoo
--

COPY public.hr_skill (id, sequence, skill_type_id, create_uid, write_uid, name, create_date, write_date) FROM stdin;
1	10	1	1	1	{"en_US": "French", "es_ES": "Francés"}	2026-04-08 08:51:03.454743	2026-04-08 08:51:03.454743
2	10	1	1	1	{"en_US": "Spanish", "es_ES": "Español"}	2026-04-08 08:51:03.454743	2026-04-08 08:51:03.454743
3	10	1	1	1	{"en_US": "English", "es_ES": "Inglés"}	2026-04-08 08:51:03.454743	2026-04-08 08:51:03.454743
4	10	1	1	1	{"en_US": "German", "es_ES": "Alemán"}	2026-04-08 08:51:03.454743	2026-04-08 08:51:03.454743
5	10	1	1	1	{"en_US": "Filipino", "es_ES": "Filipino"}	2026-04-08 08:51:03.454743	2026-04-08 08:51:03.454743
6	10	1	1	1	{"en_US": "Arabic", "es_ES": "Árabe"}	2026-04-08 08:51:03.454743	2026-04-08 08:51:03.454743
7	10	1	1	1	{"en_US": "Bengali", "es_ES": "Bengalí"}	2026-04-08 08:51:03.454743	2026-04-08 08:51:03.454743
8	10	1	1	1	{"en_US": "Mandarin Chinese", "es_ES": "Mandarín"}	2026-04-08 08:51:03.454743	2026-04-08 08:51:03.454743
9	10	1	1	1	{"en_US": "Wu Chinese", "es_ES": "Chino wu"}	2026-04-08 08:51:03.454743	2026-04-08 08:51:03.454743
10	10	1	1	1	{"en_US": "Hindi", "es_ES": "Hindi"}	2026-04-08 08:51:03.454743	2026-04-08 08:51:03.454743
11	10	1	1	1	{"en_US": "Russian", "es_ES": "Ruso"}	2026-04-08 08:51:03.454743	2026-04-08 08:51:03.454743
12	10	1	1	1	{"en_US": "Portuguese", "es_ES": "Portugués"}	2026-04-08 08:51:03.454743	2026-04-08 08:51:03.454743
13	10	1	1	1	{"en_US": "Indonesian", "es_ES": "Indonesio"}	2026-04-08 08:51:03.454743	2026-04-08 08:51:03.454743
14	10	1	1	1	{"en_US": "Urdu", "es_ES": "Urdu"}	2026-04-08 08:51:03.454743	2026-04-08 08:51:03.454743
15	10	1	1	1	{"en_US": "Japanese", "es_ES": "Japonés"}	2026-04-08 08:51:03.454743	2026-04-08 08:51:03.454743
16	10	1	1	1	{"en_US": "Punjabi", "es_ES": "Panyabí"}	2026-04-08 08:51:03.454743	2026-04-08 08:51:03.454743
17	10	1	1	1	{"en_US": "Javanese", "es_ES": "Javanés"}	2026-04-08 08:51:03.454743	2026-04-08 08:51:03.454743
18	10	1	1	1	{"en_US": "Telugu", "es_ES": "Télugu"}	2026-04-08 08:51:03.454743	2026-04-08 08:51:03.454743
19	10	1	1	1	{"en_US": "Turkish", "es_ES": "Turco"}	2026-04-08 08:51:03.454743	2026-04-08 08:51:03.454743
20	10	1	1	1	{"en_US": "Korean", "es_ES": "Coreano"}	2026-04-08 08:51:03.454743	2026-04-08 08:51:03.454743
21	10	1	1	1	{"en_US": "Marathi", "es_ES": "Maratí"}	2026-04-08 08:51:03.454743	2026-04-08 08:51:03.454743
22	10	2	1	1	{"en_US": "Communication", "es_ES": "Comunicación"}	2026-04-08 08:51:03.454743	2026-04-08 08:51:03.454743
23	10	2	1	1	{"en_US": "Teamwork", "es_ES": "Trabajo en equipo"}	2026-04-08 08:51:03.454743	2026-04-08 08:51:03.454743
24	10	2	1	1	{"en_US": "Problem-Solving", "es_ES": "Solución de problemas"}	2026-04-08 08:51:03.454743	2026-04-08 08:51:03.454743
25	10	2	1	1	{"en_US": "Time Management", "es_ES": "Gestión del tiempo"}	2026-04-08 08:51:03.454743	2026-04-08 08:51:03.454743
26	10	2	1	1	{"en_US": "Critical Thinking", "es_ES": "Pensamiento crítico"}	2026-04-08 08:51:03.454743	2026-04-08 08:51:03.454743
27	10	2	1	1	{"en_US": "Decision-Making", "es_ES": "Toma de decisiones"}	2026-04-08 08:51:03.454743	2026-04-08 08:51:03.454743
28	10	2	1	1	{"en_US": "Organizational", "es_ES": "Organizacional"}	2026-04-08 08:51:03.454743	2026-04-08 08:51:03.454743
29	10	2	1	1	{"en_US": "Stress management", "es_ES": "Control del estrés"}	2026-04-08 08:51:03.454743	2026-04-08 08:51:03.454743
30	10	2	1	1	{"en_US": "Adaptability", "es_ES": "Adaptabilidad"}	2026-04-08 08:51:03.454743	2026-04-08 08:51:03.454743
31	10	2	1	1	{"en_US": "Conflict Management", "es_ES": "Solución de conflictos"}	2026-04-08 08:51:03.454743	2026-04-08 08:51:03.454743
32	10	2	1	1	{"en_US": "Leadership", "es_ES": "Liderazgo"}	2026-04-08 08:51:03.454743	2026-04-08 08:51:03.454743
33	10	2	1	1	{"en_US": "Creativity", "es_ES": "Creatividad"}	2026-04-08 08:51:03.454743	2026-04-08 08:51:03.454743
34	10	2	1	1	{"en_US": "Resourcefulness", "es_ES": "Ingeniosidad"}	2026-04-08 08:51:03.454743	2026-04-08 08:51:03.454743
35	10	2	1	1	{"en_US": "Persuasion", "es_ES": "Poder de convicción"}	2026-04-08 08:51:03.454743	2026-04-08 08:51:03.454743
36	10	2	1	1	{"en_US": "Openness to criticism", "es_ES": "Apertura a las críticas constructivas"}	2026-04-08 08:51:03.454743	2026-04-08 08:51:03.454743
\.


--
-- Data for Name: hr_skill_level; Type: TABLE DATA; Schema: public; Owner: odoo
--

COPY public.hr_skill_level (id, skill_type_id, level_progress, create_uid, write_uid, name, default_level, create_date, write_date) FROM stdin;
7	2	15	1	1	Beginner	t	2026-04-08 08:51:03.454743	2026-04-08 08:51:03.454743
8	2	25	1	1	Elementary	\N	2026-04-08 08:51:03.454743	2026-04-08 08:51:03.454743
9	2	50	1	1	Intermediate	\N	2026-04-08 08:51:03.454743	2026-04-08 08:51:03.454743
10	2	80	1	1	Advanced	\N	2026-04-08 08:51:03.454743	2026-04-08 08:51:03.454743
11	2	100	1	1	Expert	\N	2026-04-08 08:51:03.454743	2026-04-08 08:51:03.454743
1	1	10	1	6	A1	f	2026-04-08 08:51:03.454743	2026-05-04 11:19:06.370346
2	1	40	1	6	A2	f	2026-04-08 08:51:03.454743	2026-05-04 11:19:06.370346
3	1	60	1	6	B1	f	2026-04-08 08:51:03.454743	2026-05-04 11:19:06.370346
4	1	75	1	6	B2	f	2026-04-08 08:51:03.454743	2026-05-04 11:19:06.370346
5	1	85	1	6	C1	f	2026-04-08 08:51:03.454743	2026-05-04 11:19:06.370346
6	1	100	1	6	C2	t	2026-04-08 08:51:03.454743	2026-05-04 11:19:06.370346
\.


--
-- Data for Name: hr_skill_type; Type: TABLE DATA; Schema: public; Owner: odoo
--

COPY public.hr_skill_type (id, color, create_uid, write_uid, name, active, create_date, write_date) FROM stdin;
1	7	1	1	{"en_US": "Languages", "es_ES": "Idiomas"}	t	2026-04-08 08:51:03.454743	2026-04-08 08:51:03.454743
2	6	1	1	{"en_US": "Soft Skills", "es_ES": "Habilidades blandas"}	t	2026-04-08 08:51:03.454743	2026-04-08 08:51:03.454743
\.


--
-- Data for Name: hr_work_location; Type: TABLE DATA; Schema: public; Owner: odoo
--

COPY public.hr_work_location (id, company_id, address_id, create_uid, write_uid, name, location_type, location_number, active, create_date, write_date) FROM stdin;
1	1	1	1	1	Home	home	\N	t	2026-04-08 08:50:55.821924	2026-04-08 08:50:55.821924
2	1	1	1	1	Office	office	\N	t	2026-04-08 08:50:55.821924	2026-04-08 08:50:55.821924
3	1	1	1	1	Other	other	\N	t	2026-04-08 08:50:55.821924	2026-04-08 08:50:55.821924
\.


--
-- Data for Name: iap_account; Type: TABLE DATA; Schema: public; Owner: odoo
--

COPY public.iap_account (id, service_id, create_uid, write_uid, name, account_token, balance, state, service_locked, create_date, write_date, warning_threshold, sender_name) FROM stdin;
1	3	1	1	SMS	88de9d11f69a4dc18cb8ca9e812a1ec5	\N	\N	f	2026-04-08 08:36:04.253208	2026-04-08 08:36:04.253208	\N	\N
2	2	2	2	Partner Autocomplete	a24f4d948579428183cc9c762b1b47c9	\N	\N	f	2026-04-08 08:43:42.408309	2026-04-08 08:43:42.408309	\N	\N
3	1	1	1	Lead Generation	f9d48b1520ba4796851c317bb2bb2d71	\N	\N	f	2026-04-08 09:06:58.02122	2026-04-08 09:06:58.02122	\N	\N
\.


--
-- Data for Name: iap_account_res_company_rel; Type: TABLE DATA; Schema: public; Owner: odoo
--

COPY public.iap_account_res_company_rel (iap_account_id, res_company_id) FROM stdin;
\.


--
-- Data for Name: iap_account_res_users_rel; Type: TABLE DATA; Schema: public; Owner: odoo
--

COPY public.iap_account_res_users_rel (iap_account_id, res_users_id) FROM stdin;
\.


--
-- Data for Name: iap_service; Type: TABLE DATA; Schema: public; Owner: odoo
--

COPY public.iap_service (id, create_uid, write_uid, name, technical_name, description, unit_name, integer_balance, create_date, write_date) FROM stdin;
1	1	1	Lead Generation	reveal	{"en_US": "Get quality leads and opportunities: convert your website visitors into leads, generate leads based on a set of criteria and enrich the company data of your opportunities.", "es_ES": "Obtenga leads y oportunidades de calidad: convierta a los visitantes de su sitio web en leads, genere leads basándose en un conjunto de criterios y enriquezca los datos de la compañía de sus oportunidades."}	{"en_US": "Credits", "es_ES": "Créditos"}	t	2026-04-08 08:31:49.227671	2026-04-08 08:31:49.227671
2	1	1	Partner Autocomplete	partner_autocomplete	{"en_US": "Automatically enrich your contact base with corporate data.", "es_ES": "Mejore automáticamente su base de contactos con datos empresariales."}	{"en_US": "Enrichments", "es_ES": "Enriquecimientos"}	t	2026-04-08 08:34:38.76367	2026-04-08 08:34:38.76367
3	1	1	SMS	sms	{"en_US": "Send SMS to your contacts directly from your database.", "es_ES": "Envíe mensajes SMS a sus contactos directo desde su base de datos."}	{"en_US": "Credits", "es_ES": "Créditos"}	f	2026-04-08 08:34:39.76217	2026-04-08 08:34:39.76217
4	1	1	Snail Mail	snailmail	{"en_US": "Send your customer invoices and follow-up reports by post, worldwide.", "es_ES": "Envíe sus facturas e informes de seguimiento por correo postal a todo el mundo."}	{"en_US": "Stamps", "es_ES": "Sellos"}	t	2026-04-08 08:34:41.996744	2026-04-08 08:34:41.996744
\.


--
-- Data for Name: ir_act_client; Type: TABLE DATA; Schema: public; Owner: odoo
--

COPY public.ir_act_client (id, binding_model_id, create_uid, write_uid, type, path, binding_type, binding_view_types, name, help, create_date, write_date, tag, target, res_model, context, params_store) FROM stdin;
2	\N	1	1	ir.actions.client	\N	action	list,form	{"en_US": "Open Settings Menu", "es_ES": "Abrir el menú de ajustes"}	\N	2026-04-08 08:31:35.16841	2026-04-08 08:31:35.16841	reload	current	\N	{}	\\x7b276d656e755f6964273a20317d
127	\N	1	1	ir.actions.client	discuss	action	list,form	{"en_US": "Discuss", "es_ES": "Conversaciones"}	\N	2026-04-08 08:34:27.650619	2026-04-08 08:34:27.650619	mail.action_discuss	current	\N	{}	\\x7b202764656661756c745f6163746976655f6964273a20276d61696c2e626f785f696e626f7827207d
143	\N	1	1	ir.actions.client	\N	action	list,form	{"en_US": "Notifications", "es_ES": "Notificaciones"}	\N	2026-04-08 08:34:27.650619	2026-04-08 08:34:27.650619	mail.discuss_notification_settings_action	new	\N	{"dialog_size": "medium", "footer": false}	\N
144	\N	1	1	ir.actions.client	\N	action	list,form	{"en_US": "Voice & Video Settings", "es_ES": "Ajustes de voz y vídeo"}	\N	2026-04-08 08:34:27.650619	2026-04-08 08:34:27.650619	mail.discuss_call_settings_action	new	\N	{'dialog_size': 'medium', 'footer': false}	\N
312	\N	1	1	ir.actions.client	dashboards	action	list,form	{"en_US": "Dashboards", "es_ES": "Tableros"}	\N	2026-04-08 08:34:52.241103	2026-04-08 08:34:52.241103	action_spreadsheet_dashboard	current	\N	{}	\N
532	\N	1	1	ir.actions.client	\N	action	list,form	{"en_US": "Traceability Report", "es_ES": "Informe de trazabilidad"}	\N	2026-04-08 08:46:08.412603	2026-04-08 08:46:08.412603	stock_report_generic	current	\N	{'url': '/stock/output_format/stock?active_id=:active_id&active_model=:active_model', 'model': 'stock.traceability.report'}	\N
534	\N	1	1	ir.actions.client	\N	action	list,form	{"en_US": "Reception Report", "es_ES": "Informe de recepción"}	\N	2026-04-08 08:46:08.412603	2026-04-08 08:46:08.412603	reception_report	current	report.stock.report_reception	{}	\N
624	\N	1	1	ir.actions.client	\N	action	list,form	{"en_US": "Forecasted Report", "es_ES": "Informe pronosticado"}	\N	2026-04-08 08:46:08.412603	2026-04-08 08:46:08.412603	stock_forecasted	current	product.product	{}	\N
625	\N	1	1	ir.actions.client	\N	action	list,form	{"en_US": "Forecasted Report", "es_ES": "Informe pronosticado"}	\N	2026-04-08 08:46:08.412603	2026-04-08 08:46:08.412603	stock_forecasted	current	product.template	{}	\N
697	\N	1	1	ir.actions.client	\N	action	list,form	{"en_US": "BoM Overview", "es_ES": "Resumen de la LdM"}	\N	2026-04-08 09:11:55.219689	2026-04-08 09:11:55.219689	mrp_bom_report	current	\N	{'model': 'report.mrp.report_bom_structure'}	\N
701	\N	1	1	ir.actions.client	\N	action	list,form	{"en_US": "MO Overview", "es_ES": "Resumen de la orden de fabricación"}	\N	2026-04-08 09:11:55.219689	2026-04-08 09:11:55.219689	mrp_mo_overview	current	\N	{'model': 'report.mrp.report_mo_overview'}	\N
702	\N	1	1	ir.actions.client	\N	action	list,form	{"en_US": "Mrp Display", "es_ES": "Pantalla de fabricación"}	\N	2026-04-08 09:11:55.219689	2026-04-08 09:11:55.219689	mrp_display	current	mrp.production	{}	\N
703	\N	1	1	ir.actions.client	\N	action	list,form	{"en_US": "Manufacturing", "es_ES": "Fabricación"}	\N	2026-04-08 09:11:55.219689	2026-04-08 09:11:55.219689	mrp_display	fullscreen	\N	{}	\N
729	\N	1	1	ir.actions.client	\N	action	list,form	{"en_US": "MRP Reception Report", "es_ES": "Informe de recepción de MRP"}	\N	2026-04-08 09:11:55.219689	2026-04-08 09:11:55.219689	reception_report	current	report.stock.report_reception	{}	\N
\.


--
-- Data for Name: ir_act_report_xml; Type: TABLE DATA; Schema: public; Owner: odoo
--

COPY public.ir_act_report_xml (id, binding_model_id, create_uid, write_uid, type, path, binding_type, binding_view_types, name, help, create_date, write_date, paperformat_id, model, report_type, report_name, report_file, attachment, domain, print_report_name, multi, attachment_use, is_invoice_report) FROM stdin;
190	\N	1	1	ir.actions.report	\N	report	list,form	{"en_US": "Product Label 2x7 (PDF)", "es_ES": "Etiqueta de producto 2x7 (PDF)"}	\N	2026-04-08 08:34:36.29858	2026-04-08 08:34:36.29858	4	product.template	qweb-pdf	product.report_producttemplatelabel2x7	product.report_producttemplatelabel2x7	\N	\N	{"en_US": "'Products Labels - %s' % (object.name)", "es_ES": "'Etiquetas de Productos - %s' % (object.name)"}	\N	\N	\N
191	\N	1	1	ir.actions.report	\N	report	list,form	{"en_US": "Product Label 4x7 (PDF)", "es_ES": "Etiqueta de producto 4x7 (PDF)"}	\N	2026-04-08 08:34:36.29858	2026-04-08 08:34:36.29858	4	product.template	qweb-pdf	product.report_producttemplatelabel4x7	product.report_producttemplatelabel4x7	\N	\N	{"en_US": "'Products Labels - %s' % (object.name)", "es_ES": "'Etiquetas de Productos - %s' % (object.name)"}	\N	\N	\N
192	\N	1	1	ir.actions.report	\N	report	list,form	{"en_US": "Product Label 4x12 (PDF)", "es_ES": "Etiqueta de producto 4x12 (PDF)"}	\N	2026-04-08 08:34:36.29858	2026-04-08 08:34:36.29858	4	product.template	qweb-pdf	product.report_producttemplatelabel4x12	product.report_producttemplatelabel4x12	\N	\N	{"en_US": "'Products Labels - %s' % (object.name)", "es_ES": "'Etiquetas de Productos - %s' % (object.name)"}	\N	\N	\N
193	\N	1	1	ir.actions.report	\N	report	list,form	{"en_US": "Product Label 4x12 No Price (PDF)", "es_ES": "Etiqueta de producto 4x12 Sin precio (PDF)"}	\N	2026-04-08 08:34:36.29858	2026-04-08 08:34:36.29858	4	product.template	qweb-pdf	product.report_producttemplatelabel4x12noprice	product.report_producttemplatelabel4x12noprice	\N	\N	{"en_US": "'Products Labels - %s' % (object.name)", "es_ES": "'Etiquetas de Productos - %s' % (object.name)"}	\N	\N	\N
195	\N	1	1	ir.actions.report	\N	report	list,form	{"en_US": "Pricelist", "es_ES": "Lista de precios"}	\N	2026-04-08 08:34:36.29858	2026-04-08 08:34:36.29858	\N	product.product	qweb-pdf	product.report_pricelist	product.report_pricelist	\N	\N	\N	\N	\N	\N
37	3	1	1	ir.actions.report	\N	report	list,form	{"en_US": "Model Overview", "es_ES": "Información general del modelo"}	\N	2026-04-08 08:31:35.16841	2026-04-08 08:31:35.16841	\N	ir.model	qweb-pdf	base.report_irmodeloverview	base.report_irmodeloverview	\N	\N	\N	\N	\N	\N
42	68	1	1	ir.actions.report	\N	report	list,form	{"en_US": "Technical guide", "es_ES": "Guía técnica"}	\N	2026-04-08 08:31:35.16841	2026-04-08 08:31:35.16841	\N	ir.module.module	qweb-pdf	base.report_irmodulereference	base.report_irmodulereference	\N	\N	\N	\N	\N	\N
78	96	1	1	ir.actions.report	\N	report	list,form	{"en_US": "Preview Internal Report", "es_ES": "Vista previa del informe interno"}	\N	2026-04-08 08:31:43.707203	2026-04-08 08:31:43.707203	\N	res.company	qweb-pdf	web.preview_internalreport	web.preview_internalreport	\N	\N	\N	\N	\N	\N
79	96	1	1	ir.actions.report	\N	report	list,form	{"en_US": "Preview External Report", "es_ES": "Vista previa del informe externo"}	\N	2026-04-08 08:31:43.707203	2026-04-08 08:31:43.707203	\N	res.company	qweb-pdf	web.preview_externalreport	web.preview_externalreport	\N	\N	\N	\N	\N	\N
80	96	1	1	ir.actions.report	\N	report	list,form	{"en_US": "Report Layout Preview", "es_ES": "Vista previa del diseño del informe"}	\N	2026-04-08 08:31:43.707203	2026-04-08 08:31:43.707203	\N	res.company	qweb-pdf	web.preview_layout_report	web.preview_layout_report	\N	\N	\N	\N	\N	\N
194	403	1	1	ir.actions.report	\N	report	list,form	{"en_US": "Product Packaging (PDF)", "es_ES": "Embalaje del producto (PDF)"}	\N	2026-04-08 08:34:36.29858	2026-04-08 08:34:36.29858	\N	product.packaging	qweb-pdf	product.report_packagingbarcode	product.report_packagingbarcode	\N	\N	{"en_US": "'Products packaging - %s' % (object.name)", "es_ES": "'Embalajes de productos - %s' % (object.name)"}	\N	\N	\N
196	\N	1	1	ir.actions.report	\N	report	list,form	{"en_US": "Product Label (PDF)", "es_ES": "Etiqueta de producto (PDF)"}	\N	2026-04-08 08:34:36.29858	2026-04-08 08:34:36.29858	5	product.template	qweb-pdf	product.report_producttemplatelabel_dymo	product.report_producttemplatelabel_dymo	\N	\N	{"en_US": "'Products Labels - %s' % (object.name)", "es_ES": "'Etiquetas de Productos - %s' % (object.name)"}	\N	\N	\N
324	532	1	1	ir.actions.report	\N	report	list,form	{"en_US": "PRO-FORMA Invoice", "es_ES": "Factura PROFORMA"}	\N	2026-04-08 08:35:00.749484	2026-04-08 08:35:00.749484	\N	sale.order	qweb-pdf	sale.report_saleorder_pro_forma	sale.report_saleorder_pro_forma	\N	\N	{"en_US": "'PRO-FORMA - %s' % (object.name)", "es_ES": "'PROFORMA - %s' % (object.name)"}	\N	\N	\N
233	\N	1	1	ir.actions.report	\N	report	list,form	{"en_US": "Invoice PDF", "es_ES": "PDF de la factura"}	\N	2026-04-08 08:34:46.340378	2026-04-08 08:34:46.340378	\N	account.move	qweb-pdf	account.report_invoice_with_payments	account.report_invoice_with_payments		\N	{"en_US": "(object._get_report_base_filename())", "es_ES": "(object._get_report_base_filename())"}	\N	\N	t
234	456	1	1	ir.actions.report	\N	report	list,form	{"en_US": "Original Bills", "es_ES": "Facturas originales"}	\N	2026-04-08 08:34:46.340378	2026-04-08 08:34:46.340378	\N	account.move	qweb-pdf	account.report_original_vendor_bill	account.report_original_vendor_bill	'original_vendor_bill.pdf'	[('move_type', 'in', ('in_invoice', 'in_refund', 'in_receipt')), ('message_main_attachment_id', '!=', False)]	\N	\N	t	\N
235	456	1	1	ir.actions.report	\N	report	list,form	{"en_US": "PDF without Payment", "es_ES": "PDF sin pago"}	\N	2026-04-08 08:34:46.340378	2026-04-08 08:34:46.340378	\N	account.move	qweb-pdf	account.report_invoice	account.report_invoice		[('move_type', '!=', 'entry')]	{"en_US": "(object._get_report_base_filename())", "es_ES": "(object._get_report_base_filename())"}	\N	\N	\N
236	482	1	1	ir.actions.report	\N	report	list,form	{"en_US": "Payment Receipt", "es_ES": "Recibo de pago"}	\N	2026-04-08 08:34:46.340378	2026-04-08 08:34:46.340378	\N	account.payment	qweb-pdf	account.report_payment_receipt	account.report_payment_receipt	\N	\N	\N	\N	\N	\N
237	\N	1	1	ir.actions.report	\N	report	list,form	{"en_US": "Statement", "es_ES": "Extracto"}	\N	2026-04-08 08:34:46.340378	2026-04-08 08:34:46.340378	6	account.bank.statement	qweb-pdf	account.report_statement	account.report_statement	\N	\N	\N	\N	\N	\N
238	\N	1	1	ir.actions.report	\N	report	list,form	{"en_US": "Hash integrity result PDF", "es_ES": "Resultado de integridad de hash PDF"}	\N	2026-04-08 08:34:46.340378	2026-04-08 08:34:46.340378	\N	res.company	qweb-pdf	account.report_hash_integrity	account.report_hash_integrity	\N	\N	\N	\N	\N	\N
316	\N	1	1	ir.actions.report	\N	report	list,form	{"en_US": "Invoice report generated by Odoo", "es_ES": "Informe de factura generado por Odoo"}	\N	2026-04-08 08:34:53.414141	2026-04-08 08:34:53.414141	\N	account.move	qweb-pdf	account_edi_ubl_cii.account_invoices_generated_by_odoo	account_edi_ubl_cii.account_invoices_generated_by_odoo	\N	\N	\N	\N	\N	\N
323	532	1	1	ir.actions.report	\N	report	list,form	{"en_US": "PDF Quote", "es_ES": "Presupuesto en PDF"}	\N	2026-04-08 08:35:00.749484	2026-04-08 08:35:06.530911	\N	sale.order	qweb-pdf	sale.report_saleorder	sale.report_saleorder	\N	\N	{"en_US": "(object.state in ('draft', 'sent') and 'Quotation - %s' % (object.name)) or 'Order - %s' % (object.name)", "es_ES": "(object.state in ('draft', 'sent') and 'Presupuesto - %s' % (object.name)) or 'Pedido - %s' % (object.name)"}	\N	\N	\N
360	532	1	1	ir.actions.report	\N	report	list,form	{"en_US": "Quotation / Order", "es_ES": "Presupuesto / Pedido"}	\N	2026-04-08 08:35:06.530911	2026-04-08 08:35:06.530911	\N	sale.order	qweb-pdf	sale.report_saleorder_raw	sale.report_saleorder_raw	\N	\N	{"en_US": "(object.state in ('draft', 'sent') and 'Quotation - %s' % (object.name)) or 'Order - %s' % (object.name)", "es_ES": "(object.state in ('draft', 'sent') and 'Presupuesto - %s' % (object.name)) or 'Pedido - %s' % (object.name)"}	\N	\N	\N
533	\N	1	1	ir.actions.report	\N	report	list,form	{"en_US": "Reception Report", "es_ES": "Informe de recepción"}	\N	2026-04-08 08:46:08.412603	2026-04-08 08:46:08.412603	\N	stock.picking	qweb-pdf	stock.report_reception	\N	\N	\N	\N	\N	\N	\N
535	672	1	1	ir.actions.report	\N	report	list,form	{"en_US": "Picking Operations", "es_ES": "Operaciones de picking"}	\N	2026-04-08 08:46:08.412603	2026-04-08 08:46:08.412603	\N	stock.picking	qweb-pdf	stock.report_picking	stock.report_picking_operations	\N	\N	{"en_US": "'Picking Operations - %s - %s' % (object.partner_id.name or '', object.name)", "es_ES": "'Operaciones de picking - %s - %s' % (object.partner_id.name or '', object.name)"}	\N	\N	\N
536	672	1	1	ir.actions.report	\N	report	list,form	{"en_US": "Delivery Slip", "es_ES": "Albarán de entrega"}	\N	2026-04-08 08:46:08.412603	2026-04-08 08:46:08.412603	\N	stock.picking	qweb-pdf	stock.report_deliveryslip	stock.report_deliveryslip	\N	\N	{"en_US": "'Delivery Slip - %s - %s' % (object.partner_id.name or '', object.name)", "es_ES": "'Albarán de entrega - %s - %s' % (object.partner_id.name or '', object.name)"}	\N	\N	\N
537	672	1	1	ir.actions.report	\N	report	list,form	{"en_US": "Packages", "es_ES": "Paquetes"}	\N	2026-04-08 08:46:08.412603	2026-04-08 08:46:08.412603	\N	stock.picking	qweb-pdf	stock.report_picking_packages	stock.report_picking_packages	\N	\N	{"en_US": "'Packages - %s' % (object.name)", "es_ES": "'Paquetes - %s' % (object.name)"}	\N	\N	\N
538	673	1	1	ir.actions.report	\N	report	list,form	{"en_US": "Count Sheet", "es_ES": "Hoja de recuento"}	\N	2026-04-08 08:46:08.412603	2026-04-08 08:46:08.412603	\N	stock.quant	qweb-pdf	stock.report_inventory	stock.report_inventory	\N	\N	{"en_US": "'Count Sheet'", "es_ES": "'Hoja de recuento'"}	\N	\N	\N
539	674	1	1	ir.actions.report	\N	report	list,form	{"en_US": "Package Barcode with Contents", "es_ES": "Código de barras del paquete con contenido"}	\N	2026-04-08 08:46:08.412603	2026-04-08 08:46:08.412603	\N	stock.quant.package	qweb-pdf	stock.report_package_barcode	stock.report_package_barcode	\N	\N	\N	\N	\N	\N
540	674	1	1	ir.actions.report	\N	report	list,form	{"en_US": "Package Barcode (PDF)", "es_ES": "Código de barras del paquete (PDF)"}	\N	2026-04-08 08:46:08.412603	2026-04-08 08:46:08.412603	\N	stock.quant.package	qweb-pdf	stock.report_package_barcode_small	stock.report_package_barcode	\N	\N	\N	\N	\N	\N
541	663	1	1	ir.actions.report	\N	report	list,form	{"en_US": "Location Barcode", "es_ES": "Código de barras de ubicación"}	\N	2026-04-08 08:46:08.412603	2026-04-08 08:46:08.412603	4	stock.location	qweb-pdf	stock.report_location_barcode	stock.report_location_barcode	\N	\N	{"en_US": "'Location - %s' % object.name", "es_ES": "'Ubicación- %s' % object.name"}	\N	\N	\N
542	670	1	1	ir.actions.report	\N	report	list,form	{"en_US": "Lot/Serial Number (PDF)", "es_ES": "Numero de serie/lote (PDF)"}	\N	2026-04-08 08:46:08.412603	2026-04-08 08:46:08.412603	4	stock.lot	qweb-pdf	stock.report_lot_label	stock.report_lot_label	\N	\N	{"en_US": "'Lot-Serial - %s' % object.name", "es_ES": "'Lote-Serie - %s' % object.name"}	\N	\N	\N
543	671	1	1	ir.actions.report	\N	report	list,form	{"en_US": "Operation type (PDF)", "es_ES": "Tipo de operación (PDF)"}	\N	2026-04-08 08:46:08.412603	2026-04-08 08:46:08.412603	4	stock.picking.type	qweb-pdf	stock.report_picking_type_label	stock.report_picking_type_label	\N	\N	{"en_US": "'Operation-type - %s' % object.name", "es_ES": "'Tipo de operación - %s' % object.name"}	\N	\N	\N
544	\N	1	1	ir.actions.report	\N	report	list,form	{"en_US": "Product Routes Report", "es_ES": "Informe de rutas del producto"}	\N	2026-04-08 08:46:08.412603	2026-04-08 08:46:08.412603	\N	product.template	qweb-html	stock.report_stock_rule	stock.report_stock_rule	\N	\N	\N	\N	\N	\N
545	\N	1	1	ir.actions.report	\N	report	list,form	{"en_US": "Product Label (ZPL)", "es_ES": "Etiqueta del producto (ZPL)"}	\N	2026-04-08 08:46:08.412603	2026-04-08 08:46:08.412603	\N	product.product	qweb-text	stock.label_product_product_view	stock.label_product_product_view	\N	\N	\N	\N	\N	\N
546	670	1	1	ir.actions.report	\N	report	list,form	{"en_US": "Lot/Serial Number (ZPL)", "es_ES": "Número de serie/lote (ZPL)"}	\N	2026-04-08 08:46:08.412603	2026-04-08 08:46:08.412603	\N	stock.lot	qweb-text	stock.label_lot_template_view	stock.label_lot_template_view	\N	\N	\N	\N	\N	\N
547	674	1	1	ir.actions.report	\N	report	list,form	{"en_US": "Package Barcode (ZPL)", "es_ES": "Código de barras del paquete (ZPL)"}	\N	2026-04-08 08:46:08.412603	2026-04-08 08:46:08.412603	\N	stock.quant.package	qweb-text	stock.label_package_template_view	stock.label_package_template_view	\N	\N	\N	\N	\N	\N
548	403	1	1	ir.actions.report	\N	report	list,form	{"en_US": "Product Packaging (ZPL)", "es_ES": "Embalaje del producto (ZPL)"}	\N	2026-04-08 08:46:08.412603	2026-04-08 08:46:08.412603	\N	product.packaging	qweb-text	stock.label_product_packaging_view	stock.label_product_packaging_view	\N	\N	\N	\N	\N	\N
549	671	1	1	ir.actions.report	\N	report	list,form	{"en_US": "Operation type (ZPL)", "es_ES": "Tipo de operación (ZPL)"}	\N	2026-04-08 08:46:08.412603	2026-04-08 08:46:08.412603	\N	stock.picking.type	qweb-text	stock.label_picking_type_view	stock.label_picking_type_view	\N	\N	\N	\N	\N	\N
550	\N	1	1	ir.actions.report	\N	report	list,form	{"en_US": "Reception Report Label", "es_ES": "Etiqueta de informe de recepción"}	\N	2026-04-08 08:46:08.412603	2026-04-08 08:46:08.412603	5	stock.move	qweb-pdf	stock.report_reception_report_label	stock.report_reception_report_label	\N	\N	\N	\N	\N	\N
552	672	1	1	ir.actions.report	\N	report	list,form	{"en_US": "Return slip", "es_ES": "Recibo de devolución"}	\N	2026-04-08 08:46:08.412603	2026-04-08 08:46:08.412603	\N	stock.picking	qweb-pdf	stock.report_return_slip	return_slip	\N	\N	\N	\N	\N	\N
724	746	1	1	ir.actions.report	\N	report	list,form	{"en_US": "BoM Overview", "es_ES": "Resumen de la LdM"}	\N	2026-04-08 09:11:55.219689	2026-04-08 09:11:55.219689	\N	mrp.bom	qweb-pdf	mrp.report_bom_structure	mrp.report_bom_structure	\N	\N	{"en_US": "'Bom Overview - %s' % object.display_name", "es_ES": "'Resumen de la LdM - %s' % object.display_name"}	\N	\N	\N
638	720	1	1	ir.actions.report	\N	report	list,form	{"en_US": "Print Badge", "es_ES": "Imprimir credencial"}	\N	2026-04-08 08:50:55.821924	2026-04-08 08:50:55.821924	10	hr.employee	qweb-pdf	hr.print_employee_badge	hr.print_employee_badge	\N	\N	{"en_US": "'Badge - %s' % (object.name).replace('/', '')", "es_ES": "'Credencial - %s' % (object.name).replace('/', '')"}	\N	\N	\N
727	756	1	1	ir.actions.report	\N	report	list,form	{"en_US": "Finished Product Label (PDF)", "es_ES": "Etiqueta de producto terminado (PDF)"}	\N	2026-04-08 09:11:55.219689	2026-04-08 09:11:55.219689	4	mrp.production	qweb-pdf	mrp.label_production_view_pdf	mrp.label_production_view_pdf	\N	\N	{"en_US": "'Finished products - %s' % object.name", "es_ES": "'Productos terminados - %s' % object.name"}	\N	\N	\N
658	\N	1	1	ir.actions.report	\N	report	list,form	{"en_US": "Employee Resume", "es_ES": "Currículum del empleado"}	\N	2026-04-08 08:51:03.454743	2026-04-08 08:51:03.454743	11	hr.employee	qweb-pdf	hr_skills.report_employee_cv	hr_skills.report_employee_cv	\N	\N	{"en_US": "'CV - %s' % (object.name)", "es_ES": "'Curriculum Vitae - %s' % (object.name)"}	\N	\N	\N
726	756	1	1	ir.actions.report	\N	report	list,form	{"en_US": "Finished Product Label (ZPL)", "es_ES": "Etiqueta de producto terminado (ZPL)"}	\N	2026-04-08 09:11:55.219689	2026-04-08 09:11:55.219689	\N	mrp.production	qweb-text	mrp.label_production_view	mrp.label_production_view	\N	\N	\N	\N	\N	\N
669	743	1	1	ir.actions.report	\N	report	list,form	{"en_US": "Repair Order", "es_ES": "Orden de reparación"}	\N	2026-04-08 09:05:50.079825	2026-04-08 09:05:50.079825	\N	repair.order	qweb-pdf	repair.report_repairorder2	repair.report_repairorder	\N	\N	{"en_US": "('Repair Order - %s' % (object.name))", "es_ES": "('Orden de reparación - %s' % (object.name))"}	\N	\N	\N
725	\N	1	1	ir.actions.report	\N	report	list,form	{"en_US": "MO Overview", "es_ES": "Resumen de la orden de fabricación"}	\N	2026-04-08 09:11:55.219689	2026-04-08 09:11:55.219689	\N	mrp.production	qweb-pdf	mrp.report_mo_overview	mrp.report_mo_overview	\N	\N	{"en_US": "'MO Overview - %s' % object.display_name", "es_ES": "'Resumen de orden de fabricación - %s' % object.display_name"}	\N	\N	\N
723	756	1	1	ir.actions.report	\N	report	list,form	{"en_US": "Production Order", "es_ES": "Orden de producción"}	\N	2026-04-08 09:11:55.219689	2026-04-08 09:11:55.219689	\N	mrp.production	qweb-pdf	mrp.report_mrporder	mrp.report.mrp_production_templates	\N	\N	{"en_US": "'Production Order - %s' % object.name", "es_ES": "'Orden de Producción - %s' % object.name"}	\N	\N	\N
728	758	1	1	ir.actions.report	\N	report	list,form	{"en_US": "Work Order", "es_ES": "Orden de trabajo"}	\N	2026-04-08 09:11:55.219689	2026-04-08 09:11:55.219689	\N	mrp.workorder	qweb-pdf	mrp.report_mrp_workorder	mrp.report.mrp_workorder	\N	\N	{"en_US": "'Work Order - %s' % object.name", "es_ES": "'Orden de trabajo - %s' % object.name"}	t	\N	\N
732	379	1	1	ir.actions.report	\N	report	list,form	{"en_US": "WIP report", "es_ES": "Informe WIP"}	\N	2026-04-08 09:11:59.999536	2026-04-08 09:11:59.999536	\N	account.analytic.line	qweb-pdf	mrp_account.report_wip	report_wip	\N	\N	\N	\N	\N	\N
736	775	1	1	ir.actions.report	\N	report	list,form	{"en_US": "Purchase Order", "es_ES": "Pedido de compra"}	\N	2026-04-14 08:54:03.289914	2026-04-14 08:54:03.289914	\N	purchase.order	qweb-pdf	purchase.report_purchaseorder	purchase.report_purchaseorder	\N	\N	{"en_US": "\\n                (object.state in ('draft', 'sent') and 'Request for Quotation - %s' % (object.name) or\\n                'Purchase Order - %s' % (object.name))", "es_ES": "\\n                (object.state in ('draft', 'sent') and 'Solicitud de presupuesto - %s' % (object.name) or\\n                'Pedido de compra - %s' % (object.name))"}	\N	\N	\N
737	775	1	1	ir.actions.report	\N	report	list,form	{"en_US": "Request for Quotation", "es_ES": "Solicitud de presupuesto"}	\N	2026-04-14 08:54:03.289914	2026-04-14 08:54:03.289914	\N	purchase.order	qweb-pdf	purchase.report_purchasequotation	purchase.report_purchasequotation	\N	\N	{"en_US": "'Request for Quotation - %s' % (object.name)", "es_ES": "'Solicitud de presupuesto - %s' % (object.name)"}	\N	\N	\N
\.


--
-- Data for Name: ir_act_server; Type: TABLE DATA; Schema: public; Owner: odoo
--

COPY public.ir_act_server (id, binding_model_id, create_uid, write_uid, type, path, binding_type, binding_view_types, name, help, create_date, write_date, sequence, model_id, crud_model_id, link_field_id, update_field_id, update_related_model_id, selection_value, usage, state, model_name, update_path, update_m2m_operation, update_boolean_value, evaluation_type, resource_ref, webhook_url, code, value, template_id, activity_type_id, activity_date_deadline_range, activity_user_id, mail_post_method, activity_summary, activity_date_deadline_range_type, activity_user_type, activity_user_field_name, activity_note, mail_post_autofollow, sms_template_id, sms_method) FROM stdin;
359	\N	1	1	ir.actions.server	\N	action	list,form	{"en_US": "Sale Pdf Quote Builder: assign form fields to documents post upgrade", "es_ES": "Creador de presupuestos en PDF de ventas: asignar campos de formulario a documentos después de la actualización"}	\N	2026-04-08 08:35:06.530911	2026-04-08 08:35:06.530911	5	552	\N	\N	\N	\N	\N	ir_cron	code	sale.pdf.form.field	\N	add	true	value	\N	\N	model._cron_post_upgrade_assign_missing_form_fields()	\N	\N	\N	0	\N	\N	\N	\N	\N	\N	\N	f	\N	\N
215	431	1	1	ir.actions.server	\N	action	list	{"en_US": "Resend", "es_ES": "Reenviar"}	\N	2026-04-08 08:34:39.76217	2026-04-08 08:34:39.76217	5	431	\N	\N	\N	\N	\N	ir_actions_server	code	sms.sms	\N	add	true	value	\N	\N	action = records.resend_failed()	\N	\N	\N	0	\N	\N	\N	\N	\N	\N	\N	f	\N	\N
207	\N	1	1	ir.actions.server	\N	action	list,form	{"en_US": "SMS: SMS Queue Manager", "es_ES": "SMS: administrador de la cola de SMS"}	\N	2026-04-08 08:34:39.76217	2026-04-08 08:34:39.76217	5	431	\N	\N	\N	\N	\N	ir_cron	code	sms.sms	\N	add	true	value	\N	\N	model._process_queue()	\N	\N	\N	0	\N	\N	\N	\N	\N	\N	\N	f	\N	\N
655	720	1	1	ir.actions.server	\N	report	list,form	{"en_US": "Print Resume", "es_ES": "Imprimir currículum"}	\N	2026-04-08 08:51:03.454743	2026-04-08 08:51:03.454743	5	720	\N	\N	\N	\N	\N	ir_actions_server	code	hr.employee	\N	add	true	value	\N	\N	\naction = env['ir.actions.act_window']._for_xml_id('hr_skills.action_hr_employee_cv_wizard')\n        	\N	\N	\N	0	\N	\N	\N	\N	\N	\N	\N	f	\N	\N
232	456	1	1	ir.actions.server	\N	action	form	{"en_US": "Share", "es_ES": "Compartir"}	\N	2026-04-08 08:34:46.340378	2026-04-08 08:34:46.340378	5	456	\N	\N	\N	\N	\N	ir_actions_server	code	account.move	\N	add	true	value	\N	\N	action = records.action_share()	\N	\N	\N	0	\N	\N	\N	\N	\N	\N	\N	f	\N	\N
373	\N	1	1	ir.actions.server	\N	action	list,form	{"en_US": "Gamification: Goal Challenge Check", "es_ES": "Ludificación: comprobación de metas del desafío"}	\N	2026-04-08 08:35:10.407079	2026-04-08 08:35:10.407079	5	555	\N	\N	\N	\N	\N	ir_cron	code	gamification.challenge	\N	add	true	value	\N	\N	model._cron_update()	\N	\N	\N	0	\N	\N	\N	\N	\N	\N	\N	f	\N	\N
374	\N	1	1	ir.actions.server	\N	action	list,form	{"en_US": "Gamification: Karma tracking consolidation", "es_ES": "Ludificación: consolidación del seguimiento de karma"}	\N	2026-04-08 08:35:10.407079	2026-04-08 08:35:10.407079	5	560	\N	\N	\N	\N	\N	ir_cron	code	gamification.karma.tracking	\N	add	true	value	\N	\N	model._consolidate_cron()	\N	\N	\N	0	\N	\N	\N	\N	\N	\N	\N	f	\N	\N
141	\N	1	1	ir.actions.server	\N	action	list,form	{"en_US": "Discuss: channel member unmute", "es_ES": "Conversaciones: activar el sonido de un miembro del canal"}	\N	2026-04-08 08:34:27.650619	2026-04-08 08:34:39.76217	5	220	\N	\N	\N	\N	\N	ir_cron	code	discuss.channel.member	\N	add	true	value	\N	\N	model._cleanup_expired_mutes()	\N	\N	\N	0	\N	\N	\N	\N	\N	\N	\N	f	\N	\N
217	\N	1	1	ir.actions.server	\N	action	list,form	{"en_US": "Snailmail: process letters queue", "es_ES": "Correo postal: procesar cartas en la cola"}	\N	2026-04-08 08:34:41.996744	2026-04-08 08:34:41.996744	5	442	\N	\N	\N	\N	\N	ir_cron	code	snailmail.letter	\N	add	true	value	\N	\N	model._snailmail_cron()	\N	\N	\N	0	\N	\N	\N	\N	\N	\N	\N	f	\N	\N
654	723	1	1	ir.actions.server	\N	action	form	{"en_US": "Skill History Report", "es_ES": "Informe de historial de habilidades"}	\N	2026-04-08 08:51:03.454743	2026-04-08 08:51:03.454743	5	723	\N	\N	\N	\N	\N	ir_actions_server	code	hr.department	\N	add	true	value	\N	\N	\naction = env['ir.actions.act_window']._for_xml_id('hr_skills.action_hr_employee_skill_log_department')\naction['domain'] = [('department_id', '=', record.id)]\n        	\N	\N	\N	0	\N	\N	\N	\N	\N	\N	\N	f	\N	\N
668	\N	1	1	ir.actions.server	\N	action	list,form	{"en_US": "stock.repair.type.overview", "es_ES": "stock.repair.type.overview"}	\N	2026-04-08 09:05:50.079825	2026-04-08 09:05:50.079825	5	671	\N	\N	\N	\N	\N	ir_actions_server	code	stock.picking.type	\N	add	true	value	\N	\N	\n                action = model.action_repair_overview()\n            	\N	\N	\N	0	\N	\N	\N	\N	\N	\N	\N	f	\N	\N
142	\N	1	1	ir.actions.server	\N	action	list,form	{"en_US": "Discuss: users settings unmute", "es_ES": "Conversaciones: ajustes de usuario - desactivar silencio"}	\N	2026-04-08 08:34:27.650619	2026-04-08 08:34:39.76217	5	107	\N	\N	\N	\N	\N	ir_cron	code	res.users.settings	\N	add	true	value	\N	\N	model._cleanup_expired_mutes()	\N	\N	\N	0	\N	\N	\N	\N	\N	\N	\N	f	\N	\N
35	\N	1	1	ir.actions.server	\N	action	list,form	{"en_US": "Base: Auto-vacuum internal data", "es_ES": "Base: limpieza automática de datos internos"}	\N	2026-04-08 08:31:35.16841	2026-04-08 08:34:39.76217	5	40	\N	\N	\N	\N	\N	ir_cron	code	ir.autovacuum	\N	add	true	value	\N	\N	model._run_vacuum_cleaner()	\N	\N	\N	0	\N	\N	\N	\N	\N	\N	\N	f	\N	\N
221	\N	1	1	ir.actions.server	\N	action	list,form	{"en_US": "Digest Emails", "es_ES": "Correos electrónicos del resumen"}	\N	2026-04-08 08:34:42.757453	2026-04-08 08:34:42.757453	5	445	\N	\N	\N	\N	\N	ir_cron	code	digest.digest	\N	add	true	value	\N	\N	model._cron_send_digest_email()	\N	\N	\N	0	\N	\N	\N	\N	\N	\N	\N	f	\N	\N
224	\N	1	1	ir.actions.server	\N	action	list,form	{"en_US": "Activate Stripe", "es_ES": "Activar Stripe"}	\N	2026-04-08 08:34:43.107373	2026-04-08 08:34:43.107373	5	448	\N	\N	\N	\N	\N	ir_actions_server	code	payment.provider	\N	add	true	value	\N	\N	\naction = env.company._run_payment_onboarding_step()\n        	\N	\N	\N	0	\N	\N	\N	\N	\N	\N	\N	f	\N	\N
225	\N	1	1	ir.actions.server	\N	action	list,form	{"en_US": "Payment: Post-process transactions", "es_ES": "Pago: transacciones posprocesadas"}	\N	2026-04-08 08:34:43.107373	2026-04-08 08:34:43.107373	5	450	\N	\N	\N	\N	\N	ir_cron	code	payment.transaction	\N	add	true	value	\N	\N	model._cron_post_process()	\N	\N	\N	0	\N	\N	\N	\N	\N	\N	\N	f	\N	\N
646	\N	1	1	ir.actions.server	\N	action	list,form	{"en_US": "HR Employee: check work permit validity", "es_ES": "Empleado de RR. HH.: comprobar la validez del permiso de trabajo"}	\N	2026-04-08 08:50:55.821924	2026-04-08 08:50:55.821924	5	720	\N	\N	\N	\N	\N	ir_cron	code	hr.employee	\N	add	true	value	\N	\N	model._cron_check_work_permit_validity()	\N	\N	\N	0	\N	\N	\N	\N	\N	\N	\N	f	\N	\N
450	605	1	1	ir.actions.server	\N	action	form	{"en_US": "Convert to Task/Sub-Task", "es_ES": "Convertir en tareas/subtareas "}	\N	2026-04-08 08:35:22.624638	2026-04-08 08:35:22.624638	5	605	\N	\N	\N	\N	\N	ir_actions_server	code	project.task	\N	add	true	value	\N	\N	\n                action = record.action_convert_to_subtask()\n            	\N	\N	\N	0	\N	\N	\N	\N	\N	\N	\N	f	\N	\N
431	602	1	1	ir.actions.server	\N	action	form,list	{"en_US": "Delete", "es_ES": "Eliminar"}	\N	2026-04-08 08:35:22.624638	2026-04-08 08:35:22.624638	5	602	\N	\N	\N	\N	\N	ir_actions_server	code	project.project.stage	\N	add	true	value	\N	\N	action = records.unlink_wizard(stage_view=True)	\N	\N	\N	0	\N	\N	\N	\N	\N	\N	\N	f	\N	\N
435	609	1	1	ir.actions.server	\N	action	form,list	{"en_US": "Delete", "es_ES": "Eliminar"}	\N	2026-04-08 08:35:22.624638	2026-04-08 08:35:22.624638	5	609	\N	\N	\N	\N	\N	ir_actions_server	code	project.task.type	\N	add	true	value	\N	\N	action = records.unlink_wizard(stage_view=True)	\N	\N	\N	0	\N	\N	\N	\N	\N	\N	\N	f	\N	\N
464	\N	1	1	ir.actions.server	\N	action	list,form	{"en_US": "Project: Send rating", "es_ES": "Proyecto: Enviar calificación"}	\N	2026-04-08 08:35:22.624638	2026-04-08 08:35:22.624638	5	608	\N	\N	\N	\N	\N	ir_cron	code	project.project	\N	add	true	value	\N	\N	model._send_rating_all()	\N	\N	\N	0	\N	\N	\N	\N	\N	\N	\N	f	\N	\N
449	\N	1	1	ir.actions.server	\N	action	list,form	{"en_US": "menu view My Tasks", "es_ES": "vista del menú Mis tareas"}	\N	2026-04-08 08:35:22.624638	2026-04-08 08:35:22.624638	5	605	\N	\N	\N	\N	\N	ir_actions_server	code	project.task	\N	add	true	value	\N	\N	\n                model._ensure_personal_stages(); action = env["ir.actions.actions"]._for_xml_id("project.action_view_my_task")\n            	\N	\N	\N	0	\N	\N	\N	\N	\N	\N	\N	f	\N	\N
706	756	1	1	ir.actions.server	\N	action	form	{"en_US": "Lock/Unlock", "es_ES": "Bloquear/Desbloquear"}	\N	2026-04-08 09:11:55.219689	2026-04-08 09:11:55.219689	5	756	\N	\N	\N	\N	\N	ir_actions_server	code	mrp.production	\N	add	true	value	\N	\N	\n            if records:\n                records.action_toggle_is_locked()	\N	\N	\N	0	\N	\N	\N	\N	\N	\N	\N	f	\N	\N
687	758	1	1	ir.actions.server	\N	action	list	{"en_US": "Pause", "es_ES": "Detener"}	\N	2026-04-08 09:11:55.219689	2026-04-08 09:11:55.219689	5	758	\N	\N	\N	\N	\N	ir_actions_server	code	mrp.workorder	\N	add	true	value	\N	\N	action = records.button_pending()	\N	\N	\N	0	\N	\N	\N	\N	\N	\N	\N	f	\N	\N
707	756	1	1	ir.actions.server	\N	action	form	{"en_US": "Scrap", "es_ES": "Desechar"}	\N	2026-04-08 09:11:55.219689	2026-04-08 09:11:55.219689	5	756	\N	\N	\N	\N	\N	ir_actions_server	code	mrp.production	\N	add	true	value	\N	\N	\n            if records:\n                action = records.button_scrap()	\N	\N	\N	0	\N	\N	\N	\N	\N	\N	\N	f	\N	\N
484	532	1	1	ir.actions.server	\N	action	form	{"en_US": "Create Project", "es_ES": "Crear proyecto"}	\N	2026-04-08 08:35:30.80317	2026-04-08 08:35:30.80317	5	532	\N	\N	\N	\N	\N	ir_actions_server	code	sale.order	\N	add	true	value	\N	\N	action = records.action_create_project()	\N	\N	\N	0	\N	\N	\N	\N	\N	\N	\N	f	\N	\N
704	756	1	1	ir.actions.server	\N	action	list,form	{"en_US": "Split", "es_ES": "Dividir"}	\N	2026-04-08 09:11:55.219689	2026-04-08 09:11:55.219689	5	756	\N	\N	\N	\N	\N	ir_actions_server	code	mrp.production	\N	add	true	value	\N	\N	action = records.action_split()	\N	\N	\N	0	\N	\N	\N	\N	\N	\N	\N	f	\N	\N
485	\N	1	1	ir.actions.server	\N	action	list,form	{"en_US": "Calendar: Event Reminder", "es_ES": "Calendario: recordatorio de evento"}	\N	2026-04-08 08:38:54.40235	2026-04-08 08:38:54.40235	5	634	\N	\N	\N	\N	\N	ir_cron	code	calendar.alarm_manager	\N	add	true	value	\N	\N	model._send_reminder()	\N	\N	\N	0	\N	\N	\N	\N	\N	\N	\N	f	\N	\N
525	\N	1	1	ir.actions.server	\N	action	list,form	{"en_US": "CRM: enrich leads (IAP)", "es_ES": "CRM: enriquecer leads (IAP)"}	\N	2026-04-08 08:39:00.93156	2026-04-08 08:39:00.93156	5	640	\N	\N	\N	\N	\N	ir_cron	code	crm.lead	\N	add	true	value	\N	\N	model._iap_enrich_leads_cron()	\N	\N	\N	0	\N	\N	\N	\N	\N	\N	\N	f	\N	\N
493	\N	1	1	ir.actions.server	\N	action	list,form	{"en_US": "CRM: Lead Assignment", "es_ES": "CRM: Asignación de lead"}	\N	2026-04-08 08:38:57.179101	2026-04-08 08:38:57.179101	5	420	\N	\N	\N	\N	\N	ir_cron	code	crm.team	\N	add	true	value	\N	\N	model._cron_assign_leads()	\N	\N	\N	0	\N	\N	\N	\N	\N	\N	\N	f	\N	\N
492	\N	1	1	ir.actions.server	\N	action	list,form	{"en_US": "Crm: Forecast", "es_ES": "CRM: Pronóstico"}	\N	2026-04-08 08:38:57.179101	2026-04-08 08:38:57.179101	5	420	\N	\N	\N	\N	\N	ir_actions_server	code	crm.team	\N	add	true	value	\N	\N	action = model.action_opportunity_forecast()	\N	\N	\N	0	\N	\N	\N	\N	\N	\N	\N	f	\N	\N
491	\N	1	1	ir.actions.server	crm	action	list,form	{"en_US": "Crm: My Pipeline", "es_ES": "CRM: Mi flujo"}	\N	2026-04-08 08:38:57.179101	2026-04-08 08:38:57.179101	5	420	\N	\N	\N	\N	\N	ir_actions_server	code	crm.team	\N	add	true	value	\N	\N	action = model.action_your_pipeline()	\N	\N	\N	0	\N	\N	\N	\N	\N	\N	\N	f	\N	\N
490	\N	1	1	ir.actions.server	\N	action	list,form	{"en_US": "Predictive Lead Scoring: Recompute Automated Probabilities", "es_ES": "Puntuación predictiva de leads: volver a calcular las probabilidades automatizadas"}	\N	2026-04-08 08:38:57.179101	2026-04-08 08:38:57.179101	5	640	\N	\N	\N	\N	\N	ir_cron	code	crm.lead	\N	add	true	value	\N	\N	model._cron_update_automated_probabilities()	\N	\N	\N	0	\N	\N	\N	\N	\N	\N	\N	f	\N	\N
526	640	1	1	ir.actions.server	\N	action	list,form	{"en_US": "Enrich", "es_ES": "Enriquecer"}	\N	2026-04-08 08:39:00.93156	2026-04-08 08:39:00.93156	5	640	\N	\N	\N	\N	\N	ir_actions_server	code	crm.lead	\N	add	true	value	\N	\N	   \n    if records:\n        records.iap_enrich()\n            	\N	\N	\N	0	\N	\N	\N	\N	\N	\N	\N	f	\N	\N
686	758	1	1	ir.actions.server	\N	action	list	{"en_US": "Start", "es_ES": "Iniciar"}	\N	2026-04-08 09:11:55.219689	2026-04-08 09:11:55.219689	5	758	\N	\N	\N	\N	\N	ir_actions_server	code	mrp.workorder	\N	add	true	value	\N	\N	action = records.button_start(raise_on_invalid_state=True)	\N	\N	\N	0	\N	\N	\N	\N	\N	\N	\N	f	\N	\N
83	99	1	1	ir.actions.server	\N	action	list,form	{"en_US": "Disable two-factor authentication", "es_ES": "Deshabilitar la autenticación de dos factores"}	\N	2026-04-08 08:31:47.199451	2026-04-08 08:34:39.76217	5	99	\N	\N	\N	\N	\N	ir_actions_server	code	res.users	\N	add	true	value	\N	\N	\n            action = records.action_totp_disable()\n        	\N	\N	\N	0	\N	\N	\N	\N	\N	\N	\N	f	\N	\N
180	394	1	1	ir.actions.server	\N	action	list,form	{"en_US": "Pricelist Report", "es_ES": "Informe de la lista de precios"}	\N	2026-04-08 08:34:36.29858	2026-04-08 08:34:39.76217	5	394	\N	\N	\N	\N	\N	ir_actions_server	code	product.product	\N	add	true	value	\N	\N	\naction = {\n    'name': 'Pricelist Report',\n    'type': 'ir.actions.client',\n    'tag': 'generate_pricelist_report',\n    'context': env.context,\n}\n        	\N	\N	\N	0	\N	\N	\N	\N	\N	\N	\N	f	\N	\N
189	393	1	1	ir.actions.server	\N	action	list,form	{"en_US": "Pricelist Report", "es_ES": "Informe de la lista de precios"}	\N	2026-04-08 08:34:36.29858	2026-04-08 08:34:39.76217	5	393	\N	\N	\N	\N	\N	ir_actions_server	code	product.template	\N	add	true	value	\N	\N	\naction = {\n    'name': 'Pricelist Report',\n    'type': 'ir.actions.client',\n    'tag': 'generate_pricelist_report',\n    'context': env.context,\n}\n        	\N	\N	\N	0	\N	\N	\N	\N	\N	\N	\N	f	\N	\N
12	\N	1	1	ir.actions.server	\N	action	list,form	{"en_US": "Config: Run Remaining Action Todo", "es_ES": "Config.: Ejecutar las acciones que quedan por hacer"}	\N	2026-04-08 08:31:35.16841	2026-04-08 08:34:39.76217	5	92	\N	\N	\N	\N	\N	ir_actions_server	code	res.config	\N	add	true	value	\N	\N	\nconfig = model.next() or {}\nif config.get('type') not in ('ir.actions.act_window_close',):\n    action = config\n	\N	\N	\N	0	\N	\N	\N	\N	\N	\N	\N	f	\N	\N
36	\N	1	1	ir.actions.server	\N	action	list,form	{"en_US": "Base: Portal Users Deletion", "es_ES": "Base: eliminación de usuarios del portal"}	\N	2026-04-08 08:31:35.16841	2026-04-08 08:34:39.76217	5	108	\N	\N	\N	\N	\N	ir_cron	code	res.users.deletion	\N	add	true	value	\N	\N	model._gc_portal_users(batch_size=50)	\N	\N	\N	0	\N	\N	\N	\N	\N	\N	\N	f	\N	\N
82	88	1	1	ir.actions.server	\N	action	form,list	{"en_US": "Download (vCard)", "es_ES": "Descargar (vCard)"}	\N	2026-04-08 08:31:43.707203	2026-04-08 08:34:39.76217	5	88	\N	\N	\N	\N	\N	ir_actions_server	code	res.partner	\N	add	true	value	\N	\N	\n            action = {\n                'type': 'ir.actions.act_url',\n                'url': '/web/partner/vcard?partner_ids=' + ','.join(map(str, records.ids)),\n                'target': 'download',\n            }\n        	\N	\N	\N	0	\N	\N	\N	\N	\N	\N	\N	f	\N	\N
51	\N	1	1	ir.actions.server	\N	action	list,form	{"en_US": "Failed to install demo data for some modules, demo disabled", "es_ES": "Error al instalar datos de demostración para algunos módulos, la demostración está deshabilitada"}	\N	2026-04-08 08:31:35.16841	2026-04-08 08:34:39.76217	5	73	\N	\N	\N	\N	\N	ir_actions_server	code	ir.demo_failure.wizard	\N	add	true	value	\N	\N	\nfailures = env['ir.demo_failure'].search([\n    ('wizard_id', '=', False),\n])\nrecord = model.create({\n    'failure_ids': [Command.set(failures.ids)],\n})\naction = {\n    'type': 'ir.actions.act_window',\n    'res_id': record.id,\n    'res_model': 'ir.demo_failure.wizard',\n    'target': 'new',\n    'views': [(env.ref('base.demo_failures_dialog').id, 'form')],\n}\n        	\N	\N	\N	0	\N	\N	\N	\N	\N	\N	\N	f	\N	\N
87	133	1	1	ir.actions.server	\N	action	form	{"en_US": "Export JS", "es_ES": "Exportar JS"}	\N	2026-04-08 08:31:48.87394	2026-04-08 08:34:39.76217	5	133	\N	\N	\N	\N	\N	ir_actions_server	code	web_tour.tour	\N	add	true	value	\N	\N	\nif records:\n    action = records.export_js_file()\n        	\N	\N	\N	0	\N	\N	\N	\N	\N	\N	\N	f	\N	\N
161	99	1	1	ir.actions.server	\N	action	list,form	{"en_US": "Send Password Reset Instructions", "es_ES": "Enviar instrucciones para restablecer la contraseña"}	\N	2026-04-08 08:34:33.259538	2026-04-08 08:34:39.76217	5	99	\N	\N	\N	\N	\N	ir_actions_server	code	res.users	\N	add	true	value	\N	\N	records.action_reset_password()	\N	\N	\N	0	\N	\N	\N	\N	\N	\N	\N	f	\N	\N
160	\N	1	1	ir.actions.server	\N	action	list,form	{"en_US": "Users: Notify About Unregistered Users", "es_ES": "Usuarios: notificar usuarios no registrados"}	\N	2026-04-08 08:34:33.259538	2026-04-08 08:34:39.76217	5	99	\N	\N	\N	\N	\N	ir_cron	code	res.users	\N	add	true	value	\N	\N	model.send_unregistered_user_reminder(batch_size=100)	\N	\N	\N	0	\N	\N	\N	\N	\N	\N	\N	f	\N	\N
205	88	1	1	ir.actions.server	\N	action	list,form	{"en_US": "Grant portal access", "es_ES": "Otorgar acceso al portal "}	\N	2026-04-08 08:34:39.128209	2026-04-08 08:34:39.76217	5	426	\N	\N	\N	\N	\N	ir_actions_server	code	portal.wizard	\N	add	true	value	\N	\N	action = model.action_open_wizard()	\N	\N	\N	0	\N	\N	\N	\N	\N	\N	\N	f	\N	\N
134	\N	1	1	ir.actions.server	\N	action	list,form	{"en_US": "Mail: Email Queue Manager", "es_ES": "Correo: gerente de la cola de correo electrónico"}	\N	2026-04-08 08:34:27.650619	2026-04-08 08:34:39.76217	5	193	\N	\N	\N	\N	\N	ir_cron	code	mail.mail	\N	add	true	value	\N	\N	model.process_email_queue(batch_size=1000)	\N	\N	\N	0	\N	\N	\N	\N	\N	\N	\N	f	\N	\N
135	\N	1	1	ir.actions.server	\N	action	list,form	{"en_US": "Publisher: Update Notification", "es_ES": "Editor: actualizar la notificación"}	\N	2026-04-08 08:34:27.650619	2026-04-08 08:34:39.76217	5	219	\N	\N	\N	\N	\N	ir_cron	code	publisher_warranty.contract	\N	add	true	value	\N	\N	model.update_notification(None)	\N	\N	\N	0	\N	\N	\N	\N	\N	\N	\N	f	\N	\N
136	\N	1	1	ir.actions.server	\N	action	list,form	{"en_US": "Notification: Delete Notifications older than 6 Month", "es_ES": "Notificación: eliminar notificaciones con más de 6 meses de antigüedad"}	\N	2026-04-08 08:34:27.650619	2026-04-08 08:34:39.76217	5	179	\N	\N	\N	\N	\N	ir_cron	code	mail.notification	\N	add	true	value	\N	\N	model._gc_notifications(max_age_days=180)	\N	\N	\N	0	\N	\N	\N	\N	\N	\N	\N	f	\N	\N
137	\N	1	1	ir.actions.server	\N	action	list,form	{"en_US": "Mail: Fetchmail Service", "es_ES": "Correo: servicio de Fetchmail"}	\N	2026-04-08 08:34:27.650619	2026-04-08 08:34:39.76217	5	178	\N	\N	\N	\N	\N	ir_cron	code	fetchmail.server	\N	add	true	value	\N	\N	model._fetch_mails()	\N	\N	\N	0	\N	\N	\N	\N	\N	\N	\N	f	\N	\N
138	\N	1	1	ir.actions.server	\N	action	list,form	{"en_US": "Mail: Post scheduled messages", "es_ES": "Correo: Publicar los mensajes programados"}	\N	2026-04-08 08:34:27.650619	2026-04-08 08:34:39.76217	5	196	\N	\N	\N	\N	\N	ir_cron	code	mail.scheduled.message	\N	add	true	value	\N	\N	model._post_messages_cron()	\N	\N	\N	0	\N	\N	\N	\N	\N	\N	\N	f	\N	\N
139	\N	1	1	ir.actions.server	\N	action	list,form	{"en_US": "Notification: Notify scheduled messages", "es_ES": "Notificación: notificar sobre los mensajes programados"}	\N	2026-04-08 08:34:27.650619	2026-04-08 08:34:39.76217	5	189	\N	\N	\N	\N	\N	ir_cron	code	mail.message.schedule	\N	add	true	value	\N	\N	model._send_notifications_cron()	\N	\N	\N	0	\N	\N	\N	\N	\N	\N	\N	f	\N	\N
140	\N	1	1	ir.actions.server	\N	action	list,form	{"en_US": "Mail: send web push notification", "es_ES": "Correo: enviar notificaciones push en web"}	\N	2026-04-08 08:34:27.650619	2026-04-08 08:34:39.76217	5	194	\N	\N	\N	\N	\N	ir_cron	code	mail.push	\N	add	true	value	\N	\N	model._push_notification_to_endpoint()	\N	\N	\N	0	\N	\N	\N	\N	\N	\N	\N	f	\N	\N
162	99	1	1	ir.actions.server	\N	action	list	{"en_US": "Invite to use two-factor authentication", "es_ES": "Invitar a usar la autenticación de dos factores"}	\N	2026-04-08 08:34:33.551993	2026-04-08 08:34:39.76217	5	99	\N	\N	\N	\N	\N	ir_actions_server	code	res.users	\N	add	true	value	\N	\N	\n            action = records.action_totp_invite()\n        	\N	\N	\N	0	\N	\N	\N	\N	\N	\N	\N	f	\N	\N
163	\N	1	1	ir.actions.server	\N	action	list,form	{"en_US": "Open two-factor authentication configuration", "es_ES": "Abrir la configuración de la autenticación de dos factores"}	\N	2026-04-08 08:34:33.551993	2026-04-08 08:34:39.76217	5	99	\N	\N	\N	\N	\N	ir_actions_server	code	res.users	\N	add	true	value	\N	\N	\nuser = env.user\naction = user.action_open_my_account_settings()\n        	\N	\N	\N	0	\N	\N	\N	\N	\N	\N	\N	f	\N	\N
203	\N	1	1	ir.actions.server	\N	action	list,form	{"en_US": "Partner Autocomplete: Sync with remote DB", "es_ES": "Autocompletar contacto: sincronización con la base de datos remota"}	\N	2026-04-08 08:34:38.76367	2026-04-08 08:34:39.76217	5	423	\N	\N	\N	\N	\N	ir_cron	code	res.partner.autocomplete.sync	\N	add	true	value	\N	\N	model.start_sync(batch_size=1000)	\N	\N	\N	0	\N	\N	\N	\N	\N	\N	\N	f	\N	\N
172	392	1	1	ir.actions.server	\N	action	list	{"en_US": "Archive Selection", "es_ES": "Archivar selección"}	\N	2026-04-08 08:34:36.003696	2026-04-08 08:34:39.76217	5	392	\N	\N	\N	\N	\N	ir_actions_server	code	privacy.lookup.wizard.line	\N	add	true	value	\N	\N	\nrecords.action_archive_all()\n        	\N	\N	\N	0	\N	\N	\N	\N	\N	\N	\N	f	\N	\N
173	392	1	1	ir.actions.server	\N	action	list	{"en_US": "Delete Selection", "es_ES": "Eliminar selección"}	\N	2026-04-08 08:34:36.003696	2026-04-08 08:34:39.76217	5	392	\N	\N	\N	\N	\N	ir_actions_server	code	privacy.lookup.wizard.line	\N	add	true	value	\N	\N	\nrecords.action_unlink_all()\n        	\N	\N	\N	0	\N	\N	\N	\N	\N	\N	\N	f	\N	\N
168	88	1	1	ir.actions.server	\N	action	form	{"en_US": "Privacy Lookup", "es_ES": "Búsqueda de privacidad"}	\N	2026-04-08 08:34:36.003696	2026-04-08 08:34:39.76217	5	88	\N	\N	\N	\N	\N	ir_actions_server	code	res.partner	\N	add	true	value	\N	\N	\naction = record.action_privacy_lookup()\n        	\N	\N	\N	0	\N	\N	\N	\N	\N	\N	\N	f	\N	\N
169	99	1	1	ir.actions.server	\N	action	form	{"en_US": "Privacy Lookup", "es_ES": "Búsqueda de privacidad"}	\N	2026-04-08 08:34:36.003696	2026-04-08 08:34:39.76217	5	99	\N	\N	\N	\N	\N	ir_actions_server	code	res.users	\N	add	true	value	\N	\N	\naction = record.partner_id.action_privacy_lookup()\n        	\N	\N	\N	0	\N	\N	\N	\N	\N	\N	\N	f	\N	\N
243	482	1	1	ir.actions.server	\N	action	list	{"en_US": "Post Payments", "es_ES": "Publicar pagos"}	\N	2026-04-08 08:34:46.340378	2026-04-08 08:34:46.340378	5	482	\N	\N	\N	\N	\N	ir_actions_server	code	account.payment	\N	add	true	value	\N	\N	\n                records.action_post()\n            	\N	\N	\N	0	\N	\N	\N	\N	\N	\N	\N	f	\N	\N
247	478	1	1	ir.actions.server	\N	action	list,form	{"en_US": "Unreconcile", "es_ES": "Romper conciliación"}	\N	2026-04-08 08:34:46.340378	2026-04-08 08:34:46.340378	5	478	\N	\N	\N	\N	\N	ir_actions_server	code	account.move.line	\N	add	true	value	\N	\N	model.action_unreconcile_match_entries()	\N	\N	\N	0	\N	\N	\N	\N	\N	\N	\N	f	\N	\N
251	478	1	1	ir.actions.server	\N	action	list,form	{"en_US": "Move to Account", "es_ES": "Mover a la cuenta"}	\N	2026-04-08 08:34:46.340378	2026-04-08 08:34:46.340378	5	478	\N	\N	\N	\N	\N	ir_actions_server	code	account.move.line	\N	add	true	value	\N	\N	action = records.action_automatic_entry('change_account')	\N	\N	\N	0	\N	\N	\N	\N	\N	\N	\N	f	\N	\N
252	478	1	1	ir.actions.server	\N	action	list,form	{"en_US": "Change Period", "es_ES": "Cambiar periodo"}	\N	2026-04-08 08:34:46.340378	2026-04-08 08:34:46.340378	5	478	\N	\N	\N	\N	\N	ir_actions_server	code	account.move.line	\N	add	true	value	\N	\N	action = records.action_automatic_entry('change_period')	\N	\N	\N	0	\N	\N	\N	\N	\N	\N	\N	f	\N	\N
273	456	1	1	ir.actions.server	\N	action	form	{"en_US": "Switch into invoice/credit note", "es_ES": "Cambiar a factura/factura rectificativa"}	\N	2026-04-08 08:34:46.340378	2026-04-08 08:34:46.340378	5	456	\N	\N	\N	\N	\N	ir_actions_server	code	account.move	\N	add	true	value	\N	\N	\nif records:\n    action = records.action_switch_move_type()\n            	\N	\N	\N	0	\N	\N	\N	\N	\N	\N	\N	f	\N	\N
274	456	1	1	ir.actions.server	\N	action	form	{"en_US": "Pay", "es_ES": "Pagar"}	\N	2026-04-08 08:34:46.340378	2026-04-08 08:34:46.340378	5	456	\N	\N	\N	\N	\N	ir_actions_server	code	account.move	\N	add	true	value	\N	\N	\nif records:\n    action = records.action_force_register_payment()\n            	\N	\N	\N	0	\N	\N	\N	\N	\N	\N	\N	f	\N	\N
275	456	1	1	ir.actions.server	\N	action	form	{"en_US": "(Un)Block Payment", "es_ES": "Desbloquear/Bloquear pago"}	\N	2026-04-08 08:34:46.340378	2026-04-08 08:34:46.340378	5	456	\N	\N	\N	\N	\N	ir_actions_server	code	account.move	\N	add	true	value	\N	\N	\n                records.action_toggle_block_payment()\n            	\N	\N	\N	0	\N	\N	\N	\N	\N	\N	\N	f	\N	\N
276	\N	1	1	ir.actions.server	\N	action	list,form	{"en_US": "Data Inalterability Check", "es_ES": "Comprobación de inalterabilidad de datos"}	\N	2026-04-08 08:34:46.340378	2026-04-08 08:34:46.340378	5	96	\N	\N	\N	\N	\N	ir_actions_server	code	res.company	\N	add	true	value	\N	\N	\n                action = env.company._action_check_hash_integrity()\n            	\N	\N	\N	0	\N	\N	\N	\N	\N	\N	\N	f	\N	\N
277	456	1	1	ir.actions.server	\N	action	list,form	{"en_US": "Export ZIP", "es_ES": "Exportar ZIP"}	\N	2026-04-08 08:34:46.340378	2026-04-08 08:34:46.340378	7	456	\N	\N	\N	\N	\N	ir_actions_server	code	account.move	\N	add	true	value	\N	\N	\n                if records:\n                    action = records.action_export_zip()\n            	\N	\N	\N	0	\N	\N	\N	\N	\N	\N	\N	f	\N	\N
279	462	1	1	ir.actions.server	\N	action	form,list	{"en_US": "Unmerge account", "es_ES": "Separar cuenta"}	\N	2026-04-08 08:34:46.340378	2026-04-08 08:34:46.340378	5	462	\N	\N	\N	\N	\N	ir_actions_server	code	account.account	\N	add	true	value	\N	\N	\nif records:\n    action = records.action_unmerge()\n            	\N	\N	\N	0	\N	\N	\N	\N	\N	\N	\N	f	\N	\N
289	\N	1	1	ir.actions.server	\N	action	list,form	{"en_US": "Add a Bank Account", "es_ES": "Añadir una cuenta bancaria"}	\N	2026-04-08 08:34:46.340378	2026-04-08 08:34:46.340378	5	96	\N	\N	\N	\N	\N	ir_actions_server	code	res.company	\N	add	true	value	\N	\N	\naction = model.setting_init_bank_account_action()\n            	\N	\N	\N	0	\N	\N	\N	\N	\N	\N	\N	f	\N	\N
306	\N	1	1	ir.actions.server	\N	action	list,form	{"en_US": "Account: Post draft entries with auto_post enabled and accounting date up to today", "es_ES": "Cuenta: contabilice borradores de entradas con auto_post habilitado y la fecha contable hasta día de hoy"}	\N	2026-04-08 08:34:46.340378	2026-04-08 08:34:46.340378	5	456	\N	\N	\N	\N	\N	ir_cron	code	account.move	\N	add	true	value	\N	\N	model._autopost_draft_entries()	\N	\N	\N	0	\N	\N	\N	\N	\N	\N	\N	f	\N	\N
307	\N	1	1	ir.actions.server	\N	action	list,form	{"en_US": "Send invoices automatically", "es_ES": "Enviar facturas automáticamente"}	\N	2026-04-08 08:34:46.340378	2026-04-08 08:34:46.340378	5	456	\N	\N	\N	\N	\N	ir_cron	code	account.move	\N	add	true	value	\N	\N	model._cron_account_move_send()	\N	\N	\N	0	\N	\N	\N	\N	\N	\N	\N	f	\N	\N
315	456	1	1	ir.actions.server	\N	action	form	{"en_US": "(Un)Group lines by tax", "es_ES": "(Des)agrupar las líneas por impuesto"}	\N	2026-04-08 08:34:53.414141	2026-04-08 08:34:53.414141	5	456	\N	\N	\N	\N	\N	ir_actions_server	code	account.move	\N	add	true	value	\N	\N	\n                if records:\n                    records.action_group_ungroup_lines_by_tax()\n            	\N	\N	\N	0	\N	\N	\N	\N	\N	\N	\N	f	\N	\N
318	\N	1	1	ir.actions.server	\N	action	list,form	{"en_US": "PEPPOL: retrieve new documents", "es_ES": "PEPPOL: recuperar nuevos documentos"}	\N	2026-04-08 08:34:55.95066	2026-04-08 08:34:55.95066	5	516	\N	\N	\N	\N	\N	ir_cron	code	account_edi_proxy_client.user	\N	add	true	value	\N	\N	model._cron_peppol_get_new_documents()	\N	\N	\N	0	\N	\N	\N	\N	\N	\N	\N	f	\N	\N
319	\N	1	1	ir.actions.server	\N	action	list,form	{"en_US": "PEPPOL: update message status", "es_ES": "PEPPOL: actualizar estado del mensaje"}	\N	2026-04-08 08:34:55.95066	2026-04-08 08:34:55.95066	5	516	\N	\N	\N	\N	\N	ir_cron	code	account_edi_proxy_client.user	\N	add	true	value	\N	\N	model._cron_peppol_get_message_status()	\N	\N	\N	0	\N	\N	\N	\N	\N	\N	\N	f	\N	\N
320	\N	1	1	ir.actions.server	\N	action	list,form	{"en_US": "PEPPOL: update participant status", "es_ES": "PEPPOL: actualizar estado del participante"}	\N	2026-04-08 08:34:55.95066	2026-04-08 08:34:55.95066	5	516	\N	\N	\N	\N	\N	ir_cron	code	account_edi_proxy_client.user	\N	add	true	value	\N	\N	model._cron_peppol_get_participant_status()	\N	\N	\N	0	\N	\N	\N	\N	\N	\N	\N	f	\N	\N
321	88	1	1	ir.actions.server	\N	action	list	{"en_US": "Verify Peppol", "es_ES": "Verificar Peppol"}	\N	2026-04-08 08:34:55.95066	2026-04-08 08:34:55.95066	5	88	\N	\N	\N	\N	\N	ir_actions_server	code	res.partner	\N	add	true	value	\N	\N	\n            for record in records:\n                record.button_account_peppol_check_partner_endpoint()\n        	\N	\N	\N	0	\N	\N	\N	\N	\N	\N	\N	f	\N	\N
343	532	1	1	ir.actions.server	\N	action	form,list	{"en_US": "Mark Quotation as Sent", "es_ES": "Marcar presupuesto como enviado"}	\N	2026-04-08 08:35:00.749484	2026-04-08 08:35:00.749484	5	532	\N	\N	\N	\N	\N	ir_actions_server	code	sale.order	\N	add	true	value	\N	\N	action = records.action_quotation_sent()	\N	\N	\N	0	\N	\N	\N	\N	\N	\N	\N	f	\N	\N
345	532	1	1	ir.actions.server	\N	action	list,form	{"en_US": "Send an email", "es_ES": "Enviar un correo"}	\N	2026-04-08 08:35:00.749484	2026-04-08 08:35:00.749484	1	532	\N	\N	\N	\N	\N	ir_actions_server	code	sale.order	\N	add	true	value	\N	\N	\n            if records:\n                action = records.with_context(hide_default_template=True).action_quotation_send()\n        	\N	\N	\N	0	\N	\N	\N	\N	\N	\N	\N	f	\N	\N
344	532	1	1	ir.actions.server	\N	action	form	{"en_US": "Share", "es_ES": "Compartir"}	\N	2026-04-08 08:35:00.749484	2026-04-08 08:35:00.749484	5	532	\N	\N	\N	\N	\N	ir_actions_server	code	sale.order	\N	add	true	value	\N	\N	action = records.action_share()	\N	\N	\N	0	\N	\N	\N	\N	\N	\N	\N	f	\N	\N
332	\N	1	1	ir.actions.server	\N	action	list,form	{"en_US": "automatic invoicing: send ready invoice", "es_ES": "facturación automática: envío de factura lista"}	\N	2026-04-08 08:35:00.749484	2026-04-08 08:35:00.749484	5	450	\N	\N	\N	\N	\N	ir_cron	code	payment.transaction	\N	add	true	value	\N	\N	model._cron_send_invoice()	\N	\N	\N	0	\N	\N	\N	\N	\N	\N	\N	f	\N	\N
355	\N	1	1	ir.actions.server	\N	action	list,form	{"en_US": "PEPPOL: auto register services"}	\N	2026-04-08 08:35:03.188463	2026-04-08 08:35:03.188463	5	516	\N	\N	\N	\N	\N	ir_cron	code	account_edi_proxy_client.user	\N	add	true	value	\N	\N	model._cron_peppol_auto_register_services()	\N	\N	\N	0	\N	\N	\N	\N	\N	\N	\N	f	\N	\N
357	\N	1	1	ir.actions.server	\N	action	list,form	{"en_US": "Sales: Send pending emails", "es_ES": "Ventas: enviar correos pendientes"}	\N	2026-04-08 08:35:04.824846	2026-04-08 08:35:04.824846	5	532	\N	\N	\N	\N	\N	ir_cron	code	sale.order	\N	add	true	value	\N	\N	model._cron_send_pending_emails()	\N	\N	\N	0	\N	\N	\N	\N	\N	\N	\N	f	\N	\N
531	\N	1	1	ir.actions.server	\N	action	list,form	{"en_US": "Procurement: run scheduler", "es_ES": "Abastecimiento: ejecutar planificador"}	\N	2026-04-08 08:46:08.412603	2026-04-08 08:46:08.412603	5	668	\N	\N	\N	\N	\N	ir_cron	code	procurement.group	\N	add	true	value	\N	\N	\nmodel.run_scheduler(True)\n            	\N	\N	\N	0	\N	\N	\N	\N	\N	\N	\N	f	\N	\N
567	\N	1	1	ir.actions.server	physical-inventory	action	list,form	{"en_US": "Inventory", "es_ES": "Inventario"}	\N	2026-04-08 08:46:08.412603	2026-04-08 08:46:08.412603	5	673	\N	\N	\N	\N	\N	ir_actions_server	code	stock.quant	\N	add	true	value	\N	\N	\n            action = model.action_view_inventory()\n        	\N	\N	\N	0	\N	\N	\N	\N	\N	\N	\N	f	\N	\N
568	\N	1	1	ir.actions.server	\N	action	list,form	{"en_US": "Inventory", "es_ES": "Inventario"}	\N	2026-04-08 08:46:08.412603	2026-04-08 08:46:08.412603	5	673	\N	\N	\N	\N	\N	ir_actions_server	code	stock.quant	\N	add	true	value	\N	\N	\n            action = model.with_context(\n                search_default_internal_loc=1,\n                always_show_loc=1,\n            ).action_view_quants()\n        	\N	\N	\N	0	\N	\N	\N	\N	\N	\N	\N	f	\N	\N
572	673	1	1	ir.actions.server	\N	action	list	{"en_US": "Set to quantity on hand", "es_ES": "Configurado a la cantidad real"}	\N	2026-04-08 08:46:08.412603	2026-04-08 08:46:08.412603	5	673	\N	\N	\N	\N	\N	ir_actions_server	code	stock.quant	\N	add	true	value	\N	\N	\n            action = records.action_set_inventory_quantity()\n        	\N	\N	\N	0	\N	\N	\N	\N	\N	\N	\N	f	\N	\N
573	673	1	1	ir.actions.server	\N	action	list	{"en_US": "Set to 0", "es_ES": "Establecer como 0"}	\N	2026-04-08 08:46:08.412603	2026-04-08 08:46:08.412603	5	673	\N	\N	\N	\N	\N	ir_actions_server	code	stock.quant	\N	add	true	value	\N	\N	\n            action = records.action_set_inventory_quantity_zero()\n        	\N	\N	\N	0	\N	\N	\N	\N	\N	\N	\N	f	\N	\N
575	666	1	1	ir.actions.server	\N	action	list,form	{"en_US": "Revert Inventory Adjustment", "es_ES": "Revertir ajuste de inventario"}	\N	2026-04-08 08:46:08.412603	2026-04-08 08:46:08.412603	5	666	\N	\N	\N	\N	\N	ir_actions_server	code	stock.move.line	\N	add	true	value	\N	\N	\n            action = records.action_revert_inventory()\n        	\N	\N	\N	0	\N	\N	\N	\N	\N	\N	\N	f	\N	\N
582	672	1	1	ir.actions.server	\N	action	list	{"en_US": "Validate", "es_ES": "Validar"}	\N	2026-04-08 08:46:08.412603	2026-04-08 08:46:08.412603	5	672	\N	\N	\N	\N	\N	ir_actions_server	code	stock.picking	\N	add	true	value	\N	\N	\n            if records:\n                res = records.button_validate()\n                if isinstance(res, dict):\n                    action = res\n            	\N	\N	\N	0	\N	\N	\N	\N	\N	\N	\N	f	\N	\N
583	672	1	1	ir.actions.server	\N	action	list,form	{"en_US": "Unreserve", "es_ES": "Anular reserva"}	\N	2026-04-08 08:46:08.412603	2026-04-08 08:46:08.412603	5	672	\N	\N	\N	\N	\N	ir_actions_server	code	stock.picking	\N	add	true	value	\N	\N	\n            if records:\n                records.do_unreserve()\n            	\N	\N	\N	0	\N	\N	\N	\N	\N	\N	\N	f	\N	\N
584	672	1	1	ir.actions.server	\N	report	list,form	{"en_US": "Labels", "es_ES": "Etiquetas"}	\N	2026-04-08 08:46:08.412603	2026-04-08 08:46:08.412603	5	672	\N	\N	\N	\N	\N	ir_actions_server	code	stock.picking	\N	add	true	value	\N	\N	\n            if records:\n                action = records.action_open_label_type()\n            	\N	\N	\N	0	\N	\N	\N	\N	\N	\N	\N	f	\N	\N
585	672	1	1	ir.actions.server	\N	action	form	{"en_US": "Lock/Unlock", "es_ES": "Bloquear/Desbloquear"}	\N	2026-04-08 08:46:08.412603	2026-04-08 08:46:08.412603	5	672	\N	\N	\N	\N	\N	ir_actions_server	code	stock.picking	\N	add	true	value	\N	\N	\n            if records:\n                records.action_toggle_is_locked()	\N	\N	\N	0	\N	\N	\N	\N	\N	\N	\N	f	\N	\N
586	672	1	1	ir.actions.server	\N	action	form	{"en_US": "Scrap", "es_ES": "Desechar"}	\N	2026-04-08 08:46:08.412603	2026-04-08 08:46:08.412603	5	672	\N	\N	\N	\N	\N	ir_actions_server	code	stock.picking	\N	add	true	value	\N	\N	\n            if records:\n                action = records.button_scrap()	\N	\N	\N	0	\N	\N	\N	\N	\N	\N	\N	f	\N	\N
588	\N	1	1	ir.actions.server	\N	action	list,form	{"en_US": "stock.click_dashboard_graph", "es_ES": "stock.click_dashboard_graph"}	\N	2026-04-08 08:46:08.412603	2026-04-08 08:46:08.412603	5	672	\N	\N	\N	\N	\N	ir_actions_server	code	stock.picking	\N	add	true	value	\N	\N	action = model.get_action_click_graph()	\N	\N	\N	0	\N	\N	\N	\N	\N	\N	\N	f	\N	\N
589	\N	1	1	ir.actions.server	\N	action	list,form	{"en_US": "stock.method_action_picking_tree_incoming", "es_ES": "stock.method_action_picking_tree_incoming"}	\N	2026-04-08 08:46:08.412603	2026-04-08 08:46:08.412603	5	672	\N	\N	\N	\N	\N	ir_actions_server	code	stock.picking	\N	add	true	value	\N	\N	action = model.get_action_picking_tree_incoming()	\N	\N	\N	0	\N	\N	\N	\N	\N	\N	\N	f	\N	\N
590	\N	1	1	ir.actions.server	\N	action	list,form	{"en_US": "stock.method_action_picking_tree_outgoing", "es_ES": "stock.method_action_picking_tree_outgoing"}	\N	2026-04-08 08:46:08.412603	2026-04-08 08:46:08.412603	5	672	\N	\N	\N	\N	\N	ir_actions_server	code	stock.picking	\N	add	true	value	\N	\N	action = model.get_action_picking_tree_outgoing()	\N	\N	\N	0	\N	\N	\N	\N	\N	\N	\N	f	\N	\N
591	\N	1	1	ir.actions.server	\N	action	list,form	{"en_US": "stock.method_action_picking_tree_internal", "es_ES": "stock.method_action_picking_tree_internal"}	\N	2026-04-08 08:46:08.412603	2026-04-08 08:46:08.412603	5	672	\N	\N	\N	\N	\N	ir_actions_server	code	stock.picking	\N	add	true	value	\N	\N	action = model.get_action_picking_tree_internal()	\N	\N	\N	0	\N	\N	\N	\N	\N	\N	\N	f	\N	\N
599	671	1	1	ir.actions.server	\N	action	list,form	{"en_US": "Install Barcode", "es_ES": "Instalar Código de barras"}	\N	2026-04-08 08:46:08.412603	2026-04-08 08:46:08.412603	5	671	\N	\N	\N	\N	\N	ir_actions_server	code	stock.picking.type	\N	add	true	value	\N	\N	\n                action = model.action_redirect_to_barcode_installation()\n            	\N	\N	\N	0	\N	\N	\N	\N	\N	\N	\N	f	\N	\N
603	672	1	1	ir.actions.server	\N	action	form	{"en_US": "Split", "es_ES": "Dividir"}	\N	2026-04-08 08:46:08.412603	2026-04-08 08:46:08.412603	5	672	\N	\N	\N	\N	\N	ir_actions_server	code	stock.picking	\N	add	true	value	\N	\N	action = records.action_split_transfer()	\N	\N	\N	0	\N	\N	\N	\N	\N	\N	\N	f	\N	\N
606	\N	1	1	ir.actions.server	\N	action	list,form	{"en_US": "Routes", "es_ES": "Rutas"}	\N	2026-04-08 08:46:08.412603	2026-04-08 08:46:08.412603	5	393	\N	\N	\N	\N	\N	ir_actions_server	code	product.template	\N	add	true	value	\N	\N	\n                action = model.action_open_routes_diagram()\n            	\N	\N	\N	0	\N	\N	\N	\N	\N	\N	\N	f	\N	\N
618	\N	1	1	ir.actions.server	replenishment	action	list,form	{"en_US": "Replenishment", "es_ES": "Reposición"}	\N	2026-04-08 08:46:08.412603	2026-04-08 08:46:08.412603	5	669	\N	\N	\N	\N	\N	ir_actions_server	code	stock.warehouse.orderpoint	\N	add	true	value	\N	\N	\n            action = model.with_context(\n                search_default_filter_not_snoozed=True,\n                default_trigger='manual',\n                searchpanel_default_trigger='manual'\n            ).action_open_orderpoints()\n        	\N	\N	\N	0	\N	\N	\N	\N	\N	\N	\N	f	\N	\N
710	756	1	1	ir.actions.server	\N	action	list	{"en_US": "Mark as Done", "es_ES": "Marcar como hecho"}	\N	2026-04-08 09:11:55.219689	2026-04-08 09:11:55.219689	5	756	\N	\N	\N	\N	\N	ir_actions_server	code	mrp.production	\N	add	true	value	\N	\N	\n            if records:\n                res = records.filtered(lambda mo: mo.state in {'confirmed', 'to_close', 'progress'}).button_mark_done()\n                if res is not True:\n                    action = res\n            	\N	\N	\N	0	\N	\N	\N	\N	\N	\N	\N	f	\N	\N
709	756	1	1	ir.actions.server	\N	action	list	{"en_US": "Merge", "es_ES": "Fusionar"}	\N	2026-04-08 09:11:55.219689	2026-04-08 09:11:55.219689	5	756	\N	\N	\N	\N	\N	ir_actions_server	code	mrp.production	\N	add	true	value	\N	\N	action = records.action_merge()	\N	\N	\N	0	\N	\N	\N	\N	\N	\N	\N	f	\N	\N
708	756	1	1	ir.actions.server	\N	action	list,form	{"en_US": "Plan based on Components Availability", "es_ES": "Planificar según disponibilidad de componentes"}	\N	2026-04-08 09:11:55.219689	2026-04-08 09:11:55.219689	5	756	\N	\N	\N	\N	\N	ir_actions_server	code	mrp.production	\N	add	true	value	\N	\N	action = records.action_plan_with_components_availability()	\N	\N	\N	0	\N	\N	\N	\N	\N	\N	\N	f	\N	\N
705	756	1	1	ir.actions.server	\N	report	form	{"en_US": "Print Labels", "es_ES": "Imprimir etiquetas"}	\N	2026-04-08 09:11:55.219689	2026-04-08 09:11:55.219689	5	756	\N	\N	\N	\N	\N	ir_actions_server	code	mrp.production	\N	add	true	value	\N	\N	\n            if records:\n                action = records.action_open_label_type()	\N	\N	\N	0	\N	\N	\N	\N	\N	\N	\N	f	\N	\N
713	756	1	1	ir.actions.server	\N	action	list	{"en_US": "Unreserve", "es_ES": "Anular reserva"}	\N	2026-04-08 09:11:55.219689	2026-04-08 09:11:55.219689	5	756	\N	\N	\N	\N	\N	ir_actions_server	code	mrp.production	\N	add	true	value	\N	\N	\n            if records:\n                records.do_unreserve()\n            	\N	\N	\N	0	\N	\N	\N	\N	\N	\N	\N	f	\N	\N
731	394	1	1	ir.actions.server	\N	action	list	{"en_US": "Compute Price from BoM", "es_ES": "Calcular el precio con LdM"}	\N	2026-04-08 09:11:59.999536	2026-04-08 09:11:59.999536	5	394	\N	\N	\N	\N	\N	ir_actions_server	code	product.product	\N	add	true	value	\N	\N	\n            if records:\n                records.action_bom_cost()\n            	\N	\N	\N	0	\N	\N	\N	\N	\N	\N	\N	f	\N	\N
730	393	1	1	ir.actions.server	\N	action	list	{"en_US": "Compute Price from BoM", "es_ES": "Calcular el precio con LdM"}	\N	2026-04-08 09:11:59.999536	2026-04-08 09:11:59.999536	5	393	\N	\N	\N	\N	\N	ir_actions_server	code	product.template	\N	add	true	value	\N	\N	\n            if records:\n                records.action_bom_cost()\n            	\N	\N	\N	0	\N	\N	\N	\N	\N	\N	\N	f	\N	\N
748	775	1	1	ir.actions.server	\N	action	list	{"en_US": "Confirm RFQ", "es_ES": "Confirmar SdP"}	\N	2026-04-14 08:54:03.289914	2026-04-14 08:54:03.289914	5	775	\N	\N	\N	\N	\N	ir_actions_server	code	purchase.order	\N	add	true	value	\N	\N	\nif records:\n    res = records.button_confirm()\nif isinstance(res, dict):\n    action = res\n        	\N	\N	\N	0	\N	\N	\N	\N	\N	\N	\N	f	\N	\N
743	775	1	1	ir.actions.server	\N	action	list,form	{"en_US": "Create Vendor Bills", "es_ES": "Crear facturas de proveedores"}	\N	2026-04-14 08:54:03.289914	2026-04-14 08:54:03.289914	5	775	\N	\N	\N	\N	\N	ir_actions_server	code	purchase.order	\N	add	true	value	\N	\N	\n            if records:\n                action = records.action_create_invoice()\n        	\N	\N	\N	0	\N	\N	\N	\N	\N	\N	\N	f	\N	\N
746	775	1	1	ir.actions.server	\N	action	list,form	{"en_US": "Merge", "es_ES": "Fusionar"}	\N	2026-04-14 08:54:03.289914	2026-04-14 08:54:03.289914	1	775	\N	\N	\N	\N	\N	ir_actions_server	code	purchase.order	\N	add	true	value	\N	\N	\n            if records:\n                action = records.action_merge()\n        	\N	\N	\N	0	\N	\N	\N	\N	\N	\N	\N	f	\N	\N
735	\N	1	1	ir.actions.server	\N	action	list,form	{"en_US": "Purchase reminder", "es_ES": "Recordatorio de compra"}	\N	2026-04-14 08:54:03.289914	2026-04-14 08:54:03.289914	5	775	\N	\N	\N	\N	\N	ir_cron	code	purchase.order	\N	add	true	value	\N	\N	model._send_reminder_mail()	\N	\N	\N	0	\N	\N	\N	\N	\N	\N	\N	f	\N	\N
744	775	1	1	ir.actions.server	\N	action	form	{"en_US": "Send Reminder", "es_ES": "Enviar recordatorio"}	\N	2026-04-14 08:54:03.289914	2026-04-14 08:54:03.289914	5	775	\N	\N	\N	\N	\N	ir_actions_server	code	purchase.order	\N	add	true	value	\N	\N	\n            if records:\n                action = records._send_reminder_mail(send_single=True)\n        	\N	\N	\N	0	\N	\N	\N	\N	\N	\N	\N	f	\N	\N
734	775	1	1	ir.actions.server	\N	action	form	{"en_US": "Share", "es_ES": "Compartir"}	\N	2026-04-14 08:54:03.289914	2026-04-14 08:54:03.289914	5	775	\N	\N	\N	\N	\N	ir_actions_server	code	purchase.order	\N	add	true	value	\N	\N	action = records.action_share()	\N	\N	\N	0	\N	\N	\N	\N	\N	\N	\N	f	\N	\N
\.


--
-- Data for Name: ir_act_server_group_rel; Type: TABLE DATA; Schema: public; Owner: odoo
--

COPY public.ir_act_server_group_rel (act_id, gid) FROM stdin;
83	2
161	2
162	2
163	1
168	4
169	4
180	17
189	17
243	26
247	28
251	28
252	28
273	26
274	26
275	26
279	29
289	29
315	26
491	1
492	1
567	60
568	60
572	60
573	61
585	61
606	60
668	60
743	26
744	85
746	26
\.


--
-- Data for Name: ir_act_server_res_partner_rel; Type: TABLE DATA; Schema: public; Owner: odoo
--

COPY public.ir_act_server_res_partner_rel (ir_act_server_id, res_partner_id) FROM stdin;
\.


--
-- Data for Name: ir_act_server_webhook_field_rel; Type: TABLE DATA; Schema: public; Owner: odoo
--

COPY public.ir_act_server_webhook_field_rel (server_id, field_id) FROM stdin;
\.


--
-- Data for Name: ir_act_url; Type: TABLE DATA; Schema: public; Owner: odoo
--

COPY public.ir_act_url (id, binding_model_id, create_uid, write_uid, type, path, binding_type, binding_view_types, name, help, create_date, write_date, target, url) FROM stdin;
3	\N	1	1	ir.actions.act_url	\N	action	list,form	{"en_US": "Home Menu", "es_ES": "Menú de inicio"}	\N	2026-04-08 08:31:35.16841	2026-04-08 08:31:35.16841	self	/web
41	\N	1	1	ir.actions.act_url	\N	action	list,form	{"en_US": "Theme Store", "es_ES": "Tienda de temas"}	\N	2026-04-08 08:31:35.16841	2026-04-08 08:31:35.16841	new	https://apps.odoo.com/apps/themes
40	\N	1	1	ir.actions.act_url	\N	action	list,form	{"en_US": "Third-Party Apps", "es_ES": "Aplicaciones de terceros"}	\N	2026-04-08 08:31:35.16841	2026-04-08 08:31:35.16841	new	https://apps.odoo.com/apps/modules
\.


--
-- Data for Name: ir_act_window; Type: TABLE DATA; Schema: public; Owner: odoo
--

COPY public.ir_act_window (id, binding_model_id, create_uid, write_uid, type, path, binding_type, binding_view_types, name, help, create_date, write_date, view_id, res_id, "limit", search_view_id, domain, context, res_model, target, view_mode, mobile_view_mode, usage, filter) FROM stdin;
30	\N	1	1	ir.actions.act_window	\N	action	list,form	{"en_US": "Menu Items", "es_ES": "Elementos del menú"}	{"en_US": "<p>Manage and customize the items available and displayed in your Odoo system menu. You can delete an item by clicking on the box at the beginning of each line and then delete it through the button that appeared. Items can be assigned to specific groups in order to make them accessible to some users within the system.</p>", "es_ES": "<p>Gestione y personalice los elementos disponibles que aparecen en su menú de Odoo. Para eliminar un elemento, haga clic en la caja que se encuentra al inicio de cada línea y haga clic en el botón de eliminar. Los elementos se pueden asignar a grupos específicos para que solo algunos usuarios del sistema puedan acceder a ellos.</p>"}	2026-04-08 08:31:35.16841	2026-04-08 08:31:35.16841	75	\N	80	76	\N	{'ir.ui.menu.full_list':True}	ir.ui.menu	current	list,form	kanban	\N	\N
31	\N	1	1	ir.actions.act_window	\N	action	list,form	{"en_US": "Views", "es_ES": "Vistas"}	{"en_US": "<p>Views allows you to personalize each view of Odoo. You can add new fields, move fields, rename them or delete the ones that you do not need.</p>", "es_ES": "<p>La entrada 'Vistas' le permite personalizar cada vista de Odoo. Puede añadir nuevos campos, moverlos, renombrarlos o borrar los que no necesite.</p>"}	2026-04-08 08:31:35.16841	2026-04-08 08:31:35.16841	78	\N	80	\N	\N	{'search_default_active': 1}	ir.ui.view	current	list,form	kanban	\N	\N
32	16	1	1	ir.actions.act_window	\N	action	form,list	{"en_US": "Compare/Reset", "es_ES": "Comparar/Restablecer"}	\N	2026-04-08 08:31:35.16841	2026-04-08 08:31:35.16841	\N	\N	80	\N	\N	{}	reset.view.arch.wizard	new	form	kanban	\N	\N
33	\N	1	1	ir.actions.act_window	\N	action	list,form	{"en_US": "Customized Views", "es_ES": "Vistas personalizadas"}	{"en_US": "<p class=\\"o_view_nocontent_smiling_face\\">Create a customized view</p><p>Customized views are used when users reorganize the content of their dashboard views (via web client)</p>", "es_ES": "<p class=\\"o_view_nocontent_smiling_face\\">Crear una vista personalizada</p><p>Las vistas personalizadas se utilizan cuando los usuarios reorganizan el contenido de sus vistas de tablero (mediante el cliente web)</p>"}	2026-04-08 08:31:35.16841	2026-04-08 08:31:35.16841	\N	\N	80	\N	\N	{}	ir.ui.view.custom	current	list,form	kanban	\N	\N
34	\N	1	1	ir.actions.act_window	\N	action	list,form	{"en_US": "User-defined Defaults", "es_ES": "Valores por defecto del usuario"}	\N	2026-04-08 08:31:35.16841	2026-04-08 08:31:35.16841	\N	\N	80	86	\N	{}	ir.default	current	list,form	kanban	\N	\N
38	\N	1	1	ir.actions.act_window	\N	action	list,form	{"en_US": "Logging", "es_ES": "Registro"}	\N	2026-04-08 08:31:35.16841	2026-04-08 08:31:35.16841	\N	\N	80	90	\N	{}	ir.logging	current	list,form	kanban	\N	\N
39	\N	1	1	ir.actions.act_window	apps	action	list,form	{"en_US": "Apps", "es_ES": "Aplicaciones"}	{"en_US": "<p class=\\"o_view_nocontent_empty_folder\\">\\n                No module found!\\n              </p><p>\\n                You should try other search criteria.\\n              </p>\\n            ", "es_ES": "<p class=\\"o_view_nocontent_empty_folder\\">\\n                ¡No se ha encontrado ningún módulo!\\n              </p><p>\\n                Debería probar otro criterio de búsqueda.\\n              </p>\\n            "}	2026-04-08 08:31:35.16841	2026-04-08 08:31:35.16841	\N	\N	80	95	\N	{'search_default_app':1}	ir.module.module	current	kanban,list,form	kanban	\N	\N
43	\N	1	1	ir.actions.act_window	\N	action	list,form	{"en_US": "Module Update", "es_ES": "Actualización del módulo"}	\N	2026-04-08 08:31:35.16841	2026-04-08 08:31:35.16841	\N	\N	80	\N	\N	{}	base.module.update	new	form	kanban	\N	\N
44	\N	1	1	ir.actions.act_window	\N	action	list,form	{"en_US": "Add Languages", "es_ES": "Añadir idiomas"}	\N	2026-04-08 08:31:35.16841	2026-04-08 08:31:35.16841	\N	\N	80	\N	\N	{}	base.language.install	new	form	kanban	\N	\N
45	\N	1	1	ir.actions.act_window	\N	action	list,form	{"en_US": "Import Translation", "es_ES": "Importar traducción"}	\N	2026-04-08 08:31:35.16841	2026-04-08 08:31:35.16841	\N	\N	80	\N	\N	{}	base.language.import	new	form	kanban	\N	\N
46	\N	1	1	ir.actions.act_window	\N	action	list,form	{"en_US": "Apply Schedule Upgrade", "es_ES": "Aplicar actualización programada"}	\N	2026-04-08 08:31:35.16841	2026-04-08 08:31:35.16841	\N	\N	80	\N	\N	{}	base.module.upgrade	new	form	kanban	\N	\N
47	\N	1	1	ir.actions.act_window	\N	action	list,form	{"en_US": "Module Upgrade Install", "es_ES": "Instalación de actualización del módulo"}	\N	2026-04-08 08:31:35.16841	2026-04-08 08:31:35.16841	105	\N	80	\N	\N	{}	base.module.upgrade	new	form	kanban	\N	\N
48	\N	1	1	ir.actions.act_window	\N	action	list,form	{"en_US": "Export Translation", "es_ES": "Exportar traducción"}	\N	2026-04-08 08:31:35.16841	2026-04-08 08:31:35.16841	\N	\N	80	\N	\N	{}	base.language.export	new	form	kanban	\N	\N
49	\N	1	1	ir.actions.act_window	\N	action	list,form	{"en_US": "Deduplicate Contacts", "es_ES": "Eliminar contactos duplicados"}	\N	2026-04-08 08:31:35.16841	2026-04-08 08:31:35.16841	\N	\N	80	\N	\N	{'active_test': False}	base.partner.merge.automatic.wizard	new	form	kanban	\N	\N
50	88	1	1	ir.actions.act_window	\N	action	list	{"en_US": "Merge", "es_ES": "Fusionar"}	\N	2026-04-08 08:31:35.16841	2026-04-08 08:31:35.16841	\N	\N	80	\N	\N	{}	base.partner.merge.automatic.wizard	new	form	kanban	\N	\N
52	\N	1	1	ir.actions.act_window	\N	action	list,form	{"en_US": "Ir profile", "es_ES": "Perfil IR"}	\N	2026-04-08 08:31:35.16841	2026-04-08 08:31:35.16841	\N	\N	80	\N	\N	{'search_default_group_session': 1}	ir.profile	current	list,form	kanban	\N	\N
53	\N	1	1	ir.actions.act_window	companies	action	list,form	{"en_US": "Companies", "es_ES": "Compañías"}	{"en_US": "<p class=\\"o_view_nocontent_smiling_face\\">\\n                Create a new company\\n              </p><p>\\n                Create and manage the companies that will be managed by Odoo from here. Shops or subsidiaries can be created and maintained from here.\\n              </p>\\n            ", "es_ES": "<p class=\\"o_view_nocontent_smiling_face\\">\\n                Crear una nueva compañia\\n              </p><p>\\n                Cree y administre las compañías que serán gestionadas por Odoo aquí. Las tiendas o subsidiarias también pueden ser creadas y mantenidas desde aquí.\\n              </p>\\n            "}	2026-04-08 08:31:35.16841	2026-04-08 08:31:35.16841	\N	\N	80	\N	[('parent_id', '=', False)]	{}	res.company	current	list,kanban,form	kanban	\N	\N
55	\N	1	1	ir.actions.act_window	\N	action	list,form	{"en_US": "Contact Titles", "es_ES": "Títulos de contacto"}	{"en_US": "<p class=\\"o_view_nocontent_smiling_face\\">\\n                    Create a Title\\n                </p><p>\\n                    Manage Contact Titles as well as their abbreviations (e.g. \\"Mr.\\", \\"Mrs.\\", etc).\\n                </p>\\n            ", "es_ES": "<p class=\\"o_view_nocontent_smiling_face\\">\\n                    Crear un título\\n                </p><p>\\n                    Administre los nombres de contacto así como sus abreviaciones (p. ej. \\"Sr.\\" \\"Sra.\\", etc).\\n                </p>\\n            "}	2026-04-08 08:31:35.16841	2026-04-08 08:31:35.16841	\N	\N	80	\N	[]	{}	res.partner.title	current	list,form	kanban	\N	\N
358	\N	1	1	ir.actions.act_window	\N	action	list,form	{"en_US": "Quotation Templates", "es_ES": "Plantillas de presupuesto"}	{"en_US": "<p class=\\"o_view_nocontent_smiling_face\\">\\n                Create your quotation template\\n            </p><p>\\n                Use templates to create polished, professional quotes in minutes.\\n                Send these quotes by email and let your customers sign online.\\n                Use cross-selling and discounts to push and boost your sales.\\n            </p>\\n        ", "es_ES": "<p class=\\"o_view_nocontent_smiling_face\\">\\n                Cree su plantilla de presupuesto\\n            </p><p>\\n                Use plantillas para crear presupuestos profesionales y atractivos en minutos.\\n                Envíe estos presupuestos por correo electrónico y deje que sus clientes firmen en línea.\\n                Utilice las ventas cruzadas y los descuentos para impulsar y aumentar sus ventas.\\n            </p>\\n        "}	2026-04-08 08:35:05.349582	2026-04-08 08:35:05.349582	\N	\N	80	\N	\N	{}	sale.order.template	current	list,form	kanban	\N	\N
59	\N	1	1	ir.actions.act_window	\N	action	list,form	{"en_US": "Contact Tags", "es_ES": "Etiquetas de contacto"}	{"en_US": "<p class=\\"o_view_nocontent_smiling_face\\">\\n                Create a Contact Tag\\n              </p><p>\\n                Assign tags to your contacts to organize, filter and track them.\\n              </p>\\n            ", "es_ES": "<p class=\\"o_view_nocontent_smiling_face\\">\\n                Crear una etiqueta de contacto\\n              </p><p>\\n                Asigne etiquetas a sus contactos para organizarlos, filtrarlos y rastrearlos.\\n              </p>\\n            "}	2026-04-08 08:31:35.16841	2026-04-08 08:31:35.16841	\N	\N	80	132	\N	{}	res.partner.category	current	list,form	kanban	\N	\N
60	\N	1	1	ir.actions.act_window	\N	action	list,form	{"en_US": "Industries", "es_ES": "Sectores"}	{"en_US": "<p class=\\"o_view_nocontent_smiling_face\\">\\n                Create an Industry\\n              </p><p>\\n                Specify industries to classify your contacts and draw up reports.\\n              </p>\\n            ", "es_ES": "<p class=\\"o_view_nocontent_smiling_face\\">\\n                Crear un sector\\n              </p><p>\\n                Especifique los sectores para clasificar sus contactos y elaborar informes.\\n              </p>\\n            "}	2026-04-08 08:31:35.16841	2026-04-08 08:31:35.16841	\N	\N	80	135	\N	{}	res.partner.industry	current	list,form	kanban	\N	\N
61	\N	1	1	ir.actions.act_window	\N	action	list,form	{"en_US": "Banks", "es_ES": "Bancos"}	{"en_US": "<p class=\\"o_view_nocontent_smiling_face\\">\\n                Create a Bank\\n              </p><p>\\n                Banks are the financial institutions at which you and your contacts have their accounts.\\n              </p>\\n            ", "es_ES": "<p class=\\"o_view_nocontent_smiling_face\\">\\n                Crear un banco\\n              </p><p>\\n                Los bancos son instituciones financieras en las que usted y sus contactos tienen sus cuentas.\\n              </p>\\n            "}	2026-04-08 08:31:35.16841	2026-04-08 08:31:35.16841	\N	\N	80	138	\N	{}	res.bank	current	list,form	kanban	\N	\N
62	\N	1	1	ir.actions.act_window	\N	action	list,form	{"en_US": "Bank Accounts", "es_ES": "Cuentas bancarias"}	{"en_US": "<p class=\\"o_view_nocontent_smiling_face\\">\\n                Create a Bank Account\\n              </p><p>\\n                From here you can manage all bank accounts linked to you and your contacts.\\n              </p>\\n            ", "es_ES": "<p class=\\"o_view_nocontent_smiling_face\\">\\n                Crear una cuenta bancaria\\n              </p><p>\\n                Desde aquí puede administrar todas las cuentas bancarias que están vinculadas a usted y a sus contactos.\\n              </p>\\n            "}	2026-04-08 08:31:35.16841	2026-04-08 08:31:35.16841	\N	\N	80	\N	\N	{}	res.partner.bank	current	list,form	kanban	\N	\N
63	\N	1	1	ir.actions.act_window	\N	action	list,form	{"en_US": "Countries", "es_ES": "Países"}	{"en_US": "<p class=\\"o_view_nocontent_smiling_face\\">\\n                    No Country Found!\\n                </p><p>\\n                    Manage the list of countries that can be set on your contacts.\\n                </p>\\n            ", "es_ES": "<p class=\\"o_view_nocontent_smiling_face\\">\\n                    ¡No se encontró el país!\\n                </p><p>\\n                    Gestione la lista de países que se pueden establecer en sus contactos.\\n                </p>\\n            "}	2026-04-08 08:31:35.16841	2026-04-08 08:31:35.16841	\N	\N	80	\N	\N	{}	res.country	current	list,form	kanban	\N	\N
65	\N	1	1	ir.actions.act_window	\N	action	list,form	{"en_US": "Fed. States", "es_ES": "Provincias"}	{"en_US": "<p class=\\"o_view_nocontent_smiling_face\\">\\n                    Create a State\\n                </p><p>\\n                    Federal States belong to countries and are part of your contacts' addresses.\\n                </p>\\n            ", "es_ES": "<p class=\\"o_view_nocontent_smiling_face\\">\\n                    Crear una provincia\\n                </p><p>\\n                    Los estados federales pertenecen a países que son parte de sus direcciones de contacto\\n                </p>\\n            "}	2026-04-08 08:31:35.16841	2026-04-08 08:31:35.16841	147	\N	80	\N	\N	{}	res.country.state	current	list,form	kanban	\N	\N
67	\N	1	1	ir.actions.act_window	\N	action	list,form	{"en_US": "Currencies", "es_ES": "Monedas"}	\N	2026-04-08 08:31:35.16841	2026-04-08 08:31:35.16841	\N	\N	80	153	\N	{'active_test': False}	res.currency	current	list,kanban,form	kanban	\N	\N
68	99	1	1	ir.actions.act_window	\N	action	list,form	{"en_US": "Change Password", "es_ES": "Cambiar contraseña"}	\N	2026-04-08 08:31:35.16841	2026-04-08 08:31:35.16841	\N	\N	80	\N	\N	{}	change.password.wizard	new	form	kanban	\N	\N
56	\N	1	1	ir.actions.act_window	\N	action	list,form	{"en_US": "Customers", "es_ES": "Clientes"}	{"en_US": "<p class=\\"o_view_nocontent_smiling_face\\">\\n                Create a Contact in your address book\\n              </p><p>\\n                Odoo helps you track all activities related to your contacts.\\n              </p>\\n            ", "es_ES": "<p class=\\"o_view_nocontent_smiling_face\\">\\n                Crear un contacto en su libreta de direcciones\\n              </p><p>\\n                Odoo le ayuda a llevar fácilmente un seguimiento de todas las actividades relacionadas con sus contactos.\\n              </p>\\n            "}	2026-04-08 08:31:35.16841	2026-04-08 08:34:27.650619	\N	\N	80	128	\N	{'res_partner_search_mode': 'customer'}	res.partner	current	kanban,list,form,activity	kanban	\N	\N
487	\N	1	1	ir.actions.act_window	\N	action	list,form	{"en_US": "Calendar Alarm", "es_ES": "Alerta de calendario"}	\N	2026-04-08 08:38:54.40235	2026-04-08 08:38:54.40235	1589	\N	80	\N	\N	{}	calendar.alarm	current	list,form	kanban	\N	\N
26	\N	1	1	ir.actions.act_window	access-rights	action	list,form	{"en_US": "Access Rights", "es_ES": "Permisos de acceso"}	\N	2026-04-08 08:31:35.16841	2026-04-08 08:31:35.16841	62	\N	80	64	\N	{}	ir.model.access	current	list,form	kanban	\N	\N
28	\N	1	1	ir.actions.act_window	record-rules	action	list,form	{"en_US": "Record Rules", "es_ES": "Reglas de registro"}	\N	2026-04-08 08:31:35.16841	2026-04-08 08:31:35.16841	69	\N	80	70	\N	{}	ir.rule	current	list,form	kanban	\N	\N
29	\N	1	1	ir.actions.act_window	\N	action	list,form	{"en_US": "Sequences", "es_ES": "Secuencias"}	\N	2026-04-08 08:31:35.16841	2026-04-08 08:31:35.16841	72	\N	80	\N	\N	{'active_test': False}	ir.sequence	current	list,form	kanban	\N	\N
361	\N	1	1	ir.actions.act_window	\N	action	list,form	{"en_US": "Headers/Footers", "es_ES": "Encabezados/pies de página"}	{"en_US": "<p class=\\"o_view_nocontent_smiling_face\\">\\n                Upload quotation headers and footers\\n            </p>\\n            <p>\\n                Personalize your quotes with catchy header and footer pages\\n                <br>\\n                to boost your sales.\\n            </p>\\n        ", "es_ES": "<p class=\\"o_view_nocontent_smiling_face\\">\\n                Subir encabezados y pies de página del presupuesto\\n            </p>\\n            <p>\\n                Personalice sus presupuestos con encabezados y pies de página llamativos\\n                <br>\\n                para aumentar sus ventas.\\n            </p>\\n        "}	2026-04-08 08:35:06.530911	2026-04-08 08:35:06.530911	\N	\N	80	\N	\N	{}	quotation.document	current	kanban,list,form	kanban	\N	\N
89	\N	1	1	ir.actions.act_window	\N	action	list,form	{"en_US": "Units of Measure", "es_ES": "Unidades de medida"}	{"en_US": "<p class=\\"o_view_nocontent_smiling_face\\">\\n            Add a new unit of measure\\n          </p><p>\\n            You must define a conversion rate between several Units of\\n            Measure within the same category.\\n          </p>\\n        ", "es_ES": "<p class=\\"o_view_nocontent_smiling_face\\">\\n            Añadir una nueva unidad de medida\\n          </p><p>\\n            Debe definir una proporción de conversión entre varias unidades de\\nmedida dentro de la misma categoría.\\n          </p>\\n        "}	2026-04-08 08:34:23.145155	2026-04-08 08:34:23.145155	247	\N	80	249	\N	{}	uom.uom	current	list,form	kanban	\N	\N
90	\N	1	1	ir.actions.act_window	\N	action	list,form	{"en_US": "Units of Measure Categories", "es_ES": "Categorías de unidades de medida"}	{"en_US": "<p class=\\"o_view_nocontent_smiling_face\\">\\n            Add a new unit of measure category\\n          </p><p>\\n            Units of measure belonging to the same category can be\\n            converted between each others. For example, in the category\\n            <i>'Time'</i>, you will have the following units of measure:\\n            Hours, Days.\\n          </p>\\n        ", "es_ES": "<p class=\\"o_view_nocontent_smiling_face\\">\\n            Añadir una nueva categoría de unidad de medida\\n          </p><p>\\n            Las unidades de medida pertenecientes a la misma categoría pueden ser\\nconvertidas entre sí. Por ejemplo,  la categoría\\n<i>'Tiempo'</i>, tendrá las siguientes unidades de medida: \\nHoras, Días.\\n          </p>\\n        "}	2026-04-08 08:34:23.145155	2026-04-08 08:34:23.145155	\N	\N	80	\N	\N	{'allow_to_change_reference': 1}	uom.category	current	list,form	kanban	\N	\N
92	\N	1	1	ir.actions.act_window	\N	action	list,form	{"en_US": "Onboarding Steps", "es_ES": "Pasos de incorporación"}	\N	2026-04-08 08:34:24.661893	2026-04-08 08:34:24.661893	\N	\N	80	\N	\N	{}	onboarding.onboarding.step	current	list,form	kanban	\N	\N
91	\N	1	1	ir.actions.act_window	\N	action	list,form	{"en_US": "Onboardings", "es_ES": "Incorporaciones"}	\N	2026-04-08 08:34:24.661893	2026-04-08 08:34:24.661893	\N	\N	80	\N	\N	{}	onboarding.onboarding	current	list,form	kanban	\N	\N
459	\N	1	1	ir.actions.act_window	\N	action	list,form	{"en_US": "Project Sharing", "es_ES": "Compartir proyectos"}	{"en_US": "<p class=\\"o_view_nocontent_smiling_face\\">\\n                No tasks found. Let's create one!\\n            </p>\\n            <p>\\n                Keep track of the progress of your tasks from creation to completion.<br>\\n                Collaborate efficiently by chatting in real-time or via email.\\n            </p>\\n        ", "es_ES": "<p class=\\"o_view_nocontent_smiling_face\\">\\n                No se encontraron tareas. ¡Creemos una!\\n            </p>\\n            <p>\\n                Lleve seguimiento del progreso de sus tareas desde su creación hasta su finalización.<br>\\n                Chatee en tiempo real o por correo electrónico para colaborar de forma eficiente.\\n            </p>\\n        "}	2026-04-08 08:35:22.624638	2026-04-08 08:35:30.80317	\N	\N	80	1447	[('project_id', '=', active_id), ('display_in_project', '=', True)]	{\n            'default_project_id': active_id,\n            'active_id_chatter': active_id,\n            'delete': false,\n            'sale_show_partner_name': true,\n        }	project.task	current	kanban,list,form	kanban	\N	\N
362	\N	1	1	ir.actions.act_window	contacts	action	list,form	{"en_US": "Contacts", "es_ES": "Contactos"}	{"en_US": "<p class=\\"o_view_nocontent_smiling_face\\">\\n            Create a Contact in your address book\\n          </p><p>\\n            Odoo helps you track all activities related to your contacts.\\n          </p>\\n        ", "es_ES": "<p class=\\"o_view_nocontent_smiling_face\\">\\n            Crear un contacto en su libreta de direcciones\\n          </p><p>\\n            Odoo le ayuda a llevar fácilmente un seguimiento de todas las actividades relacionadas con sus contactos.\\n          </p>\\n        "}	2026-04-08 08:35:10.094387	2026-04-08 08:35:10.094387	\N	\N	80	128	\N	{'default_is_company': True}	res.partner	current	kanban,list,form,activity	kanban	\N	\N
486	\N	1	1	ir.actions.act_window	\N	action	list,form	{"en_US": "Meeting Types", "es_ES": "Tipos de reunión"}	\N	2026-04-08 08:38:54.40235	2026-04-08 08:38:54.40235	1588	\N	80	\N	\N	{}	calendar.event.type	current	list,form	kanban	\N	\N
488	\N	1	1	ir.actions.act_window	calendar	action	list,form	{"en_US": "Meetings", "es_ES": "Reuniones"}	{"en_US": "<p class=\\"o_view_nocontent_smiling_face\\">\\n            No meetings found. Let's schedule one!\\n          </p><p>\\n            The calendar is shared between employees and fully integrated with\\n            other applications such as the employee leaves or the business\\n            opportunities.\\n          </p>\\n        ", "es_ES": "<p class=\\"o_view_nocontent_smiling_face\\">\\n            No se encontraron reuniones. ¡Creemos una!\\n          </p><p>\\n            El calendario se comparte entre los empleados y se integra por completo con\\n                otras aplicaciones como las asistencias del empleado las oportunidades\\n                de la empresa.\\n          </p>\\n        "}	2026-04-08 08:38:54.40235	2026-04-08 08:38:54.40235	1594	\N	80	1595	\N	{}	calendar.event	current	calendar,list,form	kanban	\N	\N
489	\N	1	1	ir.actions.act_window	\N	action	list,form	{"en_US": "Settings", "es_ES": "Ajustes"}	\N	2026-04-08 08:38:54.40235	2026-04-08 08:38:54.40235	\N	\N	80	\N	\N	{'module' : 'calendar', 'bin_size': False}	res.config.settings	inline	form	kanban	\N	\N
97	149	1	1	ir.actions.act_window	\N	action	form	{"en_US": "Closing Days", "es_ES": "Días de cierre"}	\N	2026-04-08 08:34:25.271933	2026-04-08 08:34:25.271933	\N	\N	80	\N	[('calendar_id','=',active_id), ('resource_id','=',False)]	{'default_calendar_id': active_id}	resource.calendar.leaves	current	calendar,list,form	kanban	\N	\N
95	\N	1	1	ir.actions.act_window	\N	action	list,form	{"en_US": "Resource Time Off", "es_ES": "Ausencia del recurso"}	\N	2026-04-08 08:34:25.271933	2026-04-08 08:34:25.271933	\N	\N	80	272	\N	{}	resource.calendar.leaves	current	list,form,calendar	kanban	\N	\N
69	\N	1	1	ir.actions.act_window	\N	action	list,form	{"en_US": "Groups", "es_ES": "Grupos"}	{"en_US": "<p>A group is a set of functional areas that will be assigned to the user in order to give them access and rights to specific applications and tasks in the system. You can create custom groups or edit the ones existing by default in order to customize the view of the menu that users will be able to see. Whether they can have a read, write, create and delete access right can be managed from here.</p>", "es_ES": "<p>Un grupo es un conjunto de áreas funcionales que se asignarán al usuario para darle acceso y permisos a aplicaciones específicas y tareas en el sistema. Puede crear grupos personalizados o editar los existentes para personalizar la vista de menús que los usuarios podrán ver. La gestión de los permisos de lectura, escritura, creación y eliminación se hace desde aquí.</p>"}	2026-04-08 08:31:35.16841	2026-04-08 08:31:35.16841	\N	\N	80	\N	\N	{'search_default_filter_no_share': 1, 'ir.ui.menu.full_list': 1}	res.groups	current	list,form	kanban	\N	\N
70	\N	1	1	ir.actions.act_window	users	action	list,form	{"en_US": "Users", "es_ES": "Usuarios"}	{"en_US": "<p>Create and manage users that will connect to the system. Users can be deactivated should there be a period of time during which they will/should not connect to the system. You can assign them groups in order to give them specific access to the applications they need to use in the system.</p>", "es_ES": "<p>Cree y gestione los usuarios que accederán al sistema. Los usuarios pueden ser desactivados si durante un periodo de tiempo no deberían acceder al sistema. Puede asignarles grupos con el fin de darles acceso a las aplicaciones que necesiten usar en el sistema.</p>"}	2026-04-08 08:31:35.16841	2026-04-08 08:31:35.16841	164	\N	80	166	\N	{'search_default_filter_no_share': 1, 'show_user_group_warning': True}	res.users	current	list,kanban,form	kanban	\N	\N
71	\N	1	1	ir.actions.act_window	\N	action	list,form	{"en_US": "API Key: description input wizard", "es_ES": "Clave API: asistente de la descripción"}	\N	2026-04-08 08:31:35.16841	2026-04-08 08:31:35.16841	\N	\N	80	\N	\N	{}	res.users.apikeys.description	new	form	kanban	\N	\N
72	\N	1	1	ir.actions.act_window	\N	action	list,form	{"en_US": "Change My Preferences", "es_ES": "Cambiar mis preferencias"}	\N	2026-04-08 08:31:35.16841	2026-04-08 08:31:35.16841	\N	\N	80	\N	\N	{}	res.users	new	form	kanban	\N	\N
73	\N	1	1	ir.actions.act_window	\N	action	list,form	{"en_US": "API Keys Listing", "es_ES": "Listado de claves API"}	\N	2026-04-08 08:31:35.16841	2026-04-08 08:31:35.16841	171	\N	80	\N	\N	{}	res.users.apikeys	current	list	kanban	\N	\N
74	\N	1	1	ir.actions.act_window	user-device	action	list,form	{"en_US": "User Devices", "es_ES": "Dispositivos de usuario"}	\N	2026-04-08 08:31:35.16841	2026-04-08 08:31:35.16841	\N	\N	80	\N	\N	{}	res.device	current	list,kanban,form	kanban	\N	\N
75	\N	1	1	ir.actions.act_window	\N	action	list,form	{"en_US": "Settings", "es_ES": "Ajustes"}	\N	2026-04-08 08:31:35.16841	2026-04-08 08:31:35.16841	\N	\N	80	\N	\N	{}	res.config.settings	inline	form	kanban	\N	\N
76	\N	1	1	ir.actions.act_window	\N	action	list,form	{"en_US": "Paper Format General Configuration", "es_ES": "Configuración general del formato de papel"}	\N	2026-04-08 08:31:35.16841	2026-04-08 08:31:35.16841	\N	\N	80	\N	\N	{}	report.paperformat	current	list,form	kanban	\N	\N
77	\N	1	1	ir.actions.act_window	\N	action	list,form	{"en_US": "Reports", "es_ES": "Informes"}	\N	2026-04-08 08:31:35.16841	2026-04-08 08:31:35.16841	\N	\N	80	\N	\N	{}	ir.actions.report	current	list,form	kanban	\N	\N
81	\N	1	1	ir.actions.act_window	\N	action	list,form	{"en_US": "Configure your document layout", "es_ES": "Configure el diseño de sus documentos"}	\N	2026-04-08 08:31:43.707203	2026-04-08 08:31:43.707203	215	\N	80	\N	\N	{"dialog_size": "extra-large"}	base.document.layout	new	form	kanban	\N	\N
84	\N	1	1	ir.actions.act_window	\N	action	list,form	{"en_US": "Import Module", "es_ES": "Importar módulo"}	\N	2026-04-08 08:31:48.191233	2026-04-08 08:31:48.191233	\N	\N	80	\N	\N	{}	base.import.module	new	form	kanban	\N	\N
85	\N	1	1	ir.actions.act_window	settings	action	list,form	{"en_US": "Settings", "es_ES": "Ajustes"}	\N	2026-04-08 08:31:48.411072	2026-04-08 08:31:48.411072	\N	\N	80	\N	\N	{'module' : 'general_settings', 'bin_size': False}	res.config.settings	inline	form	kanban	\N	\N
86	\N	1	1	ir.actions.act_window	\N	action	list,form	{"en_US": "Tours", "es_ES": "Recorridos"}	\N	2026-04-08 08:31:48.87394	2026-04-08 08:31:48.87394	231	\N	80	232	\N	{}	web_tour.tour	current	list,form	kanban	\N	\N
88	\N	1	1	ir.actions.act_window	iap-accounts	action	list,form	{"en_US": "IAP Account", "es_ES": "Cuenta IAP"}	\N	2026-04-08 08:31:49.227671	2026-04-08 08:31:49.227671	\N	\N	80	\N	\N	{}	iap.account	current	list,form	kanban	\N	\N
96	\N	1	1	ir.actions.act_window	\N	action	list,form	{"en_US": "Resource Time Off", "es_ES": "Ausencia del recurso"}	\N	2026-04-08 08:34:25.271933	2026-04-08 08:34:25.271933	\N	\N	80	272	\N	{\n            'default_calendar_id': active_id,\n            'search_default_calendar_id': active_id}	resource.calendar.leaves	current	list,form,calendar	kanban	\N	\N
93	\N	1	1	ir.actions.act_window	\N	action	list,form	{"en_US": "Resources", "es_ES": "Recursos"}	{"en_US": "<p>Resources allow you to create and manage resources that should be involved in a specific project phase. You can also set their efficiency level and workload based on their weekly working hours.</p>", "es_ES": "<p>Los recursos le permiten crear y gestionar los recursos que deben participar en una cierta fase de un proyecto. También puede definir su nivel de eficiencia y carga de trabajo en base a sus horas laborables semanales.</p>"}	2026-04-08 08:34:25.271933	2026-04-08 08:34:25.271933	\N	\N	80	269	\N	{}	resource.resource	current	list,form	kanban	\N	\N
94	\N	1	1	ir.actions.act_window	\N	action	list,form	{"en_US": "Resources", "es_ES": "Recursos"}	{"en_US": "<p>Resources allow you to create and manage resources that should be involved in a specific project phase. You can also set their efficiency level and workload based on their weekly working hours.</p>", "es_ES": "<p>Los recursos le permiten crear y gestionar los recursos que deben participar en una cierta fase de un proyecto. También puede definir su nivel de eficiencia y carga de trabajo en base a sus horas laborables semanales.</p>"}	2026-04-08 08:34:25.271933	2026-04-08 08:34:25.271933	\N	\N	80	269	\N	{\n            'default_calendar_id': active_id,\n            'search_default_calendar_id': active_id}	resource.resource	current	list,form	kanban	\N	\N
98	149	1	1	ir.actions.act_window	\N	action	form	{"en_US": "Resources Time Off", "es_ES": "Ausencias de recursos"}	\N	2026-04-08 08:34:25.271933	2026-04-08 08:34:25.271933	\N	\N	80	\N	[('calendar_id','=',active_id), ('resource_id','!=',False)]	{'default_calendar_id': active_id}	resource.calendar.leaves	current	calendar,list,form	kanban	\N	\N
99	\N	1	1	ir.actions.act_window	\N	action	list,form	{"en_US": "Working Schedules", "es_ES": "Horarios de trabajo"}	{"en_US": "<p class=\\"o_view_nocontent_smiling_face\\">\\n            Define working hours and time table that could be scheduled to your project members\\n          </p>\\n        ", "es_ES": "<p class=\\"o_view_nocontent_smiling_face\\">\\n            Defina el número de horas laborables y el horario de trabajo que puede planificar para los miembros de su proyecto.\\n          </p>\\n        "}	2026-04-08 08:34:25.271933	2026-04-08 08:34:25.271933	\N	\N	80	278	['|', ('company_id', '=', False), ('company_id', 'in', allowed_company_ids)]	{}	resource.calendar	current	list,form	kanban	\N	\N
1	\N	1	1	ir.actions.act_window	\N	action	list,form	{"en_US": "Load demo data", "es_ES": "Cargar datos de prueba"}	\N	2026-04-08 08:31:35.16841	2026-04-08 08:31:35.16841	\N	\N	80	\N	\N	{}	ir.demo	new	form	kanban	\N	\N
4	\N	1	1	ir.actions.act_window	\N	action	list,form	{"en_US": "Decimal Accuracy", "es_ES": "Precisión decimal"}	\N	2026-04-08 08:31:35.16841	2026-04-08 08:31:35.16841	\N	\N	80	\N	\N	{}	decimal.precision	current	list,form	kanban	\N	\N
5	\N	1	1	ir.actions.act_window	\N	action	list,form	{"en_US": "Actions", "es_ES": "Acciones"}	\N	2026-04-08 08:31:35.16841	2026-04-08 08:31:35.16841	6	\N	80	7	\N	{}	ir.actions.actions	current	list,form	kanban	\N	\N
6	\N	1	1	ir.actions.act_window	\N	action	list,form	{"en_US": "Reports", "es_ES": "Informes"}	\N	2026-04-08 08:31:35.16841	2026-04-08 08:31:35.16841	9	\N	80	10	\N	{}	ir.actions.report	current	list,form	kanban	\N	\N
7	\N	1	1	ir.actions.act_window	\N	action	list,form	{"en_US": "Window Actions", "es_ES": "Acciones de ventana"}	\N	2026-04-08 08:31:35.16841	2026-04-08 08:31:35.16841	\N	\N	80	14	\N	{}	ir.actions.act_window	current	list,form	kanban	\N	\N
8	\N	1	1	ir.actions.act_window	\N	action	list,form	{"en_US": "Client Actions", "es_ES": "Acciones de cliente"}	\N	2026-04-08 08:31:35.16841	2026-04-08 08:31:35.16841	15	\N	80	\N	\N	{}	ir.actions.client	current	list,form	kanban	\N	\N
9	\N	1	1	ir.actions.act_window	server-actions	action	list,form	{"en_US": "Server Actions", "es_ES": "Acciones de servidor"}	\N	2026-04-08 08:31:35.16841	2026-04-08 08:31:35.16841	17	\N	80	18	\N	{'key':'server_action'}	ir.actions.server	current	list,form	kanban	\N	\N
10	\N	1	1	ir.actions.act_window	\N	action	list,form	{"en_US": "Embedded Actions", "es_ES": "Acciones incrustadas"}	\N	2026-04-08 08:31:35.16841	2026-04-08 08:31:35.16841	20	\N	80	\N	\N	{}	ir.embedded.actions	current	list,form	kanban	\N	\N
13	\N	1	1	ir.actions.act_window	\N	action	list,form	{"en_US": "Assets", "es_ES": "Activos"}	\N	2026-04-08 08:31:35.16841	2026-04-08 08:31:35.16841	25	\N	80	\N	\N	{'search_default_active': 1}	ir.asset	current	list,form	kanban	\N	\N
14	\N	1	1	ir.actions.act_window	system-parameters	action	list,form	{"en_US": "System Parameters", "es_ES": "Parámetros del sistema"}	\N	2026-04-08 08:31:35.16841	2026-04-08 08:31:35.16841	\N	\N	80	\N	\N	{}	ir.config_parameter	current	list,form	kanban	\N	\N
104	\N	1	1	ir.actions.act_window	\N	action	list,form	{"en_US": "Campaign Tags", "es_ES": "Etiquetas de la campaña"}	{"en_US": "<p class=\\"o_view_nocontent_smiling_face\\">\\n                Create a Tag\\n            </p><p>\\n                Assign tags to your campaigns to organize, filter and track them.\\n            </p>\\n        ", "es_ES": "<p class=\\"o_view_nocontent_smiling_face\\">\\n                Crear una etiqueta\\n            </p><p>\\n                Asigne etiquetas a sus campañas para organizar, filtrar y rastrearlas.\\n            </p>\\n        "}	2026-04-08 08:34:26.323112	2026-04-08 08:34:26.323112	\N	\N	80	\N	\N	{}	utm.tag	current	list,form	kanban	\N	\N
645	\N	1	1	ir.actions.act_window	\N	action	list,form	{"en_US": "Change my Preferences", "es_ES": "Cambiar mis preferencias"}	\N	2026-04-08 08:50:55.821924	2026-04-08 08:50:55.821924	1957	\N	80	\N	\N	{'from_my_profile': True}	res.users	current	form	kanban	\N	\N
502	\N	1	1	ir.actions.act_window	\N	action	list,form	{"en_US": "Meetings", "es_ES": "Reuniones"}	\N	2026-04-08 08:38:57.179101	2026-04-08 08:38:57.179101	\N	\N	80	\N	\N	{'default_duration': 4.0, 'default_opportunity_id': active_id}	calendar.event	current	list,form,calendar	kanban	\N	\N
497	640	1	1	ir.actions.act_window	\N	action	list	{"en_US": "Merge", "es_ES": "Fusionar"}	\N	2026-04-08 08:38:57.179101	2026-04-08 08:38:57.179101	\N	\N	80	\N	\N	{}	crm.merge.opportunity	new	form	kanban	\N	\N
640	\N	1	1	ir.actions.act_window	\N	action	list,form	{"en_US": "Employees", "es_ES": "Empleados"}	\N	2026-04-08 08:50:55.821924	2026-04-08 08:50:55.821924	\N	\N	80	1937	\N	{}	hr.employee	current	form,list	kanban	\N	\N
100	\N	1	1	ir.actions.act_window	\N	action	list,form	{"en_US": "Campaigns", "es_ES": "Campañas"}	{"en_US": "<p class=\\"o_view_nocontent_smiling_face\\">\\n                Create a campaign\\n            </p>\\n            <p>\\n                Campaigns are used to centralize your marketing efforts and track their results.\\n            </p>\\n        ", "es_ES": "<p class=\\"o_view_nocontent_smiling_face\\">\\n                Cree una campaña\\n            </p>\\n            <p>\\n                Las campañas se usan para centralizar sus esfuerzos de marketing y seguir sus resultados.\\n            </p>\\n        "}	2026-04-08 08:34:26.323112	2026-04-08 08:34:26.323112	\N	\N	80	\N	\N	{}	utm.campaign	current	list,kanban,form	kanban	\N	\N
101	\N	1	1	ir.actions.act_window	\N	action	list,form	{"en_US": "Mediums", "es_ES": "Medios"}	{"en_US": "<p class=\\"o_view_nocontent_smiling_face\\">\\n                Create a Medium\\n            </p><p>\\n                UTM Mediums track the mean that was used to attract traffic (e.g. \\"Website\\", \\"X\\", ...).\\n            </p>\\n        ", "es_ES": "<p class=\\"o_view_nocontent_smiling_face\\">\\n                Crear un medio\\n            </p><p>\\n                Los medios UTM rastrean el medio que se usó para atraer tráfico (p. ej. \\"sitio web\\", \\"X\\", ...).\\n            </p>\\n        "}	2026-04-08 08:34:26.323112	2026-04-08 08:34:26.323112	\N	\N	80	288	\N	{}	utm.medium	current	list,form	kanban	\N	\N
102	\N	1	1	ir.actions.act_window	\N	action	list,form	{"en_US": "Sources", "es_ES": "Fuentes"}	{"en_US": "<p class=\\"o_view_nocontent_smiling_face\\">\\n                No Sources yet!\\n            </p><p>\\n                UTM Sources track where traffic comes from  (e.g. \\"May Newsletter\\", \\"\\", ...).\\n            </p>\\n        ", "es_ES": "<p class=\\"o_view_nocontent_smiling_face\\">\\n                ¡Todavía no hay fuentes!\\n            </p><p>\\n                Las fuentes UTM rastrean de dónde viene el tráfico (por ejemplo, \\"boletín informativo de mayo\\", ...).\\n            </p>\\n        "}	2026-04-08 08:34:26.323112	2026-04-08 08:34:26.323112	\N	\N	80	\N	\N	{}	utm.source	current	list,form	kanban	\N	\N
103	\N	1	1	ir.actions.act_window	\N	action	list,form	{"en_US": "UTM Stages", "es_ES": "Etapas UTM"}	{"en_US": "<p class=\\"o_view_nocontent_smiling_face\\">\\n            Create a stage for your campaigns\\n            </p><p>\\n            Stages allow you to organize your workflow  (e.g. plan, design, in progress, done, …).\\n            </p>\\n        ", "es_ES": "<p class=\\"o_view_nocontent_smiling_face\\">\\n            Cree una etapa para sus campañas\\n            </p><p>\\n            Las etapas le permiten organizar su flujo de trabajo (por ejemplo, planificación, diseño, en proceso, listo...)\\n            </p>\\n        "}	2026-04-08 08:34:26.323112	2026-04-08 08:34:26.323112	\N	\N	80	\N	\N	{}	utm.stage	current	list,form	kanban	\N	\N
105	\N	1	1	ir.actions.act_window	\N	action	list,form	{"en_US": "Certificates", "es_ES": "Certificados"}	{"en_US": "<p class=\\"o_view_nocontent_smiling_face\\">Create a first certificate</p>\\n        ", "es_ES": "<p class=\\"o_view_nocontent_smiling_face\\">Cree el primer certificado</p>\\n        "}	2026-04-08 08:34:27.107321	2026-04-08 08:34:27.107321	\N	\N	80	\N	\N	{}	certificate.certificate	current	list,form	kanban	\N	\N
106	\N	1	1	ir.actions.act_window	\N	action	list,form	{"en_US": "Keys", "es_ES": "Claves"}	{"en_US": "<p class=\\"o_view_nocontent_smiling_face\\">Create a first key</p>\\n        ", "es_ES": "<p class=\\"o_view_nocontent_smiling_face\\">Cree la primera clave</p>\\n        "}	2026-04-08 08:34:27.107321	2026-04-08 08:34:27.107321	\N	\N	80	\N	\N	{}	certificate.key	current	list,form	kanban	\N	\N
512	\N	1	1	ir.actions.act_window	\N	action	list,form	{"en_US": "Settings", "es_ES": "Ajustes"}	\N	2026-04-08 08:38:57.179101	2026-04-08 08:38:57.179101	1646	\N	80	\N	\N	{'module' : 'crm', 'bin_size': False}	res.config.settings	inline	form	kanban	\N	\N
159	\N	1	1	ir.actions.act_window	\N	action	list,form	{"en_US": "Analytic Distribution Models", "es_ES": "Modelos de distribución analítica"}	\N	2026-04-08 08:34:32.743761	2026-04-08 08:34:32.743761	\N	\N	80	\N	\N	{}	account.analytic.distribution.model	current	list,form	kanban	\N	\N
211	432	1	1	ir.actions.act_window	\N	action	list	{"en_US": "Reset SMS Template", "es_ES": "Restablecer plantilla de SMS"}	\N	2026-04-08 08:34:39.76217	2026-04-08 08:34:39.76217	605	\N	80	\N	\N	{\n            'default_template_ids': active_ids\n        }	sms.template.reset	new	form	kanban	\N	\N
214	\N	1	1	ir.actions.act_window	\N	action	list,form	{"en_US": "SMS", "es_ES": "SMS"}	\N	2026-04-08 08:34:39.76217	2026-04-08 08:34:39.76217	\N	\N	80	\N	[('to_delete', '!=', True)]	{}	sms.sms	current	list,form	kanban	\N	\N
212	88	1	1	ir.actions.act_window	\N	action	list	{"en_US": "Send SMS", "es_ES": "Enviar SMS"}	\N	2026-04-08 08:34:39.76217	2026-04-08 08:34:39.76217	\N	\N	80	\N	\N	{\n            'default_composition_mode': 'mass',\n            'default_mass_keep_log': True,\n            'default_res_ids': active_ids\n        }	sms.composer	new	form	kanban	\N	\N
213	88	1	1	ir.actions.act_window	\N	action	form	{"en_US": "Send SMS", "es_ES": "Enviar SMS"}	\N	2026-04-08 08:34:39.76217	2026-04-08 08:34:39.76217	\N	\N	80	\N	\N	{\n            'default_composition_mode': 'comment',\n            'default_res_id': active_id,\n        }	sms.composer	new	form	kanban	\N	\N
208	\N	1	1	ir.actions.act_window	\N	action	list,form	{"en_US": "Send SMS", "es_ES": "Enviar SMS"}	\N	2026-04-08 08:34:39.76217	2026-04-08 08:34:39.76217	\N	\N	80	\N	\N	{}	sms.composer	new	form	kanban	\N	\N
210	\N	1	1	ir.actions.act_window	\N	action	list,form	{"en_US": "Sending Failures", "es_ES": "Fallos de envío "}	\N	2026-04-08 08:34:39.76217	2026-04-08 08:34:39.76217	\N	\N	80	\N	\N	{}	sms.resend	new	form	kanban	\N	\N
209	\N	1	1	ir.actions.act_window	\N	action	list,form	{"en_US": "Template Preview", "es_ES": "Vista previa de la plantilla"}	\N	2026-04-08 08:34:39.76217	2026-04-08 08:34:39.76217	603	\N	80	\N	\N	{'default_sms_template_id':active_id}	sms.template.preview	new	form	kanban	\N	\N
216	\N	1	1	ir.actions.act_window	\N	action	list,form	{"en_US": "Templates", "es_ES": "Plantillas"}	\N	2026-04-08 08:34:39.76217	2026-04-08 08:34:39.76217	\N	\N	80	\N	\N	{}	sms.template	current	list,form	kanban	\N	\N
368	\N	1	1	ir.actions.act_window	\N	action	list,form	{"en_US": "Badges", "es_ES": "Insignias"}	{"en_US": "<p class=\\"o_view_nocontent_smiling_face\\">\\n                Create a new badge\\n            </p><p>\\n                A badge is a symbolic token granted to a user as a sign of reward.\\n                It can be deserved automatically when some conditions are met or manually by users.\\n                Some badges are harder than others to get with specific conditions.\\n            </p>\\n        ", "es_ES": "<p class=\\"o_view_nocontent_smiling_face\\">\\n                Crear una nueva insignia\\n            </p><p>\\n                Una insignia es una muestra simbólica otorgada a un usuario como una señal de recompensa.\\n                Se puede ganar automáticamente cuando se cumplen ciertas condiciones, o puede ser otorgada manualmente por usuarios.\\n                Algunas insignias son más difíciles de conseguir con condiciones específicas.\\n            </p>\\n        "}	2026-04-08 08:35:10.407079	2026-04-08 08:35:10.407079	\N	\N	80	1074	\N	{}	gamification.badge	current	kanban,list,form	kanban	\N	\N
372	\N	1	1	ir.actions.act_window	\N	action	list,form	{"en_US": "Challenges", "es_ES": "Desafíos"}	{"en_US": "<p class=\\"o_view_nocontent_smiling_face\\">\\n                Create a new challenge\\n            </p><p>\\n                Assign a list of goals to chosen users to evaluate them.\\n                The challenge can use a period (weekly, monthly...) for automatic creation of goals.\\n                The goals are created for the specified users or member of the group.\\n            </p>\\n        ", "es_ES": "<p class=\\"o_view_nocontent_smiling_face\\">\\n                Crear un nuevo desafío\\n            </p><p>\\n                Asigne una lista de metas a los usuarios elegidos para evaluarlos.\\n                El desafío puede usar un periodo (semanal, mensual...) para crear metas automáticamente.\\n                Las metas se crean para determinados usuarios o miembros del grupo.\\n            </p>\\n        "}	2026-04-08 08:35:10.407079	2026-04-08 08:35:10.407079	\N	\N	80	\N	\N	{'search_default_inprogress':True, 'default_inprogress':True}	gamification.challenge	current	kanban,list	kanban	\N	\N
642	\N	1	1	ir.actions.act_window	departments	action	list,form	{"en_US": "Departments", "es_ES": "Departamentos"}	{"en_US": "<p class=\\"o_view_nocontent_smiling_face\\">\\n                    Create a new department\\n                </p><p>\\n                    Structure Employees per department and have an overview of e.g.\\n                    expenses, timesheets, time off, recruitment, etc.\\n                </p>\\n            ", "es_ES": "<p class=\\"o_view_nocontent_smiling_face\\">\\n                    Crear un nuevo departamento\\n                </p><p>\\n                    Estructura a los empleados por departamento, muestra un resumen de\\n                    gastos, partes de horas, ausencias, reclutamiento, etc.\\n                </p>\\n            "}	2026-04-08 08:50:55.821924	2026-04-08 08:50:55.821924	\N	\N	80	1947	[("has_read_access", "=", True)]	{}	hr.department	current	kanban,list,form	kanban	\N	\N
27	\N	1	1	ir.actions.act_window	\N	action	list,form	{"en_US": "Attachments", "es_ES": "Archivos adjuntos"}	{"en_US": "<p class=\\"o_view_nocontent_smiling_face\\">\\n                Attach a new document\\n              </p>\\n            ", "es_ES": "<p class=\\"o_view_nocontent_smiling_face\\">\\n                Attach a new document\\n              </p>\\n            "}	2026-04-08 08:31:35.16841	2026-04-08 08:34:27.650619	\N	\N	80	67	\N	{}	ir.attachment	current	kanban,list,form	kanban	\N	\N
11	\N	1	1	ir.actions.act_window	\N	action	list,form	{"en_US": "Configuration Wizards", "es_ES": "Asistentes de configuración"}	{"en_US": "<p>The configuration wizards are used to help you configure a new instance of Odoo. They are launched during the installation of new modules, but you can choose to restart some wizards manually from this menu.</p>", "es_ES": "<p>Los asistentes de configuración se usan para ayudarle a configurar una nueva instancia de Odoo. Se inicia durante la instalación de nuevos módulos, pero puede volver a lanzar alguno de ellos manualmente desde este menú.</p>"}	2026-04-08 08:31:35.16841	2026-04-08 08:31:35.16841	21	\N	80	\N	\N	{}	ir.actions.todo	current	list,form	kanban	\N	\N
16	\N	1	1	ir.actions.act_window	\N	action	list,form	{"en_US": "Scheduled Actions Triggers", "es_ES": "Activadores de tareas programadas"}	\N	2026-04-08 08:31:35.16841	2026-04-08 08:31:35.16841	\N	\N	80	\N	\N	{}	ir.cron.trigger	current	list,form	kanban	\N	\N
17	\N	1	1	ir.actions.act_window	\N	action	list,form	{"en_US": "User-defined Filters", "es_ES": "Filtros de usuario"}	\N	2026-04-08 08:31:35.16841	2026-04-08 08:31:35.16841	\N	\N	80	\N	\N	{}	ir.filters	current	list,form	kanban	\N	\N
18	\N	1	1	ir.actions.act_window	\N	action	list,form	{"en_US": "Outgoing Mail Servers", "es_ES": "Servidores de correo de salida"}	\N	2026-04-08 08:31:35.16841	2026-04-08 08:31:35.16841	41	\N	80	42	\N	{}	ir.mail_server	current	list,form	kanban	\N	\N
19	\N	1	1	ir.actions.act_window	\N	action	list,form	{"en_US": "Create Menu", "es_ES": "Crear menú"}	\N	2026-04-08 08:31:35.16841	2026-04-08 08:31:35.16841	\N	\N	80	\N	\N	{'model_id': active_id}	wizard.ir.model.menu.create	new	form	kanban	\N	\N
20	\N	1	1	ir.actions.act_window	\N	action	list,form	{"en_US": "Models", "es_ES": "Modelos"}	\N	2026-04-08 08:31:35.16841	2026-04-08 08:31:35.16841	45	\N	80	\N	\N	{}	ir.model	current	list,form	kanban	\N	\N
21	\N	1	1	ir.actions.act_window	\N	action	list,form	{"en_US": "Fields", "es_ES": "Campos"}	\N	2026-04-08 08:31:35.16841	2026-04-08 08:31:35.16841	48	\N	80	\N	\N	{}	ir.model.fields	current	list,form	kanban	\N	\N
22	\N	1	1	ir.actions.act_window	\N	action	list,form	{"en_US": "Fields Selection", "es_ES": "Selección de campos"}	\N	2026-04-08 08:31:35.16841	2026-04-08 08:31:35.16841	51	\N	80	\N	\N	{}	ir.model.fields.selection	current	list,form	kanban	\N	\N
23	\N	1	1	ir.actions.act_window	\N	action	list,form	{"en_US": "External Identifiers", "es_ES": "Identificadores externos"}	\N	2026-04-08 08:31:35.16841	2026-04-08 08:31:35.16841	54	\N	80	\N	\N	{}	ir.model.data	current	list,form	kanban	\N	\N
24	\N	1	1	ir.actions.act_window	\N	action	list,form	{"en_US": "Model Constraints", "es_ES": "Restricciones del modelo"}	\N	2026-04-08 08:31:35.16841	2026-04-08 08:31:35.16841	57	\N	80	58	\N	{}	ir.model.constraint	current	list,form	kanban	\N	\N
25	\N	1	1	ir.actions.act_window	\N	action	list,form	{"en_US": "ManyToMany Relations", "es_ES": "Relaciones ManyToMany"}	\N	2026-04-08 08:31:35.16841	2026-04-08 08:31:35.16841	60	\N	80	\N	\N	{}	ir.model.relation	current	list,form	kanban	\N	\N
15	\N	1	1	ir.actions.act_window	crons	action	list,form	{"en_US": "Scheduled Actions", "es_ES": "Acciones planificadas"}	\N	2026-04-08 08:31:35.16841	2026-04-08 08:34:27.650619	31	\N	80	\N	[('id', '!=', 4)]	{'search_default_all': 1}	ir.cron	current	list,form,calendar	kanban	\N	\N
365	\N	1	1	ir.actions.act_window	\N	action	list,form	{"en_US": "Create User", "es_ES": "Crear usuario"}	{"en_US": "<p>Create and manage users that will connect to the system. Users can be deactivated should there be a period of time during which they will/should not connect to the system. You can assign them groups in order to give them specific access to the applications they need to use in the system.</p>", "es_ES": "<p>Cree y gestione los usuarios que accederán al sistema. Los usuarios pueden ser desactivados si durante un periodo de tiempo no deberían acceder al sistema. Puede asignarles grupos con el fin de darles acceso a las aplicaciones que necesiten usar en el sistema.</p>"}	2026-04-08 08:35:10.407079	2026-04-08 08:35:10.407079	162	\N	80	\N	\N	{}	res.users	current	list,form	kanban	\N	\N
641	\N	1	1	ir.actions.act_window	\N	action	list,form	{"en_US": "Departments", "es_ES": "Departamentos"}	{"en_US": "<p class=\\"o_view_nocontent_smiling_face\\">\\n                    Create a new department\\n                </p><p>\\n                    Structure Employees per department and have an overview of e.g.\\n                    expenses, timesheets, time off, recruitment, etc.\\n                </p>\\n            ", "es_ES": "<p class=\\"o_view_nocontent_smiling_face\\">\\n                    Crear un nuevo departamento\\n                </p><p>\\n                    Estructura a los empleados por departamento, muestra un resumen de\\n                    gastos, partes de horas, ausencias, reclutamiento, etc.\\n                </p>\\n            "}	2026-04-08 08:50:55.821924	2026-04-08 08:50:55.821924	\N	\N	80	1947	[("has_read_access", "=", True)]	{}	hr.department	current	list,form,kanban	kanban	\N	\N
57	\N	1	1	ir.actions.act_window	\N	action	list,form	{"en_US": "Customers", "es_ES": "Clientes"}	{"en_US": "<p class=\\"o_view_nocontent_smiling_face\\">\\n                Create a new customer in your address book\\n              </p><p>\\n                Odoo helps you easily track all activities related to a customer.\\n              </p>\\n            ", "es_ES": "<p class=\\"o_view_nocontent_smiling_face\\">\\n                Crear un nuevo cliente en su libreta de direcciones\\n              </p><p>\\n                Odoo le ayuda a rastrear fácilmente todas las actividades relacionadas con un cliente.\\n              </p>\\n            "}	2026-04-08 08:31:35.16841	2026-04-08 08:34:27.650619	\N	\N	80	\N	[]	{'res_partner_search_mode': 'customer', 'default_is_company': True}	res.partner	current	kanban,list,form,activity	kanban	\N	t
58	\N	1	1	ir.actions.act_window	\N	action	list,form	{"en_US": "Vendors", "es_ES": "Proveedores"}	{"en_US": "<p class=\\"o_view_nocontent_smiling_face\\">\\n                Create a new vendor in your address book\\n              </p><p>\\n                Odoo helps you easily track all activities related to a vendor.\\n              </p>\\n            ", "es_ES": "<p class=\\"o_view_nocontent_smiling_face\\">\\n                Crear un nuevo proveedor en su libreta de direcciones\\n              </p><p>\\n                Odoo le ayuda a rastrear fácilmente todas las actividades relacionadas con un proveedor.\\n              </p>\\n            "}	2026-04-08 08:31:35.16841	2026-04-08 08:34:27.650619	\N	\N	80	\N	[]	{'res_partner_search_mode': 'supplier', 'default_is_company': True}	res.partner	current	kanban,list,form,activity	kanban	\N	t
150	\N	1	1	ir.actions.act_window	\N	action	list,form	{"en_US": "User Settings", "es_ES": "Ajustes de usuario"}	\N	2026-04-08 08:34:27.650619	2026-04-08 08:34:27.650619	\N	\N	80	\N	\N	{}	res.users.settings	current	list,form	kanban	\N	\N
220	\N	1	1	ir.actions.act_window	\N	action	list,form	{"en_US": "Failed letter", "es_ES": "Carta con errores"}	\N	2026-04-08 08:34:41.996744	2026-04-08 08:34:41.996744	\N	\N	80	\N	\N	{}	snailmail.letter.missing.required.fields	new	form	kanban	\N	\N
219	\N	1	1	ir.actions.act_window	\N	action	list,form	{"en_US": "Format Error", "es_ES": "Error de formato"}	\N	2026-04-08 08:34:41.996744	2026-04-08 08:34:41.996744	\N	\N	80	\N	\N	{}	snailmail.letter.format.error	new	form	kanban	\N	\N
218	\N	1	1	ir.actions.act_window	\N	action	list,form	{"en_US": "Snailmail Letters", "es_ES": "Cartas de correo postal"}	\N	2026-04-08 08:34:41.996744	2026-04-08 08:34:41.996744	621	\N	80	\N	[('state', '!=', 'draft')]	{}	snailmail.letter	current	form,list	kanban	\N	\N
222	\N	1	1	ir.actions.act_window	\N	action	list,form	{"en_US": "Digest Emails", "es_ES": "Correos electrónicos del resumen"}	\N	2026-04-08 08:34:42.757453	2026-04-08 08:34:42.757453	\N	\N	80	632	\N	{'search_default_filter_activated': 1}	digest.digest	current	list,form	kanban	\N	\N
223	\N	1	1	ir.actions.act_window	\N	action	list,form	{"en_US": "Digest Tips", "es_ES": "Consejos del resumen"}	\N	2026-04-08 08:34:42.757453	2026-04-08 08:34:42.757453	\N	\N	80	635	\N	{}	digest.tip	current	list,form	kanban	\N	\N
371	\N	1	1	ir.actions.act_window	\N	action	list,form	{"en_US": "Goal Definitions", "es_ES": "Definiciones de meta"}	{"en_US": "<p class=\\"o_view_nocontent_smiling_face\\">\\n                Create a new goal definition\\n            </p><p>\\n                A goal definition is a technical specification of a condition to reach.\\n                The dates, values to reach or users are defined in goal instance.\\n            </p>\\n        ", "es_ES": "<p class=\\"o_view_nocontent_smiling_face\\">\\n                Crear una nueva definición de meta\\n            </p><p>\\n                Una definición de meta es una especificación técnica de una condición a alcanzar.\\n                Las fechas, valores a alcanzar o usuarios se definen en instancia de la meta.\\n            </p>\\n        "}	2026-04-08 08:35:10.407079	2026-04-08 08:35:10.407079	\N	\N	80	\N	\N	{}	gamification.goal.definition	current	list,form	kanban	\N	\N
369	\N	1	1	ir.actions.act_window	\N	action	list,form	{"en_US": "Goals", "es_ES": "Metas"}	{"en_US": "<p class=\\"o_view_nocontent_smiling_face\\">\\n                Create a new goal\\n            </p><p>\\n                A goal is defined by a user and a goal definition.\\n                Goals can be created automatically by using challenges.\\n            </p>\\n        ", "es_ES": "<p class=\\"o_view_nocontent_smiling_face\\">\\n                Crear una nueva meta\\n            </p><p>\\n                Una meta es definida por un usuario y una definición de meta.\\n                Las metas pueden ser creadas automáticamente usando desafíos.\\n            </p>\\n        "}	2026-04-08 08:35:10.407079	2026-04-08 08:35:10.407079	\N	\N	80	\N	\N	{'search_default_group_by_user': True, 'search_default_group_by_definition': True}	gamification.goal	current	list,form,kanban	kanban	\N	\N
107	232	1	1	ir.actions.act_window	\N	action	list,form	{"en_US": "Compose Email", "es_ES": "Redactar correo electrónico"}	\N	2026-04-08 08:34:27.650619	2026-04-08 08:34:27.650619	\N	\N	80	\N	\N	{}	mail.compose.message	new	form	kanban	\N	\N
108	\N	1	1	ir.actions.act_window	\N	action	list,form	{"en_US": "Sending Failures", "es_ES": "Fallos de envío "}	\N	2026-04-08 08:34:27.650619	2026-04-08 08:34:27.650619	\N	\N	80	\N	\N	{}	mail.resend.message	new	form	kanban	\N	\N
109	\N	1	1	ir.actions.act_window	\N	action	list,form	{"en_US": "Resend Email", "es_ES": "Reenviar correo electrónico"}	\N	2026-04-08 08:34:27.650619	2026-04-08 08:34:27.650619	\N	\N	80	\N	\N	{}	mail.resend.partner	current	form	kanban	\N	\N
110	\N	1	1	ir.actions.act_window	\N	action	list,form	{"en_US": "Template Preview", "es_ES": "Vista previa de la plantilla"}	\N	2026-04-08 08:34:27.650619	2026-04-08 08:34:27.650619	308	\N	80	\N	\N	{'default_mail_template_id':active_id}	mail.template.preview	new	form	kanban	\N	\N
111	198	1	1	ir.actions.act_window	\N	action	list	{"en_US": "Reset Mail Template", "es_ES": "Restablecer plantilla de correo"}	\N	2026-04-08 08:34:27.650619	2026-04-08 08:34:27.650619	310	\N	80	\N	\N	{\n            'default_template_ids': active_ids\n        }	mail.template.reset	new	form	kanban	\N	\N
112	\N	1	1	ir.actions.act_window	\N	action	list,form	{"en_US": "Incoming Mail Servers", "es_ES": "Servidores de correo de entrada"}	\N	2026-04-08 08:34:27.650619	2026-04-08 08:34:27.650619	311	\N	80	313	\N	{}	fetchmail.server	current	list,form	kanban	\N	\N
113	\N	1	1	ir.actions.act_window	\N	action	list,form	{"en_US": "Subtypes", "es_ES": "Subtipo"}	\N	2026-04-08 08:34:27.650619	2026-04-08 08:34:27.650619	\N	\N	80	\N	\N	{}	mail.message.subtype	current	list,form	kanban	\N	\N
54	\N	1	1	ir.actions.act_window	\N	action	list,form	{"en_US": "Languages", "es_ES": "Idiomas"}	\N	2026-04-08 08:31:35.16841	2026-04-08 08:31:35.16841	\N	\N	80	120	\N	{'active_test': False}	res.lang	current	list,form	kanban	\N	\N
114	\N	1	1	ir.actions.act_window	\N	action	list,form	{"en_US": "Tracking Values", "es_ES": "Valores de seguimiento"}	\N	2026-04-08 08:34:27.650619	2026-04-08 08:34:27.650619	\N	\N	80	\N	\N	{}	mail.tracking.value	current	list,form	kanban	\N	\N
115	\N	1	1	ir.actions.act_window	\N	action	list,form	{"en_US": "Notifications", "es_ES": "Notificaciones"}	\N	2026-04-08 08:34:27.650619	2026-04-08 08:34:27.650619	\N	\N	80	\N	\N	{}	mail.notification	current	list,form	kanban	\N	\N
116	\N	1	1	ir.actions.act_window	\N	action	list,form	{"en_US": "Messages", "es_ES": "Mensajes"}	\N	2026-04-08 08:34:27.650619	2026-04-08 08:34:27.650619	\N	\N	80	323	\N	{}	mail.message	current	list,form	kanban	\N	\N
117	\N	1	1	ir.actions.act_window	\N	action	list,form	{"en_US": "Scheduled Messages", "es_ES": "Mensajes programados"}	\N	2026-04-08 08:34:27.650619	2026-04-08 08:34:27.650619	\N	\N	80	\N	\N	{}	mail.message.schedule	current	list,form	kanban	\N	\N
118	\N	1	1	ir.actions.act_window	\N	action	list,form	{"en_US": "Emails", "es_ES": "Correos electrónicos"}	\N	2026-04-08 08:34:27.650619	2026-04-08 08:34:27.650619	\N	\N	80	330	\N	{}	mail.mail	current	list,form	kanban	\N	\N
119	178	1	1	ir.actions.act_window	\N	action	form	{"en_US": "Messages", "es_ES": "Mensajes"}	\N	2026-04-08 08:34:27.650619	2026-04-08 08:34:27.650619	\N	\N	80	\N	[('email_from', '!=', False), ('fetchmail_server_id', '=', active_id)]	{'search_default_server_id': active_id, 'default_fetchmail_server_id': active_id}	mail.mail	current	list,form	kanban	\N	\N
120	\N	1	1	ir.actions.act_window	\N	action	list,form	{"en_US": "Followers", "es_ES": "Seguidores"}	\N	2026-04-08 08:34:27.650619	2026-04-08 08:34:27.650619	\N	\N	80	\N	\N	{}	mail.followers	current	list,form	kanban	\N	\N
121	\N	1	1	ir.actions.act_window	\N	action	list,form	{"en_US": "ICE servers", "es_ES": "Servidores ICE"}	\N	2026-04-08 08:34:27.650619	2026-04-08 08:34:27.650619	\N	\N	80	\N	\N	{}	mail.ice.server	current	list,form	kanban	\N	\N
122	\N	1	1	ir.actions.act_window	\N	action	list,form	{"en_US": "Channels/Members", "es_ES": "Canales/Miembros"}	\N	2026-04-08 08:34:27.650619	2026-04-08 08:34:27.650619	\N	\N	80	\N	\N	{}	discuss.channel.member	current	list,form	kanban	\N	\N
123	\N	1	1	ir.actions.act_window	\N	action	list,form	{"en_US": "RTC sessions", "es_ES": "Sesiones de comunicación de tiempo real"}	\N	2026-04-08 08:34:27.650619	2026-04-08 08:34:27.650619	\N	\N	80	\N	\N	{'search_default_group_by_channel': True}	discuss.channel.rtc.session	current	list,form	kanban	\N	\N
124	\N	1	1	ir.actions.act_window	\N	action	list,form	{"en_US": "Link Previews", "es_ES": "Vistas previas de enlaces"}	\N	2026-04-08 08:34:27.650619	2026-04-08 08:34:27.650619	\N	\N	80	\N	\N	{}	mail.link.preview	current	list,form	kanban	\N	\N
125	\N	1	1	ir.actions.act_window	\N	action	list,form	{"en_US": "GIF favorite", "es_ES": "GIF favorito "}	\N	2026-04-08 08:34:27.650619	2026-04-08 08:34:27.650619	\N	\N	80	\N	\N	{}	discuss.gif.favorite	current	list,form	kanban	\N	\N
126	\N	1	1	ir.actions.act_window	\N	action	list,form	{"en_US": "Join a group", "es_ES": "Unirse al grupo"}	\N	2026-04-08 08:34:27.650619	2026-04-08 08:34:27.650619	\N	\N	80	347	\N	{}	discuss.channel	current	kanban,list,form	kanban	\N	\N
131	\N	1	1	ir.actions.act_window	\N	action	list,form	{"en_US": "Other activities", "es_ES": "Otras actividades"}	{"en_US": "<p class=\\"o_view_nocontent_smiling_face\\">\\n                No activities.\\n            </p>\\n        ", "es_ES": "<p class=\\"o_view_nocontent_smiling_face\\">\\n                Sin actividades.\\n            </p>\\n        "}	2026-04-08 08:34:27.650619	2026-04-08 08:34:27.650619	\N	\N	80	359	[('id', 'in', active_ids)]	{}	mail.activity	main	list,form	kanban	\N	\N
363	\N	1	1	ir.actions.act_window	\N	action	list,form	{"en_US": "Grant Badge", "es_ES": "Otorgar insignia"}	\N	2026-04-08 08:35:10.407079	2026-04-08 08:35:10.407079	1066	\N	80	\N	\N	{\n            'default_badge_id': active_id,\n            'badge_id': active_id\n        }	gamification.badge.user.wizard	new	list,form	kanban	\N	\N
633	\N	1	1	ir.actions.act_window	\N	action	list,form	{"en_US": "Departure Reasons", "es_ES": "Motivos de salida"}	\N	2026-04-08 08:50:55.821924	2026-04-08 08:50:55.821924	\N	\N	80	\N	\N	{}	hr.departure.reason	current	list	kanban	\N	\N
128	\N	1	1	ir.actions.act_window	\N	action	list,form	{"en_US": "Canned Responses", "es_ES": "Respuestas predefinidas"}	{"en_US": "<p class=\\"o_view_nocontent_smiling_face\\">\\n                    Create a new canned response\\n                </p><p>\\n                    Canned responses allow you to insert prewritten responses in\\n                    your messages by typing <i>:shortcut</i>. The shortcut is\\n                    replaced directly in your message, so that you can still edit\\n                    it before sending.\\n                </p>\\n            ", "es_ES": "<p class=\\"o_view_nocontent_smiling_face\\">\\n                    Crear una nueva respuesta predefinida\\n                </p><p>\\n                    Las respuestas predefinidas le permiten insertar mensajes creados con anterioridad en\\n                    sus mensajes al escribir <i>:acceso rápido</i>. El acceso rápido es\\n                    reemplazado directamente en su mensaje para que pueda editarlo\\n                    antes de enviarlo.\\n                </p>\\n            "}	2026-04-08 08:34:27.650619	2026-04-08 08:34:27.650619	\N	\N	80	348	\N	{\n                'search_default_filter_create_uid': 1,\n            }	mail.canned.response	current	list,form	kanban	\N	\N
129	\N	1	1	ir.actions.act_window	\N	action	list,form	{"en_US": "Activity Types", "es_ES": "Tipos de actividad"}	\N	2026-04-08 08:34:27.650619	2026-04-08 08:34:27.650619	\N	\N	80	\N	\N	{}	mail.activity.type	current	list,kanban,form	kanban	\N	\N
130	\N	1	1	ir.actions.act_window	\N	action	list,form	{"en_US": "Activity Overview", "es_ES": "Visión general de las actividades"}	\N	2026-04-08 08:34:27.650619	2026-04-08 08:34:27.650619	\N	\N	80	\N	\N	{\n            'force_search_count': 1,\n        }	mail.activity	current	list,form	kanban	\N	\N
132	\N	1	1	ir.actions.act_window	\N	action	list,form	{"en_US": "My Activities", "es_ES": "Mis actividades"}	\N	2026-04-08 08:34:27.650619	2026-04-08 08:34:27.650619	\N	\N	80	359	\N	{\n            'force_search_count': 1,\n            'search_default_filter_user_id_uid': 1,\n            'search_default_filter_date_deadline_past': 1,\n            'search_default_filter_date_deadline_today': 1,\n        }	mail.activity	current	list,kanban	kanban	\N	\N
133	\N	1	1	ir.actions.act_window	\N	action	list,form	{"en_US": "Activity Plans", "es_ES": "Planes de actividad"}	{"en_US": "<p class=\\"o_view_nocontent_smiling_face\\">\\n                    Create an Activity Plan\\n                </p>\\n                <p>\\n                    Activity plans are used to assign a list of activities in just a few clicks\\n                    (e.g. \\"Onboarding\\", \\"Prospect Follow-up\\", \\"Project Milestone Meeting\\", ...)\\n                </p>\\n            ", "es_ES": "<p class=\\"o_view_nocontent_smiling_face\\">\\n                    Crear un plan de actividad\\n                </p>\\n                <p>\\n                    Los planes de actividad se utilizan para asignar una lista de actividades con unos cuantos clics\\n                    (p. ej. \\"Incorporación\\", \\"Seguimiento del cliente potencial\\", \\"Reunión sobre objetivos del proyecto\\", entre otras)\\n                </p>\\n            "}	2026-04-08 08:34:27.650619	2026-04-08 08:34:27.650619	\N	\N	80	365	\N	{}	mail.activity.plan	current	list,kanban,form	kanban	\N	\N
145	\N	1	1	ir.actions.act_window	\N	action	list,form	{"en_US": "Alias Domains", "es_ES": "Dominios de alias"}	\N	2026-04-08 08:34:27.650619	2026-04-08 08:34:27.650619	\N	\N	80	\N	\N	{}	mail.alias.domain	current	list,form	kanban	\N	\N
146	\N	1	1	ir.actions.act_window	\N	action	list,form	{"en_US": "Aliases", "es_ES": "Alias"}	\N	2026-04-08 08:34:27.650619	2026-04-08 08:34:27.650619	\N	\N	80	\N	\N	{\n                    'search_default_active': True,\n                }\n            	mail.alias	current	list,form	kanban	\N	\N
147	\N	1	1	ir.actions.act_window	\N	action	list,form	{"en_US": "Mail Gateway Allowed", "es_ES": "Puerta de enlace de correo permitida"}	\N	2026-04-08 08:34:27.650619	2026-04-08 08:34:27.650619	\N	\N	80	\N	\N	{}	mail.gateway.allowed	current	list	kanban	\N	\N
148	\N	1	1	ir.actions.act_window	\N	action	list,form	{"en_US": "Guests", "es_ES": "Clientes"}	\N	2026-04-08 08:34:27.650619	2026-04-08 08:34:27.650619	\N	\N	80	\N	\N	{}	mail.guest	current	list,form	kanban	\N	\N
149	\N	1	1	ir.actions.act_window	\N	action	list,form	{"en_US": "Message Reactions", "es_ES": "Reacciones de mensaje"}	\N	2026-04-08 08:34:27.650619	2026-04-08 08:34:27.650619	\N	\N	80	\N	\N	{}	mail.message.reaction	current	list,form	kanban	\N	\N
151	\N	1	1	ir.actions.act_window	email-templates	action	list,form	{"en_US": "Email Templates", "es_ES": "Plantillas de correo electrónico"}	\N	2026-04-08 08:34:27.650619	2026-04-08 08:34:27.650619	408	\N	80	409	\N	{'search_default_base_templates': 1}	mail.template	current	form,list	kanban	\N	\N
152	88	1	1	ir.actions.act_window	\N	action	list	{"en_US": "Send email", "es_ES": "Enviar correo electrónico"}	\N	2026-04-08 08:34:27.650619	2026-04-08 08:34:27.650619	\N	\N	80	\N	\N	{\n                'default_composition_mode': 'mass_mail',\n                'default_partner_to': '{{ object.id or \\'\\' }}',\n                'default_subtype_xmlid': 'mail.mt_comment',\n                'default_reply_to_force_new': True,\n            }	mail.compose.message	new	form	kanban	\N	\N
153	\N	1	1	ir.actions.act_window	\N	action	list,form	{"en_US": "Blacklisted Email Addresses", "es_ES": "Direcciones de correo electrónico incluidas en la lista negra"}	{"en_US": "<p class=\\"o_view_nocontent_smiling_face\\">\\n            Add an email address to the blacklist\\n          </p><p>\\n            Email addresses that are blacklisted won't receive Email mailings anymore.\\n        </p>\\n        ", "es_ES": "<p class=\\"o_view_nocontent_smiling_face\\">\\n            Añadir una dirección de correo electrónico a la lista negra\\n          </p><p>\\n            Las direcciones de correo electrónico que estén en la lista negra no recibirán más correos electrónicos\\n        </p>\\n        "}	2026-04-08 08:34:27.650619	2026-04-08 08:34:27.650619	419	\N	80	421	\N	{}	mail.blacklist	current	list,form	kanban	\N	\N
763	\N	1	1	ir.actions.act_window	\N	action	list,form	{"en_US": "Stages", "es_ES": "Etapas"}	{"en_US": "<p class=\\"o_view_nocontent_smiling_face\\">\\n            Add a new stage in the maintenance request\\n          </p>\\n        ", "es_ES": "<p class=\\"o_view_nocontent_smiling_face\\">\\n            Añadir una nueva etapa en la solicitud de mantenimiento\\n          </p>\\n        "}	2026-04-24 11:17:56.264301	2026-04-24 11:17:56.264301	\N	\N	80	\N	\N	{}	maintenance.stage	current	list,kanban,form	kanban	\N	\N
230	\N	1	1	ir.actions.act_window	\N	action	list,form	{"en_US": "Payment Tokens", "es_ES": "Tókenes de pago"}	{"en_US": "<p class=\\"o_view_nocontent_smiling_face\\">\\n                There is no token created yet.\\n            </p>\\n        ", "es_ES": "<p class=\\"o_view_nocontent_smiling_face\\">\\n                Aún no hay un token creado.\\n            </p>\\n        "}	2026-04-08 08:34:43.107373	2026-04-08 08:34:43.107373	\N	\N	80	\N	\N	{}	payment.token	current	list,form	kanban	\N	\N
64	\N	1	1	ir.actions.act_window	\N	action	list,form	{"en_US": "Country Group", "es_ES": "Grupo de países"}	{"en_US": "<p class=\\"o_view_nocontent_smiling_face\\">\\n                    Create a Country Group\\n                </p><p>\\n                    Use groups to organize countries that are frequently selected together (e.g. \\"LATAM\\", \\"BeNeLux\\", \\"ASEAN\\").\\n                </p>\\n            ", "es_ES": "<p class=\\"o_view_nocontent_smiling_face\\">\\n                    Crear un grupo de país\\n                </p><p>\\n                    Use grupos para organizar países que frecuentemente se seleccionan juntos (p. ej. \\"LATAM\\", \\"BeNeLux\\", \\"ASEAN\\").\\n                </p>\\n            "}	2026-04-08 08:31:35.16841	2026-04-08 08:31:35.16841	\N	\N	80	\N	\N	{}	res.country.group	current	list,form	kanban	\N	\N
66	94	1	1	ir.actions.act_window	\N	action	form	{"en_US": "Show Currency Rates", "es_ES": "Mostrar tipo de moneda"}	\N	2026-04-08 08:31:35.16841	2026-04-08 08:31:35.16841	151	\N	80	\N	[('currency_id','=', active_id)]	{'default_currency_id': active_id}	res.currency.rate	current	list,form	kanban	\N	\N
367	\N	1	1	ir.actions.act_window	\N	action	list,form	{"en_US": "Karma Tracking", "es_ES": "Rastreo del karma"}	{"en_US": "<p class=\\"o_view_nocontent_smiling_face\\">\\n                No Karma Tracking\\n            </p>\\n            <p>\\n                Track the sources of the users karma and monitor\\n            </p>\\n        ", "es_ES": "<p class=\\"o_view_nocontent_smiling_face\\">\\n                Sin rastreo de karma\\n            </p>\\n            <p>\\n                Rastrear las fuentes del karma de los usuarios y supervisar\\n            </p>\\n        "}	2026-04-08 08:35:10.407079	2026-04-08 08:35:10.407079	\N	\N	80	\N	\N	{}	gamification.karma.tracking	current	list,form	kanban	\N	\N
366	\N	1	1	ir.actions.act_window	\N	action	list,form	{"en_US": "Ranks", "es_ES": "Rangos"}	{"en_US": "<p class=\\"o_view_nocontent_smiling_face\\">\\n                    Create a new rank\\n                </p><p>\\n                    A rank correspond to a fixed karma level. The more you have karma, the more your rank is high.\\n                    This is used to quickly know which user is new or old or highly or not active.\\n                </p>\\n            ", "es_ES": "<p class=\\"o_view_nocontent_smiling_face\\">\\n                    Crear un nuevo rango\\n                </p><p>\\n                    Un rango corresponde a un nivel de karma fijo. Cuanto más karma tiene, más alto es su rango.\\n                    Esto se utiliza para saber con rapidez qué usuario es nuevo o tiene más antigüedad, o si es muy o poco activo.\\n                </p>\\n            "}	2026-04-08 08:35:10.407079	2026-04-08 08:35:10.407079	\N	\N	80	\N	\N	{}	gamification.karma.rank	current	list,form	kanban	\N	\N
157	\N	1	1	ir.actions.act_window	\N	action	list,form	{"en_US": "Analytic Accounts", "es_ES": "Cuentas analíticas"}	{"en_US": "<p class=\\"o_view_nocontent_smiling_face\\">\\n                Add a new analytic account\\n              </p>\\n            ", "es_ES": "<p class=\\"o_view_nocontent_smiling_face\\">\\n                Añadir una nueva cuenta analítica\\n              </p>\\n            "}	2026-04-08 08:34:32.743761	2026-04-08 08:34:32.743761	\N	\N	80	435	\N	{'search_default_active':1}	account.analytic.account	current	list,kanban,form	kanban	\N	\N
370	\N	1	1	ir.actions.act_window	\N	action	list,form	{"en_US": "Related Goals", "es_ES": "Metas relacionadas"}	{"en_US": "<p class=\\"o_view_nocontent_empty_folder\\">\\n                No goal found\\n          </p><p>\\n            There is no goal associated to this challenge matching your search.\\n            Make sure that your challenge is active and assigned to at least one user.\\n          </p>\\n        ", "es_ES": "<p class=\\"o_view_nocontent_empty_folder\\">\\n                No se encontraron metas\\n          </p><p>\\n            No hay una meta asociada a este desafío que coincida con su búsqueda.\\n            Asegúrese de que su desafío esté activo y asignado por lo menos a un usuario.\\n          </p>\\n        "}	2026-04-08 08:35:10.407079	2026-04-08 08:35:10.407079	\N	\N	80	\N	\N	{'search_default_group_by_definition': True, 'search_default_inprogress': True, 'search_default_challenge_id': active_id, 'default_challenge_id': active_id}	gamification.goal	current	kanban,list,form	kanban	\N	\N
158	\N	1	1	ir.actions.act_window	\N	action	list,form	{"en_US": "Analytic Plans", "es_ES": "Planes analíticos:"}	{"en_US": "<p class=\\"o_view_nocontent_smiling_face\\">\\n              Click to add a new analytic account plan.\\n          </p>\\n        ", "es_ES": "<p class=\\"o_view_nocontent_smiling_face\\">\\n              Haga clic para añadir un nuevo plan de cuenta analítica.\\n          </p>\\n        "}	2026-04-08 08:34:32.743761	2026-04-08 08:34:32.743761	\N	\N	80	\N	[('parent_id', '=', False)]	{}	account.analytic.plan	current	list,form	kanban	\N	\N
156	\N	1	1	ir.actions.act_window	\N	action	list,form	{"en_US": "Chart of Analytic Accounts", "es_ES": "Plan de cuentas analíticas"}	{"en_US": "<p class=\\"o_view_nocontent_smiling_face\\">\\n                Add a new analytic account\\n              </p>\\n            ", "es_ES": "<p class=\\"o_view_nocontent_smiling_face\\">\\n                Añadir una nueva cuenta analítica\\n              </p>\\n            "}	2026-04-08 08:34:32.743761	2026-04-08 08:34:32.743761	432	\N	80	435	\N	{'search_default_active':1}	account.analytic.account	current	list,kanban,form	kanban	\N	\N
364	\N	1	1	ir.actions.act_window	\N	action	list,form	{"en_US": "Users", "es_ES": "Usuarios"}	\N	2026-04-08 08:35:10.407079	2026-04-08 08:35:10.407079	\N	\N	80	\N	[('rank_id', '=', active_id)]	{}	res.users	current	list,form	kanban	\N	\N
462	\N	1	1	ir.actions.act_window	\N	action	list,form	{"en_US": "Project Sharing Recurrence", "es_ES": "Recurrencia para compartir proyectos"}	{"en_US": "<p class=\\"o_view_nocontent_smiling_face\\">\\n                No tasks found. Let's create one!\\n            </p>\\n            <p>\\n                Keep track of the progress of your tasks from creation to completion.<br>\\n                Collaborate efficiently by chatting in real-time or via email.\\n            </p>\\n        ", "es_ES": "<p class=\\"o_view_nocontent_smiling_face\\">\\n                No se encontraron tareas. ¡Creemos una!\\n            </p>\\n            <p>\\n                Lleve seguimiento del progreso de sus tareas desde su creación hasta su finalización.<br>\\n                Chatee en tiempo real o por correo electrónico para colaborar de forma eficiente.\\n            </p>\\n        "}	2026-04-08 08:35:22.624638	2026-04-08 08:35:22.624638	\N	\N	80	1447	\N	{}	project.task	current	list,kanban,form	kanban	\N	\N
430	\N	1	1	ir.actions.act_window	project-stages	action	list,form	{"en_US": "Project Stages", "es_ES": "Etapas del proyecto"}	{"en_US": "<p class=\\"o_view_nocontent_smiling_face\\">\\n              No stages found. Let's create one!\\n            </p><p>\\n              Define the steps your projects move through from creation to completion.\\n            </p>\\n        ", "es_ES": "<p class=\\"o_view_nocontent_smiling_face\\">\\n              No se encontraron etapas. ¡Creemos una!\\n            </p><p>\\n              Defina los pasos a seguir en sus proyectos desde la creación hasta la finalización.\\n            </p>\\n        "}	2026-04-08 08:35:22.624638	2026-04-08 08:35:22.624638	\N	\N	80	\N	\N	{}	project.project.stage	current	list,kanban,form	kanban	\N	\N
453	\N	1	1	ir.actions.act_window	\N	action	list,form	{"en_US": "Project's tasks", "es_ES": "Tareas del proyecto"}	\N	2026-04-08 08:35:22.624638	2026-04-08 08:35:22.624638	\N	\N	80	\N	[('project_id', '=', active_id), ('display_in_project', '=', True)]	{'project_id':active_id}	project.task	current	list,form,calendar,graph,kanban	kanban	\N	\N
631	\N	1	1	ir.actions.act_window	\N	action	list,form	{"en_US": "Employee Plans", "es_ES": "Planes del empleado"}	{"en_US": "<p class=\\"o_view_nocontent_smiling_face\\">\\n                    Create an Activity Plan\\n                </p>\\n                <p>\\n                    Activity plans are used to assign a list of activities in just a few clicks\\n                    (e.g. \\"Onboarding\\", \\"Offboarding\\", ...)\\n                </p>\\n            ", "es_ES": "<p class=\\"o_view_nocontent_smiling_face\\">\\n                    Crear un plan de actividad\\n                </p>\\n                <p>\\n                    Los planes de actividad se utilizan para asignar una lista de actividades con unos pocos clics\\n                    (p. ej. \\"Incorporación\\", \\"Plan de salida\\", ...)\\n                </p>\\n            "}	2026-04-08 08:50:55.821924	2026-04-08 08:50:55.821924	\N	\N	80	365	[('res_model', '=', 'hr.employee'), '|', ('company_id', 'in', allowed_company_ids), ('company_id', '=', False)]	{'default_res_model': 'hr.employee'}	mail.activity.plan	current	list,kanban,form	kanban	\N	\N
231	\N	1	1	ir.actions.act_window	\N	action	list,form	{"en_US": "Settings", "es_ES": "Ajustes"}	\N	2026-04-08 08:34:46.340378	2026-04-08 08:34:46.340378	\N	\N	80	\N	\N	{'module': 'general_settings', 'bin_size': False}	res.config.settings	inline	form	kanban	\N	\N
154	\N	1	1	ir.actions.act_window	\N	action	list,form	{"en_US": "Gross Margin", "es_ES": "Margen bruto"}	{"en_US": "<p class=\\"o_view_nocontent_empty_folder\\">\\n                No activity yet on this account\\n            </p><p>\\n                In Odoo, sales orders and projects are implemented using\\n                analytic accounts. You can track costs and revenues to analyse\\n                your margins easily.\\n            </p><p>\\n                Costs will be created automatically when you register supplier\\n                invoices, expenses or timesheets.\\n            </p><p>\\n                Revenues will be created automatically when you create customer\\n                invoices. Customer invoices can be created based on sales orders\\n                (fixed price invoices), on timesheets (based on the work done) or\\n                on expenses (e.g. reinvoicing of travel costs).\\n            </p>\\n        ", "es_ES": "<p class=\\"o_view_nocontent_empty_folder\\">\\n                Sin actividad en esta cuenta\\n            </p><p>\\n                En Odoo, los pedidos de venta y los proyectos se implementan usando cuentas analíticas. Puede realizar el seguimiento de los costes e ingresos para analizar sus márgenes fácilmente.\\n            </p><p>\\n                Los costes se crearán automaticámente cuando registre facturas de proveedor gastos o partes de horas.\\n            </p><p>\\n                Los ingresos se crearán automáticamente cuando crea facturas para el cliente. Las facturas de cliente se pueden crear a partir de los pedidos de venta (facturas de precio fijo), en partes de horas (dependiendo el trabajo realizado) o en los gastos (por ejemplo, refacturación de gastos de viaje).\\n            </p>\\n        "}	2026-04-08 08:34:32.743761	2026-04-08 08:34:32.743761	425	\N	80	426	[('auto_account_id','=', active_id)]	{'search_default_group_date': 1, 'default_auto_account_id': active_id}	account.analytic.line	current	list,form,graph,pivot	kanban	\N	\N
164	\N	1	1	ir.actions.act_window	\N	action	list,form	{"en_US": "You are about to install an extra application", "es_ES": "Está a punto de instalar una aplicación adicional"}	\N	2026-04-08 08:34:33.79956	2026-04-08 08:34:33.79956	\N	\N	80	\N	\N	{ 'default_module_id': active_id }	base.module.install.review	new	form	kanban	\N	\N
636	\N	1	1	ir.actions.act_window	\N	action	list,form	{"en_US": "Employee Tags", "es_ES": "Etiquetas del empleado"}	{"en_US": "<p class=\\"o_view_nocontent_smiling_face\\">\\n                No Tags found ! Let's create one\\n            </p>\\n            <p>\\n                Use tags to categorize your Employees.\\n            </p>\\n        ", "es_ES": "<p class=\\"o_view_nocontent_smiling_face\\">\\n                No se encontraron etiquetas. ¡Creemos una!\\n            </p>\\n            <p>\\n                Utilice etiquetas para clasificar a sus empleados.\\n            </p>\\n        "}	2026-04-08 08:50:55.821924	2026-04-08 08:50:55.821924	\N	\N	80	\N	\N	{}	hr.employee.category	current	list,form	kanban	\N	\N
165	\N	1	1	ir.actions.act_window	\N	action	list,form	{"en_US": "Blacklisted Phone Numbers", "es_ES": "Números de teléfono en la lista negra"}	{"en_US": "<p class=\\"o_view_nocontent_smiling_face\\">\\n                Add a phone number in the blacklist\\n            </p><p>\\n                Blacklisted phone numbers won't receive SMS Mailings anymore.\\n            </p>\\n        ", "es_ES": "<p class=\\"o_view_nocontent_smiling_face\\">\\n                Añadir un número de teléfono en la lista negra\\n            </p><p>\\n                Los números de teléfono incluidos en la lista negra no recibirán más SMS.\\n            </p>\\n        "}	2026-04-08 08:34:34.53471	2026-04-08 08:34:34.53471	465	\N	80	467	\N	{}	phone.blacklist	current	list,form	kanban	\N	\N
170	\N	1	1	ir.actions.act_window	\N	action	list,form	{"en_US": "Privacy Logs", "es_ES": "Registros de privacidad"}	\N	2026-04-08 08:34:36.003696	2026-04-08 08:34:36.003696	\N	\N	80	\N	\N	{'create': False}	privacy.log	current	list,form	kanban	\N	\N
171	\N	1	1	ir.actions.act_window	\N	action	list,form	{"en_US": "Privacy Logs", "es_ES": "Registros de privacidad"}	\N	2026-04-08 08:34:36.003696	2026-04-08 08:34:36.003696	\N	\N	80	\N	\N	{'create': False}	privacy.log	current	form	kanban	\N	\N
166	\N	1	1	ir.actions.act_window	\N	action	list,form	{"en_US": "Privacy Lookup", "es_ES": "Búsqueda de privacidad"}	\N	2026-04-08 08:34:36.003696	2026-04-08 08:34:36.003696	469	\N	80	\N	\N	{}	privacy.lookup.wizard	current	form	kanban	\N	\N
167	\N	1	1	ir.actions.act_window	\N	action	list,form	{"en_US": "Privacy Lookup Line", "es_ES": "Línea de búsqueda de privacidad"}	\N	2026-04-08 08:34:36.003696	2026-04-08 08:34:36.003696	470	\N	80	\N	\N	{'search_default_group_by_res_model_id': 1, 'no_create_edit': True}	privacy.lookup.wizard.line	current	list	kanban	\N	\N
637	\N	1	1	ir.actions.act_window	\N	action	list,form	{"en_US": "Employees", "es_ES": "Empleados"}	{"en_US": "<p class=\\"o_view_nocontent_smiling_face\\">\\n                Add a new employee\\n              </p><p>\\n                Quickly find all the information you need for your employees such as contact data, job position, availability, etc.\\n              </p>\\n            ", "es_ES": "<p class=\\"o_view_nocontent_smiling_face\\">\\n                Añadir un nuevo empleado\\n              </p><p>\\n                Encuentre con rapidez toda la información que necesita sobre sus empleados, como sus datos de contacto, puesto de trabajo, disponibilidad, etc.\\n              </p>\\n            "}	2026-04-08 08:50:55.821924	2026-04-08 08:50:55.821924	\N	\N	80	1932	[('company_id', 'in', allowed_company_ids)]	{'chat_icon': True}	hr.employee.public	current	kanban,list,form	kanban	\N	\N
639	\N	1	1	ir.actions.act_window	employees	action	list,form	{"en_US": "Employees", "es_ES": "Empleados"}	{"en_US": "<p class=\\"o_view_nocontent_smiling_face\\">\\n                    Add a new employee\\n                </p><p>\\n                    Quickly find all the information you need for your employees such as contact data, job position, availability, etc.\\n                </p>\\n            ", "es_ES": "<p class=\\"o_view_nocontent_smiling_face\\">\\n                    Añadir un nuevo empleado\\n                </p><p>\\n                    Encuentre con rapidez toda la información que necesita sobre sus empleados, como sus datos de contacto, puesto de trabajo, disponibilidad, etc.\\n                </p>\\n            "}	2026-04-08 08:50:55.821924	2026-04-08 08:50:55.821924	\N	\N	80	1937	[('company_id', 'in', allowed_company_ids)]	{'chat_icon': True}	hr.employee	current	kanban,list,form,activity,graph,pivot	kanban	\N	\N
634	\N	1	1	ir.actions.act_window	\N	action	list,form	{"en_US": "Employment Types", "es_ES": "Tipos de empleados"}	{"en_US": "<p class=\\"o_view_nocontent_smiling_face\\">\\n                    Create a new employment type\\n                </p>\\n            ", "es_ES": "<p class=\\"o_view_nocontent_smiling_face\\">\\n                    Crear un nuevo tipo de empleado\\n                </p>\\n            "}	2026-04-08 08:50:55.821924	2026-04-08 08:50:55.821924	\N	\N	80	\N	\N	{}	hr.contract.type	current	list	kanban	\N	\N
635	\N	1	1	ir.actions.act_window	\N	action	list,form	{"en_US": "Job Positions", "es_ES": "Puestos de trabajo"}	{"en_US": "<p class=\\"o_view_nocontent_smiling_face\\">\\n                Ready to recruit more efficiently?\\n              </p><p>\\n                Let's create a job position.\\n              </p>\\n            ", "es_ES": "<p class=\\"o_view_nocontent_smiling_face\\">\\n                ¿Listo para reclutar más eficazmente?\\n              </p><p>\\n                Vamos a crear un puesto de trabajo.\\n              </p>\\n            "}	2026-04-08 08:50:55.821924	2026-04-08 08:50:55.821924	\N	\N	80	1929	\N	{"search_default_Current":1}	hr.job	current	list,form	kanban	\N	\N
181	\N	1	1	ir.actions.act_window	\N	action	list,form	{"en_US": "Attributes", "es_ES": "Atributos"}	\N	2026-04-08 08:34:36.29858	2026-04-08 08:34:36.29858	\N	\N	80	\N	\N	{}	product.attribute	current	list,form	kanban	\N	\N
376	\N	1	1	ir.actions.act_window	\N	action	list,form	{"en_US": "Click Statistics", "es_ES": "Estadísticas de clics"}	{"en_US": "<p class=\\"o_view_nocontent_smiling_face\\">\\n                    No data yet!\\n                </p>\\n            ", "es_ES": "<p class=\\"o_view_nocontent_smiling_face\\">\\n                    ¡Todavía no hay información!\\n                </p>\\n            "}	2026-04-08 08:35:11.795175	2026-04-08 08:35:11.795175	\N	\N	80	\N	[]	{'search_default_groupby_country_id': 1}	link.tracker.click	current	graph,list,form	kanban	\N	\N
375	\N	1	1	ir.actions.act_window	\N	action	list,form	{"en_US": "Link Tracker", "es_ES": "Rastreador de enlaces"}	{"en_US": "<p class=\\"o_view_nocontent_smiling_face\\">\\n                    Create a link tracker\\n                </p><p>\\n                    Trackers are used to collect count stat about click on links and generate short URLs.\\n                </p>\\n            ", "es_ES": "<p class=\\"o_view_nocontent_smiling_face\\">\\n                    Crear un rastreador de enlaces\\n                </p><p>\\n                    Los rastreadores sirven para obtener estadísticas sobre los clics en enlaces y generar URL cortas.\\n                </p>\\n            "}	2026-04-08 08:35:11.795175	2026-04-08 08:35:11.795175	1093	\N	80	\N	\N	{}	link.tracker	current	list,form,graph	kanban	\N	\N
377	\N	1	1	ir.actions.act_window	\N	action	list,form	{"en_US": "Statistics of Clicks", "es_ES": "Estadísticas de clics"}	{"en_US": "<p class=\\"o_view_nocontent_smiling_face\\">\\n                    Create a link tracker\\n                </p><p>\\n                    Trackers are used to collect count stat about click on links and generate short URLs.\\n                </p>\\n            ", "es_ES": "<p class=\\"o_view_nocontent_smiling_face\\">\\n                    Crear un rastreador de enlaces\\n                </p><p>\\n                    Los rastreadores sirven para obtener estadísticas sobre los clics en enlaces y generar URL cortas.\\n                </p>\\n            "}	2026-04-08 08:35:11.795175	2026-04-08 08:35:11.795175	1093	\N	80	\N	\N	{'search_default_campaign_id': active_id}	link.tracker	current	list,form,graph	kanban	\N	\N
378	\N	1	1	ir.actions.act_window	\N	action	list,form	{"en_US": "Ratings", "es_ES": "Calificaciones"}	{"en_US": "<p class=\\"o_view_nocontent_empty_folder\\">\\n                    No rating yet\\n                </p><p>\\n                    There is no rating for this object at the moment.\\n                </p>\\n            ", "es_ES": "<p class=\\"o_view_nocontent_empty_folder\\">\\n                    Todavía no hay calificación\\n                </p><p>\\n                    Todavía no hay calificación para este objeto.\\n                </p>\\n            "}	2026-04-08 08:35:12.202067	2026-04-08 08:35:12.202067	\N	\N	80	\N	\N	{}	rating.rating	current	kanban,list,graph,pivot,form	kanban	\N	\N
186	\N	1	1	ir.actions.act_window	\N	action	list,form	{"en_US": "Price Rules", "es_ES": "Reglas de precio"}	\N	2026-04-08 08:34:36.29858	2026-04-08 08:34:36.29858	\N	\N	80	\N	\N	{}	product.pricelist.item	current	list,form	kanban	\N	\N
604	\N	1	1	ir.actions.act_window	\N	action	list,form	{"en_US": "Operations Types", "es_ES": "Tipos de operaciones"}	{"en_US": "<p class=\\"o_view_nocontent_smiling_face\\">\\n                No transfer found. Let's create one!\\n            </p><p>\\n                Transfers allow you to move products from one location to another.\\n            </p>\\n        ", "es_ES": "<p class=\\"o_view_nocontent_smiling_face\\">\\n                No se encontraron traslados. ¡Creemos uno!\\n            </p><p>\\n                Los traslados le permiten mover productos de una ubicación a otra.\\n            </p>\\n        "}	2026-04-08 08:46:08.412603	2026-04-08 08:46:08.412603	\N	\N	80	\N	\N	{}	stock.picking.type	current	list,form	kanban	\N	\N
623	\N	1	1	ir.actions.act_window	\N	action	list,form	{"en_US": "Package Types", "es_ES": "Tipos de paquete"}	\N	2026-04-08 08:46:08.412603	2026-04-08 08:46:08.412603	\N	\N	80	\N	\N	{}	stock.package.type	current	list,form	kanban	\N	\N
571	\N	1	1	ir.actions.act_window	\N	action	list,form	{"en_US": "Packages", "es_ES": "Paquetes"}	{"en_US": "<p class=\\"o_view_nocontent_smiling_face\\">\\n                Create a new package\\n            </p><p>\\n                Packages are usually created via transfers (during pack operation) and can contain different products.\\n                Once created, the whole package can be moved at once, or products can be unpacked and moved as single units again.\\n            </p>\\n        ", "es_ES": "<p class=\\"o_view_nocontent_smiling_face\\">\\n                Crear un nuevo paquete\\n            </p><p>\\n                Los paquetes generalmente se crean mediante traslados (durante la operación de empaquetado) y pueden contener diferentes productos.\\n                Una vez creado, el paquete completo se puede mover a la vez, o los productos se pueden desempaquetar y mover como unidades individuales de nuevo.\\n            </p>\\n        "}	2026-04-08 08:46:08.412603	2026-04-08 08:46:08.412603	\N	\N	80	\N	\N	{\n            'search_default_location': True,\n            'search_default_internal': True,\n            }\n        	stock.quant.package	current	kanban,list,form	kanban	\N	\N
610	\N	1	1	ir.actions.act_window	\N	action	list,form	{"en_US": "Product Variants", "es_ES": "Variantes de producto"}	\N	2026-04-08 08:46:08.412603	2026-04-08 08:46:08.412603	\N	\N	80	1823	\N	{}	product.product	current	list,form,kanban	kanban	\N	\N
611	\N	1	1	ir.actions.act_window	\N	action	list,form	{"en_US": "Products", "es_ES": "Productos"}	\N	2026-04-08 08:46:08.412603	2026-04-08 08:46:08.412603	\N	\N	80	1823	\N	{'location': active_id, 'search_default_real_stock_available': 1, 'search_default_virtual_stock_available': 1,\n                    'search_default_virtual_stock_negative': 1, 'search_default_real_stock_negative': 1, 'create': False}	product.product	current	list,form	kanban	\N	\N
609	\N	1	1	ir.actions.act_window	\N	action	list,form	{"en_US": "Products", "es_ES": "Productos"}	{"en_US": "<p class=\\"o_view_nocontent_smiling_face\\">\\n                    No product found. Let's create one!\\n                </p><p>\\n                    Track your stock quantities by creating storable products.\\n                </p>\\n            ", "es_ES": "<p class=\\"o_view_nocontent_smiling_face\\">\\n                    No se encontraron productos. ¡Creemos uno!\\n                </p><p>\\n                    Rastree su stock al crear productos almacenables.\\n                </p>\\n            "}	2026-04-08 08:46:08.412603	2026-04-08 08:46:08.412603	\N	\N	80	1821	\N	{"search_default_goods": 1, 'default_is_storable': True}	product.template	current	kanban,list,form	kanban	\N	\N
562	\N	1	1	ir.actions.act_window	\N	action	list,form	{"en_US": "Putaway Rules", "es_ES": "Reglas de almacenamiento"}	\N	2026-04-08 08:46:08.412603	2026-04-08 08:46:08.412603	\N	\N	80	\N	\N	{\n            'search_default_category_id': [active_id],\n            'fixed_category': True,\n        }	stock.putaway.rule	current	list,form	kanban	\N	\N
563	\N	1	1	ir.actions.act_window	\N	action	list,form	{"en_US": "Putaway Rules", "es_ES": "Reglas de almacenamiento"}	\N	2026-04-08 08:46:08.412603	2026-04-08 08:46:08.412603	\N	\N	80	\N	['|', ('location_out_id', '=', active_id), ('location_in_id', '=', active_id)]	{'fixed_location': True}	stock.putaway.rule	current	list,form	kanban	\N	\N
174	\N	1	1	ir.actions.act_window	\N	action	list,form	{"en_US": "Choose Labels Layout", "es_ES": "Elegir diseño de etiquetas"}	\N	2026-04-08 08:34:36.29858	2026-04-08 08:34:36.29858	\N	\N	80	\N	\N	{}	product.label.layout	new	list,form	kanban	\N	\N
183	\N	1	1	ir.actions.act_window	\N	action	list,form	{"en_US": "Combo Choices", "es_ES": "Opciones de combinaciones"}	\N	2026-04-08 08:34:36.29858	2026-04-08 08:34:36.29858	\N	\N	80	\N	\N	{}	product.combo	current	list,form	kanban	\N	\N
185	\N	1	1	ir.actions.act_window	pricelists	action	list,form	{"en_US": "Pricelists", "es_ES": "Listas de precios"}	{"en_US": "<p class=\\"o_view_nocontent_smiling_face\\">\\n            Create a new pricelist\\n            </p><p>\\n            A price is a set of sales prices or rules to compute the price of sales order lines based on products, product categories, dates and ordered quantities.\\n            This is the perfect tool to handle several pricings, seasonal discounts, etc.\\n            </p><p>\\n            You can assign pricelists to your customers or select one when creating a new sales quotation.\\n            </p>\\n        ", "es_ES": "<p class=\\"o_view_nocontent_smiling_face\\">\\n            Crear una nueva lista de precios\\n            </p><p>\\n            Un precio es un conjunto de precios de venta o reglas para calcular el precio de las líneas de pedido de cliente basado en productos, categorías de productos, fechas y cantidades pedidas.\\n            Esta es la herramienta perfecta para manejar varios precios, descuentos de temporada, etc.\\n            </p><p>\\n            Puede asignar listas de precios a sus clientes o seleccionar una al crear un nuevo pedido de venta.\\n            </p>\\n        "}	2026-04-08 08:34:36.29858	2026-04-08 08:34:36.29858	\N	\N	80	518	\N	{"default_base":'list_price'}	product.pricelist	current	list,kanban,form	kanban	\N	\N
182	\N	1	1	ir.actions.act_window	\N	action	list,form	{"en_US": "Product Categories", "es_ES": "Categorías de producto"}	\N	2026-04-08 08:34:36.29858	2026-04-08 08:34:36.29858	501	\N	80	502	\N	{}	product.category	current	list,form	kanban	\N	\N
184	\N	1	1	ir.actions.act_window	\N	action	list,form	{"en_US": "Product Packagings", "es_ES": "Embalajes de productos"}	\N	2026-04-08 08:34:36.29858	2026-04-08 08:34:36.29858	\N	\N	80	\N	[]	{}	product.packaging	current	list,form	kanban	\N	\N
175	\N	1	1	ir.actions.act_window	\N	action	list,form	{"en_US": "Product Tags", "es_ES": "Etiquetas de producto"}	{"en_US": "<p class=\\"o_view_nocontent_smiling_face\\">\\n            Define a new tag\\n          </p><p>\\n            Tags are used to search product for a given theme.\\n          </p>\\n        ", "es_ES": "<p class=\\"o_view_nocontent_smiling_face\\">\\n            Definir una nueva etiqueta\\n          </p><p>\\n            Las etiquetas se usan para buscar el producto para un tema específico.\\n          </p>\\n        "}	2026-04-08 08:34:36.29858	2026-04-08 08:34:36.29858	\N	\N	80	\N	\N	{'create': True}	product.tag	current	list,form	kanban	\N	\N
177	\N	1	1	ir.actions.act_window	\N	action	list,form	{"en_US": "Product Variants", "es_ES": "Variantes de producto"}	{"en_US": "<p class=\\"o_view_nocontent_smiling_face\\">\\n                Create a new product variant\\n              </p><p>\\n                You must define a product for everything you sell or purchase,\\n                whether it's a storable product, a consumable or a service.\\n              </p>\\n            ", "es_ES": "<p class=\\"o_view_nocontent_smiling_face\\">\\n                Crear una nueva variante del producto\\n              </p><p>\\n                Debe definir un producto para todo lo que vende o compra, ya sea un producto almacenable, un consumible o un servicio.\\n              </p>\\n            "}	2026-04-08 08:34:36.29858	2026-04-08 08:34:36.29858	\N	\N	80	480	\N	{}	product.product	current	list,form,kanban,activity	kanban	\N	\N
179	\N	1	1	ir.actions.act_window	\N	action	list,form	{"en_US": "Product Variants", "es_ES": "Variantes de producto"}	{"en_US": "<p class=\\"o_view_nocontent_smiling_face\\">\\n                Create a new product variant\\n              </p><p>\\n                You must define a product for everything you sell, whether it's a physical product,\\n                a consumable or a service you offer to customers.\\n                The product form contains information to simplify the sale process:\\n                price, notes in the quotation, accounting data, procurement methods, etc.\\n              </p>\\n            ", "es_ES": "<p class=\\"o_view_nocontent_smiling_face\\">\\n                Crear una nueva variante del producto\\n              </p><p>\\n                Debe definir un producto para todo lo que vende, ya sea un producto físico,\\n                un consumible o un servicio que ofrezca a los clientes.\\n                El formulario del producto contiene información para simplificar el proceso de venta:\\n                precio, notas en el presupuesto, datos contables, métodos de adquisición, etc.\\n              </p>\\n            "}	2026-04-08 08:34:36.29858	2026-04-08 08:34:36.29858	482	\N	80	480	\N	{"search_default_filter_to_sell":1}	product.product	current	kanban,list,form,activity	kanban	\N	\N
178	\N	1	1	ir.actions.act_window	\N	action	list,form	{"en_US": "Product Variants", "es_ES": "Variantes de producto"}	{"en_US": "<p class=\\"o_view_nocontent_smiling_face\\">\\n                Create a new product variant\\n              </p><p>\\n                You must define a product for everything you sell or purchase,\\n                whether it's a storable product, a consumable or a service.\\n                The product form contains information to simplify the sale process:\\n                price, notes in the quotation, accounting data, procurement methods, etc.\\n              </p>\\n            ", "es_ES": "<p class=\\"o_view_nocontent_smiling_face\\">\\n                Crear una nueva variante del producto\\n              </p><p>\\n                Debe definir un producto para todo lo que vende o compra,\\n                ya sea un producto almacenable, un consumible o un servicio.\\n                El formulario del producto contiene información para simplificar el proceso de venta:\\n                precio, notas en el presupuesto, datos contables, métodos de adquisición, etc.\\n              </p>\\n            "}	2026-04-08 08:34:36.29858	2026-04-08 08:34:36.29858	\N	\N	80	480	\N	{'search_default_product_tmpl_id': [active_id], 'default_product_tmpl_id': active_id, 'create': False}	product.product	current	list,form	kanban	\N	\N
561	\N	1	1	ir.actions.act_window	\N	action	list,form	{"en_US": "Putaways Rules", "es_ES": "Reglas de almacenamiento"}	{"en_US": "<p class=\\"o_view_nocontent_smiling_face\\">\\n                No putaway rule found. Let's create one!\\n            </p><p>\\n                Create new putaway rules to dispatch automatically specific products to their appropriate destination location upon receptions.\\n            </p>\\n        ", "es_ES": "<p class=\\"o_view_nocontent_smiling_face\\">\\n                No se encontraron reglas de almacenamiento. ¡Creemos una!\\n            </p><p>\\n                Cree nuevas reglas de almacenamiento para enviar automáticamente productos específicos a su ubicación de destino adecuada en las recepciones.\\n            </p>\\n        "}	2026-04-08 08:46:08.412603	2026-04-08 08:46:08.412603	1760	\N	80	\N	\N	{}	stock.putaway.rule	current	list	kanban	\N	\N
579	\N	1	1	ir.actions.act_window	receipts	action	list,form	{"en_US": "Receipts", "es_ES": "Recepciones"}	\N	2026-04-08 08:46:08.412603	2026-04-08 08:46:08.412603	\N	\N	80	1812		{'contact_display': 'partner_address', 'restricted_picking_type_code': 'incoming', 'search_default_reception': 1}	stock.picking	current	list,kanban,form,calendar,activity	kanban	\N	\N
188	\N	1	1	ir.actions.act_window	\N	action	list,form	{"en_US": "Products", "es_ES": "Productos"}	{"en_US": "<p class=\\"o_view_nocontent_smiling_face\\">\\n                Create a new product\\n            </p><p>\\n                You must define a product for everything you sell or purchase,\\n                whether it's a storable product, a consumable or a service.\\n            </p>\\n        ", "es_ES": "<p class=\\"o_view_nocontent_smiling_face\\">\\n                Crear un nuevo producto\\n            </p><p>\\n                Debe definir un producto para todo lo que vende o compra, ya sea un producto almacenable, un consumible o un servicio.\\n            </p>\\n        "}	2026-04-08 08:34:36.29858	2026-04-08 08:34:36.29858	529	\N	80	479	\N	{"search_default_filter_to_sell":1}	product.template	current	kanban,list,form	kanban	\N	\N
176	\N	1	1	ir.actions.act_window	\N	action	list,form	{"en_US": "Products", "es_ES": "Productos"}	{"en_US": "<p class=\\"o_view_nocontent_smiling_face\\">\\n                Create a new product\\n            </p>\\n        ", "es_ES": "<p class=\\"o_view_nocontent_smiling_face\\">\\n                Crear un nuevo producto\\n            </p>\\n        "}	2026-04-08 08:34:36.29858	2026-04-08 08:34:36.29858	\N	\N	80	\N	\N	{}	product.template	current	kanban,list,form	kanban	\N	\N
187	\N	1	1	ir.actions.act_window	\N	action	list,form	{"en_US": "Vendor Pricelists", "es_ES": "Listas de precios de proveedor"}	{"en_US": "<p class=\\"o_view_nocontent_smiling_face\\">\\n                No vendor pricelist found\\n            </p><p>\\n                Register the prices requested by your vendors for each product, based on the quantity and the period.\\n            </p>\\n        ", "es_ES": "<p class=\\"o_view_nocontent_smiling_face\\">\\n                No se encontró una lista de precios para el proveedor\\n            </p><p>\\n                Registre los precios que solicitaron sus proveedores para cada producto de acuerdo con la cantidad y el periodo.\\n            </p>\\n        "}	2026-04-08 08:34:36.29858	2026-04-08 08:34:36.29858	\N	\N	80	\N	\N	{'visible_product_tmpl_id': False, 'search_default_active_products': True}	product.supplierinfo	current	list,form,kanban	kanban	\N	\N
741	\N	1	1	ir.actions.act_window	purchase-orders	action	list,form	{"en_US": "Purchase Orders", "es_ES": "Pedidos de compra"}	{"en_US": "<p class=\\"o_view_nocontent_smiling_face\\">\\n                No purchase order found. Let's create one!\\n              </p><p>\\n                Once you ordered your products to your supplier, confirm your request for quotation and it will turn into a purchase order.\\n              </p>\\n            ", "es_ES": "<p class=\\"o_view_nocontent_smiling_face\\">\\n                No se encontraron pedidos de compra. ¡Creemos uno!\\n              </p><p>\\n                Una vez que haya pedido sus productos a su proveedor, confirme su solicitud de presupuesto y se convertirá en un pedido de compra.\\n              </p>\\n            "}	2026-04-14 08:54:03.289914	2026-04-14 08:54:03.289914	\N	\N	80	2163	[('state','in',('purchase', 'done'))]	{}	purchase.order	current	list,kanban,form,pivot,graph,calendar,activity	kanban	\N	\N
750	\N	1	1	ir.actions.act_window	\N	action	list,form	{"en_US": "RFQs and Purchases", "es_ES": "SdPs y compras"}	{"en_US": "<p class=\\"o_view_nocontent_smiling_face\\">\\n                    This vendor has no purchase order. Create a new RfQ\\n                </p><p>\\n                    The request for quotation is the first step of the purchases flow. Once\\n                    converted into a purchase order, you will be able to control the receipt\\n                    of the products and the vendor bill.\\n                </p>\\n            ", "es_ES": "<p class=\\"o_view_nocontent_smiling_face\\">\\n                    Este proveedor no tiene ningún pedido de compra. Cree una nueva solicitud de presupuesto.\\n                </p><p>\\n                    La solicitud de presupuesto es el primer paso del flujo de compras. Una vez \\nque la solicitud se convierta en un pedido de compra, usted será capaz de controlar la entrega\\nde los productos y la factura de proveedor.\\n                </p>\\n            "}	2026-04-14 08:54:03.289914	2026-04-14 08:54:03.289914	\N	\N	80	\N	\N	{'search_default_partner_id': active_id, 'default_partner_id': active_id}	purchase.order	current	list,kanban,form,graph	kanban	\N	\N
632	\N	1	1	ir.actions.act_window	\N	action	list,form	{"en_US": "Launch Plan", "es_ES": "Iniciar plan"}	\N	2026-04-08 08:50:55.821924	2026-04-08 08:50:55.821924	\N	\N	80	\N	\N	{'plan_mode': True}	mail.activity.schedule	new	form	kanban	\N	\N
630	\N	1	1	ir.actions.act_window	\N	action	list,form	{"en_US": "Register Departure", "es_ES": "Registrar salida"}	\N	2026-04-08 08:50:55.821924	2026-04-08 08:50:55.821924	\N	\N	80	\N	\N	{}	hr.departure.wizard	new	form	kanban	\N	\N
644	\N	1	1	ir.actions.act_window	\N	action	list,form	{"en_US": "Settings", "es_ES": "Ajustes"}	\N	2026-04-08 08:50:55.821924	2026-04-08 08:50:55.821924	\N	\N	80	\N	\N	{'module' : 'hr', 'bin_size': False}	res.config.settings	inline	form	kanban	\N	\N
643	\N	1	1	ir.actions.act_window	\N	action	list,form	{"en_US": "Work Locations", "es_ES": "Ubicación de trabajo"}	{"en_US": "<p class=\\"o_view_nocontent_smiling_face\\">\\n                    Create a new work location\\n                </p>\\n            ", "es_ES": "<p class=\\"o_view_nocontent_smiling_face\\">\\n                    Crear una nueva ubicación de trabajo\\n                </p>\\n            "}	2026-04-08 08:50:55.821924	2026-04-08 08:50:55.821924	\N	\N	80	\N	\N	{}	hr.work.location	current	list,form	kanban	\N	\N
648	\N	1	1	ir.actions.act_window	\N	action	list,form	{"en_US": "Goals History", "es_ES": "Historial de metas"}	{"en_US": "<p class=\\"o_view_nocontent_smiling_face\\">\\n                    Create a new goal\\n                </p><p>\\n                    A goal is defined by a user and a goal type.\\n                    Goals can be created automatically by using challenges.\\n                </p>\\n            ", "es_ES": "<p class=\\"o_view_nocontent_smiling_face\\">\\n                    Crear una nueva meta\\n                </p><p>\\n                    Una meta es definida por un usuario y una definición de meta.\\n                    Las metas pueden ser creadas automáticamente usando desafíos.\\n                </p>\\n            "}	2026-04-08 08:51:02.469971	2026-04-08 08:51:02.469971	\N	\N	80	\N	[('challenge_id.challenge_category', '=', 'hr')]	{'search_default_group_by_user': True, 'search_default_group_by_definition': True}	gamification.goal	current	list,kanban	kanban	\N	\N
747	\N	1	1	ir.actions.act_window	\N	action	list,form	{"en_US": "Requests for Quotation", "es_ES": "Solicitudes de presupuesto"}	\N	2026-04-14 08:54:03.289914	2026-04-14 08:54:03.289914	2161	\N	80	2162	\N	{}	purchase.order	main	form	kanban	\N	\N
740	\N	1	1	ir.actions.act_window	purchase	action	list,form	{"en_US": "Requests for Quotation", "es_ES": "Solicitudes de presupuesto"}	{"en_US": "<p class=\\"o_view_nocontent_smiling_face\\">\\n                No request for quotation found. Let's create one!\\n              </p><p>\\n                Requests for quotation are documents that will be sent to your suppliers to request prices for different products you consider buying.\\n                Once an agreement has been found with the supplier, they will be confirmed and turned into purchase orders.\\n              </p>\\n            ", "es_ES": "<p class=\\"o_view_nocontent_smiling_face\\">\\n                No se encontraron solicitudes de presupuesto. ¡Creemos una!\\n              </p><p>\\n                Las solicitudes de presupuesto son documentos que se enviarán a sus proveedores para solicitar precios de diferentes productos que considere comprar.\\n                Una vez que se haya llegado a un acuerdo con el proveedor, se confirmarán y se convertirán en pedidos de compra.\\n              </p>\\n            "}	2026-04-14 08:54:03.289914	2026-04-14 08:54:03.289914	2167	\N	80	2162	[]	{'quotation_only': True}	purchase.order	current	list,kanban,form,pivot,graph,calendar,activity	kanban	\N	\N
649	\N	1	1	ir.actions.act_window	\N	action	list,form	{"en_US": "Challenges", "es_ES": "Desafíos"}	{"en_US": "<p class=\\"o_view_nocontent_smiling_face\\">\\n                    Create a new challenge\\n                </p><p>\\n                    Assign a list of goals to chosen users to evaluate them.\\n                    The challenge can use a period (weekly, monthly...) for automatic creation of goals.\\n                    The goals are created for the specified users or member of the group.\\n                </p>\\n            ", "es_ES": "<p class=\\"o_view_nocontent_smiling_face\\">\\n                    Crear un nuevo desafío\\n                </p><p>\\n                    Asigne una lista de metas a los usuarios elegidos para evaluarlos.\\n                El desafío puede usar un periodo (semanal, mensual...) para la creación automática de metas.\\n                Las metas se crean para determinados usuarios o miembros del grupo.\\n                </p>\\n            "}	2026-04-08 08:51:02.469971	2026-04-08 08:51:02.469971	\N	\N	80	\N	[('challenge_category', '=', 'hr')]	{'search_default_inprogress':True, 'default_inprogress':True}	gamification.challenge	current	kanban,list,form	kanban	\N	\N
647	\N	1	1	ir.actions.act_window	\N	action	list,form	{"en_US": "Reward Employee", "es_ES": "Recompensar al empleado"}	\N	2026-04-08 08:51:02.469971	2026-04-08 08:51:02.469971	1967	\N	80	\N	[]	{'default_employee_id': active_id, 'employee_id': active_id}	gamification.badge.user.wizard	new	form	kanban	\N	\N
202	\N	1	1	ir.actions.act_window	\N	action	list,form	{"en_US": "Activity Types", "es_ES": "Tipos de actividad"}	{"en_US": "<p class=\\"o_view_nocontent_smiling_face\\">\\n                Create an Activity Type\\n            </p><p>\\n                Those represent the different categories of things you have to do (e.g. \\"Call\\" or \\"Prepare meeting\\").\\n            </p>\\n        ", "es_ES": "<p class=\\"o_view_nocontent_smiling_face\\">\\n                Crear un tipo de actividad\\n            </p><p>\\n                Representan las diferentes categorías de cosas que se deben hacer (por ejemplo, \\"Llamar\\" o \\"Preparar reunión\\").\\n            </p>\\n        "}	2026-04-08 08:34:38.229338	2026-04-08 08:39:02.007941	\N	\N	80	\N	['|', ('res_model', '=', False), ('res_model', 'in', ['crm.lead', 'sale.order', 'res.partner', 'product.template', 'product.product'])]	{'default_res_model': 'crm.lead'}	mail.activity.type	current	list,kanban,form	kanban	\N	\N
200	\N	1	1	ir.actions.act_window	\N	action	list,form	{"en_US": "Sales Teams", "es_ES": "Equipos de ventas"}	{"en_US": "<p class=\\"o_view_nocontent_smiling_face\\">\\n                Create a Sales Team\\n            </p><p>\\n                Use Sales Teams to organize your sales departments and draw up reports.\\n            </p>\\n        ", "es_ES": "<p class=\\"o_view_nocontent_smiling_face\\">\\n                Crear un equipo de ventas\\n            </p><p>\\n                Utilice los equipos de ventas para organizar sus departamentos de ventas y elaborar informes.\\n            </p>\\n        "}	2026-04-08 08:34:38.229338	2026-04-08 08:34:38.229338	\N	\N	80	\N	\N	{}	crm.team	current	list,form	kanban	\N	\N
198	\N	1	1	ir.actions.act_window	\N	action	list,form	{"en_US": "Sales Teams", "es_ES": "Equipos de ventas"}	{"en_US": "<p class=\\"o_view_nocontent_smiling_face\\">\\n                Define a new sales team\\n            </p><p>\\n                Use Sales Teams to organize your sales departments.\\n                Each team will work with a separate pipeline.\\n            </p>\\n        ", "es_ES": "<p class=\\"o_view_nocontent_smiling_face\\">\\n                Definir un nuevo equipo de ventas\\n            </p><p>\\n                Utilice la función de equipos de ventas para organizar su departamento de ventas.\\nCada equipo trabajará con un flujo de trabajo independiente.\\n            </p>\\n        "}	2026-04-08 08:34:38.229338	2026-04-08 08:34:38.229338	\N	\N	80	\N	\N	{'in_sales_app': True}	crm.team	current	kanban,form	kanban	\N	\N
197	\N	1	1	ir.actions.act_window	\N	action	list,form	{"en_US": "Tags", "es_ES": "Etiquetas"}	{"en_US": "<p class=\\"o_view_nocontent_smiling_face\\">\\n            Create CRM Tags\\n            </p><p>\\n            Use Tags to manage and track your Opportunities (product structure, sales type, ...)\\n            </p>\\n        ", "es_ES": "<p class=\\"o_view_nocontent_smiling_face\\">\\n            Crear etiquetas CRM\\n            </p><p>\\n            Utilice etiquetas para gestionar y seguir sus oportunidades (estructura del producto, tipo de venta, ...)\\n            </p>\\n        "}	2026-04-08 08:34:38.229338	2026-04-08 08:34:38.229338	549	\N	80	\N	\N	{}	crm.tag	current	list,form	kanban	\N	\N
650	\N	1	1	ir.actions.act_window	org-chart	action	list,form	{"en_US": "Org Chart", "es_ES": "Organigrama"}	{"en_US": "<p class=\\"o_view_nocontent_smiling_face\\">\\n                Add a new employee\\n            </p><p>\\n                Quickly find all the information you need for your employees such as contact data, job position, availability, etc.\\n            </p>\\n        ", "es_ES": "<p class=\\"o_view_nocontent_smiling_face\\">\\n                Añadir un nuevo empleado\\n            </p><p>\\n                Encuentre con rapidez toda la información que necesita sobre sus empleados, como sus datos de contacto, puesto de trabajo, disponibilidad, etc.\\n            </p>\\n        "}	2026-04-08 08:51:03.085418	2026-04-08 08:51:03.085418	\N	\N	80	1937	[]	{'chat_icon': True}	hr.employee	current	hierarchy,kanban,list,form,activity,graph,pivot	hierarchy	\N	\N
206	\N	1	1	ir.actions.act_window	\N	action	list,form	{"en_US": "Grant portal access", "es_ES": "Otorgar acceso al portal "}	\N	2026-04-08 08:34:39.128209	2026-04-08 08:34:39.128209	\N	\N	80	\N	\N	{}	portal.wizard	new	form	kanban	\N	\N
204	425	1	1	ir.actions.act_window	\N	action	list,form	{"en_US": "Share Document", "es_ES": "Compartir documento"}	\N	2026-04-08 08:34:39.128209	2026-04-08 08:34:39.128209	\N	\N	80	\N	\N	{'dialog_size': 'medium'}	portal.share	new	form	kanban	\N	\N
201	\N	1	1	ir.actions.act_window	\N	action	list,form	{"en_US": "Team Members", "es_ES": "Miembros del equipo"}	{"en_US": "<p class=\\"o_view_nocontent_smiling_face\\">\\n                Add a Team Member\\n            </p><p>\\n                Team Members are salespersons assigned to specific teams.\\n            </p>\\n        ", "es_ES": "<p class=\\"o_view_nocontent_smiling_face\\">\\n                Add a Team Member\\n            </p><p>\\n                Team Members are salespersons assigned to specific teams.\\n            </p>\\n        "}	2026-04-08 08:34:38.229338	2026-04-08 08:38:57.179101	\N	\N	80	\N	\N	{}	crm.team.member	current	kanban,list,form	kanban	\N	\N
199	\N	1	1	ir.actions.act_window	\N	action	list,form	{"en_US": "Teams", "es_ES": "Equipos"}	{"en_US": "<p class=\\"o_view_nocontent_smiling_face\\">\\n                Define a new sales team\\n            </p><p>\\n                Use Sales Teams to organize your sales departments.\\n                Each team will work with a separate pipeline.\\n            </p>\\n        ", "es_ES": "<p class=\\"o_view_nocontent_smiling_face\\">\\n                Definir un nuevo equipo de ventas\\n            </p><p>\\n                Utilice la función de equipos de ventas para organizar su departamento de ventas.\\nCada equipo trabajará con un flujo de trabajo independiente.\\n            </p>\\n        "}	2026-04-08 08:34:38.229338	2026-04-08 08:38:57.179101	\N	\N	80	\N	[('use_opportunities', '=', True)]	{}	crm.team	current	kanban,form	kanban	\N	\N
656	\N	1	1	ir.actions.act_window	\N	action	list,form	{"en_US": "Employee Skills", "es_ES": "Habilidades del empleado"}	{"en_US": "<p class=\\"o_view_nocontent_empty_folder\\">\\n            </p><p>\\n                This report will give you an overview of the skills per Employee.\\n                Create them in configuration and add them on the Employee.\\n            </p>\\n        ", "es_ES": "<p class=\\"o_view_nocontent_empty_folder\\">\\n            </p><p>\\n                Este informe proporciona información general relacionada con las habilidades de cada empleado.\\n                Créelas en la configuración y añádalas al empleado.\\n            </p>\\n        "}	2026-04-08 08:51:03.454743	2026-04-08 08:51:03.454743	\N	\N	80	2002	\N	{\n            'search_default_employee': 1,\n            'search_default_employees_with_skills': 1,\n        }	hr.employee.skill.report	current	list,pivot	kanban	\N	\N
513	\N	1	1	ir.actions.act_window	\N	action	list,form	{"en_US": "Activities", "es_ES": "Actividades"}	{"en_US": "<p class=\\"o_view_nocontent_smiling_face\\">\\n                    Let's get to work!\\n                </p><p>\\n                    Activities marked as Done on Leads will appear here, providing an overview of lead interactions.\\n                </p>\\n            ", "es_ES": "<p class=\\"o_view_nocontent_smiling_face\\">\\n                    Pongamos manos a la obra\\n                </p><p>\\n                    Las actividades marcadas como hechas en los leads aparecerán aquí, proporcionando un resumen de sus respectivas interacciones.\\n                </p>\\n            "}	2026-04-08 08:38:57.179101	2026-04-08 08:38:57.179101	\N	\N	80	\N	[]	{\n                'search_default_completion_date': 1,\n                'pivot_column_groupby': ['subtype_id', 'mail_activity_type_id'],\n                'pivot_row_groupby': ['date:month'],\n                'graph_mode': 'bar',\n                'graph_groupbys': ['date:month', 'subtype_id'],\n            }	crm.activity.report	current	graph,pivot,list	kanban	\N	\N
496	640	1	1	ir.actions.act_window	\N	action	list	{"en_US": "Convert to opportunities", "es_ES": "Convertir en oportunidades"}	\N	2026-04-08 08:38:57.179101	2026-04-08 08:38:57.179101	1611	\N	80	\N	\N	{}	crm.lead2opportunity.partner.mass	new	form	kanban	\N	\N
495	\N	1	1	ir.actions.act_window	\N	action	list,form	{"en_US": "Convert to opportunity", "es_ES": "Convertir en oportunidad"}	\N	2026-04-08 08:38:57.179101	2026-04-08 08:38:57.179101	1610	\N	80	\N	\N	{}	crm.lead2opportunity.partner	new	form	kanban	\N	\N
682	\N	1	1	ir.actions.act_window	production-planning	action	list,form	{"en_US": "Work Orders Planning", "es_ES": "Planificación de órdenes de trabajo"}	{"en_US": "<p class=\\"o_view_nocontent_smiling_face\\">\\n            No work orders to do!\\n          </p><p>\\n            Work orders are operations to do as part of a manufacturing order.\\n            Operations are defined in the bill of materials or added in the manufacturing order directly.\\n          </p>\\n        ", "es_ES": "<p class=\\"o_view_nocontent_smiling_face\\">\\n            ¡No hay órdenes de trabajo a realizar!\\n          </p><p>\\n            Las órdenes de trabajo son operaciones que se hacen como parte de una orden de fabricación.\\n            Las operaciones se definen en la lista de materiales o se añaden directamente en la orden de fabricación.\\n          </p>\\n        "}	2026-04-08 09:11:55.219689	2026-04-08 09:11:55.219689	\N	\N	80	2055	[('production_state','not in',('done','cancel'))]	{'search_default_production': True, 'search_default_ready': True, 'search_default_waiting': True, 'search_default_progress': True, 'search_default_pending': True}	mrp.workorder	current	list,form,calendar,pivot,graph	kanban	\N	\N
509	\N	1	1	ir.actions.act_window	\N	action	list,form	{"en_US": "Forecast", "es_ES": "Pronóstico"}	{"en_US": "<p class=\\"o_view_nocontent_smiling_face\\">\\n                    No opportunity to display!\\n                </p><p>\\n                    Easily set expected closing dates and overview your revenue streams.\\n                </p>\\n            ", "es_ES": "<p class=\\"o_view_nocontent_smiling_face\\">\\n                    ¡No hay oportunidades para mostrar!\\n                </p><p>\\n                    Establezca fácilmente las fechas de cierre previstas y obtenga una vista general de sus flujos de ingresos.\\n                </p>\\n            "}	2026-04-08 08:38:57.179101	2026-04-08 08:38:57.179101	\N	\N	80	1641	[('type', '=', 'opportunity')]	{\n                'default_type': 'opportunity',\n                'search_default_assigned_to_me': 1,\n                'search_default_forecast': 1,\n                'search_default_date_deadline': 1,\n                'forecast_field': 'date_deadline'\n            }	crm.lead	current	kanban,graph,pivot,list,form	kanban	\N	\N
659	\N	1	1	ir.actions.act_window	\N	action	list,form	{"en_US": "Print Resume", "es_ES": "Imprimir currículum"}	\N	2026-04-08 08:51:03.454743	2026-04-08 08:51:03.454743	\N	\N	80	\N	\N	{'default_employee_ids': active_ids}	hr.employee.cv.wizard	new	form	kanban	\N	\N
651	\N	1	1	ir.actions.act_window	\N	action	list,form	{"en_US": "Resume Line Types", "es_ES": "Tipos de líneas de currículum"}	\N	2026-04-08 08:51:03.454743	2026-04-08 08:51:03.454743	\N	\N	80	\N	\N	{}	hr.resume.line.type	current	list,form	kanban	\N	\N
657	\N	1	1	ir.actions.act_window	\N	action	list,form	{"en_US": "Skill History Report", "es_ES": "Informe de historial de habilidades"}	\N	2026-04-08 08:51:03.454743	2026-04-08 08:51:03.454743	\N	\N	80	\N	\N	{'fill_temporal': 0, 'search_default_group_by_skill_type_id': 1, 'search_default_group_by_skill_id': 2}	hr.employee.skill.report	current	graph,pivot,list	kanban	\N	\N
653	\N	1	1	ir.actions.act_window	\N	action	list,form	{"en_US": "Skill History Report", "es_ES": "Informe de historial de habilidades"}	\N	2026-04-08 08:51:03.454743	2026-04-08 08:51:03.454743	1995	\N	80	\N	\N	{'fill_temporal': 0}	hr.employee.skill.log	current	graph,list	kanban	\N	\N
652	\N	1	1	ir.actions.act_window	\N	action	list,form	{"en_US": "Skill Types", "es_ES": "Tipos de habilidad"}	\N	2026-04-08 08:51:03.454743	2026-04-08 08:51:03.454743	\N	\N	80	\N	\N	{}	hr.skill.type	current	list,form	kanban	\N	\N
227	\N	1	1	ir.actions.act_window	\N	action	list,form	{"en_US": "Payment Methods", "es_ES": "Métodos de pago"}	{"en_US": "<p class=\\"o_view_nocontent_smiling_face\\">\\n                No payment methods found for your payment providers.\\n            </p>\\n            <p>\\n                <a type=\\"action\\" class=\\"text-primary\\" name=\\"226\\">\\n                    <i class=\\"oi oi-arrow-right me-1\\"></i> Configure a payment provider\\n                </a>\\n            </p>\\n        ", "es_ES": "<p class=\\"o_view_nocontent_smiling_face\\">\\n                No se encontraron métodos de pago para sus proveedores de pago\\n            </p>\\n            <p>\\n                <a type=\\"action\\" class=\\"text-primary\\" name=\\"226\\">\\n                    <i class=\\"oi oi-arrow-right me-1\\"></i> Configurar un proveedor de pago\\n                </a>\\n            </p>\\n        "}	2026-04-08 08:34:43.107373	2026-04-08 08:34:43.107373	\N	\N	80	\N	[('is_primary', '=', True)]	{'active_test': False, 'search_default_available_pms': 1}	payment.method	current	list,kanban,form	kanban	\N	\N
226	\N	1	1	ir.actions.act_window	\N	action	list,form	{"en_US": "Payment Providers", "es_ES": "Proveedores de pago"}	{"en_US": "<p class=\\"o_view_nocontent_smiling_face\\">\\n                Create a new payment provider\\n            </p>\\n        ", "es_ES": "<p class=\\"o_view_nocontent_smiling_face\\">\\n                Crear un nuevo proveedor de pago\\n            </p>\\n        "}	2026-04-08 08:34:43.107373	2026-04-08 08:34:43.107373	\N	\N	80	\N	\N	{}	payment.provider	current	kanban,list,form	kanban	\N	\N
228	\N	1	1	ir.actions.act_window	\N	action	list,form	{"en_US": "Payment Transactions", "es_ES": "Transacciones de pago"}	{"en_US": "<p class=\\"o_view_nocontent_neutral_face\\">\\n                There are no transactions to show\\n            </p>\\n        ", "es_ES": "<p class=\\"o_view_nocontent_neutral_face\\">\\n                No hay transacciones que mostrar\\n            </p>\\n        "}	2026-04-08 08:34:43.107373	2026-04-08 08:34:43.107373	\N	\N	80	\N	\N	{}	payment.transaction	current	list,kanban,form	kanban	\N	\N
229	\N	1	1	ir.actions.act_window	\N	action	list,form	{"en_US": "Payment Transactions Linked To Token", "es_ES": "Transacciones de pago vinculadas al token"}	\N	2026-04-08 08:34:43.107373	2026-04-08 08:34:43.107373	\N	\N	80	\N	[('token_id','=', active_id)]	{'create': False}	payment.transaction	current	list,form	kanban	\N	\N
733	756	1	1	ir.actions.act_window	\N	action	list,form	{"en_US": "Post WIP Accounting Entry", "es_ES": "Publicar asiento contable del trabajo en curso"}	\N	2026-04-08 09:11:59.999536	2026-04-08 09:11:59.999536	\N	\N	80	\N	\N	{}	mrp.account.wip.accounting	new	form	kanban	\N	\N
660	\N	1	1	ir.actions.act_window	\N	action	list,form	{"en_US": "Inventory Moves", "es_ES": "Movimientos de inventario"}	\N	2026-04-08 09:05:50.079825	2026-04-08 09:05:50.079825	\N	\N	80	\N	[('move_id.repair_id', '=', active_id)]	{}	stock.move.line	current	list,form	kanban	\N	\N
664	\N	1	1	ir.actions.act_window	\N	action	list,form	{"en_US": "Repair Orders", "es_ES": "Órdenes de reparación"}	\N	2026-04-08 09:05:50.079825	2026-04-08 09:05:50.079825	\N	\N	80	2020	[('picking_type_id', '=', active_id)]	{'default_picking_type_id': active_id}	repair.order	current	list,kanban,form	kanban	\N	\N
665	\N	1	1	ir.actions.act_window	\N	action	list,form	{"en_US": "Repair Orders", "es_ES": "Órdenes de reparación"}	\N	2026-04-08 09:05:50.079825	2026-04-08 09:05:50.079825	\N	\N	80	2020	[]	{'search_default_filter_confirmed': 1}	repair.order	current	list,kanban,form	kanban	\N	\N
661	\N	1	1	ir.actions.act_window	\N	action	list,form	{"en_US": "Repair Orders", "es_ES": "Órdenes de reparación"}	\N	2026-04-08 09:05:50.079825	2026-04-08 09:05:50.079825	\N	\N	80	\N	\N	{}	repair.order	current	form	kanban	\N	\N
663	\N	1	1	ir.actions.act_window	\N	action	list,form	{"en_US": "Repair Orders", "es_ES": "Órdenes de reparación"}	\N	2026-04-08 09:05:50.079825	2026-04-08 09:05:50.079825	2021	\N	80	\N	\N	{\n                'search_default_product': 1,\n                'search_default_createDate': 1,\n            }\n            	repair.order	current	list,kanban,graph,pivot,form	kanban	\N	\N
667	\N	1	1	ir.actions.act_window	repair-types	action	list,form	{"en_US": "Repair Overview", "es_ES": "Vista general de reparaciones"}	\N	2026-04-08 09:05:50.079825	2026-04-08 09:05:50.079825	1817	\N	80	\N	[('code', '=', 'repair_operation')]	{}	stock.picking.type	current	kanban,form	kanban	\N	\N
749	\N	1	1	ir.actions.act_window	\N	action	list,form	{"en_US": "Settings", "es_ES": "Ajustes"}	\N	2026-04-14 08:54:03.289914	2026-04-14 08:54:03.289914	\N	\N	80	\N	\N	{'module' : 'purchase', 'bin_size': False}	res.config.settings	inline	form	kanban	\N	\N
751	\N	1	1	ir.actions.act_window	\N	action	list,form	{"en_US": "Vendor Bills", "es_ES": "Facturas de proveedores"}	{"en_US": "<p class=\\"o_view_nocontent_smiling_face\\">\\n                    Record a new vendor bill\\n                </p><p>\\n                    Vendors bills can be pre-generated based on purchase\\n                    orders or receipts. This allows you to control bills\\n                    you receive from your vendor according to the draft\\n                    document in Odoo.\\n                </p>\\n            ", "es_ES": "<p class=\\"o_view_nocontent_smiling_face\\">\\n                    Registrar una nueva factura de proveedor\\n                </p><p>\\n                    Las facturas de proveedor se pueden pregenerar mediante el pedido de\\ncompra o las recepciones. Esto le permite controlar las facturas\\nque recibe de su proveedor de acuerdo con el documento\\nborrador en Odoo.\\n                </p>\\n            "}	2026-04-14 08:54:03.289914	2026-04-14 08:54:03.289914	\N	\N	80	\N	[('move_type','in',('in_invoice', 'in_refund'))]	{'search_default_partner_id': active_id, 'default_move_type': 'in_invoice', 'default_partner_id': active_id}	account.move	current	list,form,graph	kanban	\N	\N
753	\N	1	1	ir.actions.act_window	\N	action	list,form	{"en_US": "On-time Delivery", "es_ES": "Entrega a tiempo"}	{"en_US": "<p>Vendor On-time Delivery analysis</p>", "es_ES": "<p>Análisis de entregas a tiempo del proveedor </p>"}	2026-04-14 08:54:08.878044	2026-04-14 08:54:08.878044	\N	\N	80	2230	\N	{'search_default_later_than_a_year_ago':1}	vendor.delay.report	current	graph	kanban	\N	\N
764	\N	1	1	ir.actions.act_window	\N	action	list,form	{"en_US": "Teams", "es_ES": "Equipos"}	{"en_US": "<p class=\\"o_view_nocontent_smiling_face\\">\\n            Add a team in the maintenance request\\n          </p>\\n        ", "es_ES": "<p class=\\"o_view_nocontent_smiling_face\\">\\n            Añadir un equipo en la solicitud de mantenimiento\\n          </p>\\n        "}	2026-04-24 11:17:56.264301	2026-04-24 11:17:56.264301	\N	\N	80	2292	\N	{}	maintenance.team	current	list,kanban,form	kanban	\N	\N
511	\N	1	1	ir.actions.act_window	\N	action	list,form	{"en_US": "Lead Plans", "es_ES": "Planes de leads"}	{"en_US": "<p class=\\"o_view_nocontent_smiling_face\\">\\n                    Create a Lead Activity Plan\\n                </p>\\n                <p>\\n                    Activity plans are used to assign a list of activities in just a few clicks\\n                    (e.g. \\"Demo Preparation Process\\", \\"Qualification\\", ...)\\n                </p>\\n            ", "es_ES": "<p class=\\"o_view_nocontent_smiling_face\\">\\n                    Crear un nuevo plan de actividades para el lead\\n                </p>\\n                <p>\\n                    Los planes de actividades son usados para asignar una lista de actividades en pocos clics\\n                    (p. ej. \\"Proceso de preparación de la demostración\\", \\"Cualificación\\", ...)\\n                </p>\\n            "}	2026-04-08 08:38:57.179101	2026-04-08 08:38:57.179101	\N	\N	80	365	[('res_model', '=', 'crm.lead')]	{'default_res_model': 'crm.lead'}	mail.activity.plan	current	list,kanban,form	kanban	\N	\N
517	\N	1	1	ir.actions.act_window	\N	action	list,form	{"en_US": "Leads", "es_ES": "Leads"}	{"en_US": "<p class=\\"o_view_nocontent_smiling_face\\">\\n                    Create a new lead\\n                </p><p>\\n                    Use leads if you need a qualification step before creating an\\n                    opportunity or a customer. It can be a business card you received,\\n                    a contact form filled in your website, or a file of unqualified\\n                    prospects you import, etc.\\n                </p>\\n            ", "es_ES": "<p class=\\"o_view_nocontent_smiling_face\\">\\n                    Crear una nuevo lead\\n                </p><p>\\n                    Utilice leads si necesita un paso de calificación antes de crear una\\n                    oportunidad o cliente. Puede ser una tarjeta de presentación que recibió,\\n                    un formulario de contacto proveniente de su sitio web o un archivo de prospectos\\n                    no calificados que importó, etc.\\n                </p>\\n            "}	2026-04-08 08:38:57.179101	2026-04-08 08:38:57.179101	\N	\N	80	1631	['|', ('type','=','lead'), ('type','=',False)]	{\n                    'search_default_team_id': [active_id],\n                    'default_team_id': active_id,\n                    'default_type': 'lead',\n                }\n            	crm.lead	current	list,kanban,form	kanban	\N	\N
505	\N	1	1	ir.actions.act_window	\N	action	list,form	{"en_US": "Leads", "es_ES": "Leads"}	{"en_US": "<p class=\\"o_view_nocontent_smiling_face\\">\\n                    Create a Lead\\n                </p><p>\\n                    Leads are the qualification step before the creation of an opportunity.\\n                </p>\\n            ", "es_ES": "<p class=\\"o_view_nocontent_smiling_face\\">\\n                    Crear un lead\\n                </p><p>\\n                    Los leads son el paso de calificación antes de la creación de una oportunidad.\\n                </p>\\n            "}	2026-04-08 08:38:57.179101	2026-04-08 08:38:57.179101	\N	\N	80	1631	['|', ('type','=','lead'), ('type','=',False)]	{\n                    'default_type':'lead',\n                    'search_default_type': 'lead',\n                    'search_default_to_process':1,\n                }\n            	crm.lead	current	list,kanban,graph,pivot,calendar,form,activity	kanban	\N	\N
520	\N	1	1	ir.actions.act_window	\N	action	list,form	{"en_US": "Leads Analysis", "es_ES": "Análisis de leads"}	{"en_US": "<p>Leads Analysis allows you to check different CRM related information like the treatment delays or number of leads per state. You can sort out your leads analysis by different groups to get accurate grained analysis.</p>", "es_ES": "<p>El análisis de leads le permite verificar la información referente al CRM como el tratamiento de atrasos o el número de leads por estado. Puede ordenar sus leads por distintos grupos para tener un análisis preciso.</p>"}	2026-04-08 08:38:57.179101	2026-04-08 08:38:57.179101	1636	\N	80	1631	[]	{'search_default_team_id': [active_id], 'search_default_filter_create_date': 1}	crm.lead	current	graph,pivot,list,form	kanban	\N	\N
516	\N	1	1	ir.actions.act_window	\N	action	list,form	{"en_US": "Leads Analysis", "es_ES": "Análisis de leads"}	{"en_US": "<p class=\\"o_view_nocontent_smiling_face\\">\\n                    No data found!\\n                </p><p>\\n                    This analysis shows you how many leads have been created per month.\\n                </p>\\n            ", "es_ES": "<p class=\\"o_view_nocontent_smiling_face\\">\\n                    ¡No se encontró información!\\n                </p><p>\\n                    El análisis muestra cuántos leads se han creado por mes.\\n                </p>\\n            "}	2026-04-08 08:38:57.179101	2026-04-08 08:38:57.179101	\N	\N	80	1660	\N	{\n                'search_default_filter_active': 1,\n                'search_default_filter_inactive': 1,\n                'search_default_filter_create_date': 1,\n            }	crm.lead	current	graph,pivot,list	kanban	\N	\N
500	\N	1	1	ir.actions.act_window	\N	action	list,form	{"en_US": "Lost Reasons", "es_ES": "Razones de pérdida"}	{"en_US": "<p class=\\"o_view_nocontent_smiling_face\\">\\n            Create a Lost Reason\\n          </p><p>\\n            Use Lost Reasons to report on why opportunities are lost (e.g.\\"Undercut by competitors\\").\\n          </p>\\n        ", "es_ES": "<p class=\\"o_view_nocontent_smiling_face\\">\\n            Crear una razón de pérdida\\n          </p><p>\\n            Utilice razones de pérdida para comunicar porqué las oportunidades se perdieron (p. ej. \\"mejor oferta por parte de la competencia\\").\\n          </p>\\n        "}	2026-04-08 08:38:57.179101	2026-04-08 08:38:57.179101	\N	\N	80	\N	\N	{}	crm.lost.reason	current	list,form	kanban	\N	\N
244	482	1	1	ir.actions.act_window	\N	action	form	{"en_US": "Send receipt by email", "es_ES": "Enviar recibo por correo electrónico"}	\N	2026-04-08 08:34:46.340378	2026-04-08 08:34:46.340378	\N	\N	80	\N	\N	{'mail_post_autofollow': True, 'default_composition_mode': 'comment', 'default_template_id': 8, 'default_email_layout_xmlid': 'mail.mail_notification_light'}	mail.compose.message	new	form	kanban	\N	\N
494	640	1	1	ir.actions.act_window	\N	action	list,form	{"en_US": "Mark Lost", "es_ES": "Marcar como perdido"}	\N	2026-04-08 08:38:57.179101	2026-04-08 08:38:57.179101	1609	\N	80	\N	\N	{\n                'dialog_size' : 'medium',\n                'default_lead_ids': active_ids,\n            }	crm.lead.lost	new	form	kanban	\N	\N
506	\N	1	1	ir.actions.act_window	\N	action	list,form	{"en_US": "My Activities", "es_ES": "Mis actividades"}	{"en_US": "<p class=\\"o_view_nocontent_smiling_face\\">\\n                    Looks like nothing is planned.\\n                </p><p>\\n                    Schedule activities to keep track of everything you have to do.\\n                </p>\\n            ", "es_ES": "<p class=\\"o_view_nocontent_smiling_face\\">\\n                    Parece que no hay nada planificado.\\n                </p><p>\\n                    Programe actividades para llevar un seguimiento de todo lo que tiene que hacer.\\n                </p>\\n            "}	2026-04-08 08:38:57.179101	2026-04-08 08:38:57.179101	1634	\N	80	1635	[("active", "in", [True, False]), ("activity_ids.active", "in", [True, False])]	\n            {\n                'default_type': 'opportunity',\n                'force_search_count': 1,\n                'search_default_assigned_to_me': 1,\n            }\n            	crm.lead	current	list,kanban,graph,pivot,calendar,form,activity	kanban	\N	\N
510	\N	1	1	ir.actions.act_window	\N	action	list,form	{"en_US": "New Lead", "es_ES": "Nuevo lead"}	\N	2026-04-08 08:38:57.179101	2026-04-08 08:38:57.179101	1623	\N	80	1631	[('type','=','lead')]	{\n                'search_default_team_id': [active_id],\n                'default_team_id': active_id,\n                'default_type': 'lead',\n            }	crm.lead	current	form	kanban	\N	\N
522	\N	1	1	ir.actions.act_window	\N	action	list,form	{"en_US": "New Opportunity", "es_ES": "Nueva oportunidad"}	\N	2026-04-08 08:38:57.179101	2026-04-08 08:38:57.179101	1623	\N	80	1640	[('type','=','opportunity')]	{\n                    'search_default_team_id': [active_id],\n                    'default_team_id': active_id,\n                    'default_type': 'opportunity',\n                    'default_user_id': uid,\n            }\n            	crm.lead	current	form	kanban	\N	\N
518	\N	1	1	ir.actions.act_window	\N	action	list,form	{"en_US": "Opportunities", "es_ES": "Oportunidades"}	{"en_US": "<p class=\\"o_view_nocontent_smiling_face\\">\\n                    Create a new lead\\n                </p><p>\\n                    Odoo helps you keep track of your sales pipeline to follow\\n                    up potential sales and better forecast your future revenues.\\n                </p><p>\\n                    You will be able to plan meetings and phone calls from\\n                    opportunities, convert them into quotations, attach related\\n                    documents, track all discussions, and much more.\\n                </p>\\n            ", "es_ES": "<p class=\\"o_view_nocontent_smiling_face\\">\\n                    Crear una nuevo lead\\n                </p><p>\\n                    Odoo le ayuda a llevar un seguimiento de su flujos de ventas para seguir\\n                    ventas potenciales y pronosticar mejor sus ingresos futuros.\\n                </p><p>\\n                    Podrá planificar reuniones y llamadas telefónicas desde las\\n                    oportunidades, convertirlas en presupuestos, adjuntar documentos\\n                    relacionados, seguir todas las discusiones, y mucho más.\\n                </p>\\n            "}	2026-04-08 08:38:57.179101	2026-04-08 08:38:57.179101	1629	\N	80	1640	[('type','=','opportunity')]	{\n                    'search_default_team_id': [active_id],\n                    'default_team_id': active_id,\n                    'default_type': 'opportunity',\n                    'default_user_id': uid,\n                }\n            	crm.lead	current	kanban,list,graph,form,calendar,pivot	kanban	\N	\N
519	\N	1	1	ir.actions.act_window	\N	action	list,form	{"en_US": "Overdue Opportunities", "es_ES": "Oportunidades vencidas"}	\N	2026-04-08 08:38:57.179101	2026-04-08 08:38:57.179101	1629	\N	80	1640	[('type','=','opportunity')]	{\n                    'search_default_team_id': [active_id],\n                    'search_default_overdue_opp': 1,\n                    'default_team_id': active_id,\n                    'default_type': 'opportunity',\n                    'default_user_id': uid,\n                }\n            	crm.lead	current	kanban,list,graph,form,calendar,pivot	kanban	\N	\N
508	\N	1	1	ir.actions.act_window	\N	action	list,form	{"en_US": "Pipeline", "es_ES": "Flujo"}	\N	2026-04-08 08:38:57.179101	2026-04-08 08:38:57.179101	\N	\N	80	1640	[('type','=','opportunity')]	{\n                    'default_type': 'opportunity',\n                    'search_default_assigned_to_me': 1\n            }	crm.lead	current	kanban,list,graph,pivot,form,calendar,activity	kanban	\N	\N
514	\N	1	1	ir.actions.act_window	\N	action	list,form	{"en_US": "Pipeline Activities", "es_ES": "Flujo de actividades"}	{"en_US": "<p class=\\"o_view_nocontent_smiling_face\\">\\n                    Let's get to work!\\n                </p><p>\\n                    Activities marked as Done on Leads will appear here, providing an overview of lead interactions.\\n                </p>\\n            ", "es_ES": "<p class=\\"o_view_nocontent_smiling_face\\">\\n                    Pongamos manos a la obra\\n                </p><p>\\n                    Las actividades marcadas como hechas en los leads aparecerán aquí, proporcionando un resumen de sus respectivas interacciones.\\n                </p>\\n            "}	2026-04-08 08:38:57.179101	2026-04-08 08:38:57.179101	\N	\N	80	\N	[]	{'search_default_team_id': active_id}	crm.activity.report	current	graph,pivot,list	kanban	\N	\N
521	\N	1	1	ir.actions.act_window	\N	action	list,form	{"en_US": "Pipeline Analysis", "es_ES": "Análisis del flujo"}	{"en_US": "<p>Opportunities Analysis gives you an instant access to your opportunities with information such as the expected revenue, planned cost, missed deadlines or the number of interactions per opportunity. This report is mainly used by the sales manager in order to do the periodic review with the channels of the sales pipeline.</p>", "es_ES": "<p>El análisis de oportunidades le brinda acceso instantáneo a sus oportunidades con información tal como los ingresos esperados, el coste planificado, fechas límite no cumplidas o el número de interacciones por oportunidad. Este informe es utilizado principalmente por el responsable de ventas para realizar la revisión periódica con los canales del flujo de ventas.</p>"}	2026-04-08 08:38:57.179101	2026-04-08 08:38:57.179101	\N	\N	80	1660	[]	{\n                'search_default_team_id': [active_id],\n                'list_view_ref': 'crm.crm_lead_view_tree_opportunity_reporting',\n                'search_default_filter_opportunity': True,\n                'search_default_filter_create_date': 1}	crm.lead	current	graph,pivot,list,form	kanban	\N	\N
507	\N	1	1	ir.actions.act_window	\N	action	list,form	{"en_US": "Opportunities", "es_ES": "Oportunidades"}	\N	2026-04-08 08:38:57.179101	2026-04-08 08:39:02.007941	\N	\N	80	1640	[('type','=','opportunity')]	{'default_type': 'opportunity', 'default_user_id': uid}	crm.lead	current	kanban,list,graph,pivot,form,calendar,activity	kanban	\N	\N
288	\N	1	1	ir.actions.act_window	\N	action	list,form	{"en_US": "Payment Terms", "es_ES": "Condiciones de pago"}	\N	2026-04-08 08:34:46.340378	2026-04-08 08:34:46.340378	\N	\N	80	762	\N	{}	account.payment.term	current	list,kanban,form	kanban	\N	\N
515	\N	1	1	ir.actions.act_window	\N	action	list,form	{"en_US": "Pipeline Analysis", "es_ES": "Análisis del flujo"}	{"en_US": "<p class=\\"o_view_nocontent_smiling_face\\">\\n                    No data found!\\n                </p><p>\\n                    Use this menu to have an overview of your Pipeline.\\n                </p>\\n            ", "es_ES": "<p class=\\"o_view_nocontent_smiling_face\\">\\n                    ¡No se encontró información!\\n                </p><p>\\n                    Use este menú para tener una vista general de su flujo.\\n                </p>\\n            "}	2026-04-08 08:38:57.179101	2026-04-08 08:38:57.179101	\N	\N	80	1660	\N	{'search_default_filter_opportunity': True, 'search_default_current': True}	crm.lead	current	graph,pivot,list,form	kanban	\N	\N
499	\N	1	1	ir.actions.act_window	\N	action	list,form	{"en_US": "Recurring Plans", "es_ES": "Planes recurrentes"}	{"en_US": "<p class=\\"o_view_nocontent_smiling_face\\">\\n                Create a Recurring Plan\\n            </p>\\n            <p>\\n                Set Recurring Plans on Opportunities to display the contracts' renewal periodicity<br>(e.g: Monthly, Yearly).\\n            </p>\\n        ", "es_ES": "<p class=\\"o_view_nocontent_smiling_face\\">\\n                Crear un plan recurrente\\n            </p>\\n            <p>\\n                Establezca planes recurrentes en las oportunidades para mostrar la periodicidad de renovación de contratos<br>(por ejemplo: mensualmente, anualmente).\\n            </p>\\n        "}	2026-04-08 08:38:57.179101	2026-04-08 08:38:57.179101	\N	\N	80	\N	\N	{}	crm.recurring.plan	current	list	kanban	\N	\N
503	640	1	1	ir.actions.act_window	\N	action	form	{"en_US": "Send email", "es_ES": "Enviar correo electrónico"}	\N	2026-04-08 08:38:57.179101	2026-04-08 08:38:57.179101	\N	\N	80	\N	\N	{\n    'default_composition_mode': 'comment',\n                }	mail.compose.message	new	form	kanban	\N	\N
662	\N	1	1	ir.actions.act_window	repairs	action	list,form	{"en_US": "Repair Orders", "es_ES": "Órdenes de reparación"}	{"en_US": "<p class=\\"o_view_nocontent_smiling_face\\">\\n                No repair order found. Let's create one!\\n              </p><p>\\n                In a repair order, you can detail the components you remove,\\n                add or replace and record the time you spent on the different\\n                operations.\\n              </p>\\n            ", "es_ES": "<p class=\\"o_view_nocontent_smiling_face\\">\\n                No se encontraron órdenes de reparación. ¡Creemos una!\\n              </p><p>\\n                En una orden de reparación, se puede detallar los componentes que eliminar,\\nañadir o sustituir y registrar el tiempo que pasó en las diferentes operaciones.\\n              </p>\\n            "}	2026-04-08 09:05:50.079825	2026-04-08 09:05:50.079825	\N	\N	80	2020	\N	{}	repair.order	current	list,kanban,graph,pivot,form,activity	kanban	\N	\N
666	\N	1	1	ir.actions.act_window	\N	action	list,form	{"en_US": "Tags", "es_ES": "Etiquetas"}	{"en_US": "<p class=\\"o_view_nocontent_smiling_face\\">\\n                Create a new tag\\n              </p>\\n            ", "es_ES": "<p class=\\"o_view_nocontent_smiling_face\\">\\n                Crear una nueva etiqueta\\n              </p>\\n            "}	2026-04-08 09:05:50.079825	2026-04-08 09:05:50.079825	\N	\N	80	\N	\N	{}	repair.tags	current	list,form	kanban	\N	\N
504	640	1	1	ir.actions.act_window	\N	action	list	{"en_US": "Send email", "es_ES": "Enviar correo electrónico"}	\N	2026-04-08 08:38:57.179101	2026-04-08 08:38:57.179101	\N	\N	80	\N	\N	{\n    'default_composition_mode': 'mass_mail',\n                }	mail.compose.message	new	form	kanban	\N	\N
155	\N	1	1	ir.actions.act_window	\N	action	list,form	{"en_US": "Analytic Items", "es_ES": "Apuntes analíticos"}	{"en_US": "<p class=\\"o_view_nocontent_empty_folder\\">\\n               No activity yet\\n            </p><p>\\n                In Odoo, sales orders and projects are implemented using\\n                analytic accounts. You can track costs and revenues to analyse\\n                your margins easily.\\n            </p><p>\\n                Costs will be created automatically when you register supplier\\n                invoices, expenses or timesheets.\\n            </p><p>\\n                Revenues will be created automatically when you create customer\\n                invoices. Customer invoices can be created based on sales orders\\n                (fixed price invoices), on timesheets (based on the work done) or\\n                on expenses (e.g. reinvoicing of travel costs).\\n            </p>\\n        ", "es_ES": "<p class=\\"o_view_nocontent_empty_folder\\">\\n               Sin actividad \\n            </p><p>\\n                En Odoo, los pedidos de venta y los proyectos se implementan usando cuentas analíticas. Puede realizar el seguimiento de los costes e ingresos para analizar sus márgenes fácilmente.\\n            </p><p>\\n                Los costes se crearán automaticámente cuando registre facturas de proveedor gastos o partes de horas.\\n            </p><p>\\n                Los ingresos se crearán automáticamente cuando crea facturas para el cliente. Las facturas de cliente se pueden crear a partir de los pedidos de venta (facturas de precio fijo), en partes de horas (dependiendo el trabajo realizado) o en los gastos (por ejemplo, refacturación de gastos de viaje).\\n            </p>\\n        "}	2026-04-08 08:34:32.743761	2026-04-08 08:34:46.340378	425	\N	80	790	\N	{\n                'search_default_group_by_analytic_account': 1,\n                'search_default_fiscal_date': 1,\n            }	account.analytic.line	current	list,kanban,form,graph,pivot	kanban	\N	\N
427	\N	1	1	ir.actions.act_window	\N	action	list,form	{"en_US": "Ratings", "es_ES": "Calificaciones"}	{"en_US": "<p class=\\"o_view_nocontent_empty_folder\\">\\n                No customer ratings yet\\n            </p>\\n            <p>\\n                Let's wait for your customers to manifest themselves.\\n            </p>\\n        ", "es_ES": "<p class=\\"o_view_nocontent_empty_folder\\">\\n                Todavía no hay calificaciones de los clientes\\n            </p>\\n            <p>\\n                Esperemos a que sus clientes se manifiesten.\\n            </p>\\n        "}	2026-04-08 08:35:22.624638	2026-04-08 08:35:22.624638	\N	\N	80	1371	[('res_model', '=', 'project.task'), ('res_id', '=', active_id), ('consumed', '=', True)]	{}	rating.rating	current	kanban,list,pivot,graph,form	kanban	\N	\N
426	\N	1	1	ir.actions.act_window	\N	action	list,form	{"en_US": "Ratings", "es_ES": "Calificaciones"}	{"en_US": "<p class=\\"o_view_nocontent_empty_folder\\">\\n                There are no ratings for this project at the moment\\n            </p>\\n        ", "es_ES": "<p class=\\"o_view_nocontent_empty_folder\\">\\n                No hay calificaciones para este proyecto en este momento.\\n            </p>\\n        "}	2026-04-08 08:35:22.624638	2026-04-08 08:35:22.624638	\N	\N	80	1371	[('consumed','=',True), ('parent_res_model','=','project.project'), ('parent_res_id', '=', active_id)]	{}	rating.rating	current	kanban,list,graph,pivot,form	kanban	\N	\N
436	608	1	1	ir.actions.act_window	\N	action	list	{"en_US": "Send Email", "es_ES": "Enviar correo electrónico"}	\N	2026-04-08 08:35:22.624638	2026-04-08 08:35:22.624638	\N	\N	80	\N	\N	{\n                'default_composition_mode': 'mass_mail',\n            }	mail.compose.message	new	form	kanban	\N	\N
444	605	1	1	ir.actions.act_window	\N	action	list	{"en_US": "Send Email", "es_ES": "Enviar correo electrónico"}	\N	2026-04-08 08:35:22.624638	2026-04-08 08:35:22.624638	\N	\N	80	\N	\N	{\n                'default_composition_mode': 'mass_mail',\n            }	mail.compose.message	new	form	kanban	\N	\N
456	\N	1	1	ir.actions.act_window	\N	action	list,form	{"en_US": "Settings", "es_ES": "Ajustes"}	\N	2026-04-08 08:35:22.624638	2026-04-08 08:35:22.624638	\N	\N	80	\N	\N	{'module' : 'project', 'bin_size': False}	res.config.settings	inline	form	kanban	\N	\N
313	\N	1	1	ir.actions.act_window	\N	action	list,form	{"en_US": "Dashboards", "es_ES": "Tableros"}	\N	2026-04-08 08:34:52.241103	2026-04-08 08:34:52.241103	\N	\N	80	\N	\N	{}	spreadsheet.dashboard.group	current	list,form	kanban	\N	\N
314	\N	1	1	ir.actions.act_window	\N	action	list,form	{"en_US": "EDI Proxy User", "es_ES": "Usuario del proxy de EDI"}	\N	2026-04-08 08:34:53.157072	2026-04-08 08:34:53.157072	859	\N	80	\N	\N	{}	account_edi_proxy_client.user	current	list,form	kanban	\N	\N
317	456	1	1	ir.actions.act_window	\N	action	form	{"en_US": "Generate a Payment Link", "es_ES": "Generar un enlace de pago"}	\N	2026-04-08 08:34:54.01867	2026-04-08 08:34:54.01867	675	\N	80	\N	\N	{}	payment.link.wizard	new	form	kanban	\N	\N
501	\N	1	1	ir.actions.act_window	\N	action	list,form	{"en_US": "Stages", "es_ES": "Etapas"}	{"en_US": "<p class=\\"o_view_nocontent_smiling_face\\">\\n            Set a new stage in your opportunity pipeline\\n          </p><p>\\n            Stages allow salespersons to easily track how a specific opportunity\\n            is positioned in the sales cycle.\\n          </p>\\n        ", "es_ES": "<p class=\\"o_view_nocontent_smiling_face\\">\\n            Establecer una nueva etapa en su flujo de oportunidades\\n          </p><p>\\n            Las etapas permiten a los comerciales seguir fácilmente cómo una oportunidad específica\\n            se posiciona en el ciclo de ventas.\\n          </p>\\n        "}	2026-04-08 08:38:57.179101	2026-04-08 08:38:57.179101	1621	\N	80	\N	\N	{}	crm.stage	current	list,form	kanban	\N	\N
498	\N	1	1	ir.actions.act_window	\N	action	list,form	{"en_US": "Update Probabilities", "es_ES": "Actualizar probabilidades"}	\N	2026-04-08 08:38:57.179101	2026-04-08 08:38:57.179101	1613	\N	80	\N	\N	{}	crm.lead.pls.update	new	form	kanban	\N	\N
524	640	1	1	ir.actions.act_window	\N	action	form	{"en_US": "Send SMS", "es_ES": "Enviar SMS"}	\N	2026-04-08 08:38:59.608296	2026-04-08 08:38:59.608296	\N	\N	80	\N	\N	{\n            'default_composition_mode': 'comment',\n            'default_res_id': active_id,\n        }	sms.composer	new	form	kanban	\N	\N
523	640	1	1	ir.actions.act_window	\N	action	list	{"en_US": "Send SMS", "es_ES": "Enviar SMS"}	\N	2026-04-08 08:38:59.608296	2026-04-08 08:38:59.608296	\N	\N	80	\N	\N	{\n            'default_composition_mode': 'mass',\n            'default_mass_keep_log': True,\n            'default_res_ids': active_ids\n        }	sms.composer	new	form	kanban	\N	\N
527	\N	1	1	ir.actions.act_window	\N	action	list,form	{"en_US": "Lead Mining Requests", "es_ES": "Solicitudes de minería de leads"}	\N	2026-04-08 08:39:01.400782	2026-04-08 08:39:01.400782	\N	\N	80	\N	\N	{}	crm.iap.lead.mining.request	current	list,form	kanban	\N	\N
529	\N	1	1	ir.actions.act_window	\N	action	list,form	{"en_US": "New Quotation", "es_ES": "Nuevo presupuesto"}	\N	2026-04-08 08:39:02.007941	2026-04-08 08:39:02.007941	1691	\N	80	\N	\N	{}	crm.quotation.partner	new	form	kanban	\N	\N
528	\N	1	1	ir.actions.act_window	\N	action	list,form	{"en_US": "Quotation", "es_ES": "Presupuesto"}	\N	2026-04-08 08:39:02.007941	2026-04-08 08:39:02.007941	\N	\N	80	\N	[('opportunity_id', '=', active_id)]	{'search_default_opportunity_id': active_id, 'default_opportunity_id': active_id}	sale.order	current	form,list,graph	kanban	\N	\N
617	\N	1	1	ir.actions.act_window	\N	action	list,form	{"en_US": "Reordering Rules", "es_ES": "Reglas de reabastecimiento"}	{"en_US": "<p class=\\"o_view_nocontent_smiling_face\\">\\n            No reordering rule found\\n          </p><p>\\n            Define a minimum stock rule so that Odoo automatically creates requests for quotations or confirmed manufacturing orders to resupply your stock.\\n          </p>\\n        ", "es_ES": "<p class=\\"o_view_nocontent_smiling_face\\">\\n            No se encontraron reglas de reabastecimiento\\n          </p><p>\\n            Defina una regla de stock mínimo de forma que el Odoo cree automáticamente solicitudes de presupuesto o órdenes de fabricación confirmados para reabastecer el stock.\\n          </p>\\n        "}	2026-04-08 08:46:08.412603	2026-04-08 08:46:08.412603	1844	\N	80	1846	\N	{'search_default_trigger': 'auto'}	stock.warehouse.orderpoint	current	list,kanban,form	kanban	\N	\N
530	\N	1	1	ir.actions.act_window	\N	action	list,form	{"en_US": "Barcode Nomenclatures", "es_ES": "Nomenclaturas de código de barras"}	{"en_US": "<p class=\\"o_view_nocontent_smiling_face\\">\\n                Add a new barcode nomenclature\\n              </p><p>\\n                A barcode nomenclature defines how the point of sale identify and interprets barcodes\\n              </p>\\n            ", "es_ES": "<p class=\\"o_view_nocontent_smiling_face\\">\\n                Añadir una nueva nomenclatura de código de barras\\n              </p><p>\\n                Una nomenclatura de código de barras define cómo un punto de venta identifica e interpreta los códigos de barras\\n              </p>\\n            "}	2026-04-08 08:46:05.988403	2026-04-08 08:46:05.988403	\N	\N	80	\N	\N	{}	barcode.nomenclature	current	list,kanban,form	kanban	\N	\N
239	\N	1	1	ir.actions.act_window	\N	action	list,form	{"en_US": "Payments", "es_ES": "Pagos"}	\N	2026-04-08 08:34:46.340378	2026-04-08 08:34:46.340378	679	\N	80	\N	\N	{}	account.payment	current	list,kanban,form,graph,activity	kanban	\N	\N
240	\N	1	1	ir.actions.act_window	\N	action	list,form	{"en_US": "Customer Payments", "es_ES": "Pagos de cliente"}	{"en_US": "<p class=\\"o_view_nocontent_smiling_face\\">\\n                  Register a payment\\n                </p><p>\\n                  Payments are used to register liquidity movements. You can process those payments by your own means or by using installed facilities.\\n                </p>\\n            ", "es_ES": "<p class=\\"o_view_nocontent_smiling_face\\">\\n                  Registrar un pago\\n                </p><p>\\n                  Los pagos se utilizan para registrar movimientos de liquidez. Puede procesar esos pagos por sus propios medios o utilizando las instalaciones instaladas.\\n                </p>\\n            "}	2026-04-08 08:34:46.340378	2026-04-08 08:34:46.340378	679	\N	80	\N	\N	{\n                'default_payment_type': 'inbound',\n                'default_partner_type': 'customer',\n                'search_default_inbound_filter': 1,\n                'default_move_journal_types': ('bank', 'cash'),\n                'display_account_trust': True,\n            }	account.payment	current	list,kanban,form,graph,activity	kanban	\N	\N
241	\N	1	1	ir.actions.act_window	\N	action	list,form	{"en_US": "Vendor Payments", "es_ES": "Pagos de proveedor"}	{"en_US": "<p class=\\"o_view_nocontent_smiling_face\\">\\n                  Register a payment\\n                </p><p>\\n                  Payments are used to register liquidity movements. You can process those payments by your own means or by using installed facilities.\\n                </p>\\n            ", "es_ES": "<p class=\\"o_view_nocontent_smiling_face\\">\\n                  Registrar un pago\\n                </p><p>\\n                  Los pagos se utilizan para registrar movimientos de liquidez. Puede procesar esos pagos por sus propios medios o utilizando las instalaciones instaladas.\\n                </p>\\n            "}	2026-04-08 08:34:46.340378	2026-04-08 08:34:46.340378	680	\N	80	\N	\N	{\n                'default_payment_type': 'outbound',\n                'default_partner_type': 'supplier',\n                'search_default_outbound_filter': 1,\n                'default_move_journal_types': ('bank', 'cash'),\n                'display_account_trust': True,\n            }	account.payment	current	list,kanban,form,graph,activity	kanban	\N	\N
242	\N	1	1	ir.actions.act_window	\N	action	list,form	{"en_US": "Internal Transfers", "es_ES": "Transferencias internas"}	{"en_US": "<p class=\\"o_view_nocontent_smiling_face\\">\\n                  Register a payment\\n                </p><p>\\n                  Payments are used to register liquidity movements. You can process those payments by your own means or by using installed facilities.\\n                </p>\\n            ", "es_ES": "<p class=\\"o_view_nocontent_smiling_face\\">\\n                  Registrar un pago\\n                </p><p>\\n                  Los pagos se utilizan para registrar movimientos de liquidez. Puede procesar esos pagos por sus propios medios o utilizando las instalaciones instaladas.\\n                </p>\\n            "}	2026-04-08 08:34:46.340378	2026-04-08 08:34:46.340378	680	\N	80	\N	[]	{'default_payment_type': 'outbound', 'search_default_transfers_filter': 1, 'display_account_trust': True}	account.payment	current	list,kanban,form,graph	kanban	\N	\N
245	482	1	1	ir.actions.act_window	\N	action	list	{"en_US": "Send receipts by email", "es_ES": "Enviar recibos por correo electrónico"}	\N	2026-04-08 08:34:46.340378	2026-04-08 08:34:46.340378	\N	\N	80	\N	\N	{'mailing_document_based': True, 'mail_post_autofollow': True, 'default_composition_mode': 'mass_mail', 'default_template_id': 8, 'default_email_layout_xmlid': 'mail.mail_notification_light'}	mail.compose.message	new	form	kanban	\N	\N
246	\N	1	1	ir.actions.act_window	\N	action	list,form	{"en_US": "Transfer Journal Items", "es_ES": "Transferir apuntes contables"}	\N	2026-04-08 08:34:46.340378	2026-04-08 08:34:46.340378	\N	\N	80	\N	\N	{}	account.automatic.entry.wizard	new	form	kanban	\N	\N
248	456	1	1	ir.actions.act_window	\N	action	list	{"en_US": "Reverse", "es_ES": "Revertir"}	\N	2026-04-08 08:34:46.340378	2026-04-08 08:34:46.340378	688	\N	80	\N	\N	{}	account.move.reversal	new	list,form	kanban	\N	\N
249	456	1	1	ir.actions.act_window	\N	action	list	{"en_US": "Resequence", "es_ES": "Resecuenciación"}	\N	2026-04-08 08:34:46.340378	2026-04-08 08:34:46.340378	689	\N	80	\N	\N	{}	account.resequence.wizard	new	form	kanban	\N	\N
250	\N	1	1	ir.actions.act_window	\N	action	list,form	{"en_US": "Journal Items", "es_ES": "Apuntes contables"}	\N	2026-04-08 08:34:46.340378	2026-04-08 08:34:46.340378	\N	\N	80	\N	\N	{'search_default_account_id': [active_id], 'search_default_posted': 1}	account.move.line	current	list,form	kanban	\N	\N
253	\N	1	1	ir.actions.act_window	\N	action	list,form	{"en_US": "Journal Items", "es_ES": "Apuntes contables"}	\N	2026-04-08 08:34:46.340378	2026-04-08 08:34:46.340378	695	\N	80	\N	[('display_type', 'not in', ('line_section', 'line_note'))]	{'journal_type':'general', 'search_default_group_by_move': 1, 'search_default_posted':1, 'create':0}	account.move.line	current	list,pivot,graph,kanban	kanban	\N	\N
254	\N	1	1	ir.actions.act_window	\N	action	list,form	{"en_US": "Journal Items", "es_ES": "Apuntes contables"}	\N	2026-04-08 08:34:46.340378	2026-04-08 08:34:46.340378	695	\N	80	\N	[('display_type', 'not in', ('line_section', 'line_note'))]	{'journal_type':'general', 'search_default_posted':1, 'expand':'1'}	account.move.line	current	list,pivot,graph,kanban	kanban	\N	\N
255	\N	1	1	ir.actions.act_window	\N	action	list,form	{"en_US": "Sales", "es_ES": "Ventas"}	\N	2026-04-08 08:34:46.340378	2026-04-08 08:34:46.340378	696	\N	80	\N	[('display_type', 'not in', ('line_section', 'line_note'))]	{'journal_type':'sales', 'search_default_group_by_move': 1, 'search_default_posted':1, 'search_default_sales':1, 'expand': 1}	account.move.line	current	list,pivot,graph,kanban	kanban	\N	\N
256	\N	1	1	ir.actions.act_window	\N	action	list,form	{"en_US": "Purchases", "es_ES": "Compras"}	\N	2026-04-08 08:34:46.340378	2026-04-08 08:34:46.340378	696	\N	80	\N	[('display_type', 'not in', ('line_section', 'line_note'))]	{'journal_type':'purchase', 'search_default_group_by_move': 1, 'search_default_posted':1, 'search_default_purchases':1, 'expand': 1}	account.move.line	current	list,pivot,graph,kanban	kanban	\N	\N
257	\N	1	1	ir.actions.act_window	\N	action	list,form	{"en_US": "Bank and Cash", "es_ES": "Banco y efectivo"}	\N	2026-04-08 08:34:46.340378	2026-04-08 08:34:46.340378	697	\N	80	\N	[('display_type', 'not in', ('line_section', 'line_note'))]	{'journal_type':'bank', 'search_default_group_by_move': 1, 'search_default_posted':1, 'search_default_bank':1, 'search_default_cash':1, 'expand': 1}	account.move.line	current	list,pivot,graph,kanban	kanban	\N	\N
258	\N	1	1	ir.actions.act_window	\N	action	list,form	{"en_US": "Miscellaneous", "es_ES": "Varios"}	\N	2026-04-08 08:34:46.340378	2026-04-08 08:34:46.340378	698	\N	80	\N	[('display_type', 'not in', ('line_section', 'line_note'))]	{'journal_type':'general', 'search_default_group_by_move': 1, 'search_default_posted':1, 'search_default_misc_filter':1, 'expand': 1}	account.move.line	current	list,pivot,graph,kanban	kanban	\N	\N
259	\N	1	1	ir.actions.act_window	\N	action	list,form	{"en_US": "Partner Ledger", "es_ES": "Libro mayor de la empresa"}	\N	2026-04-08 08:34:46.340378	2026-04-08 08:34:46.340378	700	\N	80	703	[('display_type', 'not in', ('line_section', 'line_note'))]	{'journal_type':'general', 'search_default_group_by_partner': 1, 'search_default_posted':1, 'search_default_trade_payable':1, 'search_default_trade_receivable':1, 'search_default_unreconciled':1}	account.move.line	current	list,pivot,graph	kanban	\N	\N
260	\N	1	1	ir.actions.act_window	\N	action	list,form	{"en_US": "Journal Items", "es_ES": "Apuntes contables"}	\N	2026-04-08 08:34:46.340378	2026-04-08 08:34:46.340378	695	\N	80	\N	[('display_type', 'not in', ('line_section', 'line_note'))]	{'search_default_partner_id': [active_id], 'default_partner_id': active_id, 'search_default_posted':1}	account.move.line	current	list,form	kanban	\N	\N
261	\N	1	1	ir.actions.act_window	\N	action	list,form	{"en_US": "Journal Items", "es_ES": "Apuntes contables"}	\N	2026-04-08 08:34:46.340378	2026-04-08 08:34:46.340378	695	\N	80	\N	[('display_type', 'not in', ('line_section', 'line_note')), ('parent_state', '!=', 'cancel')]	{'journal_type':'general', 'search_default_posted':1}	account.move.line	current	list,pivot,graph,kanban	kanban	\N	\N
262	\N	1	1	ir.actions.act_window	\N	action	list,form	{"en_US": "Journal Entries", "es_ES": "Asientos contables"}	{"en_US": "<p class=\\"o_view_nocontent_smiling_face\\">\\n                Create a journal entry\\n              </p><p>\\n                A journal entry consists of several journal items, each of\\n                which is either a debit or a credit transaction.\\n              </p>\\n            ", "es_ES": "<p class=\\"o_view_nocontent_smiling_face\\">\\n                Crear un asiento contable\\n              </p><p>\\n                Un asiento contable está compuesto por varios apuntes contables, cada uno\\n                de ellos es una transacción de débito o crédito.\\n              </p>\\n            "}	2026-04-08 08:34:46.340378	2026-04-08 08:34:46.340378	706	\N	80	719	\N	{'default_move_type': 'entry', 'search_default_posted':1, 'view_no_maturity': True}	account.move	current	list,kanban,form,activity	kanban	\N	\N
263	\N	1	1	ir.actions.act_window	invoicing	action	list,form	{"en_US": "Invoices", "es_ES": "Facturas de clientes"}	{"en_US": "<p class=\\"o_view_nocontent_smiling_face\\">\\n                Create a customer invoice\\n              </p><p>\\n                Create invoices, register payments and keep track of the discussions with your customers.\\n              </p>\\n            ", "es_ES": "<p class=\\"o_view_nocontent_smiling_face\\">\\n                Crea una factura de cliente\\n              </p><p>\\n                Cree facturas, registre pagos y lleve el seguimiento de las conversaciones con sus clientes.\\n              </p>\\n            "}	2026-04-08 08:34:46.340378	2026-04-08 08:34:46.340378	710	\N	80	720	[('move_type', 'in', ['out_invoice', 'out_refund'])]	{'default_move_type': 'out_invoice'}	account.move	current	list,kanban,form,activity	kanban	\N	\N
264	\N	1	1	ir.actions.act_window	customer-invoices	action	list,form	{"en_US": "Invoices", "es_ES": "Facturas de clientes"}	{"en_US": "<p class=\\"o_view_nocontent_smiling_face\\">\\n                Create a customer invoice\\n              </p><p>\\n                Create invoices, register payments and keep track of the discussions with your customers.\\n              </p>\\n            ", "es_ES": "<p class=\\"o_view_nocontent_smiling_face\\">\\n                Crea una factura de cliente\\n              </p><p>\\n                Cree facturas, registre pagos y lleve el seguimiento de las conversaciones con sus clientes.\\n              </p>\\n            "}	2026-04-08 08:34:46.340378	2026-04-08 08:34:46.340378	710	\N	80	720	[('move_type', 'in', ['out_invoice', 'out_refund'])]	{'search_default_out_invoice': 1, 'default_move_type': 'out_invoice'}	account.move	current	list,kanban,form,activity	kanban	\N	\N
432	\N	1	1	ir.actions.act_window	\N	action	list,form	{"en_US": "Share Project", "es_ES": "Compartir proyecto"}	\N	2026-04-08 08:35:22.624638	2026-04-08 08:35:22.624638	\N	\N	80	\N	\N	{}	project.share.wizard	new	form	kanban	\N	\N
265	\N	1	1	ir.actions.act_window	credit-notes	action	list,form	{"en_US": "Credit Notes", "es_ES": "Facturas rectificativas"}	{"en_US": "<p class=\\"o_view_nocontent_smiling_face\\">\\n                Create a credit note\\n              </p><p>\\n                Note that the easiest way to create a credit note is to do it directly\\n                from the customer invoice.\\n              </p>\\n            ", "es_ES": "<p class=\\"o_view_nocontent_smiling_face\\">\\n                Crear una factura rectificativa\\n              </p><p>\\n                Tenga en cuenta que la manera más sencilla para crear una factura rectificativa es crearla directamente\\n                desde la factura del cliente.\\n              </p>\\n            "}	2026-04-08 08:34:46.340378	2026-04-08 08:34:46.340378	711	\N	80	720	[('move_type', 'in', ['out_invoice', 'out_refund'])]	{'search_default_out_refund': 1, 'default_move_type': 'out_refund', 'display_account_trust': True}	account.move	current	list,kanban,form,activity	kanban	\N	\N
266	\N	1	1	ir.actions.act_window	bills	action	list,form	{"en_US": "Bills", "es_ES": "Facturas de proveedores"}	{"en_US": "<p class=\\"o_view_nocontent_smiling_face\\">\\n                    Create a vendor bill\\n                </p><p>\\n                    Capture invoices, register payments and keep track of the discussions with your vendors.\\n                </p>\\n            ", "es_ES": "<p class=\\"o_view_nocontent_smiling_face\\">\\n                    Crear una factura de proveedor\\n                </p><p>\\n                    Capture facturas, registre pagos y lleve el seguimiento de las conversaciones con sus proveedores. \\n                </p>\\n            "}	2026-04-08 08:34:46.340378	2026-04-08 08:34:46.340378	713	\N	80	721	[('move_type', 'in', ['in_invoice', 'in_refund'])]	{'default_move_type': 'in_invoice', 'display_account_trust': True}	account.move	current	list,kanban,form,activity	kanban	\N	\N
267	\N	1	1	ir.actions.act_window	vendor-bills	action	list,form	{"en_US": "Bills", "es_ES": "Facturas de proveedores"}	{"en_US": "<p class=\\"o_view_nocontent_smiling_face\\">\\n                    Create a vendor bill\\n                </p><p>\\n                    Capture invoices, register payments and keep track of the discussions with your vendors.\\n                </p>\\n            ", "es_ES": "<p class=\\"o_view_nocontent_smiling_face\\">\\n                    Crear una factura de proveedor\\n                </p><p>\\n                    Capture facturas, registre pagos y lleve el seguimiento de las conversaciones con sus proveedores. \\n                </p>\\n            "}	2026-04-08 08:34:46.340378	2026-04-08 08:34:46.340378	713	\N	80	721	[('move_type', 'in', ['in_invoice', 'in_refund'])]	{'search_default_in_invoice': 1, 'default_move_type': 'in_invoice', 'display_account_trust': True}	account.move	current	list,kanban,form,activity	kanban	\N	\N
268	\N	1	1	ir.actions.act_window	\N	action	list,form	{"en_US": "Refunds", "es_ES": "Reembolsos"}	{"en_US": "<p class=\\"o_view_nocontent_smiling_face\\">\\n                Create a vendor credit note\\n              </p><p>\\n                Note that the easiest way to create a vendor credit note is to do it directly from the vendor bill.\\n              </p>\\n            ", "es_ES": "<p class=\\"o_view_nocontent_smiling_face\\">\\n                Crear una factura rectificativa de proveedor\\n              </p><p>\\n                Tenga en cuenta que la manera más sencilla para crear una factura rectificativa es crearla directamente desde la factura del cliente. \\n              </p>\\n            "}	2026-04-08 08:34:46.340378	2026-04-08 08:34:46.340378	714	\N	80	721	[('move_type', 'in', ['in_invoice', 'in_refund'])]	{'search_default_in_refund': 1, 'default_move_type': 'in_refund'}	account.move	current	list,kanban,form,activity	kanban	\N	\N
269	\N	1	1	ir.actions.act_window	\N	action	list,form	{"en_US": "Amounts to Settle", "es_ES": "Importes a liquidar"}	{"en_US": "<p class=\\"o_view_nocontent_smiling_face\\">\\n                    Amounts to settle\\n                </p><p>\\n                    Cool, it looks like you don't have any amount to settle.\\n                </p>\\n            ", "es_ES": "<p class=\\"o_view_nocontent_smiling_face\\">\\n                    Importes a liquidar\\n                </p><p>\\n                    Genial, parece que no hay nada que liquidar.\\n                </p>\\n            "}	2026-04-08 08:34:46.340378	2026-04-08 08:34:46.340378	704	\N	80	705	[('parent_state', '=', 'posted'), ('date_maturity', '!=', False), ('amount_residual', '!=', 0), ('account_id.reconcile', '=', True)]	{}	account.move.line	current	list	kanban	\N	\N
270	\N	1	1	ir.actions.act_window	\N	action	list,form	{"en_US": "Receipts", "es_ES": "Recibos"}	{"en_US": "<p class=\\"o_view_nocontent_smiling_face\\">\\n                Create a new sales receipt\\n              </p><p>\\n                When the sale receipt is confirmed, you can record the customer\\n                payment related to this sales receipt.\\n              </p>\\n            ", "es_ES": "<p class=\\"o_view_nocontent_smiling_face\\">\\n                Crear un nuevo recibo de venta\\n              </p><p>\\n                Cuando se confirma el recibo de venta, puede registrar\\n                el pago del cliente relacionado con este recibo de venta.\\n              </p>\\n            "}	2026-04-08 08:34:46.340378	2026-04-08 08:34:46.340378	708	\N	80	720	[('move_type', '=', 'out_receipt')]	{'default_move_type': 'out_receipt'}	account.move	current	list,kanban,form,activity	kanban	\N	\N
271	\N	1	1	ir.actions.act_window	\N	action	list,form	{"en_US": "Receipts", "es_ES": "Recibos"}	{"en_US": "<p class=\\"o_view_nocontent_smiling_face\\">\\n                Register a new purchase receipt\\n              </p><p>\\n                When the purchase receipt is confirmed, you can record the\\n                vendor payment related to this purchase receipt.\\n              </p>\\n            ", "es_ES": "<p class=\\"o_view_nocontent_smiling_face\\">\\n                Registrar un nuevo recibo de compra\\n              </p><p>\\n                Cuando se confirma un recibo de compra, puede registrar\\n                el pago al proveedor relacionado con este recibo de compra.\\n              </p>\\n            "}	2026-04-08 08:34:46.340378	2026-04-08 08:34:46.340378	715	\N	80	720	[('move_type', '=', 'in_receipt')]	{'default_move_type': 'in_receipt', 'display_account_trust': True}	account.move	current	list,kanban,form,activity	kanban	\N	\N
272	\N	1	1	ir.actions.act_window	\N	action	list,form	{"en_US": "Entries", "es_ES": "Asientos"}	\N	2026-04-08 08:34:46.340378	2026-04-08 08:34:46.340378	706	\N	80	719	\N	{}	account.move	current	list,form	kanban	\N	\N
278	\N	1	1	ir.actions.act_window	\N	action	list,form	{"en_US": "Chart of Accounts", "es_ES": "Plan contable"}	{"en_US": "<p class=\\"o_view_nocontent_smiling_face\\">\\n                Add a new account\\n              </p><p>\\n                An account is part of a ledger allowing your company\\n                to register all kinds of debit and credit transactions.\\n                Companies present their annual accounts in two main parts: the\\n                balance sheet and the income statement (profit and loss\\n                account). The annual accounts of a company are required by law\\n                to disclose a certain amount of information.\\n              </p>\\n            ", "es_ES": "<p class=\\"o_view_nocontent_smiling_face\\">\\n                Añadir una nueva cuenta \\n              </p><p>\\n                Una cuenta es la parte de un libro mayor que permite\\n                a su compañía registrar todo tipo de transacciones de débito y crédito.\\n                Las compañías presentan sus cuentas anuales principalmente en dos partes:\\n                el balance de situación y la cuenta de pérdidas y ganancias\\n              Las cuentas anuales son requeridas por ley a las empresas\\n                para revelar cierta cantidad de información.\\n              </p>\\n            "}	2026-04-08 08:34:46.340378	2026-04-08 08:34:46.340378	727	\N	80	729	\N	{'search_default_activeacc': True}	account.account	current	list,kanban,form	kanban	\N	\N
280	\N	1	1	ir.actions.act_window	\N	action	list,form	{"en_US": "Journals", "es_ES": "Diarios"}	{"en_US": "<p class=\\"o_view_nocontent_smiling_face\\">\\n                Add a journal\\n              </p><p>\\n                A journal is used to record transactions of all accounting data\\n                related to the day-to-day business.\\n              </p>\\n            ", "es_ES": "<p class=\\"o_view_nocontent_smiling_face\\">\\n                Añadir un diario\\n              </p><p>\\n                Un diario se usa para anotar transacciones de los datos\\n contables asociados a los negocios diarios.\\n              </p>\\n            "}	2026-04-08 08:34:46.340378	2026-04-08 08:34:46.340378	\N	\N	80	\N	\N	{}	account.journal	current	list,kanban,form	kanban	\N	\N
281	\N	1	1	ir.actions.act_window	\N	action	list,form	{"en_US": "Multi-ledger", "es_ES": "Varios libros mayores"}	{"en_US": "<p class=\\"o_view_nocontent_multi_ledger\\"></p>\\n                <h2 class=\\"d-md-block\\">Ledger group allows managing multiple accounting standards.</h2>\\n                <p>\\n                    Create as many ledger groups as needed to maintain separate ledgers for local GAAP, IFRS, or fiscal\\n                    adjustments, ensuring compliance with diverse regulations.\\n                </p>\\n            ", "es_ES": "<p class=\\"o_view_nocontent_multi_ledger\\"></p>\\n                <h2 class=\\"d-md-block\\">El grupo de libros mayores permite gestionar varias normas contables.</h2>\\n                <p>\\n                    Cree tantos grupos de libros mayores como sean necesarios para contar con distintos libros para normas locales GAAF, IFRS \\n                    o fiscales, asegurando el cumplimiento con varias regulaciones.\\n                </p>\\n            "}	2026-04-08 08:34:46.340378	2026-04-08 08:34:46.340378	\N	\N	80	\N	\N	{}	account.journal.group	current	list,form	kanban	\N	\N
282	\N	1	1	ir.actions.act_window	\N	action	list,form	{"en_US": "Bank Statements", "es_ES": "Extractos bancarios"}	{"en_US": "<p class=\\"o_view_nocontent_smiling_face\\">\\n                Register a bank statement\\n              </p><p>\\n                A bank statement is a summary of all financial transactions\\n                occurring over a given period of time on a bank account. You\\n                should receive this periodically from your bank.\\n              </p><p>\\n                Odoo allows you to reconcile a statement line directly with\\n                the related sale or purchase invoices.\\n              </p>\\n            ", "es_ES": "<p class=\\"o_view_nocontent_smiling_face\\">\\n                Registrar un extracto bancario\\n              </p><p>\\n                Un estado de cuenta bancario es un resumen de todas sus transacciones financieras\\n                que ocurren en un periodo de tiempo en una cuenta bancaria. Debe\\n                recibirlo de forma periódica.\\n              </p><p>\\n                Odoo le permite conciliar una línea de una línea de extracto bancario directamente con\\n                las facturas de venta o compra relacionadas.\\n              </p>\\n            "}	2026-04-08 08:34:46.340378	2026-04-08 08:34:46.340378	\N	\N	80	743	[('journal_id.type', '=', 'bank')]	{'journal_type':'bank'}	account.bank.statement	current	list,pivot,graph,form	kanban	\N	\N
283	\N	1	1	ir.actions.act_window	\N	action	list,form	{"en_US": "Credit Statements", "es_ES": "Extractos de crédito"}	{"en_US": "<p class=\\"o_view_nocontent_smiling_face\\">\\n                Register a bank statement\\n              </p><p>\\n                A credit statement is a summary of all financial transactions\\n                occurring over a given period of time on a credit account. You\\n                should receive this periodically from your bank.\\n              </p><p>\\n                Odoo allows you to reconcile a statement line directly with\\n                the related sale or purchase invoices.\\n              </p>\\n            ", "es_ES": "<p class=\\"o_view_nocontent_smiling_face\\">\\n                Registrar un extracto bancario\\n              </p><p>\\n                Un extracto de crédito es un resumen de todas las transacciones financieras\\n                que ocurren en un periodo en una cuenta de crédito. Debería\\n                recibirlo periódicamente por parte de su banco.\\n              </p><p>\\n                Odoo le permite conciliar una línea de una línea de extracto bancario directamente con\\n                las facturas de venta o compra relacionadas.\\n              </p>\\n            "}	2026-04-08 08:34:46.340378	2026-04-08 08:34:46.340378	\N	\N	80	743	[('journal_id.type', '=', 'credit')]	{'journal_type': 'credit'}	account.bank.statement	current	list,pivot,graph	kanban	\N	\N
284	\N	1	1	ir.actions.act_window	\N	action	list,form	{"en_US": "Cash Registers", "es_ES": "Cajas registradoras"}	{"en_US": "<p class=\\"o_view_nocontent_smiling_face\\">\\n                Create a new cash log\\n              </p><p>\\n                A Cash Register allows you to manage cash entries in your cash\\n                journals. This feature provides an easy way to follow up cash\\n                payments on a daily basis.\\n              </p>\\n            ", "es_ES": "<p class=\\"o_view_nocontent_smiling_face\\">\\n                Crear un nuevo registro de efectivo\\n              </p><p>\\n                Una caja registradora le permite gestionar asientos de caja en sus diarios\\n                de caja. Esta función le proporciona una forma sencilla de llevar el seguimiento de pagos\\n                en efectivo diariamente.\\n              </p>\\n            "}	2026-04-08 08:34:46.340378	2026-04-08 08:34:46.340378	742	\N	80	743	[('journal_id.type', '=', 'cash')]	{'journal_type':'cash'}	account.bank.statement	current	list,pivot,graph	kanban	\N	\N
285	\N	1	1	ir.actions.act_window	\N	action	list,form	{"en_US": "Reconciliation Models", "es_ES": "Modelos de conciliación"}	{"en_US": "<p class=\\"o_view_nocontent_smiling_face\\">\\n                Create a new reconciliation model\\n              </p><p>\\n                Those can be used to quickly create a journal items when reconciling\\n                a bank statement or an account.\\n              </p>\\n            ", "es_ES": "<p class=\\"o_view_nocontent_smiling_face\\">\\n                Crear un nuevo modelo de conciliación\\n              </p><p>\\n                Aquellos que pueden utilizarse para crear rápidamente apuntes de diario al conciliar\\n                un extracto bancario o una cuenta.\\n              </p>\\n            "}	2026-04-08 08:34:46.340378	2026-04-08 08:34:46.340378	\N	\N	80	749	\N	{}	account.reconcile.model	current	list,form	kanban	\N	\N
286	\N	1	1	ir.actions.act_window	\N	action	list,form	{"en_US": "Taxes", "es_ES": "Impuestos"}	{"en_US": "<p class=\\"o_view_nocontent_smiling_face\\">\\n                Create a new tax\\n              </p>\\n            ", "es_ES": "<p class=\\"o_view_nocontent_smiling_face\\">\\n                Crear un nuevo impuesto\\n              </p>\\n            "}	2026-04-08 08:34:46.340378	2026-04-08 08:34:46.340378	750	\N	80	\N	\N	{'search_default_sale': True, 'search_default_purchase': True, 'active_test': False}	account.tax	current	list,kanban,form	kanban	\N	\N
287	\N	1	1	ir.actions.act_window	\N	action	list,form	{"en_US": "Tax Groups", "es_ES": "Grupos de impuestos"}	{"en_US": "<p class=\\"o_view_nocontent_smiling_face\\">\\n                Create a new tax group\\n              </p>\\n            ", "es_ES": "<p class=\\"o_view_nocontent_smiling_face\\">\\n                Crear un nuevo grupo de impuestos\\n              </p>\\n            "}	2026-04-08 08:34:46.340378	2026-04-08 08:34:46.340378	759	\N	80	\N	\N	{}	account.tax.group	current	list,form	kanban	\N	\N
290	\N	1	1	ir.actions.act_window	\N	action	list,form	{"en_US": "Bank Accounts", "es_ES": "Cuentas bancarias"}	{"en_US": "<p class=\\"o_view_nocontent_smiling_face\\">\\n                    Create a new bank account\\n                </p>\\n            ", "es_ES": "<p class=\\"o_view_nocontent_smiling_face\\">\\n                    Crear una nueva cuenta bancaria\\n                </p>\\n            "}	2026-04-08 08:34:46.340378	2026-04-08 08:34:46.340378	140	\N	80	769	\N	{}	res.partner.bank	current	list,form	kanban	\N	\N
291	456	1	1	ir.actions.act_window	\N	action	list	{"en_US": "Confirm Entries", "es_ES": "Confirmar asientos"}	{"en_US": "<p>This wizard will validate all journal entries selected. Once journal entries are validated, you can not update them anymore.</p>", "es_ES": "<p>Este asistente validará todos los asientos seleccionados. Una vez validados los asientos no podrás modificarlos.</p>"}	2026-04-08 08:34:46.340378	2026-04-08 08:34:46.340378	775	\N	80	\N	\N	{}	validate.account.move	new	form	kanban	\N	\N
292	\N	1	1	ir.actions.act_window	\N	action	list,form	{"en_US": "Products", "es_ES": "Productos"}	{"en_US": "<p class=\\"o_view_nocontent_smiling_face\\">\\n                  Create a new sellable product\\n                </p>\\n            ", "es_ES": "<p class=\\"o_view_nocontent_smiling_face\\">\\n                  Crear un nuevo producto vendible\\n                </p>\\n            "}	2026-04-08 08:34:46.340378	2026-04-08 08:34:46.340378	780	\N	80	\N	\N	{'search_default_filter_to_sell': 1}	product.template	current	kanban,list,form,activity	kanban	\N	\N
293	\N	1	1	ir.actions.act_window	\N	action	list,form	{"en_US": "Products", "es_ES": "Productos"}	{"en_US": "<p class=\\"o_view_nocontent_smiling_face\\">\\n                  Create a new purchasable product\\n                </p>\\n            ", "es_ES": "<p class=\\"o_view_nocontent_smiling_face\\">\\n                  Crear un nuevo producto comprable\\n                </p>\\n            "}	2026-04-08 08:34:46.340378	2026-04-08 08:34:46.340378	780	\N	80	\N	\N	{'search_default_filter_to_purchase': 1}	product.template	current	kanban,list,form,activity	kanban	\N	\N
294	\N	1	1	ir.actions.act_window	\N	action	list,form	{"en_US": "Analytic Reporting", "es_ES": "Informes analíticos"}	\N	2026-04-08 08:34:46.340378	2026-04-08 08:34:46.340378	\N	\N	80	790	\N	{\n                'search_default_group_by_analytic_account': 1,\n                'search_default_fiscal_date': 1,\n            }	account.analytic.line	current	list,form	kanban	\N	\N
295	\N	1	1	ir.actions.act_window	\N	action	list,form	{"en_US": "Invoices Analysis", "es_ES": "Análisis de facturas"}	{"en_US": "<p>From this report, you can have an overview of the amount invoiced from your vendors. The search tool can also be used to personalise your Invoices reports and so, match this analysis to your needs.</p>", "es_ES": "<p>Con este informe puede obtener una vista general del importe facturado por sus proveedores. Puede utilizar la herramienta de búsqueda para personalizar sus informes de facturas, ajustando así el análisis a sus necesidades.</p>"}	2026-04-08 08:34:46.340378	2026-04-08 08:34:46.340378	\N	\N	80	802	\N	{'search_default_current':1, 'search_default_supplier': 1, 'group_by':['invoice_date:month']}	account.invoice.report	current	graph,pivot	kanban	\N	\N
296	\N	1	1	ir.actions.act_window	\N	action	list,form	{"en_US": "Invoices Analysis", "es_ES": "Análisis de facturas"}	{"en_US": "<p>From this report, you can have an overview of the amount invoiced to your customers. The search tool can also be used to personalise your Invoices reports and so, match this analysis to your needs.</p>", "es_ES": "<p>Con este informe puede obtener una vista general del importe facturado a sus clientes. Puede utilizar la herramienta de búsqueda para personalizar sus informes de facturas, ajustando así el análisis a sus necesidades.</p>"}	2026-04-08 08:34:46.340378	2026-04-08 08:34:46.340378	\N	\N	80	802	\N	{'search_default_current':1, 'search_default_customer': 1, 'group_by':['invoice_date:month']}	account.invoice.report	current	graph,pivot	kanban	\N	\N
297	\N	1	1	ir.actions.act_window	\N	action	list,form	{"en_US": "Cash Roundings", "es_ES": "Redondeos de efectivo"}	{"en_US": "<p class=\\"o_view_nocontent_smiling_face\\">Create the first cash rounding</p>\\n            ", "es_ES": "<p class=\\"o_view_nocontent_smiling_face\\">Crear el primer redondeo de efectivo</p>\\n            "}	2026-04-08 08:34:46.340378	2026-04-08 08:34:46.340378	\N	\N	80	\N	\N	{}	account.cash.rounding	current	list,form	kanban	\N	\N
298	\N	1	1	ir.actions.act_window	\N	action	list,form	{"en_US": "Configure your document layout", "es_ES": "Configure el diseño de sus documentos"}	\N	2026-04-08 08:34:46.340378	2026-04-08 08:34:46.340378	808	\N	80	\N	\N	{"dialog_size": "extra-large"}	base.document.layout	new	form	kanban	\N	\N
299	\N	1	1	ir.actions.act_window	\N	action	list,form	{"en_US": "Chart Templates", "es_ES": "Plantillas de plan"}	\N	2026-04-08 08:34:46.340378	2026-04-08 08:34:46.340378	\N	\N	80	807	\N	{'search_default_category_id': 38, 'searchpanel_default_category_id': 38}	ir.module.module	current	kanban,list,form	kanban	\N	\N
300	\N	1	1	ir.actions.act_window	\N	action	list,form	{"en_US": "Settings", "es_ES": "Ajustes"}	\N	2026-04-08 08:34:46.340378	2026-04-08 08:34:46.340378	\N	\N	80	\N	\N	{'module' : 'account', 'bin_size': False}	res.config.settings	inline	form	kanban	\N	\N
301	\N	1	1	ir.actions.act_window	\N	action	list,form	{"en_US": "Vendor Bills", "es_ES": "Facturas de proveedores"}	{"en_US": "<p class=\\"o_view_nocontent_smiling_face\\">\\n                    Record a new vendor bill\\n                </p><p>\\n                Vendors bills can be pre-generated based on purchase\\n                orders or receipts. This allows you to control bills\\n                you receive from your vendor according to the draft\\n                document in Odoo.\\n            </p>\\n            ", "es_ES": "<p class=\\"o_view_nocontent_smiling_face\\">\\n                    Registrar una nueva factura de proveedor\\n                </p><p>\\n                Las facturas de proveedor se pueden pregenerar basadas en los pedidos\\n                    de compra o las recepciones. Esto le permite controlar las facturas\\n                    que recibe de su proveedor de acuerdo con los documentos en borrador\\n                    en Odoo.\\n            </p>\\n            "}	2026-04-08 08:34:46.340378	2026-04-08 08:34:46.340378	\N	\N	80	\N	[('move_type','in',('in_invoice', 'in_refund'))]	{'search_default_partner_id': active_id, 'default_move_type': 'in_invoice', 'default_partner_id': active_id}	account.move	current	list,form,graph	kanban	\N	\N
302	\N	1	1	ir.actions.act_window	\N	action	list,form	{"en_US": "Fiscal Positions", "es_ES": "Posiciones fiscales"}	{"en_US": "<p class=\\"o_view_nocontent_smiling_face\\">\\n                Create a new fiscal position\\n              </p>\\n            ", "es_ES": "<p class=\\"o_view_nocontent_smiling_face\\">\\n                Crear una nueva posición fiscal\\n              </p>\\n            "}	2026-04-08 08:34:46.340378	2026-04-08 08:34:46.340378	\N	\N	80	812	\N	{}	account.fiscal.position	current	list,kanban,form	kanban	\N	\N
303	\N	1	1	ir.actions.act_window	customers	action	list,form	{"en_US": "Customers", "es_ES": "Clientes"}	{"en_US": "<p class=\\"o_view_nocontent_smiling_face\\">\\n                Create a new customer in your address book\\n              </p><p>\\n                Odoo helps you easily track all activities related to a customer.\\n              </p>\\n            ", "es_ES": "<p class=\\"o_view_nocontent_smiling_face\\">\\n                Crear un nuevo cliente en su libreta de direcciones\\n              </p><p>\\n                Odoo le ayuda a rastrear fácilmente todas las actividades relacionadas con un cliente.\\n              </p>\\n            "}	2026-04-08 08:34:46.340378	2026-04-08 08:34:46.340378	\N	\N	80	\N	\N	{'search_default_customer': 1,'res_partner_search_mode': 'customer', 'default_is_company': True, 'default_customer_rank': 1}	res.partner	current	kanban,list,form	kanban	\N	\N
598	\N	1	1	ir.actions.act_window	\N	action	list,form	{"en_US": "Ready Moves", "es_ES": "Movimientos listos"}	\N	2026-04-08 08:46:08.412603	2026-04-08 08:46:08.412603	1798	\N	80	1805	[('picking_type_id', '=', active_id)]	{'search_default_ready': 1}	stock.move	current	list,form	kanban	\N	\N
304	\N	1	1	ir.actions.act_window	vendors	action	list,form	{"en_US": "Vendors", "es_ES": "Proveedores"}	{"en_US": "<p class=\\"o_view_nocontent_smiling_face\\">\\n                Create a new supplier in your address book\\n              </p><p>\\n                Odoo helps you easily track all activities related to a supplier.\\n              </p>\\n            ", "es_ES": "<p class=\\"o_view_nocontent_smiling_face\\">\\n                Crear un nuevo proveedor en su libreta de direcciones\\n              </p><p>\\n                Odoo le ayuda a llevar con facilidad un seguimiento de todas las actividades relacionadas con un proveedor.\\n              </p>\\n            "}	2026-04-08 08:34:46.340378	2026-04-08 08:34:46.340378	\N	\N	80	\N	\N	{'search_default_supplier': 1,'res_partner_search_mode': 'supplier', 'default_is_company': True, 'default_supplier_rank': 1}	res.partner	current	kanban,list,form	kanban	\N	\N
305	\N	1	1	ir.actions.act_window	accounting	action	list,form	{"en_US": "Dashboard", "es_ES": "Tablero"}	{"en_US": "<p class=\\"o_view_nocontent_neutral_face\\">\\n                This is the accounting dashboard\\n            </p><p>\\n                If you have not installed a chart of account, please install one first.<br>\\n               <a class=\\"btn-link\\" type=\\"action\\" name=\\"299\\" tabindex=\\"-1\\">Browse available countries.</a>\\n            </p>\\n        ", "es_ES": "<p class=\\"o_view_nocontent_neutral_face\\">\\n                Este es el tablero de Contabilidad\\n            </p><p>\\n                Si no ha instalado un plan contable, primero instale uno.<br>\\n               <a class=\\"btn-link\\" type=\\"action\\" name=\\"299\\" tabindex=\\"-1\\">Ver los países disponibles.</a>\\n            </p>\\n        "}	2026-04-08 08:34:46.340378	2026-04-08 08:34:46.340378	819	\N	80	\N	[]	{'search_default_dashboard':1}	account.journal	current	kanban,form	kanban	menu	\N
308	\N	1	1	ir.actions.act_window	\N	action	list,form	{"en_US": "Incoterms", "es_ES": "Incoterms"}	{"en_US": "<p class=\\"o_view_nocontent_smiling_face\\">\\n                Create a new incoterm\\n              </p><p>\\n                Incoterms are used to divide transaction costs and responsibilities between buyer and seller.\\n              </p>\\n            ", "es_ES": "<p class=\\"o_view_nocontent_smiling_face\\">\\n                Crear un nuevo incoterm\\n              </p><p>\\n                Los Incoterms son usados para dividir los costes de transacción y las responsabilidades entre comprador y vendedor. \\n              </p>\\n            "}	2026-04-08 08:34:46.340378	2026-04-08 08:34:46.340378	\N	\N	80	\N	\N	{}	account.incoterms	current	list,form	kanban	\N	\N
309	\N	1	1	ir.actions.act_window	\N	action	list,form	{"en_US": "Secure Journal Entries", "es_ES": "Asegurar asientos contables"}	\N	2026-04-08 08:34:46.340378	2026-04-08 08:34:46.340378	838	\N	80	\N	\N	{}	account.secure.entries.wizard	new	form	kanban	\N	\N
310	\N	1	1	ir.actions.act_window	\N	action	list,form	{"en_US": "Audit Trail", "es_ES": "Pista de auditoría"}	{"en_US": "<p class=\\"o_view_nocontent_smiling_face\\">This is the Audit Trail Report</p>\\n            <div>Make sure you first activate the audit trail in the accounting settings</div>\\n            <a class=\\"btn-link\\" type=\\"action\\" name=\\"300\\">Go to the accounting settings</a>\\n        ", "es_ES": "<p class=\\"o_view_nocontent_smiling_face\\">Este es el informe de pista de auditoría</p>\\n            <div>Asegúrese de activar primero la pista de auditoría en los ajustes de contabilidad</div>\\n            <a class=\\"btn-link\\" type=\\"action\\" name=\\"300\\">Vaya a los ajustes de contabilidad</a>\\n        "}	2026-04-08 08:34:46.340378	2026-04-08 08:34:46.340378	839	\N	80	840	[\n            ('message_type', '=', 'notification'),\n            ('account_audit_log_activated', '=', True),\n        ]	{}	mail.message	current	list	kanban	\N	\N
311	462	1	1	ir.actions.act_window	\N	action	list	{"en_US": "Merge accounts", "es_ES": "Fusionar cuentas"}	\N	2026-04-08 08:34:46.340378	2026-04-08 08:34:46.340378	852	\N	80	\N	\N	{}	account.merge.wizard	new	form	kanban	\N	\N
692	\N	1	1	ir.actions.act_window	\N	action	list,form	{"en_US": "Work Orders Performance", "es_ES": "Rendimiento de órdenes de trabajo"}	{"en_US": "<p class=\\"o_view_nocontent_smiling_face\\">\\n                Create a new work orders performance\\n              </p>\\n            ", "es_ES": "<p class=\\"o_view_nocontent_smiling_face\\">\\n                Crear un nuevo rendimiento de órdenes de trabajo\\n              </p>\\n            "}	2026-04-08 09:11:55.219689	2026-04-08 09:11:55.219689	\N	\N	80	\N	[('workcenter_id','=', active_id),('state','=','done')]	{}	mrp.workorder	current	graph,pivot,list,form	kanban	\N	\N
445	605	1	1	ir.actions.act_window	\N	action	form	{"en_US": "Share Task", "es_ES": "Compartir tarea"}	\N	2026-04-08 08:35:22.624638	2026-04-08 08:35:22.624638	\N	\N	80	\N	\N	{'dialog_size': 'medium'}	portal.share	new	form	kanban	\N	\N
675	\N	1	1	ir.actions.act_window	\N	action	list,form	{"en_US": "Batch Production", "es_ES": "Producción por lotes"}	\N	2026-04-08 09:11:55.219689	2026-04-08 09:11:55.219689	2042	\N	80	\N	\N	{}	mrp.batch.produce	new	form	kanban	\N	\N
614	\N	1	1	ir.actions.act_window	\N	action	list,form	{"en_US": "Locations", "es_ES": "Ubicaciones"}	\N	2026-04-08 08:46:08.412603	2026-04-08 08:46:08.412603	1838	\N	80	1837	\N	{'search_default_prod_inv_location': 1}	stock.location	current	list,form	kanban	\N	\N
700	\N	1	1	ir.actions.act_window	\N	action	list,form	{"en_US": "Bill of Materials", "es_ES": "Lista de materiales"}	\N	2026-04-08 09:11:55.219689	2026-04-08 09:11:55.219689	\N	\N	80	\N	[]	{'default_product_id': active_id}	mrp.bom	current	list,form	kanban	\N	\N
699	\N	1	1	ir.actions.act_window	\N	action	list,form	{"en_US": "Bill of Materials", "es_ES": "Lista de materiales"}	\N	2026-04-08 09:11:55.219689	2026-04-08 09:11:55.219689	\N	\N	80	\N	['|', ('product_tmpl_id', '=', active_id), ('byproduct_ids.product_id.product_tmpl_id', '=', active_id)]	{'default_product_tmpl_id': active_id}	mrp.bom	current	list,form	kanban	\N	\N
698	\N	1	1	ir.actions.act_window	\N	action	list,form	{"en_US": "Bills of Materials", "es_ES": "Listas de materiales"}	{"en_US": "<p class=\\"o_view_nocontent_smiling_face\\">\\n                No bill of materials found. Let's create one!\\n              </p><p>\\n                Bills of materials allow you to define the list of required raw\\n                materials used to make a finished product; through a manufacturing\\n                order or a pack of products.\\n              </p>\\n            ", "es_ES": "<p class=\\"o_view_nocontent_smiling_face\\">\\n                No se encontraron listas de materiales. ¡Creemos una!\\n              </p><p>\\n                Las listas de materiales le permiten definir la lista de materia prima\\n                necesaria para fabricar el producto terminado, mediante una orden de fabricación\\n                o un paquete de productos.\\n              </p>\\n            "}	2026-04-08 09:11:55.219689	2026-04-08 09:11:55.219689	\N	\N	80	2081	[]	{'default_company_id': allowed_company_ids[0]}	mrp.bom	current	list,kanban,form	kanban	\N	\N
671	\N	1	1	ir.actions.act_window	\N	action	list,form	{"en_US": "Block Workcenter", "es_ES": "Bloquear centro de trabajo"}	\N	2026-04-08 09:11:55.219689	2026-04-08 09:11:55.219689	2038	\N	80	\N	\N	{'default_workcenter_id': active_id}	mrp.workcenter.productivity	new	form	kanban	\N	\N
672	\N	1	1	ir.actions.act_window	\N	action	list,form	{"en_US": "Block Workcenter", "es_ES": "Bloquear centro de trabajo"}	\N	2026-04-08 09:11:55.219689	2026-04-08 09:11:55.219689	2038	\N	80	\N	\N	{}	mrp.workcenter.productivity	new	form	kanban	\N	\N
670	\N	1	1	ir.actions.act_window	\N	action	list,form	{"en_US": "Change Quantity To Produce", "es_ES": "Cambiar cantidad a producir"}	\N	2026-04-08 09:11:55.219689	2026-04-08 09:11:55.219689	\N	\N	80	\N	\N	{}	change.production.qty	new	form	kanban	\N	\N
