-- Data for Name: res_partner_autocomplete_sync; Type: TABLE DATA; Schema: public; Owner: odoo
--

COPY public.res_partner_autocomplete_sync (id, partner_id, create_uid, write_uid, synched, create_date, write_date) FROM stdin;
\.


--
-- Data for Name: res_partner_bank; Type: TABLE DATA; Schema: public; Owner: odoo
--

COPY public.res_partner_bank (id, partner_id, bank_id, sequence, currency_id, company_id, create_uid, write_uid, acc_number, sanitized_acc_number, acc_holder_name, active, allow_out_payment, create_date, write_date, has_iban_warning, has_money_transfer_warning) FROM stdin;
\.


--
-- Data for Name: res_partner_category; Type: TABLE DATA; Schema: public; Owner: odoo
--

COPY public.res_partner_category (id, color, parent_id, create_uid, write_uid, parent_path, name, active, create_date, write_date) FROM stdin;
\.


--
-- Data for Name: res_partner_industry; Type: TABLE DATA; Schema: public; Owner: odoo
--

COPY public.res_partner_industry (id, create_uid, write_uid, name, full_name, active, create_date, write_date) FROM stdin;
14	1	1	{"en_US": "Administrative/Utilities", "es_ES": "Administrativo/Utilidades"}	{"en_US": "N - ADMINISTRATIVE AND SUPPORT SERVICE ACTIVITIES", "es_ES": "N - ACTIVIDADES DEL SERVICIO ADMINISTRATIVO Y DE SOPORTE"}	t	2026-04-08 08:31:35.16841	2026-04-08 08:31:35.16841
1	1	1	{"en_US": "Agriculture", "es_ES": "Agricultura"}	{"en_US": "A - AGRICULTURE, FORESTRY AND FISHING", "es_ES": "A. AGRICULTURA, SILVICULTURA Y PESCA"}	t	2026-04-08 08:31:35.16841	2026-04-08 08:31:35.16841
6	1	1	{"en_US": "Construction", "es_ES": "Construcción"}	{"en_US": "F - CONSTRUCTION", "es_ES": "F - CONSTRUCCIÓN"}	t	2026-04-08 08:31:35.16841	2026-04-08 08:31:35.16841
16	1	1	{"en_US": "Education", "es_ES": "Educación"}	{"en_US": "P - EDUCATION", "es_ES": "P - EDUCACIÓN"}	t	2026-04-08 08:31:35.16841	2026-04-08 08:31:35.16841
4	1	1	{"en_US": "Energy supply", "es_ES": "Suministro de energía"}	{"en_US": "D - ELECTRICITY, GAS, STEAM AND AIR CONDITIONING SUPPLY", "es_ES": "D - SUMINISTRO DE ELECTRICIDAD, GAS, VAPOR Y AIRE ACONDICIONADO"}	t	2026-04-08 08:31:35.16841	2026-04-08 08:31:35.16841
18	1	1	{"en_US": "Entertainment", "es_ES": "Entretenimiento"}	{"en_US": "R - ARTS, ENTERTAINMENT AND RECREATION", "es_ES": "R - ARTES, ENTRETENIMIENTO Y RECREACIÓN"}	t	2026-04-08 08:31:35.16841	2026-04-08 08:31:35.16841
21	1	1	{"en_US": "Extraterritorial", "es_ES": "Extraterritorial"}	{"en_US": "U - ACTIVITIES OF EXTRATERRITORIAL ORGANISATIONS AND BODIES", "es_ES": "U - ACTIVIDADES DE ORGANIZACIONES Y CUERPOS EXTRATERRITORIALES"}	t	2026-04-08 08:31:35.16841	2026-04-08 08:31:35.16841
11	1	1	{"en_US": "Finance/Insurance", "es_ES": "Finanzas/Seguros"}	{"en_US": "K - FINANCIAL AND INSURANCE ACTIVITIES", "es_ES": "K - ACTIVIDADES FINANCIERAS Y DE SEGUROS"}	t	2026-04-08 08:31:35.16841	2026-04-08 08:31:35.16841
9	1	1	{"en_US": "Food/Hospitality", "es_ES": "Comida/Hospedaje"}	{"en_US": "I - ACCOMMODATION AND FOOD SERVICE ACTIVITIES", "es_ES": "I - ACTIVIDADES DE ALOJAMIENTO Y SERVICIO ALIMENTARIO"}	t	2026-04-08 08:31:35.16841	2026-04-08 08:31:35.16841
17	1	1	{"en_US": "Health/Social", "es_ES": "Salud/Social"}	{"en_US": "Q - HUMAN HEALTH AND SOCIAL WORK ACTIVITIES", "es_ES": "Q - ACTIVIDADES DE SALUD HUMANA Y TRABAJO SOCIAL"}	t	2026-04-08 08:31:35.16841	2026-04-08 08:31:35.16841
20	1	1	{"en_US": "Households", "es_ES": "Hogares"}	{"en_US": "T - ACTIVITIES OF HOUSEHOLDS AS EMPLOYERS; UNDIFFERENTIATED GOODS- AND SERVICES-PRODUCING ACTIVITIES OF HOUSEHOLDS FOR OWN USE", "es_ES": "T - ACTIVIDADES DE HOGARES COMO EMPLEADOS, BIENES Y SERVICIOS NO DIFERENCIADOS QUE PRODUCEN ACTIVIDADES DE HOGARES PARA USO PROPIO"}	t	2026-04-08 08:31:35.16841	2026-04-08 08:31:35.16841
10	1	1	{"en_US": "IT/Communication", "es_ES": "Informática/Comunicación"}	{"en_US": "J - INFORMATION AND COMMUNICATION", "es_ES": "J - INFORMACIÓN Y COMUNICACIÓN"}	t	2026-04-08 08:31:35.16841	2026-04-08 08:31:35.16841
3	1	1	{"en_US": "Manufacturing", "es_ES": "Fabricación"}	{"en_US": "C - MANUFACTURING", "es_ES": "C - FABRICACIÓN"}	t	2026-04-08 08:31:35.16841	2026-04-08 08:31:35.16841
2	1	1	{"en_US": "Mining", "es_ES": "Minería"}	{"en_US": "B - MINING AND QUARRYING", "es_ES": "B. MINAS Y CANTERAS"}	t	2026-04-08 08:31:35.16841	2026-04-08 08:31:35.16841
19	1	1	{"en_US": "Other Services", "es_ES": "Otros servicios"}	{"en_US": "S - OTHER SERVICE ACTIVITIES", "es_ES": "S - OTRAS ACTIVIDADES DE SERVICIO"}	t	2026-04-08 08:31:35.16841	2026-04-08 08:31:35.16841
15	1	1	{"en_US": "Public Administration", "es_ES": "Administración pública"}	{"en_US": "O - PUBLIC ADMINISTRATION AND DEFENCE; COMPULSORY SOCIAL SECURITY", "es_ES": "O - ADMINISTRACIÓN PÚBLICA Y DEFENSA, SEGURIDAD SOCIAL OBLIGATORIA"}	t	2026-04-08 08:31:35.16841	2026-04-08 08:31:35.16841
12	1	1	{"en_US": "Real Estate", "es_ES": "Bienes inmuebles"}	{"en_US": "L - REAL ESTATE ACTIVITIES", "es_ES": "L - ACTIVIDADES DE BIENES INMUEBLES"}	t	2026-04-08 08:31:35.16841	2026-04-08 08:31:35.16841
13	1	1	{"en_US": "Scientific", "es_ES": "Científico"}	{"en_US": "M - PROFESSIONAL, SCIENTIFIC AND TECHNICAL ACTIVITIES", "es_ES": "M - ACTIVIDADES PROFESIONALES, CIENTÍFICAS Y TÉCNICAS"}	t	2026-04-08 08:31:35.16841	2026-04-08 08:31:35.16841
8	1	1	{"en_US": "Transportation/Logistics", "es_ES": "Transportación/Logística"}	{"en_US": "H - TRANSPORTATION AND STORAGE", "es_ES": "H - TRANSPORTE Y ALMACENAMIENTO"}	t	2026-04-08 08:31:35.16841	2026-04-08 08:31:35.16841
5	1	1	{"en_US": "Water supply", "es_ES": "Suministro de agua"}	{"en_US": "E - WATER SUPPLY; SEWERAGE, WASTE MANAGEMENT AND REMEDIATION ACTIVITIES", "es_ES": "E - ABASTECIMIENTO DE AGUA, ALCANTARILLADO, GESTIÓN DE RESIDUOS Y ACTIVIDADES DE REPARACIÓN"}	t	2026-04-08 08:31:35.16841	2026-04-08 08:31:35.16841
7	1	1	{"en_US": "Wholesale/Retail", "es_ES": "Mayorista/Minorista"}	{"en_US": "G - WHOLESALE AND RETAIL TRADE; REPAIR OF MOTOR VEHICLES AND MOTORCYCLES", "es_ES": "G - VENTA MAYORISTA Y MINORISTA, REPARACIÓN DE AUTOMÓVILES Y MOTOCICLETAS"}	t	2026-04-08 08:31:35.16841	2026-04-08 08:31:35.16841
\.


--
-- Data for Name: res_partner_res_partner_category_rel; Type: TABLE DATA; Schema: public; Owner: odoo
--

COPY public.res_partner_res_partner_category_rel (category_id, partner_id) FROM stdin;
\.


--
-- Data for Name: res_partner_title; Type: TABLE DATA; Schema: public; Owner: odoo
--

COPY public.res_partner_title (id, create_uid, write_uid, name, shortcut, create_date, write_date) FROM stdin;
1	1	1	{"en_US": "Madam", "es_ES": "Sra."}	{"en_US": "Mrs.", "es_ES": "Sra."}	2026-04-08 08:31:35.16841	2026-04-08 08:31:35.16841
2	1	1	{"en_US": "Miss", "es_ES": "Srta"}	{"en_US": "Miss", "es_ES": "Srta"}	2026-04-08 08:31:35.16841	2026-04-08 08:31:35.16841
3	1	1	{"en_US": "Mister", "es_ES": "Señor"}	{"en_US": "Mr.", "es_ES": "Sr."}	2026-04-08 08:31:35.16841	2026-04-08 08:31:35.16841
4	1	1	{"en_US": "Doctor", "es_ES": "Doctor"}	{"en_US": "Dr.", "es_ES": "Dr."}	2026-04-08 08:31:35.16841	2026-04-08 08:31:35.16841
5	1	1	{"en_US": "Professor", "es_ES": "Profesor"}	{"en_US": "Prof.", "es_ES": "Prof."}	2026-04-08 08:31:35.16841	2026-04-08 08:31:35.16841
\.


--
-- Data for Name: res_users; Type: TABLE DATA; Schema: public; Owner: odoo
--

COPY public.res_users (id, company_id, partner_id, active, create_date, login, password, action_id, create_uid, write_uid, signature, share, write_date, totp_secret, tour_enabled, notification_type, odoobot_state, odoobot_failed, sale_team_id, karma, rank_id, next_rank_id, target_sales_won, target_sales_done, target_sales_invoiced, property_warehouse_id) FROM stdin;
1	1	2	f	2026-04-08 08:31:34.392663	__system__	\N	\N	\N	1	<span data-o-mail-quote="1">-- <br data-o-mail-quote="1">\nSystem</span>	f	2026-04-08 08:35:10.407079	\N	t	inbox	disabled	\N	\N	2500	1	\N	\N	\N	\N	\N
47	1	58	t	2026-05-04 09:24:47.147655	sergio.sanchezcrespo@salesianosdosa.com	$pbkdf2-sha512$600000$AeC81zrHeC.FUMr5f2.tlQ$helZXrRnRvQqFHbW0OW1aDKyTVNRWv1gV0SRq1ItQYRhff.bfUdcpeMZBgFZo29Z3OJjEKqsglJekFePgVM9eA	\N	11	11	<p data-o-mail-quote="1">--<br data-o-mail-quote="1">Sergio Sánchez-Crespo</p>	f	2026-05-04 09:25:02.148621	\N	f	email	\N	\N	\N	0	\N	1	\N	\N	\N	\N
3	1	5	f	2026-04-08 08:31:35.16841	default	\N	\N	1	1	<p data-o-mail-quote="1">--<br data-o-mail-quote="1">Default User Template</p>	f	2026-04-14 08:54:03.289914	\N	f	email	\N	\N	\N	0	\N	\N	\N	\N	\N	\N
6	1	7	t	2026-04-08 08:33:55.966303	fp.jjimenezmedrano@salesianosdosa.com	$pbkdf2-sha512$600000$dK41JuR8b40RYizlPIfQ.g$isgSoD/f3HIDx0Xej.MCJ9tCupqHLdubGKA8I7BPeQwelPU30z2mMo0ncr8fDLpCGxDIH8ivNUm3GigzN47JsA	\N	2	6	<p data-o-mail-quote="1">--<br data-o-mail-quote="1">José Ángel Jiménez Medrano</p>	f	2026-05-04 08:37:19.334947	\N	f	email	onboarding_emoji	\N	\N	0	\N	\N	\N	\N	\N	\N
4	1	4	f	2026-04-08 08:31:35.16841	public	$pbkdf2-sha512$600000$EqJUirF2jvE.h/A.x1irVQ$vlMKJUCa4phKImRGqj2hmtaJ8DYPwdECbOgvXMrfrRvg7yYI4ohAup5QAe4RAT8VOWRdhWRrjchucqYPt7DwuA	\N	1	1	<p data-o-mail-quote="1">--<br data-o-mail-quote="1">Public user</p>	t	2026-04-08 08:35:10.407079	\N	f	email	\N	\N	\N	0	\N	\N	\N	\N	\N	\N
5	1	6	f	2026-04-08 08:31:35.16841	portaltemplate	\N	\N	1	1		t	2026-04-08 08:35:10.407079	\N	f	email	\N	\N	\N	0	\N	\N	\N	\N	\N	\N
2	1	3	t	2026-04-08 08:31:35.16841	relsum.dosa@gmail.com	$pbkdf2-sha512$600000$WIvRmhNijLHWem.t9f5fCw$yDT5BhEDm./G7Z02Z.vKvHZXRTMa5UlVLHiZsGY1ZR9H6y1viCruKSaSSzlAw3.NjnPnPMNuYkc6WCZ/AXlftQ	\N	1	1	<span data-o-mail-quote="1">-- <br data-o-mail-quote="1">\nAdministrator</span>	f	2026-04-14 08:54:03.289914	\N	t	email	onboarding_emoji	\N	1	2500	4	\N	\N	\N	\N	\N
48	1	61	t	2026-05-04 10:22:25.018913	nicoballesteros.2022@gmail.com	$pbkdf2-sha512$600000$n1Nq7f1/b22NEWLs3buXsg$3m9ldl5uCp6foxNvgpHuZjTAsLQ3S.3kzMz9J.09YoDCZK4wA5IURSGhxfhKHQ49yTCJzpIEr6WUnJa17MpfqQ	\N	6	48	<p data-o-mail-quote="1">--<br data-o-mail-quote="1">BALLESTEROS ÁLVARO NICOLÁS</p>	f	2026-05-04 10:25:42.74683	\N	f	email	onboarding_emoji	\N	\N	0	\N	1	\N	\N	\N	\N
8	1	10	t	2026-04-08 08:38:35.913819	fp.egatarinlasam@salesianosdosa.com	$pbkdf2-sha512$600000$OycEwDiHEEIIwXhvDaE0pg$rlj/Tz2Kp4UiBpfCghFO3FRabvZvk9iXyNAVubSXp7.nhPf32O6HXXJl/S.XW7z5AQ5YF6Hj1OkPykSacd5m.A	\N	6	8	<p data-o-mail-quote="1">--<br data-o-mail-quote="1">fp.egatarinlasam@salesianosdosa.com</p>	f	2026-04-28 08:37:22.191284	\N	f	email	onboarding_emoji	t	\N	0	\N	1	\N	\N	\N	\N
16	1	18	t	2026-04-08 08:49:08.872772	fp.aromancipriano@salesianosdosa.com	$pbkdf2-sha512$600000$RShlbC1FSInx/v//nzMmpA$1gn.0.vTCbYmBy6gf2axZz5gav4T7R/vgqCnNS85S3Lbxa4/y9GP7VKpdiF88g8IXQ7M6SW6lKEfKEXiaNi//A	\N	6	16	<p data-o-mail-quote="1">--<br data-o-mail-quote="1">ROMÁN CIPRIANO ANDRÉS</p>	f	2026-04-22 10:19:13.385282	\N	f	email	onboarding_emoji	\N	\N	0	\N	1	\N	\N	\N	\N
15	1	17	t	2026-04-08 08:47:17.270394	fp.dcosteaceli@salesianosdosa.com	$pbkdf2-sha512$600000$IkQoRahVSkmJ8V4LAYBQyg$IcZHjiFf/y3UeKOFzrPtz3W0TXxbUPlzs7E2NGEqNdhBQOLoQRMtiQdXkhuex8iwMcPJoPnSzeKeAdk41AB/3Q	\N	6	15	<p data-o-mail-quote="1">--<br data-o-mail-quote="1">COSTEA CELI DAVID</p>	f	2026-05-04 11:08:44.561196	\N	f	email	onboarding_emoji	\N	\N	0	\N	1	\N	\N	\N	\N
13	1	15	t	2026-04-08 08:44:25.120354	fp.snovoacatucuamba@salesianosdosa.com	$pbkdf2-sha512$600000$2ts7pzTGuDfGeA.hdC5lbA$XMslsh7aZqMlmcI9zKiPe2wEKSJDuvkCylQyB8/tSJLTJE0eaktDutQldHoyTiFhYWhXrhDQCgLbdSBsgZGNlA	\N	6	2	<p data-o-mail-quote="1">--<br data-o-mail-quote="1">NOVOA CATUCUAMBA SANTIAGO</p>	f	2026-05-05 09:54:02.217218	\N	f	email	onboarding_emoji	\N	\N	0	\N	1	\N	\N	\N	\N
7	1	9	t	2026-04-08 08:37:47.862683	josemaria.gonzalez@salesianosdosa.com	$pbkdf2-sha512$600000$fO99D.EcY4xxDkHoPcc4pw$JmmTnhuFeyokVq/J.8LPYqiFrskZXoe9eJFahm5Y5hp7EqmwlXa8Suq2Wgz.MBftuyeNf0PmWbkSqMorXanw9g	\N	2	1	<p data-o-mail-quote="1">--<br data-o-mail-quote="1">Txema</p>	f	2026-04-14 08:54:03.289914	\N	f	email	\N	\N	\N	0	\N	\N	\N	\N	\N	\N
14	1	16	t	2026-04-08 08:45:41.005601	fp.lalvarezgiordano@salesianosdosa.com	$pbkdf2-sha512$600000$4byXspbS2vt/7z3n3Huv9Q$JTaUM10vJFNNHboITRItsaz4/8Q8gtTC08qQ2UpiTkElBe.DZcebOq0zy.9NOvz819qttt7wxgH6f4ZPp5qxsQ	\N	6	14	<p data-o-mail-quote="1">--<br data-o-mail-quote="1">ÁLVAREZ GIORDANO LUCIANO ALFREDO</p>	f	2026-05-04 09:15:19.784658	\N	f	email	onboarding_emoji	\N	\N	0	\N	1	\N	\N	\N	\N
18	1	20	t	2026-04-08 08:53:57.272195	fp.acamachovargas@salesianosdosa.com	$pbkdf2-sha512$600000$QAhhrPW.V2qNcW4txbg3Zg$VZm/jqEWwjFLHFYxOZscJpWQqGlOPANNY66705/d/qcAKUdYLn6EuqCTNUt45XhdWROydC3a2zU8kkKP53ODcA	\N	6	18	<p data-o-mail-quote="1">--<br data-o-mail-quote="1">CAMACHO VARGAS ADRIÁN</p>	f	2026-05-04 09:17:14.20322	\N	t	email	onboarding_emoji	\N	\N	0	\N	1	\N	\N	\N	\N
11	1	13	t	2026-04-08 08:42:37.057811	fp.lpazsanchez@salesianosdosa.com	$pbkdf2-sha512$600000$zRmj9N47Rygl5Lz3HiPknA$2EgFMKDiJChL9FYHu4Qs0iUKwH36BQKWxME8Z9Fdc9LGkaMasyIj0xUuNWFV9QxHyevWJ6dYnj/auk7IowBlUQ	\N	2	11	<p data-o-mail-quote="1">--<br data-o-mail-quote="1">Luis Enrique Paz Sánchez</p>	f	2026-05-04 08:29:53.111309	\N	f	email	onboarding_emoji	\N	\N	0	\N	\N	\N	\N	\N	\N
46	1	55	t	2026-05-04 08:39:22.00411	fp.smartingomez@salesianosdosa.com	$pbkdf2-sha512$600000$YmxNiVGKkZJSCsGYE0LIGQ$jFZtQdgfZVuEDtw8E0Emcxl2733zSTRlzoMfK2hVTgbIwMTxYFlGCvQqukYiZiJm3VpnEVXZ90cQOmJV1cg0.g	\N	6	11	<p data-o-mail-quote="1">--<br data-o-mail-quote="1">Sergio Martín Gómez</p>	f	2026-05-04 09:01:05.91432	\N	f	email	onboarding_emoji	\N	\N	0	\N	1	\N	\N	\N	\N
27	1	35	t	2026-04-16 09:02:32.839478	fp.rgonzalezrojas@salesianosdosa.com	$pbkdf2-sha512$600000$uHeOca71nnPuHeN8T.l9jw$0zWcZZ9aezjr3FvavYL3RWB4ZS4/YrUS63JRUfYv2pjFWQ7XJT98C5F2s8tPj8esXVwKQwZFPEQzt9yNsVl7QQ	\N	6	27	<p data-o-mail-quote="1">--<br data-o-mail-quote="1">Randall</p>	f	2026-05-04 11:17:57.580855	\N	f	email	onboarding_emoji	\N	\N	0	\N	1	\N	\N	\N	\N
20	1	22	t	2026-04-08 08:56:50.352891	fp.pnavarrogomez@salesianosdosa.com	$pbkdf2-sha512$600000$hjBGqNX6XwuBMEaolbKWkg$FjcrZGv0.Ro.Kgdjb94eO8PZpY6pAmeE2ErmmxPUr/tSDtqV8YoaQy/iCwuf1ZiedlPwe0M90er8ADM9eLBcEQ	\N	6	20	<p data-o-mail-quote="1">--<br data-o-mail-quote="1">NAVARRO GÓMEZ PABLO</p>	f	2026-04-15 10:22:36.075795	\N	f	email	onboarding_emoji	\N	\N	0	\N	1	\N	\N	\N	\N
25	1	32	t	2026-04-15 10:23:29.432239	fp.ofernandezmorin@salesianosdosa.com	$pbkdf2-sha512$600000$fu.9917rXevdO.dc6x0DYA$JM4uG.pnvHZ0OBrSlLpC8ZG34nk8LEo2XZE5lIeONu4wOydYAy2C7I2pYeGDpqEiDAp3BQdKyK5/HX5COI0cSQ	\N	6	25	<p data-o-mail-quote="1">--<br data-o-mail-quote="1">Óscar Fenández Morín</p>	f	2026-05-04 09:03:03.904787	\N	f	email	onboarding_emoji	\N	\N	0	\N	1	\N	\N	\N	\N
23	1	28	t	2026-04-14 08:43:52.517716	fp.rlopezpaiva@salesianosdosa.com	$pbkdf2-sha512$600000$WquVUoqxdu59r/Vei/HeOw$yg9Zify1UzPNsIqt5xb6iCdXRk8r9XccT3miZs01rDE.65xLE5iuF/i6sCeykj5zEkLrFYJ00Aqc/dR0ZC8Qgg	\N	6	23	<p data-o-mail-quote="1">--<br data-o-mail-quote="1">LÓPEZ PAIVA RUBÉN MATHIAS</p>	f	2026-05-04 11:59:57.791225	\N	f	email	onboarding_emoji	\N	\N	0	\N	1	\N	\N	\N	\N
24	1	29	t	2026-04-14 09:09:50.351378	fp.dsecocumbreno@salesianosdosa.com	$pbkdf2-sha512$600000$6v3/H4Nwbk1JSSnF.B9DyA$V0ax9T9oJ5m8OigTIVFTeyBla3Qe4L1tkA3LdHYvOgifEABPUoWBuHfrhyQFZAIqZfpPk8UdQzfNJBhKoE86gw	\N	6	24	<p data-o-mail-quote="1">--<br data-o-mail-quote="1">SECO CUMBREÑO DIEGO</p>	f	2026-04-16 12:17:36.436204	\N	f	email	onboarding_emoji	\N	\N	0	\N	1	\N	\N	\N	\N
17	1	19	t	2026-04-08 08:52:14.496662	fp.adiezrojas@salesianosdosa.com	$pbkdf2-sha512$600000$EGJMKQXAeC9FKMUYY.ydEw$ATEMuxHEDCRofD3D6cm/j1vdBqh.Z2MNgyJqkaXoV5aduUYZZrvIYmQfrKGKSRdvjvNBAYo9ZWIqqWsi1ePgvA	\N	6	6	<p data-o-mail-quote="1">--<br data-o-mail-quote="1">DIEZ ROJAS ARIEL</p>	f	2026-05-05 09:13:01.571941	\N	f	email	onboarding_emoji	\N	\N	0	\N	1	\N	\N	\N	\N
19	1	21	t	2026-04-08 08:55:07.483208	fp.vsaguarhernaiz@salesianosdosa.com	$pbkdf2-sha512$600000$vzfmHEPImRMCoJTyfq.Vkg$RDurgEfmod8duieI8xj5RN53aMvtG4GCaghYbDZZhFlN2BBju61sUaicdBShdJE9qW7RUutI/DG0ZVDkECYNoQ	\N	6	19	<p data-o-mail-quote="1">--<br data-o-mail-quote="1">SAGUAR HERNÁIZ VÍCTOR</p>	f	2026-04-15 08:20:08.772012	\N	f	email	onboarding_emoji	\N	\N	0	\N	1	\N	\N	\N	\N
21	1	23	t	2026-04-08 08:57:52.341903	fp.aoviedofleitas@salesianosdosa.com	$pbkdf2-sha512$600000$JgTA2Pv/XwvhnFMq5VyLMQ$jkEr1ymM/duIwLSojAnGiYDcFENkRH8QDgIbY.O8qqD5Lx84YNzh3yyMwhqhnftbuN3gi5IRraQ9hlgDpuQk9w	\N	6	21	<p data-o-mail-quote="1">--<br data-o-mail-quote="1">OVIEDO FLEITAS ALEXIS JAVIER</p>	f	2026-04-28 08:41:16.468074	\N	f	email	onboarding_emoji	\N	\N	0	\N	1	\N	\N	\N	\N
22	1	27	t	2026-04-14 08:39:57.616861	fp.cmosquezbermeo@salesianosdosa.com	$pbkdf2-sha512$600000$p3QuBSAEQKh1TomxtlaqdQ$dL5zTFrfoqHQCCDfs4ZqmgU/bNDwQoU3xhSY4NbFBUuWF9Q0SQ6XVjDRZ2qmhoH3NeGteRTF8.rDzbLELQ1hTw	\N	2	22	<p data-o-mail-quote="1">--<br data-o-mail-quote="1">Carlos Alberto Mósquez Bermeo</p>	f	2026-04-28 08:38:13.221729	\N	f	email	onboarding_emoji	\N	\N	0	\N	1	\N	\N	\N	\N
\.


--
-- Data for Name: res_users_apikeys; Type: TABLE DATA; Schema: public; Owner: odoo
--

COPY public.res_users_apikeys (id, name, user_id, scope, expiration_date, index, key, create_date) FROM stdin;
\.


--
-- Data for Name: res_users_apikeys_description; Type: TABLE DATA; Schema: public; Owner: odoo
--

COPY public.res_users_apikeys_description (id, create_uid, write_uid, name, duration, expiration_date, create_date, write_date) FROM stdin;
\.


--
-- Data for Name: res_users_deletion; Type: TABLE DATA; Schema: public; Owner: odoo
--

COPY public.res_users_deletion (id, user_id, user_id_int, create_uid, write_uid, state, create_date, write_date) FROM stdin;
\.


--
-- Data for Name: res_users_identitycheck; Type: TABLE DATA; Schema: public; Owner: odoo
--

COPY public.res_users_identitycheck (id, create_uid, write_uid, request, auth_method, password, create_date, write_date) FROM stdin;
\.


--
-- Data for Name: res_users_log; Type: TABLE DATA; Schema: public; Owner: odoo
--

COPY public.res_users_log (id, create_uid, write_uid, create_date, write_date) FROM stdin;
78	6	6	2026-05-05 09:12:23.088533	2026-05-05 09:12:23.088533
79	16	16	2026-05-05 09:47:54.776322	2026-05-05 09:47:54.776322
80	13	13	2026-05-05 09:54:00.881977	2026-05-05 09:54:00.881977
5	2	2	2026-04-14 08:43:45.781224	2026-04-14 08:43:45.781224
26	22	22	2026-04-16 10:15:34.967624	2026-04-16 10:15:34.967624
35	27	27	2026-04-21 07:44:23.39155	2026-04-21 07:44:23.39155
46	16	16	2026-04-24 12:27:22.249631	2026-04-24 12:27:22.249631
54	11	11	2026-05-04 08:22:01.328778	2026-05-04 08:22:01.328778
55	21	21	2026-05-04 08:23:43.675268	2026-05-04 08:23:43.675268
58	13	13	2026-05-04 08:44:07.673172	2026-05-04 08:44:07.673172
59	24	24	2026-05-04 08:46:41.645651	2026-05-04 08:46:41.645651
62	15	15	2026-05-04 08:48:45.271921	2026-05-04 08:48:45.271921
63	20	20	2026-05-04 08:48:54.837635	2026-05-04 08:48:54.837635
64	25	25	2026-05-04 08:49:34.818553	2026-05-04 08:49:34.818553
66	46	46	2026-05-04 08:51:06.586339	2026-05-04 08:51:06.586339
67	8	8	2026-05-04 08:51:56.068856	2026-05-04 08:51:56.068856
69	14	14	2026-05-04 08:55:38.628892	2026-05-04 08:55:38.628892
71	18	18	2026-05-04 09:16:05.155396	2026-05-04 09:16:05.155396
60	\N	\N	2026-05-04 08:46:43.365461	2026-05-04 08:46:43.365461
70	\N	\N	2026-05-04 09:03:09.126676	2026-05-04 09:03:09.126676
72	17	17	2026-05-04 10:11:06.137882	2026-05-04 10:11:06.137882
73	23	23	2026-05-04 10:13:58.948528	2026-05-04 10:13:58.948528
75	48	48	2026-05-04 10:35:33.78257	2026-05-04 10:35:33.78257
76	6	6	2026-05-05 07:16:24.929915	2026-05-05 07:16:24.929915
77	19	19	2026-05-05 08:21:26.04763	2026-05-05 08:21:26.04763
\.


--
-- Data for Name: res_users_settings; Type: TABLE DATA; Schema: public; Owner: odoo
--

COPY public.res_users_settings (id, user_id, create_uid, write_uid, create_date, write_date, voice_active_duration, push_to_talk_key, channel_notifications, is_discuss_sidebar_category_channel_open, is_discuss_sidebar_category_chat_open, use_push_to_talk, mute_until_dt, calendar_default_privacy) FROM stdin;
1	2	1	1	2026-04-08 08:31:35.16841	2026-04-08 08:31:35.16841	200	\N	\N	t	t	\N	\N	public
2	6	2	2	2026-04-08 08:33:55.966303	2026-04-08 08:33:55.966303	200	\N	\N	t	t	\N	\N	public
3	7	2	2	2026-04-08 08:37:47.862683	2026-04-08 08:37:47.862683	200	\N	\N	t	t	f	\N	public
4	8	6	6	2026-04-08 08:38:35.913819	2026-04-08 08:38:35.913819	200	\N	\N	t	t	f	\N	public
7	11	2	2	2026-04-08 08:42:37.057811	2026-04-08 08:42:37.057811	200	\N	\N	t	t	f	\N	public
8	13	6	6	2026-04-08 08:44:25.120354	2026-04-08 08:44:25.120354	200	\N	\N	t	t	f	\N	public
9	14	6	6	2026-04-08 08:45:41.005601	2026-04-08 08:45:41.005601	200	\N	\N	t	t	f	\N	public
10	15	6	6	2026-04-08 08:47:17.270394	2026-04-08 08:47:17.270394	200	\N	\N	t	t	f	\N	public
11	16	6	6	2026-04-08 08:49:08.872772	2026-04-08 08:49:08.872772	200	\N	\N	t	t	f	\N	public
12	17	6	6	2026-04-08 08:52:14.496662	2026-04-08 08:52:14.496662	200	\N	\N	t	t	f	\N	public
13	18	6	6	2026-04-08 08:53:57.272195	2026-04-08 08:53:57.272195	200	\N	\N	t	t	f	\N	public
14	19	6	6	2026-04-08 08:55:07.483208	2026-04-08 08:55:07.483208	200	\N	\N	t	t	f	\N	public
16	21	6	6	2026-04-08 08:57:52.341903	2026-04-08 08:57:52.341903	200	\N	\N	t	t	f	\N	public
17	22	2	2	2026-04-14 08:39:57.616861	2026-04-14 08:39:57.616861	200	\N	\N	t	t	f	\N	public
18	23	6	6	2026-04-14 08:43:52.517716	2026-04-14 08:43:52.517716	200	\N	\N	t	t	f	\N	public
19	24	6	6	2026-04-14 09:09:50.351378	2026-04-14 09:09:50.351378	200	\N	\N	t	t	f	\N	public
20	25	6	6	2026-04-15 10:23:29.432239	2026-04-15 10:23:29.432239	200	\N	\N	t	t	f	\N	public
22	27	6	6	2026-04-16 09:02:32.839478	2026-04-16 09:02:32.839478	200	\N	\N	t	t	f	\N	public
15	20	6	20	2026-04-08 08:56:50.352891	2026-04-22 10:20:12.113612	200	\N	\N	f	t	f	\N	public
24	46	6	6	2026-05-04 08:39:22.00411	2026-05-04 08:39:22.00411	200	\N	\N	t	t	f	\N	public
25	47	11	11	2026-05-04 09:24:47.147655	2026-05-04 09:24:47.147655	200	\N	\N	t	t	f	\N	public
26	48	6	6	2026-05-04 10:22:25.018913	2026-05-04 10:22:25.018913	200	\N	\N	t	t	f	\N	public
\.


--
-- Data for Name: res_users_settings_volumes; Type: TABLE DATA; Schema: public; Owner: odoo
--

COPY public.res_users_settings_volumes (id, user_setting_id, partner_id, guest_id, create_uid, write_uid, create_date, write_date, volume) FROM stdin;
\.


--
-- Data for Name: res_users_web_tour_tour_rel; Type: TABLE DATA; Schema: public; Owner: odoo
--

COPY public.res_users_web_tour_tour_rel (web_tour_tour_id, res_users_id) FROM stdin;
\.


--
-- Data for Name: reset_view_arch_wizard; Type: TABLE DATA; Schema: public; Owner: odoo
--

COPY public.reset_view_arch_wizard (id, view_id, compare_view_id, create_uid, write_uid, reset_mode, create_date, write_date) FROM stdin;
\.


--
-- Data for Name: resource_calendar; Type: TABLE DATA; Schema: public; Owner: odoo
--

COPY public.resource_calendar (id, company_id, create_uid, write_uid, name, tz, hours_per_day, active, two_weeks_calendar, flexible_hours, create_date, write_date, full_time_required_hours) FROM stdin;
1	1	1	1	Standard 40 hours/week	Europe/Madrid	8.00	t	\N	\N	2026-04-08 08:34:25.271933	2026-04-08 08:34:25.271933	40
\.


--
-- Data for Name: resource_calendar_attendance; Type: TABLE DATA; Schema: public; Owner: odoo
--

COPY public.resource_calendar_attendance (id, calendar_id, resource_id, sequence, create_uid, write_uid, name, dayofweek, day_period, week_type, display_type, date_from, date_to, create_date, write_date, hour_from, hour_to, duration_days) FROM stdin;
1	1	\N	10	1	1	Lunes por la mañana	0	morning	\N	\N	\N	\N	2026-04-08 08:34:25.271933	2026-04-08 08:34:25.271933	8	12	0.5
2	1	\N	10	1	1	Comida del lunes 	0	lunch	\N	\N	\N	\N	2026-04-08 08:34:25.271933	2026-04-08 08:34:25.271933	12	13	0
3	1	\N	10	1	1	Lunes por la tarde	0	afternoon	\N	\N	\N	\N	2026-04-08 08:34:25.271933	2026-04-08 08:34:25.271933	13	17	0.5
4	1	\N	10	1	1	Martes por la mañana	1	morning	\N	\N	\N	\N	2026-04-08 08:34:25.271933	2026-04-08 08:34:25.271933	8	12	0.5
5	1	\N	10	1	1	Comida del martes 	1	lunch	\N	\N	\N	\N	2026-04-08 08:34:25.271933	2026-04-08 08:34:25.271933	12	13	0
6	1	\N	10	1	1	Martes por la tarde	1	afternoon	\N	\N	\N	\N	2026-04-08 08:34:25.271933	2026-04-08 08:34:25.271933	13	17	0.5
7	1	\N	10	1	1	Miércoles por la mañana	2	morning	\N	\N	\N	\N	2026-04-08 08:34:25.271933	2026-04-08 08:34:25.271933	8	12	0.5
8	1	\N	10	1	1	Comida del miércoles 	2	lunch	\N	\N	\N	\N	2026-04-08 08:34:25.271933	2026-04-08 08:34:25.271933	12	13	0
9	1	\N	10	1	1	Miércoles por la tarde	2	afternoon	\N	\N	\N	\N	2026-04-08 08:34:25.271933	2026-04-08 08:34:25.271933	13	17	0.5
10	1	\N	10	1	1	Jueves por la mañana	3	morning	\N	\N	\N	\N	2026-04-08 08:34:25.271933	2026-04-08 08:34:25.271933	8	12	0.5
11	1	\N	10	1	1	Comida del jueves 	3	lunch	\N	\N	\N	\N	2026-04-08 08:34:25.271933	2026-04-08 08:34:25.271933	12	13	0
12	1	\N	10	1	1	Jueves por la tarde	3	afternoon	\N	\N	\N	\N	2026-04-08 08:34:25.271933	2026-04-08 08:34:25.271933	13	17	0.5
13	1	\N	10	1	1	Viernes por la mañana	4	morning	\N	\N	\N	\N	2026-04-08 08:34:25.271933	2026-04-08 08:34:25.271933	8	12	0.5
14	1	\N	10	1	1	Comida del viernes 	4	lunch	\N	\N	\N	\N	2026-04-08 08:34:25.271933	2026-04-08 08:34:25.271933	12	13	0
15	1	\N	10	1	1	Viernes por la tarde	4	afternoon	\N	\N	\N	\N	2026-04-08 08:34:25.271933	2026-04-08 08:34:25.271933	13	17	0.5
\.


--
-- Data for Name: resource_calendar_leaves; Type: TABLE DATA; Schema: public; Owner: odoo
--

COPY public.resource_calendar_leaves (id, company_id, calendar_id, resource_id, create_uid, write_uid, name, time_type, date_from, date_to, create_date, write_date) FROM stdin;
\.


--
-- Data for Name: resource_resource; Type: TABLE DATA; Schema: public; Owner: odoo
--

COPY public.resource_resource (id, company_id, user_id, calendar_id, create_uid, write_uid, name, resource_type, tz, active, create_date, write_date, time_efficiency) FROM stdin;
2	1	8	1	6	6	ENRIQUE GATARIN LASAM	user	Europe/Madrid	t	2026-04-08 08:39:17.44315	2026-04-08 08:43:51.219949	100
3	1	2	1	1	1	Administrator	user	Europe/Madrid	t	2026-04-08 08:50:55.821924	2026-04-08 08:50:55.821924	100
25	1	46	1	6	11	MARTÍN GÓMEZ SERGIO	user	Europe/Madrid	t	2026-05-04 08:39:33.148109	2026-05-04 09:01:05.91432	100
7	1	18	1	2	18	CAMACHO VARGAS ADRIÁN	user	Europe/Madrid	t	2026-04-14 08:27:07.91347	2026-04-14 11:41:48.950789	100
18	1	19	1	6	19	SAGUAR HERNÁIZ VÍCTOR	user	Europe/Madrid	t	2026-04-14 09:19:50.638269	2026-04-15 08:20:08.178618	100
13	1	13	1	6	13	NOVOA CATUCUAMBA SANTIAGO	user	Europe/Madrid	t	2026-04-14 08:53:25.572031	2026-04-15 10:15:26.721467	100
19	1	20	1	6	20	NAVARRO GÓMEZ PABLO	user	Europe/Madrid	t	2026-04-14 09:20:45.732423	2026-04-15 10:20:27.801468	100
12	1	8	1	6	8	GATARIN LASAM ENRIQUE	user	Etc/GMT-1	t	2026-04-14 08:47:53.881559	2026-04-15 10:22:11.695743	100
10	1	23	1	6	23	LÓPEZ PAIVA RUBÉN MATHIAS	user	Europe/Madrid	t	2026-04-14 08:43:39.925804	2026-04-15 10:33:49.825268	100
30	1	48	1	6	48	BALLESTEROS ÁLVARO NICOLÁS	user	Europe/Samara	t	2026-05-04 10:22:32.755767	2026-05-04 10:23:54.737387	100
6	1	21	1	2	21	OVIEDO FLEITAS ALEXIS JAVIER	user	Europe/Madrid	t	2026-04-14 08:26:32.566951	2026-04-15 11:08:49.159045	100
21	1	25	1	6	6	FERNÁNDEZ MORÍN ÓSCAR	user	Europe/Madrid	t	2026-04-15 10:29:41.502907	2026-04-16 10:07:24.22584	100
5	1	6	1	2	6	JIMÉNEZ MEDRANO JOSÉ ÁNGEL	user	Europe/Madrid	t	2026-04-14 08:20:39.804186	2026-04-16 10:10:18.611458	100
11	1	11	1	6	6	PAZ SÁNCHEZ LUIS ENRIQUE	user	Europe/Madrid	t	2026-04-14 08:46:49.476519	2026-04-16 10:10:47.131696	100
9	1	22	1	2	22	MÓSQUEZ BERMEO CARLOS ALBERTO	user	Etc/GMT-1	t	2026-04-14 08:35:17.688443	2026-04-16 10:15:34.967624	100
14	1	14	1	6	14	ÁLVAREZ GIORDANO LUCIANO ALFREDO	user	Europe/Madrid	t	2026-04-14 09:00:21.613649	2026-04-16 10:19:52.438694	100
8	1	17	1	2	17	DIEZ ROJAS ARIEL	user	Europe/Madrid	t	2026-04-14 08:33:35.851116	2026-04-16 10:31:52.909392	100
17	1	24	1	6	24	SECO CUMBREÑO DIEGO	user	Europe/Madrid	t	2026-04-14 09:09:32.231525	2026-04-16 12:17:35.85053	100
23	1	27	1	6	27	GONZALEZ ROJAS RANDALL	user	Europe/Madrid	t	2026-04-16 09:02:44.025345	2026-04-21 07:44:23.39155	100
16	1	16	1	6	16	ROMÁN CIPRIANO ANDRÉS	user	Europe/Madrid	t	2026-04-14 09:08:28.688174	2026-04-22 10:19:12.776689	100
15	1	15	1	6	15	COSTEA CELI DAVID	user	Europe/Warsaw	t	2026-04-14 09:01:23.987349	2026-04-22 10:26:53.769253	100
\.


--
-- Data for Name: rule_group_rel; Type: TABLE DATA; Schema: public; Owner: odoo
--

COPY public.rule_group_rel (rule_group_id, group_id) FROM stdin;
3	10
3	11
4	1
5	4
10	2
11	1
12	1
13	10
13	11
14	10
15	1
16	11
17	2
21	4
22	1
23	11
24	10
24	1
25	4
26	1
27	4
28	1
29	4
30	1
31	4
33	11
34	10
34	1
35	4
36	1
37	1
38	1
39	2
44	1
44	10
44	11
45	4
46	1
46	10
46	11
47	1
47	10
47	11
48	1
48	10
48	11
49	1
50	1
51	4
52	1
53	2
54	1
54	10
55	10
56	10
56	11
57	1
58	4
59	4
61	1
62	14
62	4
63	1
64	4
65	13
66	1
67	1
80	22
82	4
85	1
85	10
85	11
88	26
89	25
107	26
108	26
109	10
110	10
111	25
112	25
113	26
114	26
115	26
116	26
118	26
119	1
121	1
123	26
127	10
128	10
129	21
130	22
131	21
132	22
133	21
134	22
135	21
136	22
137	21
138	21
139	21
140	22
141	21
142	22
143	21
144	21
145	22
146	22
151	23
152	23
154	23
156	1
156	10
157	2
182	49
183	1
185	1
186	49
187	49
189	48
192	48
193	48
194	10
195	10
196	10
197	10
199	1
200	48
201	49
202	49
203	48
204	49
206	1
207	49
208	10
209	49
210	49
221	49
223	49
224	10
225	1
226	10
228	21
230	22
231	22
232	21
234	23
235	23
236	23
254	61
255	10
260	1
261	73
263	74
264	74
265	73
266	1
267	73
268	1
269	1
270	73
271	1
272	73
273	1
287	10
288	82
289	82
290	10
293	1
294	1
295	86
296	86
\.


--
-- Data for Name: sale_advance_payment_inv; Type: TABLE DATA; Schema: public; Owner: odoo
--

COPY public.sale_advance_payment_inv (id, currency_id, company_id, create_uid, write_uid, advance_payment_method, fixed_amount, deduct_down_payments, consolidated_billing, create_date, write_date, amount) FROM stdin;
2	126	1	19	19	delivered	0.0	t	t	2026-05-05 08:40:52.979522	2026-05-05 08:40:52.979522	0
3	126	1	19	19	delivered	0.0	t	t	2026-05-05 08:59:09.775417	2026-05-05 08:59:09.775417	0
4	126	1	19	19	delivered	0.0	t	t	2026-05-05 09:54:56.282194	2026-05-05 09:54:56.282194	0
\.


--
-- Data for Name: sale_advance_payment_inv_sale_order_rel; Type: TABLE DATA; Schema: public; Owner: odoo
--

COPY public.sale_advance_payment_inv_sale_order_rel (sale_advance_payment_inv_id, sale_order_id) FROM stdin;
2	5
3	6
4	7
\.


--
-- Data for Name: sale_mass_cancel_orders; Type: TABLE DATA; Schema: public; Owner: odoo
--

COPY public.sale_mass_cancel_orders (id, create_uid, write_uid, create_date, write_date) FROM stdin;
2	17	17	2026-05-05 08:35:36.419947	2026-05-05 08:35:36.419947
3	17	17	2026-05-05 08:35:45.793871	2026-05-05 08:35:45.793871
4	18	18	2026-05-05 10:12:10.736336	2026-05-05 10:12:10.736336
\.


--
-- Data for Name: sale_order; Type: TABLE DATA; Schema: public; Owner: odoo
--

COPY public.sale_order (id, campaign_id, source_id, medium_id, company_id, partner_id, journal_id, partner_invoice_id, partner_shipping_id, fiscal_position_id, payment_term_id, pricelist_id, currency_id, user_id, team_id, create_uid, write_uid, access_token, name, state, client_order_ref, origin, reference, signed_by, invoice_status, validity_date, note, currency_rate, amount_untaxed, amount_tax, amount_total, locked, require_signature, require_payment, create_date, commitment_date, date_order, signed_on, write_date, prepayment_percent, pending_email_template_id, sale_order_template_id, customizable_pdf_form_fields, project_id, opportunity_id, incoterm, warehouse_id, procurement_group_id, incoterm_location, picking_policy, delivery_status, effective_date) FROM stdin;
8	\N	\N	\N	1	19	\N	19	19	\N	2	\N	126	18	1	18	18	ff5fe5d5-7e38-4bea-97f5-fd6ef30571c2	S00008	cancel	\N	\N	\N	\N	no	2026-06-04	\N	1.0	0.00	0.00	0.00	f	t	f	2026-05-05 10:11:22.206409	\N	2026-05-05 10:11:22	\N	2026-05-05 10:12:10.770991	1	\N	\N	\N	\N	\N	\N	1	\N	\N	direct	\N	\N
7	\N	\N	\N	1	19	\N	19	19	\N	\N	\N	126	19	1	19	19	11028642-03b0-4019-9378-7d0f9d2029d1	S00007	sale	\N	\N	\N	\N	invoiced	2026-06-04	\N	1.0	2.00	0.21	2.21	f	t	f	2026-05-05 09:21:41.847187	\N	2026-05-05 09:22:02	\N	2026-05-05 11:00:46.533508	1	\N	\N	\N	\N	\N	\N	1	14	\N	direct	pending	\N
3	\N	\N	\N	1	19	\N	19	19	\N	\N	\N	126	19	1	19	19	\N	S00003	cancel	\N	\N	\N	\N	no	2026-05-24	\N	1.0	1.00	0.00	1.00	f	t	f	2026-04-24 11:08:36.224234	\N	2026-04-24 11:08:20	\N	2026-05-05 08:35:04.898701	1	\N	\N	\N	\N	\N	\N	1	\N	\N	direct	\N	\N
4	\N	\N	\N	1	21	\N	21	21	\N	2	\N	126	17	1	17	17	\N	S00004	cancel	\N	\N	\N	\N	no	2026-05-24	<div data-oe-version="1.2">PRUEBA</div>	1.0	2.00	0.42	2.42	f	t	f	2026-04-24 11:14:12.069226	\N	2026-05-05 08:24:31	\N	2026-05-05 08:35:45.812032	1	\N	\N	\N	\N	\N	\N	1	3	\N	direct	\N	\N
5	\N	\N	\N	1	1	\N	1	1	2	\N	\N	126	19	1	19	19	9e2a8838-4d63-41e7-8afe-bde07fa6b4f7	S00005	sale	\N	\N	\N	\N	no	2026-06-04	\N	1.0	0.00	0.00	0.00	f	t	f	2026-05-05 08:31:38.531836	\N	2026-05-05 08:37:37	\N	2026-05-05 08:37:37.262705	1	\N	\N	\N	\N	\N	\N	1	\N	\N	direct	\N	\N
6	\N	\N	\N	1	19	\N	19	19	\N	\N	\N	126	19	1	19	19	f235be03-51e1-454d-bf4b-8a540178be9e	S00006	sale	\N	\N	\N	\N	invoiced	2026-06-04	\N	1.0	1.00	0.00	1.00	f	t	f	2026-05-05 08:46:08.329457	\N	2026-05-05 08:50:32	\N	2026-05-05 09:02:29.184819	1	\N	\N	\N	\N	\N	\N	1	13	\N	direct	pending	\N
\.


--
-- Data for Name: sale_order_cancel; Type: TABLE DATA; Schema: public; Owner: odoo
--

COPY public.sale_order_cancel (id, template_id, author_id, order_id, create_uid, write_uid, lang, subject, body, create_date, write_date) FROM stdin;
1	13	20	8	18	18	{{ object.partner_id.lang }}	RELSUM HEREDEROS SL. Pedido de venta Cancelado (Ref S00008)	<div style="margin: 0px; padding: 0px;">\n    <p style="margin: 0px; padding: 0px; font-size: 13px;">\n        Estimado/a DIEZ ROJAS ARIEL:\n        <br/><br/>\n        Tenga en cuenta que su\n        Pedido de venta <strong>S00008</strong>\n        se ha cancelado. Por lo tanto, no se le debería cobrar más por este pedido.\n        Si es necesario realizar algún reembolso, se ejecutará lo más rápido posible.\n        <br/><br/>\n         No dude en ponerse en contacto con nosotros si tiene alguna pregunta.\n        <br/>\n    </p>\n</div>\n            	2026-05-05 10:11:46.114704	2026-05-05 10:11:46.114704
\.


--
-- Data for Name: sale_order_discount; Type: TABLE DATA; Schema: public; Owner: odoo
--

COPY public.sale_order_discount (id, sale_order_id, create_uid, write_uid, discount_type, discount_amount, create_date, write_date, discount_percentage) FROM stdin;
\.


--
-- Data for Name: sale_order_line; Type: TABLE DATA; Schema: public; Owner: odoo
--

COPY public.sale_order_line (id, order_id, sequence, company_id, currency_id, order_partner_id, salesman_id, product_id, product_uom, linked_line_id, combo_item_id, product_packaging_id, create_uid, write_uid, state, display_type, virtual_id, linked_virtual_id, qty_delivered_method, invoice_status, analytic_distribution, name, product_uom_qty, price_unit, discount, price_subtotal, price_total, price_reduce_taxexcl, price_reduce_taxinc, qty_delivered, qty_invoiced, qty_to_invoice, untaxed_amount_invoiced, untaxed_amount_to_invoice, is_downpayment, is_expense, create_date, write_date, technical_price_unit, price_tax, product_packaging_qty, customer_lead, is_service, project_id, task_id, route_id, warehouse_id) FROM stdin;
13	6	10	1	126	19	19	6	1	\N	\N	\N	19	19	sale	\N	\N	\N	stock_move	invoiced	\N	prueba	1.00	1.0	0.00	1.00	1.00	1.00	1.00	0.00	1.00	0.00	0.00	1.00	\N	\N	2026-05-05 08:46:42.598096	2026-05-05 08:59:09.80596	1	0	0	0	f	\N	\N	\N	1
14	7	10	1	126	19	19	6	1	\N	\N	\N	19	19	sale	\N	\N	\N	stock_move	invoiced	\N	prueba	1.00	1.0	0.00	1.00	1.00	1.00	1.00	0.00	1.00	0.00	0.00	1.00	\N	\N	2026-05-05 09:21:46.10248	2026-05-05 09:54:56.316571	1	0	0	0	f	\N	\N	\N	1
15	7	11	1	126	19	19	5	1	\N	\N	\N	19	19	sale	\N	\N	\N	stock_move	invoiced	\N	h	1.00	1.0	0.00	1.00	1.21	1.00	1.21	0.00	1.00	0.00	0.00	1.00	\N	\N	2026-05-05 09:21:47.347765	2026-05-05 09:54:56.316571	1	0.20999999999999996	0	0	f	\N	\N	\N	1
2	3	10	1	126	19	19	3	1	\N	\N	\N	19	19	cancel	\N	\N	\N	manual	no	\N	[DUA4] DUA Valoración IVA 4 %	1.00	1.0	0.00	1.00	1.00	1.00	1.00	0.00	0.00	0.00	0.00	0.00	\N	\N	2026-04-24 11:09:14.630335	2026-05-05 08:35:04.898701	1	0	0	0	t	\N	\N	\N	1
4	4	11	1	126	21	17	4	1	\N	\N	\N	17	17	cancel	\N	\N	\N	stock_move	no	\N	lol	2.00	0.0	0.00	0.00	0.00	0.00	0.00	0.00	0.00	0.00	0.00	0.00	\N	\N	2026-04-24 11:14:22.570467	2026-05-05 08:35:36.44902	0	0	0	0	f	\N	\N	\N	1
3	4	10	1	126	21	17	5	1	\N	\N	\N	17	17	cancel	\N	\N	\N	stock_move	no	\N	h	2.00	1.0	0.00	2.00	2.42	1.00	1.21	0.00	0.00	0.00	0.00	0.00	\N	\N	2026-04-24 11:14:20.616346	2026-05-05 08:35:36.44902	1	0.41999999999999993	0	0	f	\N	\N	\N	1
\.


--
-- Data for Name: sale_order_line_invoice_rel; Type: TABLE DATA; Schema: public; Owner: odoo
--

COPY public.sale_order_line_invoice_rel (invoice_line_id, order_line_id) FROM stdin;
4	13
6	14
7	15
\.


--
-- Data for Name: sale_order_line_product_document_rel; Type: TABLE DATA; Schema: public; Owner: odoo
--

COPY public.sale_order_line_product_document_rel (sale_order_line_id, product_document_id) FROM stdin;
\.


--
-- Data for Name: sale_order_mass_cancel_wizard_rel; Type: TABLE DATA; Schema: public; Owner: odoo
--

COPY public.sale_order_mass_cancel_wizard_rel (sale_mass_cancel_orders_id, sale_order_id) FROM stdin;
2	4
3	4
4	8
\.


--
-- Data for Name: sale_order_option; Type: TABLE DATA; Schema: public; Owner: odoo
--

COPY public.sale_order_option (id, order_id, product_id, line_id, sequence, uom_id, create_uid, write_uid, name, quantity, price_unit, discount, create_date, write_date) FROM stdin;
\.


--
-- Data for Name: sale_order_tag_rel; Type: TABLE DATA; Schema: public; Owner: odoo
--

COPY public.sale_order_tag_rel (order_id, tag_id) FROM stdin;
\.


--
-- Data for Name: sale_order_template; Type: TABLE DATA; Schema: public; Owner: odoo
--

COPY public.sale_order_template (id, company_id, sequence, mail_template_id, number_of_days, create_uid, write_uid, name, note, journal_id, active, require_signature, require_payment, create_date, write_date, prepayment_percent) FROM stdin;
\.


--
-- Data for Name: sale_order_template_line; Type: TABLE DATA; Schema: public; Owner: odoo
--

COPY public.sale_order_template_line (id, sale_order_template_id, sequence, company_id, product_id, product_uom_id, create_uid, write_uid, display_type, name, product_uom_qty, create_date, write_date) FROM stdin;
\.


--
-- Data for Name: sale_order_template_option; Type: TABLE DATA; Schema: public; Owner: odoo
--

COPY public.sale_order_template_option (id, sale_order_template_id, company_id, product_id, uom_id, create_uid, write_uid, name, quantity, create_date, write_date) FROM stdin;
\.


--
-- Data for Name: sale_order_transaction_rel; Type: TABLE DATA; Schema: public; Owner: odoo
--

COPY public.sale_order_transaction_rel (transaction_id, sale_order_id) FROM stdin;
\.


--
-- Data for Name: sale_payment_provider_onboarding_wizard; Type: TABLE DATA; Schema: public; Owner: odoo
--

COPY public.sale_payment_provider_onboarding_wizard (id, create_uid, write_uid, payment_method, paypal_email_account, manual_name, journal_name, acc_number, manual_post_msg, create_date, write_date) FROM stdin;
\.


--
-- Data for Name: sale_pdf_form_field; Type: TABLE DATA; Schema: public; Owner: odoo
--

COPY public.sale_pdf_form_field (id, create_uid, write_uid, name, document_type, path, create_date, write_date) FROM stdin;
1	1	1	amount_total	quotation_document	amount_total	2026-04-08 08:35:06.530911	2026-04-08 08:35:06.530911
2	1	1	amount_untaxed	quotation_document	amount_untaxed	2026-04-08 08:35:06.530911	2026-04-08 08:35:06.530911
3	1	1	client_order_ref	quotation_document	client_order_ref	2026-04-08 08:35:06.530911	2026-04-08 08:35:06.530911
4	1	1	delivery_date	quotation_document	commitment_date	2026-04-08 08:35:06.530911	2026-04-08 08:35:06.530911
5	1	1	order_date	quotation_document	date_order	2026-04-08 08:35:06.530911	2026-04-08 08:35:06.530911
6	1	1	name	quotation_document	name	2026-04-08 08:35:06.530911	2026-04-08 08:35:06.530911
7	1	1	partner_id__name	quotation_document	partner_id.name	2026-04-08 08:35:06.530911	2026-04-08 08:35:06.530911
8	1	1	user_id__email	quotation_document	user_id.login	2026-04-08 08:35:06.530911	2026-04-08 08:35:06.530911
9	1	1	user_id__name	quotation_document	user_id.name	2026-04-08 08:35:06.530911	2026-04-08 08:35:06.530911
10	1	1	validity_date	quotation_document	validity_date	2026-04-08 08:35:06.530911	2026-04-08 08:35:06.530911
11	1	1	amount_total	product_document	order_id.amount_total	2026-04-08 08:35:06.530911	2026-04-08 08:35:06.530911
12	1	1	amount_untaxed	product_document	order_id.amount_untaxed	2026-04-08 08:35:06.530911	2026-04-08 08:35:06.530911
13	1	1	client_order_ref	product_document	order_id.client_order_ref	2026-04-08 08:35:06.530911	2026-04-08 08:35:06.530911
14	1	1	delivery_date	product_document	order_id.commitment_date	2026-04-08 08:35:06.530911	2026-04-08 08:35:06.530911
15	1	1	description	product_document	name	2026-04-08 08:35:06.530911	2026-04-08 08:35:06.530911
16	1	1	discount	product_document	discount	2026-04-08 08:35:06.530911	2026-04-08 08:35:06.530911
17	1	1	name	product_document	order_id.name	2026-04-08 08:35:06.530911	2026-04-08 08:35:06.530911
18	1	1	partner_id__name	product_document	order_partner_id.name	2026-04-08 08:35:06.530911	2026-04-08 08:35:06.530911
19	1	1	price_unit	product_document	price_unit	2026-04-08 08:35:06.530911	2026-04-08 08:35:06.530911
20	1	1	product_sale_price	product_document	product_id.lst_price	2026-04-08 08:35:06.530911	2026-04-08 08:35:06.530911
21	1	1	quantity	product_document	product_uom_qty	2026-04-08 08:35:06.530911	2026-04-08 08:35:06.530911
22	1	1	tax_excl_price	product_document	price_subtotal	2026-04-08 08:35:06.530911	2026-04-08 08:35:06.530911
23	1	1	tax_incl_price	product_document	price_total	2026-04-08 08:35:06.530911	2026-04-08 08:35:06.530911
24	1	1	taxes	product_document	tax_id	2026-04-08 08:35:06.530911	2026-04-08 08:35:06.530911
25	1	1	uom	product_document	product_uom.name	2026-04-08 08:35:06.530911	2026-04-08 08:35:06.530911
26	1	1	user_id__name	product_document	salesman_id.name	2026-04-08 08:35:06.530911	2026-04-08 08:35:06.530911
27	1	1	validity_date	product_document	order_id.validity_date	2026-04-08 08:35:06.530911	2026-04-08 08:35:06.530911
\.


--
-- Data for Name: scheduled_message_attachment_rel; Type: TABLE DATA; Schema: public; Owner: odoo
--

COPY public.scheduled_message_attachment_rel (scheduled_message_id, attachment_id) FROM stdin;
\.


--
-- Data for Name: sms_account_code; Type: TABLE DATA; Schema: public; Owner: odoo
--

COPY public.sms_account_code (id, account_id, create_uid, write_uid, verification_code, create_date, write_date) FROM stdin;
\.


--
-- Data for Name: sms_account_phone; Type: TABLE DATA; Schema: public; Owner: odoo
--

COPY public.sms_account_phone (id, account_id, create_uid, write_uid, phone_number, create_date, write_date) FROM stdin;
\.


--
-- Data for Name: sms_account_sender; Type: TABLE DATA; Schema: public; Owner: odoo
--

COPY public.sms_account_sender (id, account_id, create_uid, write_uid, sender_name, create_date, write_date) FROM stdin;
\.


--
-- Data for Name: sms_composer; Type: TABLE DATA; Schema: public; Owner: odoo
--

COPY public.sms_composer (id, res_id, template_id, create_uid, write_uid, composition_mode, res_model, res_ids, recipient_single_number_itf, number_field_name, numbers, body, mass_keep_log, mass_force_send, mass_use_blacklist, create_date, write_date) FROM stdin;
\.


--
-- Data for Name: sms_resend; Type: TABLE DATA; Schema: public; Owner: odoo
--

COPY public.sms_resend (id, mail_message_id, create_uid, write_uid, create_date, write_date) FROM stdin;
\.


--
-- Data for Name: sms_resend_recipient; Type: TABLE DATA; Schema: public; Owner: odoo
--

COPY public.sms_resend_recipient (id, sms_resend_id, notification_id, create_uid, write_uid, partner_name, sms_number, resend, create_date, write_date) FROM stdin;
\.


--
-- Data for Name: sms_sms; Type: TABLE DATA; Schema: public; Owner: odoo
--

COPY public.sms_sms (id, partner_id, mail_message_id, create_uid, write_uid, uuid, number, state, failure_type, body, to_delete, create_date, write_date) FROM stdin;
\.


--
-- Data for Name: sms_template; Type: TABLE DATA; Schema: public; Owner: odoo
--

COPY public.sms_template (id, model_id, sidebar_action_id, create_uid, write_uid, template_fs, lang, model, name, body, create_date, write_date) FROM stdin;
1	632	\N	1	1	calendar_sms/data/sms_data.xml	\N	calendar.event	{"en_US": "Calendar Event: Reminder", "es_ES": "Evento del calendario: recordatorio"}	{"en_US": "Event reminder: {{ object.name }}, {{ object.get_display_time_tz(object.partner_id.tz) }}", "es_ES": "Recordatorio de evento: {{ object.name }}, {{ object.get_display_time_tz(object.partner_id.tz) }}"}	2026-04-08 08:38:56.871515	2026-04-08 08:38:56.871515
2	672	\N	1	1	stock_sms/data/sms_data.xml	\N	stock.picking	{"en_US": "Delivery: Send by SMS Text Message", "es_ES": "Entrega: Enviar por mensaje de texto SMS"}	{"en_US": "\\n                {{ (object.company_id.name + ': We are glad to inform you that your order n° ' + object.origin + ' has been shipped.' if object.origin else object.company_id.name + ': We are glad to inform you that your order has been shipped.') + (' Your tracking reference is ' + (object.carrier_tracking_ref) + '.' if hasattr(object, 'carrier_tracking_ref') and object.carrier_tracking_ref else '') }}\\n            ", "es_ES": "\\n                {{ (object.company_id.name + ': Nos alegra informarle que su orden con el número ' + object.origin + ' ha sido enviada.' if object.origin else object.company_id.name + ': Nos alegra informarle que su orden ha sido enviada.') + (' Su referencia de rastreo es ' + (object.carrier_tracking_ref) + '.' if hasattr(object, 'carrier_tracking_ref') and object.carrier_tracking_ref else '') }}\\n            "}	2026-04-08 08:46:15.876097	2026-04-08 08:46:15.876097
\.


--
-- Data for Name: sms_template_preview; Type: TABLE DATA; Schema: public; Owner: odoo
--

COPY public.sms_template_preview (id, sms_template_id, create_uid, write_uid, lang, resource_ref, create_date, write_date) FROM stdin;
\.


--
-- Data for Name: sms_template_reset; Type: TABLE DATA; Schema: public; Owner: odoo
--

COPY public.sms_template_reset (id, create_uid, write_uid, create_date, write_date) FROM stdin;
\.


--
-- Data for Name: sms_template_sms_template_reset_rel; Type: TABLE DATA; Schema: public; Owner: odoo
--

COPY public.sms_template_sms_template_reset_rel (sms_template_reset_id, sms_template_id) FROM stdin;
\.


--
-- Data for Name: sms_tracker; Type: TABLE DATA; Schema: public; Owner: odoo
--

COPY public.sms_tracker (id, mail_notification_id, create_uid, write_uid, sms_uuid, create_date, write_date) FROM stdin;
\.


--
-- Data for Name: snailmail_letter; Type: TABLE DATA; Schema: public; Owner: odoo
--

COPY public.snailmail_letter (id, user_id, res_id, partner_id, company_id, report_template, attachment_id, message_id, state_id, country_id, create_uid, write_uid, model, state, error_code, street, street2, zip, city, info_msg, color, cover, duplex, create_date, write_date) FROM stdin;
\.


--
-- Data for Name: snailmail_letter_format_error; Type: TABLE DATA; Schema: public; Owner: odoo
--

COPY public.snailmail_letter_format_error (id, message_id, create_uid, write_uid, snailmail_cover, create_date, write_date) FROM stdin;
\.


--
-- Data for Name: snailmail_letter_missing_required_fields; Type: TABLE DATA; Schema: public; Owner: odoo
--

COPY public.snailmail_letter_missing_required_fields (id, partner_id, letter_id, state_id, country_id, create_uid, write_uid, street, street2, zip, city, create_date, write_date) FROM stdin;
\.


--
-- Data for Name: spreadsheet_dashboard; Type: TABLE DATA; Schema: public; Owner: odoo
--

COPY public.spreadsheet_dashboard (id, dashboard_group_id, sequence, company_id, create_uid, write_uid, sample_dashboard_file_path, name, is_published, create_date, write_date) FROM stdin;
1	1	20	\N	1	1	spreadsheet_dashboard_account/data/files/invoicing_sample_dashboard.json	{"en_US": "Invoicing", "es_ES": "Facturación"}	t	2026-04-08 08:34:55.779674	2026-04-08 08:34:55.779674
2	2	100	\N	1	1	spreadsheet_dashboard_sale/data/files/sales_sample_dashboard.json	{"en_US": "Sales", "es_ES": "Ventas"}	t	2026-04-08 08:35:06.354452	2026-04-08 08:35:06.354452
3	2	200	\N	1	1	spreadsheet_dashboard_sale/data/files/product_sample_dashboard.json	{"en_US": "Product", "es_ES": "Producto"}	t	2026-04-08 08:35:06.354452	2026-04-08 08:35:06.354452
4	6	300	\N	1	1	spreadsheet_dashboard_stock_account/data/files/warehouse_metrics_sample_dashboard.json	{"en_US": "Warehouse Metrics", "es_ES": "Métricas del almacén"}	t	2026-04-08 08:46:16.817419	2026-04-08 08:46:16.817419
\.


--
-- Data for Name: spreadsheet_dashboard_group; Type: TABLE DATA; Schema: public; Owner: odoo
--

COPY public.spreadsheet_dashboard_group (id, sequence, create_uid, write_uid, name, create_date, write_date) FROM stdin;
1	300	1	1	{"en_US": "Finance", "es_ES": "Finanzas"}	2026-04-08 08:34:52.241103	2026-04-08 08:34:52.241103
2	100	1	1	{"en_US": "Sales", "es_ES": "Ventas"}	2026-04-08 08:34:52.241103	2026-04-08 08:34:52.241103
3	800	1	1	{"en_US": "Human Resources", "es_ES": "Recursos Humanos"}	2026-04-08 08:34:52.241103	2026-04-08 08:34:52.241103
4	700	1	1	{"en_US": "Website", "es_ES": "Sitio web"}	2026-04-08 08:34:52.241103	2026-04-08 08:34:52.241103
5	500	1	1	{"en_US": "Services", "es_ES": "Servicios"}	2026-04-08 08:34:52.241103	2026-04-08 08:34:52.241103
6	400	1	1	{"en_US": "Logistics", "es_ES": "Logística"}	2026-04-08 08:34:52.241103	2026-04-08 08:34:52.241103
7	600	1	1	{"en_US": "Marketing", "es_ES": "Marketing"}	2026-04-08 08:34:52.241103	2026-04-08 08:34:52.241103
\.


--
-- Data for Name: spreadsheet_dashboard_share; Type: TABLE DATA; Schema: public; Owner: odoo
--

COPY public.spreadsheet_dashboard_share (id, dashboard_id, create_uid, write_uid, access_token, create_date, write_date) FROM stdin;
\.


--
-- Data for Name: stock_backorder_confirmation; Type: TABLE DATA; Schema: public; Owner: odoo
--

COPY public.stock_backorder_confirmation (id, create_uid, write_uid, show_transfers, create_date, write_date) FROM stdin;
\.


--
-- Data for Name: stock_backorder_confirmation_line; Type: TABLE DATA; Schema: public; Owner: odoo
--

COPY public.stock_backorder_confirmation_line (id, backorder_confirmation_id, picking_id, create_uid, write_uid, to_backorder, create_date, write_date) FROM stdin;
\.


--
-- Data for Name: stock_change_product_qty; Type: TABLE DATA; Schema: public; Owner: odoo
--

COPY public.stock_change_product_qty (id, product_id, product_tmpl_id, create_uid, write_uid, new_quantity, create_date, write_date) FROM stdin;
\.


--
-- Data for Name: stock_conflict_quant_rel; Type: TABLE DATA; Schema: public; Owner: odoo
--

COPY public.stock_conflict_quant_rel (stock_inventory_conflict_id, stock_quant_id) FROM stdin;
\.


--
-- Data for Name: stock_inventory_adjustment_name; Type: TABLE DATA; Schema: public; Owner: odoo
--

COPY public.stock_inventory_adjustment_name (id, create_uid, write_uid, inventory_adjustment_name, create_date, write_date) FROM stdin;
\.


--
-- Data for Name: stock_inventory_adjustment_name_stock_quant_rel; Type: TABLE DATA; Schema: public; Owner: odoo
--

COPY public.stock_inventory_adjustment_name_stock_quant_rel (stock_inventory_adjustment_name_id, stock_quant_id) FROM stdin;
\.


--
-- Data for Name: stock_inventory_conflict; Type: TABLE DATA; Schema: public; Owner: odoo
--

COPY public.stock_inventory_conflict (id, create_uid, write_uid, create_date, write_date) FROM stdin;
\.


--
-- Data for Name: stock_inventory_conflict_stock_quant_rel; Type: TABLE DATA; Schema: public; Owner: odoo
--

COPY public.stock_inventory_conflict_stock_quant_rel (stock_inventory_conflict_id, stock_quant_id) FROM stdin;
\.


--
-- Data for Name: stock_inventory_warning; Type: TABLE DATA; Schema: public; Owner: odoo
--

COPY public.stock_inventory_warning (id, create_uid, write_uid, create_date, write_date) FROM stdin;
\.


--
-- Data for Name: stock_inventory_warning_stock_quant_rel; Type: TABLE DATA; Schema: public; Owner: odoo
--

COPY public.stock_inventory_warning_stock_quant_rel (stock_inventory_warning_id, stock_quant_id) FROM stdin;
\.


--
-- Data for Name: stock_location; Type: TABLE DATA; Schema: public; Owner: odoo
--

COPY public.stock_location (id, location_id, posx, posy, posz, company_id, removal_strategy_id, cyclic_inventory_frequency, warehouse_id, storage_category_id, create_uid, write_uid, name, complete_name, usage, parent_path, barcode, last_inventory_date, next_inventory_date, comment, active, scrap_location, replenish_location, create_date, write_date, valuation_in_account_id, valuation_out_account_id) FROM stdin;
1	\N	0	0	0	\N	\N	0	\N	\N	1	1	Physical Locations	Physical Locations	view	1/	\N	\N	\N	\N	t	f	f	2026-04-08 08:46:08.412603	2026-04-08 08:46:08.412603	\N	\N
2	\N	0	0	1	\N	\N	0	\N	\N	1	1	Partners	Partners	view	2/	\N	\N	\N	\N	t	f	f	2026-04-08 08:46:08.412603	2026-04-08 08:46:08.412603	\N	\N
3	\N	0	0	1	\N	\N	0	\N	\N	1	1	Virtual Locations	Virtual Locations	view	3/	\N	\N	\N	\N	t	f	f	2026-04-08 08:46:08.412603	2026-04-08 08:46:08.412603	\N	\N
4	2	0	0	0	\N	\N	0	\N	\N	1	1	Vendors	Partners/Vendors	supplier	2/4/	\N	\N	\N	\N	t	f	f	2026-04-08 08:46:08.412603	2026-04-08 08:46:08.412603	\N	\N
5	2	0	0	0	\N	\N	0	\N	\N	1	1	Customers	Partners/Customers	customer	2/5/	\N	\N	\N	\N	t	f	f	2026-04-08 08:46:08.412603	2026-04-08 08:46:08.412603	\N	\N
6	3	0	0	0	\N	\N	0	\N	\N	1	1	Inter-company transit	Virtual Locations/Inter-company transit	transit	3/6/	\N	\N	\N	\N	f	f	f	2026-04-08 08:46:08.412603	2026-04-08 08:46:08.412603	\N	\N
9	7	0	0	0	1	\N	0	1	\N	1	1	Entrada	WH/Entrada	internal	1/7/9/	WHINPUT	\N	\N	\N	f	f	\N	2026-04-08 08:46:08.412603	2026-04-08 08:46:08.412603	\N	\N
10	7	0	0	0	1	\N	0	1	\N	1	1	Control de calidad	WH/Control de calidad	internal	1/7/10/	WHQUALITY	\N	\N	\N	f	f	\N	2026-04-08 08:46:08.412603	2026-04-08 08:46:08.412603	\N	\N
11	7	0	0	0	1	\N	0	1	\N	1	1	Salida	WH/Salida	internal	1/7/11/	WHOUTPUT	\N	\N	\N	f	f	\N	2026-04-08 08:46:08.412603	2026-04-08 08:46:08.412603	\N	\N
12	7	0	0	0	1	\N	0	1	\N	1	1	Zona de empaquetado	WH/Zona de empaquetado	internal	1/7/12/	WHPACKING	\N	\N	\N	f	f	\N	2026-04-08 08:46:08.412603	2026-04-08 08:46:08.412603	\N	\N
7	1	0	0	0	1	\N	0	1	\N	1	1	WH	WH	view	1/7/	\N	\N	\N	\N	t	f	f	2026-04-08 08:46:08.412603	2026-04-08 08:46:08.412603	\N	\N
8	7	0	0	0	1	\N	0	1	\N	1	1	Stock	WH/Stock	internal	1/7/8/	WHSTOCK	\N	\N	\N	t	f	t	2026-04-08 08:46:08.412603	2026-04-08 08:46:08.412603	\N	\N
13	1	0	0	0	1	\N	0	\N	\N	1	1	Tránsito entre almacenes	Physical Locations/Tránsito entre almacenes	transit	1/13/	\N	\N	\N	\N	f	f	f	2026-04-08 08:46:08.412603	2026-04-08 08:46:08.412603	\N	\N
14	3	0	0	0	1	\N	0	\N	\N	1	1	Inventory adjustment	Virtual Locations/Inventory adjustment	inventory	3/14/	\N	\N	\N	\N	t	f	f	2026-04-08 08:46:08.412603	2026-04-08 08:46:08.412603	\N	\N
15	3	0	0	0	1	\N	0	\N	\N	1	1	Production	Virtual Locations/Production	production	3/15/	\N	\N	\N	\N	t	f	f	2026-04-08 08:46:08.412603	2026-04-08 08:46:08.412603	\N	\N
16	3	0	0	0	1	\N	0	\N	\N	1	1	Scrap	Virtual Locations/Scrap	inventory	3/16/	\N	\N	\N	\N	t	t	f	2026-04-08 08:46:08.412603	2026-04-08 08:46:08.412603	\N	\N
17	7	0	0	0	1	\N	0	1	\N	1	1	Preproducción	WH/Preproducción	internal	1/7/17/	WHPREPRODUCTION	\N	\N	\N	f	f	\N	2026-04-08 09:11:55.219689	2026-04-08 09:11:55.219689	\N	\N
18	7	0	0	0	1	\N	0	1	\N	1	1	Posproducción	WH/Posproducción	internal	1/7/18/	WHPOSTPRODUCTION	\N	\N	\N	f	f	\N	2026-04-08 09:11:55.219689	2026-04-08 09:11:55.219689	\N	\N
\.


--
-- Data for Name: stock_lot; Type: TABLE DATA; Schema: public; Owner: odoo
--

COPY public.stock_lot (id, product_id, product_uom_id, company_id, location_id, create_uid, write_uid, name, ref, lot_properties, note, create_date, write_date, standard_price) FROM stdin;
\.


--
-- Data for Name: stock_move; Type: TABLE DATA; Schema: public; Owner: odoo
--

COPY public.stock_move (id, sequence, company_id, product_id, product_uom, location_id, location_dest_id, location_final_id, partner_id, picking_id, scrap_id, group_id, rule_id, picking_type_id, origin_returned_move_id, restrict_partner_id, warehouse_id, package_level_id, next_serial_count, orderpoint_id, product_packaging_id, create_uid, write_uid, name, priority, state, origin, procure_method, reference, next_serial, reservation_date, description_picking, product_qty, product_uom_qty, quantity, picked, scrapped, propagate_cancel, is_inventory, additional, date, date_deadline, delay_alert_date, create_date, write_date, price_unit, to_refund, sale_line_id, repair_id, repair_line_type, is_done, unit_factor, manual_consumption, created_production_id, production_id, raw_material_production_id, unbuild_id, consume_unbuild_id, operation_id, workorder_id, bom_line_id, byproduct_id, order_finished_lot_id, cost_share, purchase_line_id) FROM stdin;
1	11	1	4	1	8	5	5	13	1	\N	2	2	2	\N	\N	1	\N	\N	\N	\N	2	19	lol	0	done	S00002	make_to_stock	WH/OUT/00001	\N	2026-04-08	lol	1.0	1.00	1.00	t	f	f	\N	f	2026-04-15 09:05:36	2026-04-08 09:27:12	\N	2026-04-08 09:27:12.897871	2026-04-15 09:05:36.056991	\N	\N	\N	\N	\N	t	1	f	\N	\N	\N	\N	\N	\N	\N	\N	\N	\N	\N	\N
2	10	1	5	1	8	5	5	21	2	\N	3	2	2	\N	\N	1	\N	\N	\N	\N	19	17	h	0	cancel	S00004	make_to_stock	WH/OUT/00002	\N	2026-05-05	h	2.0	2.00	0.00	f	f	f	\N	f	2026-05-05 08:24:31	2026-05-05 08:24:31	\N	2026-05-05 08:24:31.644831	2026-05-05 08:35:36.44902	\N	\N	3	\N	\N	t	1	f	\N	\N	\N	\N	\N	\N	\N	\N	\N	\N	\N	\N
3	11	1	4	1	8	5	5	21	2	\N	3	2	2	\N	\N	1	\N	\N	\N	\N	19	17	lol	0	cancel	S00004	make_to_stock	WH/OUT/00002	\N	2026-05-05	lol	2.0	2.00	0.00	f	f	f	\N	f	2026-05-05 08:24:31	2026-05-05 08:24:31	\N	2026-05-05 08:24:31.644831	2026-05-05 08:35:36.44902	\N	\N	4	\N	\N	t	1	f	\N	\N	\N	\N	\N	\N	\N	\N	\N	\N	\N	\N
4	10	1	6	1	15	8	8	\N	\N	\N	12	\N	12	\N	\N	1	\N	\N	\N	\N	19	19	WH/MO/00001	0	done	WH/MO/00001	make_to_stock	WH/MO/00001	\N	2026-05-05	\N	1.0	1.00	1.00	t	f	f	\N	f	2026-05-05 08:44:28	\N	\N	2026-05-05 08:44:11.949611	2026-05-05 08:44:28.132293	\N	\N	\N	\N	\N	t	1	f	\N	1	\N	\N	\N	\N	\N	\N	\N	\N	0.0	\N
5	10	1	6	1	8	5	5	19	3	\N	13	2	2	\N	\N	1	\N	\N	\N	\N	19	19	prueba	0	assigned	S00006	make_to_stock	WH/OUT/00003	\N	2026-05-05	prueba	1.0	1.00	1.00	f	f	f	\N	f	2026-05-05 08:50:32	2026-05-05 08:50:32	\N	2026-05-05 08:50:32.199193	2026-05-05 08:50:32.199193	\N	\N	13	\N	\N	f	1	f	\N	\N	\N	\N	\N	\N	\N	\N	\N	\N	\N	\N
7	11	1	5	1	8	5	5	19	4	\N	14	2	2	\N	\N	1	\N	\N	\N	\N	19	19	h	0	confirmed	S00007	make_to_stock	WH/OUT/00004	\N	2026-05-05	h	1.0	1.00	0.00	f	f	f	\N	f	2026-05-05 09:22:02	2026-05-05 09:22:02	\N	2026-05-05 09:22:02.816837	2026-05-05 09:22:02.816837	\N	\N	15	\N	\N	f	1	f	\N	\N	\N	\N	\N	\N	\N	\N	\N	\N	\N	\N
6	10	1	6	1	8	5	5	19	4	\N	14	2	2	\N	\N	1	\N	\N	\N	\N	19	19	prueba	0	assigned	S00007	make_to_stock	WH/OUT/00004	\N	2026-05-05	prueba	1.0	1.00	1.00	f	f	f	\N	f	2026-05-05 09:22:02	2026-05-05 09:22:02	\N	2026-05-05 09:22:02.816837	2026-05-05 09:22:02.816837	\N	\N	14	\N	\N	f	1	f	\N	\N	\N	\N	\N	\N	\N	\N	\N	\N	\N	\N
\.


--
-- Data for Name: stock_move_created_purchase_line_rel; Type: TABLE DATA; Schema: public; Owner: odoo
--

COPY public.stock_move_created_purchase_line_rel (created_purchase_line_id, move_id) FROM stdin;
\.


--
-- Data for Name: stock_move_line; Type: TABLE DATA; Schema: public; Owner: odoo
--

COPY public.stock_move_line (id, picking_id, move_id, company_id, product_id, product_uom_id, package_id, package_level_id, lot_id, result_package_id, owner_id, location_id, location_dest_id, create_uid, write_uid, lot_name, state, reference, description_picking, quantity, quantity_product_uom, picked, date, create_date, write_date, workorder_id, production_id) FROM stdin;
1	1	1	1	4	1	\N	\N	\N	\N	\N	8	5	2	19	\N	done	WH/OUT/00001	\N	1.00	1.00	t	2026-04-15 09:05:36	2026-04-08 09:27:12.897871	2026-04-15 09:05:36.056991	\N	\N
3	\N	4	1	6	1	\N	\N	\N	\N	\N	15	8	19	19	\N	done	WH/MO/00001	\N	1.00	1.00	t	2026-05-05 08:44:28	2026-05-05 08:44:12.078594	2026-05-05 08:44:28.132293	\N	\N
4	3	5	1	6	1	\N	\N	\N	\N	\N	8	5	19	19	\N	assigned	WH/OUT/00003	\N	1.00	1.00	f	2026-05-05 08:50:32	2026-05-05 08:50:32.199193	2026-05-05 08:50:32.199193	\N	\N
5	4	6	1	6	1	\N	\N	\N	\N	\N	8	5	19	19	\N	assigned	WH/OUT/00004	\N	1.00	1.00	f	2026-05-05 09:22:02	2026-05-05 09:22:02.816837	2026-05-05 09:22:02.816837	\N	\N
\.


--
-- Data for Name: stock_move_line_consume_rel; Type: TABLE DATA; Schema: public; Owner: odoo
--

COPY public.stock_move_line_consume_rel (consume_line_id, produce_line_id) FROM stdin;
\.


--
-- Data for Name: stock_move_move_rel; Type: TABLE DATA; Schema: public; Owner: odoo
--

COPY public.stock_move_move_rel (move_orig_id, move_dest_id) FROM stdin;
\.


--
-- Data for Name: stock_orderpoint_snooze; Type: TABLE DATA; Schema: public; Owner: odoo
--

COPY public.stock_orderpoint_snooze (id, create_uid, write_uid, predefined_date, snoozed_until, create_date, write_date) FROM stdin;
\.


--
-- Data for Name: stock_orderpoint_snooze_stock_warehouse_orderpoint_rel; Type: TABLE DATA; Schema: public; Owner: odoo
--

COPY public.stock_orderpoint_snooze_stock_warehouse_orderpoint_rel (stock_orderpoint_snooze_id, stock_warehouse_orderpoint_id) FROM stdin;
\.


--
-- Data for Name: stock_package_destination; Type: TABLE DATA; Schema: public; Owner: odoo
--

COPY public.stock_package_destination (id, picking_id, location_dest_id, create_uid, write_uid, create_date, write_date) FROM stdin;
\.


--
-- Data for Name: stock_package_level; Type: TABLE DATA; Schema: public; Owner: odoo
--

COPY public.stock_package_level (id, package_id, picking_id, location_dest_id, company_id, create_uid, write_uid, create_date, write_date) FROM stdin;
\.


--
-- Data for Name: stock_package_type; Type: TABLE DATA; Schema: public; Owner: odoo
--

COPY public.stock_package_type (id, sequence, company_id, create_uid, write_uid, name, barcode, create_date, write_date, height, width, packaging_length, base_weight, max_weight) FROM stdin;
\.


--
-- Data for Name: stock_package_type_stock_putaway_rule_rel; Type: TABLE DATA; Schema: public; Owner: odoo
--

COPY public.stock_package_type_stock_putaway_rule_rel (stock_putaway_rule_id, stock_package_type_id) FROM stdin;
\.


--
-- Data for Name: stock_picking; Type: TABLE DATA; Schema: public; Owner: odoo
--

COPY public.stock_picking (id, backorder_id, return_id, group_id, location_id, location_dest_id, picking_type_id, partner_id, company_id, user_id, owner_id, create_uid, write_uid, name, origin, move_type, state, priority, picking_properties, note, has_deadline_issue, printed, is_locked, scheduled_date, date_deadline, date, date_done, create_date, write_date, project_id, sale_id) FROM stdin;
1	\N	\N	2	8	5	2	13	1	\N	\N	2	19	WH/OUT/00001	S00002	direct	done	0	\N	\N	f	\N	t	2026-04-08 09:27:12	2026-04-08 09:27:12	2026-04-08 09:27:13	2026-04-15 09:05:36	2026-04-08 09:27:12.897871	2026-04-15 09:05:36.056991	\N	\N
2	\N	\N	3	8	5	2	21	1	\N	\N	19	17	WH/OUT/00002	S00004	direct	cancel	0	\N	\N	f	\N	t	2026-05-05 08:24:31	2026-05-05 08:24:31	2026-05-05 08:24:31	\N	2026-05-05 08:24:31.644831	2026-05-05 08:35:45.812032	\N	4
3	\N	\N	13	8	5	2	19	1	\N	\N	19	19	WH/OUT/00003	S00006	direct	assigned	0	\N	\N	f	t	t	2026-05-05 08:50:32	2026-05-05 08:50:32	2026-05-05 08:50:32	\N	2026-05-05 08:50:32.199193	2026-05-05 08:52:11.235573	\N	6
4	\N	\N	14	8	5	2	19	1	\N	\N	19	19	WH/OUT/00004	S00007	direct	assigned	0	\N	\N	f	\N	t	2026-05-05 09:22:02	2026-05-05 09:22:02	2026-05-05 09:22:02	\N	2026-05-05 09:22:02.816837	2026-05-05 09:22:02.816837	\N	7
\.


--
-- Data for Name: stock_picking_backorder_rel; Type: TABLE DATA; Schema: public; Owner: odoo
--

COPY public.stock_picking_backorder_rel (stock_backorder_confirmation_id, stock_picking_id) FROM stdin;
\.


--
-- Data for Name: stock_picking_sms_rel; Type: TABLE DATA; Schema: public; Owner: odoo
--

COPY public.stock_picking_sms_rel (confirm_stock_sms_id, stock_picking_id) FROM stdin;
\.


--
-- Data for Name: stock_picking_type; Type: TABLE DATA; Schema: public; Owner: odoo
--

COPY public.stock_picking_type (id, color, sequence, sequence_id, default_location_src_id, default_location_dest_id, return_picking_type_id, warehouse_id, reservation_days_before, reservation_days_before_priority, company_id, create_uid, write_uid, sequence_code, code, reservation_method, product_label_format, lot_label_format, package_label_to_print, barcode, create_backorder, move_type, name, picking_properties_definition, show_entire_packs, active, use_create_lots, use_existing_lots, print_label, show_operations, auto_show_reception_report, auto_print_delivery_slip, auto_print_return_slip, auto_print_product_labels, auto_print_lot_labels, auto_print_reception_report, auto_print_reception_report_labels, auto_print_packages, auto_print_package_label, create_date, write_date, analytic_costs, default_product_location_src_id, default_product_location_dest_id, default_remove_location_dest_id, default_recycle_location_dest_id, repair_properties_definition, is_repairable, mrp_product_label_to_print, done_mrp_lot_label_to_print, generated_mrp_lot_label_to_print, use_create_components_lots, auto_print_done_production_order, auto_print_done_mrp_product_labels, auto_print_done_mrp_lot, auto_print_mrp_reception_report, auto_print_mrp_reception_report_labels, auto_print_generated_mrp_lot) FROM stdin;
1	0	1	5	4	8	2	1	\N	\N	1	1	1	IN	incoming	at_confirm	2x7xprice	4x12_lots	pdf	WHIN	ask	direct	{"en_US": "Recepciones", "es_ES": "Recepciones"}	\N	\N	t	t	f	f	f	\N	\N	\N	\N	\N	\N	\N	\N	\N	2026-04-08 08:46:08.412603	2026-04-14 08:54:08.878044	\N	\N	\N	\N	\N	\N	\N	pdf	pdf	pdf	\N	\N	\N	\N	\N	\N	\N
2	0	7	6	8	5	1	1	\N	\N	1	1	1	OUT	outgoing	at_confirm	2x7xprice	4x12_lots	pdf	WHOUT	ask	direct	{"en_US": "Órdenes de entrega", "es_ES": "Órdenes de entrega"}	\N	\N	t	f	t	t	f	\N	\N	\N	\N	\N	\N	\N	\N	\N	2026-04-08 08:46:08.412603	2026-04-14 08:54:08.878044	\N	\N	\N	\N	\N	\N	\N	pdf	pdf	pdf	\N	\N	\N	\N	\N	\N	\N
3	0	5	7	8	12	\N	1	\N	\N	1	1	1	PICK	internal	at_confirm	2x7xprice	4x12_lots	pdf	WHPICK	ask	direct	{"en_US": "Elegir"}	\N	\N	f	f	t	f	f	\N	\N	\N	\N	\N	\N	\N	\N	\N	2026-04-08 08:46:08.412603	2026-04-14 08:54:08.878044	\N	\N	\N	\N	\N	\N	f	pdf	pdf	pdf	\N	\N	\N	\N	\N	\N	\N
4	0	6	8	12	8	\N	1	\N	\N	1	1	1	PACK	internal	at_confirm	2x7xprice	4x12_lots	pdf	WHPACK	ask	direct	{"en_US": "Empaquetar"}	\N	\N	f	f	t	f	f	\N	\N	\N	\N	\N	\N	\N	\N	\N	2026-04-08 08:46:08.412603	2026-04-14 08:54:08.878044	\N	\N	\N	\N	\N	\N	f	pdf	pdf	pdf	\N	\N	\N	\N	\N	\N	\N
5	0	2	9	9	10	\N	1	\N	\N	1	1	1	QC	internal	at_confirm	2x7xprice	4x12_lots	pdf	WHQC	ask	direct	{"en_US": "Control de calidad"}	\N	\N	f	f	t	f	f	\N	\N	\N	\N	\N	\N	\N	\N	\N	2026-04-08 08:46:08.412603	2026-04-14 08:54:08.878044	\N	\N	\N	\N	\N	\N	f	pdf	pdf	pdf	\N	\N	\N	\N	\N	\N	\N
6	0	3	10	10	8	\N	1	\N	\N	1	1	1	STOR	internal	at_confirm	2x7xprice	4x12_lots	pdf	WHSTOR	ask	direct	{"en_US": "Almacenamiento"}	\N	\N	f	f	t	f	f	\N	\N	\N	\N	\N	\N	\N	\N	\N	2026-04-08 08:46:08.412603	2026-04-14 08:54:08.878044	\N	\N	\N	\N	\N	\N	f	pdf	pdf	pdf	\N	\N	\N	\N	\N	\N	\N
7	0	4	11	8	8	\N	1	\N	\N	1	1	1	INT	internal	at_confirm	2x7xprice	4x12_lots	pdf	WHINT	ask	direct	{"en_US": "Traslados internos", "es_ES": "Traslados internos"}	\N	\N	f	f	t	f	f	\N	\N	\N	\N	\N	\N	\N	\N	\N	2026-04-08 08:46:08.412603	2026-04-14 08:54:08.878044	\N	\N	\N	\N	\N	\N	f	pdf	pdf	pdf	\N	\N	\N	\N	\N	\N	\N
8	0	8	12	9	11	\N	1	\N	\N	1	1	1	XD	internal	at_confirm	2x7xprice	4x12_lots	pdf	WHXD	ask	direct	{"en_US": "Sin almacenaje intermedio (cross dock)"}	\N	\N	f	f	t	f	f	\N	\N	\N	\N	\N	\N	\N	\N	\N	2026-04-08 08:46:08.412603	2026-04-14 08:54:08.878044	\N	\N	\N	\N	\N	\N	f	pdf	pdf	pdf	\N	\N	\N	\N	\N	\N	\N
10	0	11	21	8	17	\N	1	\N	\N	1	1	1	PC	internal	at_confirm	2x7xprice	4x12_lots	pdf	WHPC	ask	direct	{"en_US": "Elegir componentes"}	\N	\N	f	t	t	f	f	\N	\N	\N	\N	\N	\N	\N	\N	\N	2026-04-08 09:11:55.219689	2026-04-14 08:54:08.878044	\N	\N	\N	\N	\N	\N	f	pdf	pdf	pdf	f	\N	\N	\N	\N	\N	\N
11	0	13	22	18	8	\N	1	\N	\N	1	1	1	SFP	internal	at_confirm	2x7xprice	4x12_lots	pdf	WHSFP	ask	direct	{"en_US": "Almacenar producto terminado"}	\N	\N	f	t	t	f	f	\N	\N	\N	\N	\N	\N	\N	\N	\N	2026-04-08 09:11:55.219689	2026-04-14 08:54:08.878044	\N	\N	\N	\N	\N	\N	f	pdf	pdf	pdf	f	\N	\N	\N	\N	\N	\N
12	0	12	23	8	8	\N	1	\N	\N	1	1	1	MO	mrp_operation	at_confirm	2x7xprice	4x12_lots	pdf	WHMANUF	ask	direct	{"en_US": "Fabricación"}	\N	\N	t	t	t	\N	f	\N	\N	\N	\N	\N	\N	\N	\N	\N	2026-04-08 09:11:55.219689	2026-04-14 08:54:08.878044	\N	\N	\N	\N	\N	\N	f	pdf	pdf	pdf	f	\N	\N	\N	\N	\N	\N
9	\N	\N	19	8	15	\N	1	\N	\N	1	1	1	RO	repair_operation	at_confirm	2x7xprice	4x12_lots	pdf	WHRO	ask	direct	{"en_US": "Repairs", "es_ES": "Reparaciones"}	\N	\N	t	t	t	\N	f	\N	\N	\N	\N	\N	\N	\N	\N	\N	2026-04-08 09:05:50.079825	2026-04-14 08:54:08.878044	\N	8	8	16	8	\N	f	pdf	pdf	pdf	\N	\N	\N	\N	\N	\N	\N
\.


--
-- Data for Name: stock_putaway_rule; Type: TABLE DATA; Schema: public; Owner: odoo
--

COPY public.stock_putaway_rule (id, product_id, category_id, location_in_id, location_out_id, sequence, company_id, storage_category_id, create_uid, write_uid, sublocation, active, create_date, write_date) FROM stdin;
\.


--
-- Data for Name: stock_quant; Type: TABLE DATA; Schema: public; Owner: odoo
--

COPY public.stock_quant (id, product_id, company_id, location_id, storage_category_id, lot_id, package_id, owner_id, user_id, create_uid, write_uid, inventory_date, quantity, reserved_quantity, inventory_quantity, inventory_diff_quantity, inventory_quantity_set, in_date, create_date, write_date, accounting_date) FROM stdin;
\.


--
-- Data for Name: stock_quant_package; Type: TABLE DATA; Schema: public; Owner: odoo
--

COPY public.stock_quant_package (id, package_type_id, location_id, company_id, create_uid, write_uid, name, package_use, pack_date, create_date, write_date, shipping_weight) FROM stdin;
\.


--
-- Data for Name: stock_quant_relocate; Type: TABLE DATA; Schema: public; Owner: odoo
--

COPY public.stock_quant_relocate (id, dest_location_id, dest_package_id, create_uid, write_uid, message, create_date, write_date) FROM stdin;
\.


--
-- Data for Name: stock_quant_stock_quant_relocate_rel; Type: TABLE DATA; Schema: public; Owner: odoo
--

COPY public.stock_quant_stock_quant_relocate_rel (stock_quant_relocate_id, stock_quant_id) FROM stdin;
\.


--
-- Data for Name: stock_quant_stock_request_count_rel; Type: TABLE DATA; Schema: public; Owner: odoo
--

COPY public.stock_quant_stock_request_count_rel (stock_request_count_id, stock_quant_id) FROM stdin;
\.


--
-- Data for Name: stock_quant_stock_track_confirmation_rel; Type: TABLE DATA; Schema: public; Owner: odoo
--

COPY public.stock_quant_stock_track_confirmation_rel (stock_track_confirmation_id, stock_quant_id) FROM stdin;
\.


--
-- Data for Name: stock_quantity_history; Type: TABLE DATA; Schema: public; Owner: odoo
--

COPY public.stock_quantity_history (id, create_uid, write_uid, inventory_datetime, create_date, write_date) FROM stdin;
\.


--
-- Data for Name: stock_replenishment_info; Type: TABLE DATA; Schema: public; Owner: odoo
--

COPY public.stock_replenishment_info (id, orderpoint_id, create_uid, write_uid, create_date, write_date) FROM stdin;
\.


--
-- Data for Name: stock_replenishment_option; Type: TABLE DATA; Schema: public; Owner: odoo
--

COPY public.stock_replenishment_option (id, route_id, product_id, replenishment_info_id, create_uid, write_uid, create_date, write_date) FROM stdin;
\.


--
-- Data for Name: stock_request_count; Type: TABLE DATA; Schema: public; Owner: odoo
--

COPY public.stock_request_count (id, user_id, create_uid, write_uid, set_count, inventory_date, create_date, write_date, accounting_date) FROM stdin;
\.


--
-- Data for Name: stock_return_picking; Type: TABLE DATA; Schema: public; Owner: odoo
--

COPY public.stock_return_picking (id, picking_id, create_uid, write_uid, create_date, write_date) FROM stdin;
1	1	13	13	2026-05-05 11:10:15.337905	2026-05-05 11:10:15.337905
2	2	13	13	2026-05-05 11:10:29.529367	2026-05-05 11:10:29.529367
\.


--
-- Data for Name: stock_return_picking_line; Type: TABLE DATA; Schema: public; Owner: odoo
--

COPY public.stock_return_picking_line (id, product_id, wizard_id, move_id, create_uid, write_uid, quantity, create_date, write_date, to_refund) FROM stdin;
1	4	1	1	13	13	0.00	2026-05-05 11:10:15.337905	2026-05-05 11:10:15.337905	t
\.


--
-- Data for Name: stock_route; Type: TABLE DATA; Schema: public; Owner: odoo
--

COPY public.stock_route (id, sequence, supplied_wh_id, supplier_wh_id, company_id, create_uid, write_uid, name, active, product_selectable, product_categ_selectable, warehouse_selectable, packaging_selectable, create_date, write_date, sale_selectable) FROM stdin;
1	5	\N	\N	\N	1	1	{"en_US": "Replenish on Order (MTO)", "es_ES": "Reposición bajo pedido (fabricación sobre pedido)"}	f	t	\N	\N	\N	2026-04-08 08:46:08.412603	2026-04-08 08:46:17.232705	t
5	10	\N	\N	\N	1	1	{"en_US": "Manufacture", "es_ES": "Fabricar"}	t	t	\N	\N	\N	2026-04-08 09:11:55.219689	2026-04-08 09:11:55.219689	\N
6	10	\N	\N	1	1	1	{"en_US": "RELSUM HEREDEROS SL.: Fabricación (1 paso)"}	f	f	t	t	\N	2026-04-08 09:11:55.219689	2026-04-14 08:54:08.878044	\N
2	9	\N	\N	1	1	1	{"en_US": "RELSUM HEREDEROS SL.: Receive in 1 step (stock)"}	t	f	t	t	\N	2026-04-08 08:46:08.412603	2026-04-14 08:54:08.878044	\N
3	10	\N	\N	1	1	1	{"en_US": "RELSUM HEREDEROS SL.: Deliver in 1 step (ship)"}	t	f	t	t	\N	2026-04-08 08:46:08.412603	2026-04-14 08:54:08.878044	\N
4	20	\N	\N	1	1	1	{"en_US": "RELSUM HEREDEROS SL.: Cross-Dock"}	f	f	f	\N	\N	2026-04-08 08:46:08.412603	2026-04-14 08:54:08.878044	t
7	5	\N	\N	\N	1	1	{"en_US": "Buy", "es_ES": "Comprar"}	t	t	\N	\N	\N	2026-04-14 08:54:08.878044	2026-04-14 08:54:08.878044	\N
\.


--
-- Data for Name: stock_route_categ; Type: TABLE DATA; Schema: public; Owner: odoo
--

COPY public.stock_route_categ (route_id, categ_id) FROM stdin;
\.


--
-- Data for Name: stock_route_move; Type: TABLE DATA; Schema: public; Owner: odoo
--

COPY public.stock_route_move (move_id, route_id) FROM stdin;
\.


--
-- Data for Name: stock_route_packaging; Type: TABLE DATA; Schema: public; Owner: odoo
--

COPY public.stock_route_packaging (route_id, packaging_id) FROM stdin;
\.


--
-- Data for Name: stock_route_product; Type: TABLE DATA; Schema: public; Owner: odoo
--

COPY public.stock_route_product (route_id, product_id) FROM stdin;
7	5
7	6
7	7
\.


--
-- Data for Name: stock_route_stock_rules_report_rel; Type: TABLE DATA; Schema: public; Owner: odoo
--

COPY public.stock_route_stock_rules_report_rel (stock_rules_report_id, stock_route_id) FROM stdin;
\.


--
-- Data for Name: stock_route_warehouse; Type: TABLE DATA; Schema: public; Owner: odoo
--

COPY public.stock_route_warehouse (route_id, warehouse_id) FROM stdin;
2	1
3	1
6	1
\.


--
-- Data for Name: stock_rule; Type: TABLE DATA; Schema: public; Owner: odoo
--

COPY public.stock_rule (id, group_id, sequence, company_id, location_dest_id, location_src_id, route_id, route_sequence, picking_type_id, delay, partner_address_id, warehouse_id, propagate_warehouse_id, create_uid, write_uid, group_propagation_option, action, procure_method, auto, push_domain, name, active, location_dest_from_rule, propagate_cancel, propagate_carrier, create_date, write_date) FROM stdin;
5	\N	20	1	5	8	1	5	2	0	\N	1	\N	1	1	propagate	pull	make_to_order	manual	\N	{"en_US": "WH: Stock → Customers (MTO)"}	t	f	f	t	2026-04-08 08:46:08.412603	2026-04-14 08:54:08.878044
7	\N	20	1	8	\N	5	10	12	0	\N	1	\N	1	1	propagate	manufacture	make_to_order	manual	\N	{"en_US": "WH: Stock (Production)"}	t	f	f	f	2026-04-08 09:11:55.219689	2026-04-14 08:54:08.878044
1	\N	20	1	8	4	2	9	1	0	\N	1	\N	1	1	propagate	pull	make_to_stock	manual	\N	{"en_US": "WH: Vendors → Stock"}	f	f	f	f	2026-04-08 08:46:08.412603	2026-04-14 08:54:08.878044
2	\N	20	1	5	8	3	10	2	0	\N	1	\N	1	1	propagate	pull	make_to_stock	manual	\N	{"en_US": "WH: Stock → Customers"}	t	f	f	t	2026-04-08 08:46:08.412603	2026-04-14 08:54:08.878044
3	\N	20	1	5	4	4	20	1	0	\N	1	\N	1	1	propagate	pull	make_to_stock	manual	\N	{"en_US": "WH: Vendors → Customers"}	f	f	f	f	2026-04-08 08:46:08.412603	2026-04-14 08:54:08.878044
9	\N	20	1	17	8	1	5	10	0	\N	1	\N	1	1	propagate	pull	make_to_order	manual	\N	{"en_US": "WH: Stock → Preproducción (MTO)"}	f	f	f	f	2026-04-08 09:11:55.219689	2026-04-14 08:54:08.878044
4	\N	20	1	11	9	4	20	8	0	\N	1	\N	1	1	propagate	push	make_to_order	manual	\N	{"en_US": "WH: Entrada → Salida"}	t	f	f	f	2026-04-08 08:46:08.412603	2026-04-14 08:54:08.878044
10	\N	20	1	5	\N	4	20	1	0	\N	1	\N	1	1	propagate	buy	make_to_stock	manual	\N	{"en_US": "WH: False → Customers"}	t	f	f	f	2026-04-14 08:54:08.878044	2026-04-14 08:54:08.878044
11	\N	20	1	8	\N	7	5	1	0	\N	1	\N	1	1	none	buy	make_to_stock	manual	\N	{"en_US": "WH: Stock (Buy)"}	t	f	f	f	2026-04-14 08:54:08.878044	2026-04-14 08:54:08.878044
8	\N	20	1	15	8	1	5	12	0	\N	1	\N	1	1	propagate	pull	make_to_order	manual	\N	{"en_US": "WH: Stock → Production (MTO)"}	t	f	f	f	2026-04-08 09:11:55.219689	2026-04-14 08:54:08.878044
6	\N	20	1	15	8	1	5	9	0	\N	1	\N	1	1	propagate	pull	make_to_order	manual	\N	{"en_US": "WH: Stock → Production (MTO)"}	t	f	f	f	2026-04-08 09:05:50.079825	2026-04-14 08:54:08.878044
\.


--
-- Data for Name: stock_rules_report; Type: TABLE DATA; Schema: public; Owner: odoo
--

COPY public.stock_rules_report (id, product_id, product_tmpl_id, create_uid, write_uid, product_has_variants, create_date, write_date) FROM stdin;
\.


--
-- Data for Name: stock_rules_report_stock_warehouse_rel; Type: TABLE DATA; Schema: public; Owner: odoo
--

COPY public.stock_rules_report_stock_warehouse_rel (stock_rules_report_id, stock_warehouse_id) FROM stdin;
\.


--
-- Data for Name: stock_scrap; Type: TABLE DATA; Schema: public; Owner: odoo
--

COPY public.stock_scrap (id, company_id, product_id, product_uom_id, lot_id, package_id, owner_id, picking_id, location_id, scrap_location_id, create_uid, write_uid, name, origin, state, scrap_qty, should_replenish, date_done, create_date, write_date, production_id, workorder_id, bom_id) FROM stdin;
\.


--
-- Data for Name: stock_scrap_reason_tag; Type: TABLE DATA; Schema: public; Owner: odoo
--

COPY public.stock_scrap_reason_tag (id, sequence, create_uid, write_uid, color, name, create_date, write_date) FROM stdin;
\.


--
-- Data for Name: stock_scrap_stock_scrap_reason_tag_rel; Type: TABLE DATA; Schema: public; Owner: odoo
--

COPY public.stock_scrap_stock_scrap_reason_tag_rel (stock_scrap_id, stock_scrap_reason_tag_id) FROM stdin;
\.


--
-- Data for Name: stock_storage_category; Type: TABLE DATA; Schema: public; Owner: odoo
--

COPY public.stock_storage_category (id, company_id, create_uid, write_uid, name, allow_new_product, max_weight, create_date, write_date) FROM stdin;
\.


--
-- Data for Name: stock_storage_category_capacity; Type: TABLE DATA; Schema: public; Owner: odoo
--

COPY public.stock_storage_category_capacity (id, storage_category_id, product_id, package_type_id, create_uid, write_uid, create_date, write_date, quantity) FROM stdin;
\.


--
-- Data for Name: stock_traceability_report; Type: TABLE DATA; Schema: public; Owner: odoo
--

COPY public.stock_traceability_report (id, create_uid, write_uid, create_date, write_date) FROM stdin;
\.


--
-- Data for Name: stock_track_confirmation; Type: TABLE DATA; Schema: public; Owner: odoo
--

COPY public.stock_track_confirmation (id, create_uid, write_uid, create_date, write_date) FROM stdin;
\.


--
-- Data for Name: stock_track_line; Type: TABLE DATA; Schema: public; Owner: odoo
--

COPY public.stock_track_line (id, product_id, wizard_id, create_uid, write_uid, create_date, write_date) FROM stdin;
\.


--
-- Data for Name: stock_valuation_layer; Type: TABLE DATA; Schema: public; Owner: odoo
--

COPY public.stock_valuation_layer (id, company_id, product_id, categ_id, stock_valuation_layer_id, stock_move_id, account_move_id, account_move_line_id, lot_id, create_uid, write_uid, description, quantity, unit_cost, value, remaining_qty, remaining_value, create_date, write_date, price_diff_value) FROM stdin;
1	1	4	1	\N	1	\N	\N	\N	19	19	WH/OUT/00001 - lol	-1.00	0.0	0.00	-1.00	\N	2026-04-15 09:05:36.056991	2026-04-15 09:05:36.056991	\N
2	1	6	1	\N	4	\N	\N	\N	19	19	WH/MO/00001 - prueba	1.00	0.0	0.00	1.00	0.00	2026-05-05 08:44:28.132293	2026-05-05 08:44:28.132293	\N
\.


--
-- Data for Name: stock_valuation_layer_revaluation; Type: TABLE DATA; Schema: public; Owner: odoo
--

COPY public.stock_valuation_layer_revaluation (id, company_id, product_id, lot_id, account_journal_id, account_id, create_uid, write_uid, reason, date, added_value, create_date, write_date) FROM stdin;
\.


--
-- Data for Name: stock_valuation_layer_stock_valuation_layer_revaluation_rel; Type: TABLE DATA; Schema: public; Owner: odoo
--

COPY public.stock_valuation_layer_stock_valuation_layer_revaluation_rel (stock_valuation_layer_revaluation_id, stock_valuation_layer_id) FROM stdin;
\.


--
-- Data for Name: stock_warehouse; Type: TABLE DATA; Schema: public; Owner: odoo
--

COPY public.stock_warehouse (id, company_id, partner_id, view_location_id, lot_stock_id, wh_input_stock_loc_id, wh_qc_stock_loc_id, wh_output_stock_loc_id, wh_pack_stock_loc_id, mto_pull_id, pick_type_id, pack_type_id, out_type_id, in_type_id, int_type_id, qc_type_id, store_type_id, xdock_type_id, crossdock_route_id, reception_route_id, delivery_route_id, sequence, create_uid, write_uid, name, code, reception_steps, delivery_steps, active, create_date, write_date, repair_type_id, repair_mto_pull_id, manufacture_pull_id, manufacture_mto_pull_id, pbm_mto_pull_id, sam_rule_id, manu_type_id, pbm_type_id, sam_type_id, pbm_route_id, pbm_loc_id, sam_loc_id, manufacture_steps, manufacture_to_resupply, buy_pull_id, buy_to_resupply) FROM stdin;
1	1	1	7	8	9	10	11	12	5	3	4	2	1	7	5	6	8	4	2	3	10	1	1	RELSUM HEREDEROS SL.	WH	one_step	ship_only	t	2026-04-08 08:46:08.412603	2026-04-14 08:54:08.878044	9	6	7	8	9	\N	12	10	11	6	17	18	mrp_one_step	t	11	t
\.


--
-- Data for Name: stock_warehouse_orderpoint; Type: TABLE DATA; Schema: public; Owner: odoo
--

COPY public.stock_warehouse_orderpoint (id, warehouse_id, location_id, product_id, product_category_id, group_id, company_id, route_id, create_uid, write_uid, name, trigger, snoozed_until, product_min_qty, product_max_qty, qty_multiple, qty_to_order_manual, active, create_date, write_date, bom_id, manufacturing_visibility_days, supplier_id, vendor_id, product_supplier_id, purchase_visibility_days) FROM stdin;
\.


--
-- Data for Name: stock_warn_insufficient_qty_repair; Type: TABLE DATA; Schema: public; Owner: odoo
--

COPY public.stock_warn_insufficient_qty_repair (id, product_id, location_id, repair_id, create_uid, write_uid, product_uom_name, create_date, write_date, quantity) FROM stdin;
\.


--
-- Data for Name: stock_warn_insufficient_qty_scrap; Type: TABLE DATA; Schema: public; Owner: odoo
--

COPY public.stock_warn_insufficient_qty_scrap (id, product_id, location_id, scrap_id, create_uid, write_uid, product_uom_name, create_date, write_date, quantity) FROM stdin;
\.


--
-- Data for Name: stock_warn_insufficient_qty_unbuild; Type: TABLE DATA; Schema: public; Owner: odoo
--

COPY public.stock_warn_insufficient_qty_unbuild (id, product_id, location_id, unbuild_id, create_uid, write_uid, product_uom_name, create_date, write_date, quantity) FROM stdin;
\.


--
-- Data for Name: stock_wh_resupply_table; Type: TABLE DATA; Schema: public; Owner: odoo
--

COPY public.stock_wh_resupply_table (supplied_wh_id, supplier_wh_id) FROM stdin;
\.


--
-- Data for Name: task_dependencies_rel; Type: TABLE DATA; Schema: public; Owner: odoo
--

COPY public.task_dependencies_rel (task_id, depends_on_id) FROM stdin;
\.


--
-- Data for Name: team_favorite_user_rel; Type: TABLE DATA; Schema: public; Owner: odoo
--

COPY public.team_favorite_user_rel (team_id, user_id) FROM stdin;
1	1
2	1
3	1
\.


--
-- Data for Name: template_attribute_value_mrp_production_rel; Type: TABLE DATA; Schema: public; Owner: odoo
--

COPY public.template_attribute_value_mrp_production_rel (production_id, template_attribute_value_id) FROM stdin;
\.


--
-- Data for Name: template_attribute_value_stock_move_rel; Type: TABLE DATA; Schema: public; Owner: odoo
--

COPY public.template_attribute_value_stock_move_rel (move_id, template_attribute_value_id) FROM stdin;
\.


--
-- Data for Name: uom_category; Type: TABLE DATA; Schema: public; Owner: odoo
--

COPY public.uom_category (id, create_uid, write_uid, name, create_date, write_date) FROM stdin;
1	1	1	{"en_US": "Unit", "es_ES": "Unidad"}	2026-04-08 08:34:23.145155	2026-04-08 08:34:23.145155
2	1	1	{"en_US": "Weight", "es_ES": "Peso"}	2026-04-08 08:34:23.145155	2026-04-08 08:34:23.145155
3	1	1	{"en_US": "Working Time", "es_ES": "Horario de trabajo"}	2026-04-08 08:34:23.145155	2026-04-08 08:34:23.145155
4	1	1	{"en_US": "Length / Distance", "es_ES": "Longitud / Distancia"}	2026-04-08 08:34:23.145155	2026-04-08 08:34:23.145155
5	1	1	{"en_US": "Surface", "es_ES": "Superficie"}	2026-04-08 08:34:23.145155	2026-04-08 08:34:23.145155
6	1	1	{"en_US": "Volume", "es_ES": "Volumen"}	2026-04-08 08:34:23.145155	2026-04-08 08:34:23.145155
7	1	1	{"en_US": "Energy", "es_ES": "Energía"}	2026-04-08 08:34:23.145155	2026-04-08 08:34:23.145155
\.


--
-- Data for Name: uom_uom; Type: TABLE DATA; Schema: public; Owner: odoo
--

COPY public.uom_uom (id, category_id, create_uid, write_uid, uom_type, name, factor, rounding, active, create_date, write_date, l10n_es_edi_facturae_uom_code) FROM stdin;
3	3	1	1	reference	{"en_US": "Days", "es_ES": "Días"}	1.0	0.01	t	2026-04-08 08:34:23.145155	2026-04-08 08:34:23.145155	05
28	7	1	1	reference	{"en_US": "KWH", "es_ES": "kWh"}	1.0	0.01	t	2026-04-08 08:34:23.145155	2026-04-08 08:34:23.145155	05
5	3	1	1	smaller	{"en_US": "Minutes", "es_ES": "Minutos"}	480.0	0.01	t	2026-04-08 08:34:23.145155	2026-04-08 08:34:23.145155	05
23	6	1	1	smaller	{"en_US": "fl oz (US)", "es_ES": "fl oz (EE. UU.)"}	33.814	0.01	t	2026-04-08 08:34:23.145155	2026-04-08 08:34:23.145155	05
19	4	1	1	smaller	{"en_US": "ft", "es_ES": "ft"}	3.28084	0.01	t	2026-04-08 08:34:23.145155	2026-04-08 08:34:23.145155	05
22	5	1	1	smaller	{"en_US": "ft²", "es_ES": "ft²"}	10.76391	0.01	t	2026-04-08 08:34:23.145155	2026-04-08 08:34:23.145155	05
27	6	1	1	bigger	{"en_US": "ft³", "es_ES": "ft³"}	0.035314724827664144	0.01	t	2026-04-08 08:34:23.145155	2026-04-08 08:34:23.145155	05
25	6	1	1	bigger	{"en_US": "gal (US)", "es_ES": "gal (EE. UU.)"}	0.26417217685798894	0.01	t	2026-04-08 08:34:23.145155	2026-04-08 08:34:23.145155	05
18	4	1	1	smaller	{"en_US": "in", "es_ES": "in"}	39.3701	0.01	t	2026-04-08 08:34:23.145155	2026-04-08 08:34:23.145155	05
6	4	1	1	reference	{"en_US": "m"}	1.0	0.01	t	2026-04-08 08:34:23.145155	2026-04-08 08:35:04.148936	25
11	6	1	1	reference	{"en_US": "L"}	1.0	0.01	t	2026-04-08 08:34:23.145155	2026-04-08 08:35:04.148936	04
14	2	1	1	smaller	{"en_US": "g"}	1000.0	0.01	t	2026-04-08 08:34:23.145155	2026-04-08 08:35:04.148936	21
15	2	1	1	bigger	{"en_US": "t"}	0.001	0.01	t	2026-04-08 08:34:23.145155	2026-04-08 08:35:04.148936	05
2	1	1	1	bigger	{"en_US": "Dozens", "es_ES": "Docenas"}	0.08333333333333333	0.01	t	2026-04-08 08:34:23.145155	2026-04-08 08:35:04.148936	18
4	3	1	1	smaller	{"en_US": "Hours", "es_ES": "Horas"}	8.0	0.01	t	2026-04-08 08:34:23.145155	2026-04-08 08:35:04.148936	02
1	1	1	1	reference	{"en_US": "Units", "es_ES": "Unidades"}	1.0	0.01	t	2026-04-08 08:34:23.145155	2026-04-08 08:35:04.148936	01
9	4	1	1	smaller	{"en_US": "cm", "es_ES": "cm"}	100.0	0.01	t	2026-04-08 08:34:23.145155	2026-04-08 08:35:04.148936	16
26	6	1	1	smaller	{"en_US": "in³", "es_ES": "in³"}	61.0237	0.01	t	2026-04-08 08:34:23.145155	2026-04-08 08:34:23.145155	05
16	2	1	1	smaller	{"en_US": "lb", "es_ES": "lb"}	2.20462	0.01	t	2026-04-08 08:34:23.145155	2026-04-08 08:34:23.145155	05
21	4	1	1	bigger	{"en_US": "mi", "es_ES": "mi"}	0.0006213727366498068	0.01	t	2026-04-08 08:34:23.145155	2026-04-08 08:34:23.145155	05
17	2	1	1	smaller	{"en_US": "oz", "es_ES": "oz"}	35.274	0.01	t	2026-04-08 08:34:23.145155	2026-04-08 08:34:23.145155	05
24	6	1	1	smaller	{"en_US": "qt (US)", "es_ES": "qt (EE. UU.)"}	1.05669	0.01	t	2026-04-08 08:34:23.145155	2026-04-08 08:34:23.145155	05
20	4	1	1	smaller	{"en_US": "yd", "es_ES": "yd"}	1.09361	0.01	t	2026-04-08 08:34:23.145155	2026-04-08 08:34:23.145155	05
13	2	1	1	reference	{"en_US": "kg", "es_ES": "kg"}	1.0	0.01	t	2026-04-08 08:34:23.145155	2026-04-08 08:35:04.148936	03
8	4	1	1	bigger	{"en_US": "km", "es_ES": "km"}	0.001	0.01	t	2026-04-08 08:34:23.145155	2026-04-08 08:35:04.148936	22
7	4	1	1	smaller	{"en_US": "mm", "es_ES": "mm"}	1000.0	0.01	t	2026-04-08 08:34:23.145155	2026-04-08 08:35:04.148936	26
10	5	1	1	reference	{"en_US": "m²", "es_ES": "m²"}	1.0	0.01	t	2026-04-08 08:34:23.145155	2026-04-08 08:35:04.148936	05
12	6	1	1	bigger	{"en_US": "m³", "es_ES": "m³"}	0.001	0.01	t	2026-04-08 08:34:23.145155	2026-04-08 08:35:04.148936	33
\.


--
-- Data for Name: update_product_attribute_value; Type: TABLE DATA; Schema: public; Owner: odoo
--

COPY public.update_product_attribute_value (id, attribute_value_id, create_uid, write_uid, mode, create_date, write_date) FROM stdin;
\.


--
-- Data for Name: utm_campaign; Type: TABLE DATA; Schema: public; Owner: odoo
--

COPY public.utm_campaign (id, user_id, stage_id, color, create_uid, write_uid, name, title, active, is_auto_campaign, create_date, write_date, company_id) FROM stdin;
\.


--
-- Data for Name: utm_medium; Type: TABLE DATA; Schema: public; Owner: odoo
--

COPY public.utm_medium (id, create_uid, write_uid, name, active, create_date, write_date) FROM stdin;
1	1	1	Website	t	2026-04-08 08:34:26.323112	2026-04-08 08:34:26.323112
2	1	1	Phone	t	2026-04-08 08:34:26.323112	2026-04-08 08:34:26.323112
3	1	1	Direct	t	2026-04-08 08:34:26.323112	2026-04-08 08:34:26.323112
4	1	1	Email	t	2026-04-08 08:34:26.323112	2026-04-08 08:34:26.323112
5	1	1	Banner	t	2026-04-08 08:34:26.323112	2026-04-08 08:34:26.323112
6	1	1	X	t	2026-04-08 08:34:26.323112	2026-04-08 08:34:26.323112
7	1	1	Facebook	t	2026-04-08 08:34:26.323112	2026-04-08 08:34:26.323112
8	1	1	LinkedIn	t	2026-04-08 08:34:26.323112	2026-04-08 08:34:26.323112
9	1	1	Television	t	2026-04-08 08:34:26.323112	2026-04-08 08:34:26.323112
10	1	1	Google Adwords	t	2026-04-08 08:34:26.323112	2026-04-08 08:34:26.323112
\.


--
-- Data for Name: utm_source; Type: TABLE DATA; Schema: public; Owner: odoo
--

COPY public.utm_source (id, create_uid, write_uid, name, create_date, write_date) FROM stdin;
1	1	1	Search engine	2026-04-08 08:34:26.323112	2026-04-08 08:34:26.323112
2	1	1	Lead Recall	2026-04-08 08:34:26.323112	2026-04-08 08:34:26.323112
3	1	1	Newsletter	2026-04-08 08:34:26.323112	2026-04-08 08:34:26.323112
4	1	1	Facebook	2026-04-08 08:34:26.323112	2026-04-08 08:34:26.323112
5	1	1	X	2026-04-08 08:34:26.323112	2026-04-08 08:34:26.323112
6	1	1	LinkedIn	2026-04-08 08:34:26.323112	2026-04-08 08:34:26.323112
7	1	1	Monster	2026-04-08 08:34:26.323112	2026-04-08 08:34:26.323112
8	1	1	Glassdoor	2026-04-08 08:34:26.323112	2026-04-08 08:34:26.323112
9	1	1	Craigslist	2026-04-08 08:34:26.323112	2026-04-08 08:34:26.323112
\.


--
-- Data for Name: utm_stage; Type: TABLE DATA; Schema: public; Owner: odoo
--

COPY public.utm_stage (id, sequence, create_uid, write_uid, name, create_date, write_date) FROM stdin;
1	10	1	1	{"en_US": "New", "es_ES": "Nuevo"}	2026-04-08 08:34:26.323112	2026-04-08 08:34:26.323112
\.


--
-- Data for Name: utm_tag; Type: TABLE DATA; Schema: public; Owner: odoo
--

COPY public.utm_tag (id, color, create_uid, write_uid, name, create_date, write_date) FROM stdin;
1	1	1	1	{"en_US": "Marketing", "es_ES": "Marketing"}	2026-04-08 08:34:26.323112	2026-04-08 08:34:26.323112
\.


--
-- Data for Name: utm_tag_rel; Type: TABLE DATA; Schema: public; Owner: odoo
--

COPY public.utm_tag_rel (tag_id, campaign_id) FROM stdin;
\.


--
-- Data for Name: validate_account_move; Type: TABLE DATA; Schema: public; Owner: odoo
--

COPY public.validate_account_move (id, create_uid, write_uid, force_post, ignore_abnormal_date, ignore_abnormal_amount, create_date, write_date) FROM stdin;
\.


--
-- Data for Name: web_editor_converter_test; Type: TABLE DATA; Schema: public; Owner: odoo
--

COPY public.web_editor_converter_test (id, "integer", many2one, create_uid, write_uid, "char", selection_str, date, html, text, "numeric", datetime, create_date, write_date, "float", "binary") FROM stdin;
\.


--
-- Data for Name: web_editor_converter_test_sub; Type: TABLE DATA; Schema: public; Owner: odoo
--

COPY public.web_editor_converter_test_sub (id, create_uid, write_uid, name, create_date, write_date) FROM stdin;
\.


--
-- Data for Name: web_tour_tour; Type: TABLE DATA; Schema: public; Owner: odoo
--

COPY public.web_tour_tour (id, sequence, create_uid, write_uid, name, url, rainbow_man_message, custom, create_date, write_date) FROM stdin;
1	2000	1	1	discuss_channel_tour	/odoo	{"en_US": "<span><b>Good job!</b> You went through all steps of this tour.</span>", "es_ES": "<span><b>¡Buen trabajo!</b> Pasó por todos los pasos de este recorrido.</span>"}	\N	2026-04-08 08:34:27.650619	2026-04-08 08:34:27.650619
2	60	1	1	account_tour	/odoo	{"en_US": "<span><b>Good job!</b> You went through all steps of this tour.</span>", "es_ES": "<span><b>¡Buen trabajo!</b> Pasó por todos los pasos de este recorrido.</span>"}	\N	2026-04-08 08:34:46.340378	2026-04-08 08:34:46.340378
3	20	1	1	sale_tour	/odoo	{"en_US": "<span><b>Congratulations</b>, your first quotation is sent!<br>Check your email to validate the quote.\\n        </span>", "es_ES": "<span><b>Felicidades</b>, envió su primer presupuesto.<br>Revise su correo electrónico para validarlo.\\n        </span>"}	\N	2026-04-08 08:35:00.749484	2026-04-08 08:35:00.749484
6	110	1	1	project_tour	/odoo	{"en_US": "<p>Congratulations, you are now a master of project management.</p>", "es_ES": "<p>Enhorabuena, ahora es usted un maestro de la gestión de proyectos.</p>"}	\N	2026-04-08 08:35:22.624638	2026-04-08 08:35:22.624638
7	10	1	1	crm_tour	/odoo	{"en_US": "<p>Congrats, best of luck catching such big fish! :)</p>", "es_ES": "<p>¡Felicidades! Este tipo de oportunidades no se ven diario, mucha suerte. :)</p>"}	\N	2026-04-08 08:38:57.179101	2026-04-08 08:38:57.179101
8	40	1	1	purchase_tour	/odoo	{"en_US": "<span><b>Good job!</b> You went through all steps of this tour.</span>", "es_ES": "<span><b>¡Buen trabajo!</b> Pasó por todos los pasos de este recorrido.</span>"}	\N	2026-04-14 08:54:03.289914	2026-04-14 08:54:03.289914
\.


--
-- Data for Name: web_tour_tour_step; Type: TABLE DATA; Schema: public; Owner: odoo
--

COPY public.web_tour_tour_step (id, tour_id, sequence, create_uid, write_uid, trigger, content, run, create_date, write_date) FROM stdin;
\.


--
-- Data for Name: wizard_ir_model_menu_create; Type: TABLE DATA; Schema: public; Owner: odoo
--

COPY public.wizard_ir_model_menu_create (id, menu_id, create_uid, write_uid, name, create_date, write_date) FROM stdin;
\.


--
-- Name: account_account_id_seq; Type: SEQUENCE SET; Schema: public; Owner: odoo
--

SELECT pg_catalog.setval('public.account_account_id_seq', 637, true);


--
-- Name: account_account_tag_id_seq; Type: SEQUENCE SET; Schema: public; Owner: odoo
--

SELECT pg_catalog.setval('public.account_account_tag_id_seq', 422, true);


--
-- Name: account_accrued_orders_wizard_id_seq; Type: SEQUENCE SET; Schema: public; Owner: odoo
--

SELECT pg_catalog.setval('public.account_accrued_orders_wizard_id_seq', 1, false);


--
-- Name: account_analytic_account_id_seq; Type: SEQUENCE SET; Schema: public; Owner: odoo
--

SELECT pg_catalog.setval('public.account_analytic_account_id_seq', 1, false);


--
-- Name: account_analytic_applicability_id_seq; Type: SEQUENCE SET; Schema: public; Owner: odoo
--

SELECT pg_catalog.setval('public.account_analytic_applicability_id_seq', 1, false);


--
-- Name: account_analytic_distribution_model_id_seq; Type: SEQUENCE SET; Schema: public; Owner: odoo
--

SELECT pg_catalog.setval('public.account_analytic_distribution_model_id_seq', 1, false);


--
-- Name: account_analytic_line_id_seq; Type: SEQUENCE SET; Schema: public; Owner: odoo
--

SELECT pg_catalog.setval('public.account_analytic_line_id_seq', 1, false);


--
-- Name: account_analytic_plan_id_seq; Type: SEQUENCE SET; Schema: public; Owner: odoo
--

SELECT pg_catalog.setval('public.account_analytic_plan_id_seq', 1, true);


--
-- Name: account_automatic_entry_wizard_id_seq; Type: SEQUENCE SET; Schema: public; Owner: odoo
--

SELECT pg_catalog.setval('public.account_automatic_entry_wizard_id_seq', 1, false);


--
-- Name: account_autopost_bills_wizard_id_seq; Type: SEQUENCE SET; Schema: public; Owner: odoo
--

SELECT pg_catalog.setval('public.account_autopost_bills_wizard_id_seq', 1, false);


--
-- Name: account_bank_statement_id_seq; Type: SEQUENCE SET; Schema: public; Owner: odoo
--

SELECT pg_catalog.setval('public.account_bank_statement_id_seq', 1, false);


--
-- Name: account_bank_statement_line_id_seq; Type: SEQUENCE SET; Schema: public; Owner: odoo
--

SELECT pg_catalog.setval('public.account_bank_statement_line_id_seq', 1, false);


--
-- Name: account_cash_rounding_id_seq; Type: SEQUENCE SET; Schema: public; Owner: odoo
--

SELECT pg_catalog.setval('public.account_cash_rounding_id_seq', 1, false);


--
-- Name: account_edi_proxy_client_user_id_seq; Type: SEQUENCE SET; Schema: public; Owner: odoo
--

SELECT pg_catalog.setval('public.account_edi_proxy_client_user_id_seq', 1, false);


--
-- Name: account_financial_year_op_id_seq; Type: SEQUENCE SET; Schema: public; Owner: odoo
--

SELECT pg_catalog.setval('public.account_financial_year_op_id_seq', 1, false);


--
-- Name: account_fiscal_position_account_id_seq; Type: SEQUENCE SET; Schema: public; Owner: odoo
--

SELECT pg_catalog.setval('public.account_fiscal_position_account_id_seq', 12, true);


--
-- Name: account_fiscal_position_id_seq; Type: SEQUENCE SET; Schema: public; Owner: odoo
--

SELECT pg_catalog.setval('public.account_fiscal_position_id_seq', 29, true);


--
-- Name: account_fiscal_position_tax_id_seq; Type: SEQUENCE SET; Schema: public; Owner: odoo
--

SELECT pg_catalog.setval('public.account_fiscal_position_tax_id_seq', 759, true);


--
-- Name: account_full_reconcile_id_seq; Type: SEQUENCE SET; Schema: public; Owner: odoo
--

SELECT pg_catalog.setval('public.account_full_reconcile_id_seq', 1, false);


--
-- Name: account_group_id_seq; Type: SEQUENCE SET; Schema: public; Owner: odoo
--

SELECT pg_catalog.setval('public.account_group_id_seq', 930, true);


--
-- Name: account_incoterms_id_seq; Type: SEQUENCE SET; Schema: public; Owner: odoo
--

SELECT pg_catalog.setval('public.account_incoterms_id_seq', 11, true);


--
-- Name: account_journal_group_id_seq; Type: SEQUENCE SET; Schema: public; Owner: odoo
--

SELECT pg_catalog.setval('public.account_journal_group_id_seq', 1, false);


--
-- Name: account_journal_id_seq; Type: SEQUENCE SET; Schema: public; Owner: odoo
--

SELECT pg_catalog.setval('public.account_journal_id_seq', 8, true);


--
-- Name: account_lock_exception_id_seq; Type: SEQUENCE SET; Schema: public; Owner: odoo
--

SELECT pg_catalog.setval('public.account_lock_exception_id_seq', 1, false);


--
-- Name: account_merge_wizard_id_seq; Type: SEQUENCE SET; Schema: public; Owner: odoo
--

SELECT pg_catalog.setval('public.account_merge_wizard_id_seq', 1, false);


--
-- Name: account_merge_wizard_line_id_seq; Type: SEQUENCE SET; Schema: public; Owner: odoo
--

SELECT pg_catalog.setval('public.account_merge_wizard_line_id_seq', 1, false);


--
-- Name: account_move_id_seq; Type: SEQUENCE SET; Schema: public; Owner: odoo
--

SELECT pg_catalog.setval('public.account_move_id_seq', 3, true);


--
-- Name: account_move_line_id_seq; Type: SEQUENCE SET; Schema: public; Owner: odoo
--

SELECT pg_catalog.setval('public.account_move_line_id_seq', 9, true);


--
-- Name: account_move_reversal_id_seq; Type: SEQUENCE SET; Schema: public; Owner: odoo
--

SELECT pg_catalog.setval('public.account_move_reversal_id_seq', 1, false);


--
-- Name: account_move_send_batch_wizard_id_seq; Type: SEQUENCE SET; Schema: public; Owner: odoo
--

SELECT pg_catalog.setval('public.account_move_send_batch_wizard_id_seq', 1, false);


--
-- Name: account_move_send_wizard_id_seq; Type: SEQUENCE SET; Schema: public; Owner: odoo
--

SELECT pg_catalog.setval('public.account_move_send_wizard_id_seq', 1, false);


--
-- Name: account_partial_reconcile_id_seq; Type: SEQUENCE SET; Schema: public; Owner: odoo
--

SELECT pg_catalog.setval('public.account_partial_reconcile_id_seq', 1, false);


--
-- Name: account_payment_id_seq; Type: SEQUENCE SET; Schema: public; Owner: odoo
--

SELECT pg_catalog.setval('public.account_payment_id_seq', 1, false);


--
-- Name: account_payment_method_id_seq; Type: SEQUENCE SET; Schema: public; Owner: odoo
--

SELECT pg_catalog.setval('public.account_payment_method_id_seq', 2, true);


--
-- Name: account_payment_method_line_id_seq; Type: SEQUENCE SET; Schema: public; Owner: odoo
--

SELECT pg_catalog.setval('public.account_payment_method_line_id_seq', 4, true);


--
-- Name: account_payment_register_id_seq; Type: SEQUENCE SET; Schema: public; Owner: odoo
--

SELECT pg_catalog.setval('public.account_payment_register_id_seq', 1, false);


--
-- Name: account_payment_term_id_seq; Type: SEQUENCE SET; Schema: public; Owner: odoo
--

SELECT pg_catalog.setval('public.account_payment_term_id_seq', 10, true);


--
-- Name: account_payment_term_line_id_seq; Type: SEQUENCE SET; Schema: public; Owner: odoo
--

SELECT pg_catalog.setval('public.account_payment_term_line_id_seq', 11, true);


--
-- Name: account_peppol_clarification_id_seq; Type: SEQUENCE SET; Schema: public; Owner: odoo
--

SELECT pg_catalog.setval('public.account_peppol_clarification_id_seq', 21, true);


--
-- Name: account_peppol_rejection_wizard_id_seq; Type: SEQUENCE SET; Schema: public; Owner: odoo
--

SELECT pg_catalog.setval('public.account_peppol_rejection_wizard_id_seq', 1, false);


--
-- Name: account_peppol_response_id_seq; Type: SEQUENCE SET; Schema: public; Owner: odoo
--

SELECT pg_catalog.setval('public.account_peppol_response_id_seq', 1, false);


--
-- Name: account_peppol_service_id_seq; Type: SEQUENCE SET; Schema: public; Owner: odoo
--

SELECT pg_catalog.setval('public.account_peppol_service_id_seq', 1, false);


--
-- Name: account_peppol_service_wizard_id_seq; Type: SEQUENCE SET; Schema: public; Owner: odoo
--

SELECT pg_catalog.setval('public.account_peppol_service_wizard_id_seq', 1, false);


--
-- Name: account_reconcile_model_id_seq; Type: SEQUENCE SET; Schema: public; Owner: odoo
--

SELECT pg_catalog.setval('public.account_reconcile_model_id_seq', 4, true);


--
-- Name: account_reconcile_model_line_id_seq; Type: SEQUENCE SET; Schema: public; Owner: odoo
--

SELECT pg_catalog.setval('public.account_reconcile_model_line_id_seq', 2, true);


--
-- Name: account_reconcile_model_partner_mapping_id_seq; Type: SEQUENCE SET; Schema: public; Owner: odoo
--

SELECT pg_catalog.setval('public.account_reconcile_model_partner_mapping_id_seq', 1, false);


--
-- Name: account_report_column_id_seq; Type: SEQUENCE SET; Schema: public; Owner: odoo
--

SELECT pg_catalog.setval('public.account_report_column_id_seq', 18, true);


--
-- Name: account_report_expression_id_seq; Type: SEQUENCE SET; Schema: public; Owner: odoo
--

SELECT pg_catalog.setval('public.account_report_expression_id_seq', 493, true);


--
-- Name: account_report_external_value_id_seq; Type: SEQUENCE SET; Schema: public; Owner: odoo
--

SELECT pg_catalog.setval('public.account_report_external_value_id_seq', 1, false);


--
-- Name: account_report_id_seq; Type: SEQUENCE SET; Schema: public; Owner: odoo
--

SELECT pg_catalog.setval('public.account_report_id_seq', 15, true);


--
-- Name: account_report_line_id_seq; Type: SEQUENCE SET; Schema: public; Owner: odoo
--

SELECT pg_catalog.setval('public.account_report_line_id_seq', 588, true);


--
-- Name: account_resequence_wizard_id_seq; Type: SEQUENCE SET; Schema: public; Owner: odoo
--

SELECT pg_catalog.setval('public.account_resequence_wizard_id_seq', 1, false);


--
-- Name: account_secure_entries_wizard_id_seq; Type: SEQUENCE SET; Schema: public; Owner: odoo
--

SELECT pg_catalog.setval('public.account_secure_entries_wizard_id_seq', 1, false);


--
-- Name: account_setup_bank_manual_config_id_seq; Type: SEQUENCE SET; Schema: public; Owner: odoo
--

SELECT pg_catalog.setval('public.account_setup_bank_manual_config_id_seq', 1, false);


--
-- Name: account_tax_group_id_seq; Type: SEQUENCE SET; Schema: public; Owner: odoo
--

SELECT pg_catalog.setval('public.account_tax_group_id_seq', 32, true);


--
-- Name: account_tax_id_seq; Type: SEQUENCE SET; Schema: public; Owner: odoo
--

SELECT pg_catalog.setval('public.account_tax_id_seq', 168, true);


--
-- Name: account_tax_repartition_line_id_seq; Type: SEQUENCE SET; Schema: public; Owner: odoo
--

SELECT pg_catalog.setval('public.account_tax_repartition_line_id_seq', 728, true);


--
-- Name: auth_totp_device_id_seq; Type: SEQUENCE SET; Schema: public; Owner: odoo
--

SELECT pg_catalog.setval('public.auth_totp_device_id_seq', 1, false);


--
-- Name: auth_totp_wizard_id_seq; Type: SEQUENCE SET; Schema: public; Owner: odoo
--

SELECT pg_catalog.setval('public.auth_totp_wizard_id_seq', 1, false);


--
-- Name: barcode_nomenclature_id_seq; Type: SEQUENCE SET; Schema: public; Owner: odoo
--

SELECT pg_catalog.setval('public.barcode_nomenclature_id_seq', 2, true);


--
-- Name: barcode_rule_id_seq; Type: SEQUENCE SET; Schema: public; Owner: odoo
--

SELECT pg_catalog.setval('public.barcode_rule_id_seq', 34, true);


--
-- Name: base_cache_signaling_assets; Type: SEQUENCE SET; Schema: public; Owner: odoo
--

SELECT pg_catalog.setval('public.base_cache_signaling_assets', 1, true);


--
-- Name: base_cache_signaling_default; Type: SEQUENCE SET; Schema: public; Owner: odoo
--

SELECT pg_catalog.setval('public.base_cache_signaling_default', 126, true);


--
-- Name: base_cache_signaling_groups; Type: SEQUENCE SET; Schema: public; Owner: odoo
--

SELECT pg_catalog.setval('public.base_cache_signaling_groups', 1, true);


--
-- Name: base_cache_signaling_routing; Type: SEQUENCE SET; Schema: public; Owner: odoo
--

SELECT pg_catalog.setval('public.base_cache_signaling_routing', 1, true);


--
-- Name: base_cache_signaling_templates; Type: SEQUENCE SET; Schema: public; Owner: odoo
--

SELECT pg_catalog.setval('public.base_cache_signaling_templates', 1, true);


--
-- Name: base_document_layout_id_seq; Type: SEQUENCE SET; Schema: public; Owner: odoo
--

SELECT pg_catalog.setval('public.base_document_layout_id_seq', 1, false);


--
-- Name: base_enable_profiling_wizard_id_seq; Type: SEQUENCE SET; Schema: public; Owner: odoo
--

SELECT pg_catalog.setval('public.base_enable_profiling_wizard_id_seq', 1, false);


--
-- Name: base_import_import_id_seq; Type: SEQUENCE SET; Schema: public; Owner: odoo
--

SELECT pg_catalog.setval('public.base_import_import_id_seq', 15, true);


--
-- Name: base_import_mapping_id_seq; Type: SEQUENCE SET; Schema: public; Owner: odoo
--

SELECT pg_catalog.setval('public.base_import_mapping_id_seq', 20, true);


--
-- Name: base_import_module_id_seq; Type: SEQUENCE SET; Schema: public; Owner: odoo
--

SELECT pg_catalog.setval('public.base_import_module_id_seq', 1, false);


--
-- Name: base_language_export_id_seq; Type: SEQUENCE SET; Schema: public; Owner: odoo
--

SELECT pg_catalog.setval('public.base_language_export_id_seq', 1, false);


--
-- Name: base_language_import_id_seq; Type: SEQUENCE SET; Schema: public; Owner: odoo
--

SELECT pg_catalog.setval('public.base_language_import_id_seq', 1, false);


--
-- Name: base_language_install_id_seq; Type: SEQUENCE SET; Schema: public; Owner: odoo
--

SELECT pg_catalog.setval('public.base_language_install_id_seq', 1, true);


--
-- Name: base_module_install_request_id_seq; Type: SEQUENCE SET; Schema: public; Owner: odoo
--

SELECT pg_catalog.setval('public.base_module_install_request_id_seq', 1, false);


--
-- Name: base_module_install_review_id_seq; Type: SEQUENCE SET; Schema: public; Owner: odoo
--

SELECT pg_catalog.setval('public.base_module_install_review_id_seq', 1, false);


--
-- Name: base_module_uninstall_id_seq; Type: SEQUENCE SET; Schema: public; Owner: odoo
--

SELECT pg_catalog.setval('public.base_module_uninstall_id_seq', 5, true);


--
-- Name: base_module_update_id_seq; Type: SEQUENCE SET; Schema: public; Owner: odoo
--

SELECT pg_catalog.setval('public.base_module_update_id_seq', 1, false);


--
-- Name: base_module_upgrade_id_seq; Type: SEQUENCE SET; Schema: public; Owner: odoo
--

SELECT pg_catalog.setval('public.base_module_upgrade_id_seq', 1, false);


--
-- Name: base_partner_merge_automatic_wizard_id_seq; Type: SEQUENCE SET; Schema: public; Owner: odoo
--

SELECT pg_catalog.setval('public.base_partner_merge_automatic_wizard_id_seq', 1, false);


--
-- Name: base_partner_merge_line_id_seq; Type: SEQUENCE SET; Schema: public; Owner: odoo
--

SELECT pg_catalog.setval('public.base_partner_merge_line_id_seq', 1, false);


--
-- Name: base_registry_signaling; Type: SEQUENCE SET; Schema: public; Owner: odoo
--

SELECT pg_catalog.setval('public.base_registry_signaling', 20, true);


--
-- Name: bill_to_po_wizard_id_seq; Type: SEQUENCE SET; Schema: public; Owner: odoo
--

SELECT pg_catalog.setval('public.bill_to_po_wizard_id_seq', 1, false);


--
-- Name: bus_bus_id_seq; Type: SEQUENCE SET; Schema: public; Owner: odoo
--

SELECT pg_catalog.setval('public.bus_bus_id_seq', 2227, true);


--
-- Name: bus_presence_id_seq; Type: SEQUENCE SET; Schema: public; Owner: odoo
--

SELECT pg_catalog.setval('public.bus_presence_id_seq', 80, true);


--
-- Name: calendar_alarm_id_seq; Type: SEQUENCE SET; Schema: public; Owner: odoo
--

SELECT pg_catalog.setval('public.calendar_alarm_id_seq', 7, true);


--
-- Name: calendar_attendee_id_seq; Type: SEQUENCE SET; Schema: public; Owner: odoo
--

SELECT pg_catalog.setval('public.calendar_attendee_id_seq', 1, false);


--
-- Name: calendar_event_id_seq; Type: SEQUENCE SET; Schema: public; Owner: odoo
--

SELECT pg_catalog.setval('public.calendar_event_id_seq', 1, false);


--
-- Name: calendar_event_type_id_seq; Type: SEQUENCE SET; Schema: public; Owner: odoo
--

SELECT pg_catalog.setval('public.calendar_event_type_id_seq', 1, false);


--
-- Name: calendar_filters_id_seq; Type: SEQUENCE SET; Schema: public; Owner: odoo
--

SELECT pg_catalog.setval('public.calendar_filters_id_seq', 1, false);


--
-- Name: calendar_popover_delete_wizard_id_seq; Type: SEQUENCE SET; Schema: public; Owner: odoo
--

SELECT pg_catalog.setval('public.calendar_popover_delete_wizard_id_seq', 1, false);


--
-- Name: calendar_provider_config_id_seq; Type: SEQUENCE SET; Schema: public; Owner: odoo
--

SELECT pg_catalog.setval('public.calendar_provider_config_id_seq', 1, false);


--
-- Name: calendar_recurrence_id_seq; Type: SEQUENCE SET; Schema: public; Owner: odoo
--

SELECT pg_catalog.setval('public.calendar_recurrence_id_seq', 1, false);


--
-- Name: certificate_certificate_id_seq; Type: SEQUENCE SET; Schema: public; Owner: odoo
--

SELECT pg_catalog.setval('public.certificate_certificate_id_seq', 1, false);


--
-- Name: certificate_key_id_seq; Type: SEQUENCE SET; Schema: public; Owner: odoo
--

SELECT pg_catalog.setval('public.certificate_key_id_seq', 1, false);


--
-- Name: change_password_own_id_seq; Type: SEQUENCE SET; Schema: public; Owner: odoo
--

SELECT pg_catalog.setval('public.change_password_own_id_seq', 6, true);


--
-- Name: change_password_user_id_seq; Type: SEQUENCE SET; Schema: public; Owner: odoo
--

SELECT pg_catalog.setval('public.change_password_user_id_seq', 43, true);


--
-- Name: change_password_wizard_id_seq; Type: SEQUENCE SET; Schema: public; Owner: odoo
--

SELECT pg_catalog.setval('public.change_password_wizard_id_seq', 43, true);


--
-- Name: change_production_qty_id_seq; Type: SEQUENCE SET; Schema: public; Owner: odoo
--

SELECT pg_catalog.setval('public.change_production_qty_id_seq', 1, false);


--
-- Name: confirm_stock_sms_id_seq; Type: SEQUENCE SET; Schema: public; Owner: odoo
--

SELECT pg_catalog.setval('public.confirm_stock_sms_id_seq', 1, false);


--
-- Name: crm_iap_lead_helpers_id_seq; Type: SEQUENCE SET; Schema: public; Owner: odoo
--

SELECT pg_catalog.setval('public.crm_iap_lead_helpers_id_seq', 1, false);


--
-- Name: crm_iap_lead_industry_id_seq; Type: SEQUENCE SET; Schema: public; Owner: odoo
--

SELECT pg_catalog.setval('public.crm_iap_lead_industry_id_seq', 23, true);


--
-- Name: crm_iap_lead_mining_request_id_seq; Type: SEQUENCE SET; Schema: public; Owner: odoo
--

SELECT pg_catalog.setval('public.crm_iap_lead_mining_request_id_seq', 1, false);


--
-- Name: crm_iap_lead_role_id_seq; Type: SEQUENCE SET; Schema: public; Owner: odoo
--

SELECT pg_catalog.setval('public.crm_iap_lead_role_id_seq', 22, true);


--
-- Name: crm_iap_lead_seniority_id_seq; Type: SEQUENCE SET; Schema: public; Owner: odoo
--

SELECT pg_catalog.setval('public.crm_iap_lead_seniority_id_seq', 3, true);


--
-- Name: crm_lead2opportunity_partner_id_seq; Type: SEQUENCE SET; Schema: public; Owner: odoo
--

SELECT pg_catalog.setval('public.crm_lead2opportunity_partner_id_seq', 1, false);


--
-- Name: crm_lead2opportunity_partner_mass_id_seq; Type: SEQUENCE SET; Schema: public; Owner: odoo
--

SELECT pg_catalog.setval('public.crm_lead2opportunity_partner_mass_id_seq', 1, false);


--
-- Name: crm_lead_id_seq; Type: SEQUENCE SET; Schema: public; Owner: odoo
--

SELECT pg_catalog.setval('public.crm_lead_id_seq', 2, true);


--
-- Name: crm_lead_lost_id_seq; Type: SEQUENCE SET; Schema: public; Owner: odoo
--

SELECT pg_catalog.setval('public.crm_lead_lost_id_seq', 1, false);


--
-- Name: crm_lead_pls_update_id_seq; Type: SEQUENCE SET; Schema: public; Owner: odoo
--

SELECT pg_catalog.setval('public.crm_lead_pls_update_id_seq', 1, false);


--
-- Name: crm_lead_scoring_frequency_field_id_seq; Type: SEQUENCE SET; Schema: public; Owner: odoo
--

SELECT pg_catalog.setval('public.crm_lead_scoring_frequency_field_id_seq', 7, true);


--
-- Name: crm_lead_scoring_frequency_id_seq; Type: SEQUENCE SET; Schema: public; Owner: odoo
--

SELECT pg_catalog.setval('public.crm_lead_scoring_frequency_id_seq', 1, false);


--
-- Name: crm_lost_reason_id_seq; Type: SEQUENCE SET; Schema: public; Owner: odoo
--

SELECT pg_catalog.setval('public.crm_lost_reason_id_seq', 3, true);


--
-- Name: crm_merge_opportunity_id_seq; Type: SEQUENCE SET; Schema: public; Owner: odoo
--

SELECT pg_catalog.setval('public.crm_merge_opportunity_id_seq', 1, false);


--
-- Name: crm_quotation_partner_id_seq; Type: SEQUENCE SET; Schema: public; Owner: odoo
--

SELECT pg_catalog.setval('public.crm_quotation_partner_id_seq', 1, false);


--
-- Name: crm_recurring_plan_id_seq; Type: SEQUENCE SET; Schema: public; Owner: odoo
--

SELECT pg_catalog.setval('public.crm_recurring_plan_id_seq', 4, true);


--
-- Name: crm_stage_id_seq; Type: SEQUENCE SET; Schema: public; Owner: odoo
--

SELECT pg_catalog.setval('public.crm_stage_id_seq', 4, true);


--
-- Name: crm_tag_id_seq; Type: SEQUENCE SET; Schema: public; Owner: odoo
--

SELECT pg_catalog.setval('public.crm_tag_id_seq', 1, false);


--
-- Name: crm_team_id_seq; Type: SEQUENCE SET; Schema: public; Owner: odoo
--

SELECT pg_catalog.setval('public.crm_team_id_seq', 3, true);


--
-- Name: crm_team_member_id_seq; Type: SEQUENCE SET; Schema: public; Owner: odoo
--

SELECT pg_catalog.setval('public.crm_team_member_id_seq', 1, true);


--
-- Name: decimal_precision_id_seq; Type: SEQUENCE SET; Schema: public; Owner: odoo
--

SELECT pg_catalog.setval('public.decimal_precision_id_seq', 7, true);


--
-- Name: digest_digest_id_seq; Type: SEQUENCE SET; Schema: public; Owner: odoo
--

SELECT pg_catalog.setval('public.digest_digest_id_seq', 1, true);


--
-- Name: digest_tip_id_seq; Type: SEQUENCE SET; Schema: public; Owner: odoo
--

SELECT pg_catalog.setval('public.digest_tip_id_seq', 30, true);


--
-- Name: discuss_channel_id_seq; Type: SEQUENCE SET; Schema: public; Owner: odoo
--

SELECT pg_catalog.setval('public.discuss_channel_id_seq', 25, true);


--
-- Name: discuss_channel_member_id_seq; Type: SEQUENCE SET; Schema: public; Owner: odoo
--

SELECT pg_catalog.setval('public.discuss_channel_member_id_seq', 78, true);


--
-- Name: discuss_channel_rtc_session_id_seq; Type: SEQUENCE SET; Schema: public; Owner: odoo
--

SELECT pg_catalog.setval('public.discuss_channel_rtc_session_id_seq', 1, false);


--
-- Name: discuss_gif_favorite_id_seq; Type: SEQUENCE SET; Schema: public; Owner: odoo
--

SELECT pg_catalog.setval('public.discuss_gif_favorite_id_seq', 1, false);


--
-- Name: discuss_voice_metadata_id_seq; Type: SEQUENCE SET; Schema: public; Owner: odoo
--

SELECT pg_catalog.setval('public.discuss_voice_metadata_id_seq', 1, false);


--
-- Name: fetchmail_server_id_seq; Type: SEQUENCE SET; Schema: public; Owner: odoo
--

SELECT pg_catalog.setval('public.fetchmail_server_id_seq', 1, false);


--
-- Name: gamification_badge_id_seq; Type: SEQUENCE SET; Schema: public; Owner: odoo
--

SELECT pg_catalog.setval('public.gamification_badge_id_seq', 4, true);


--
-- Name: gamification_badge_user_id_seq; Type: SEQUENCE SET; Schema: public; Owner: odoo
--

SELECT pg_catalog.setval('public.gamification_badge_user_id_seq', 1, false);


--
-- Name: gamification_badge_user_wizard_id_seq; Type: SEQUENCE SET; Schema: public; Owner: odoo
--

SELECT pg_catalog.setval('public.gamification_badge_user_wizard_id_seq', 1, false);


--
-- Name: gamification_challenge_id_seq; Type: SEQUENCE SET; Schema: public; Owner: odoo
--

SELECT pg_catalog.setval('public.gamification_challenge_id_seq', 4, true);


--
-- Name: gamification_challenge_line_id_seq; Type: SEQUENCE SET; Schema: public; Owner: odoo
--

SELECT pg_catalog.setval('public.gamification_challenge_line_id_seq', 8, true);


--
-- Name: gamification_goal_definition_id_seq; Type: SEQUENCE SET; Schema: public; Owner: odoo
--

SELECT pg_catalog.setval('public.gamification_goal_definition_id_seq', 14, true);


--
-- Name: gamification_goal_id_seq; Type: SEQUENCE SET; Schema: public; Owner: odoo
--

SELECT pg_catalog.setval('public.gamification_goal_id_seq', 45, true);


--
-- Name: gamification_goal_wizard_id_seq; Type: SEQUENCE SET; Schema: public; Owner: odoo
--

SELECT pg_catalog.setval('public.gamification_goal_wizard_id_seq', 1, false);


--
-- Name: gamification_karma_rank_id_seq; Type: SEQUENCE SET; Schema: public; Owner: odoo
--

SELECT pg_catalog.setval('public.gamification_karma_rank_id_seq', 5, true);


--
-- Name: gamification_karma_tracking_id_seq; Type: SEQUENCE SET; Schema: public; Owner: odoo
--

SELECT pg_catalog.setval('public.gamification_karma_tracking_id_seq', 2, true);


--
-- Name: hr_contract_type_id_seq; Type: SEQUENCE SET; Schema: public; Owner: odoo
--

SELECT pg_catalog.setval('public.hr_contract_type_id_seq', 10, true);


--
-- Name: hr_department_id_seq; Type: SEQUENCE SET; Schema: public; Owner: odoo
--

SELECT pg_catalog.setval('public.hr_department_id_seq', 12, true);


--
-- Name: hr_departure_reason_id_seq; Type: SEQUENCE SET; Schema: public; Owner: odoo
--

SELECT pg_catalog.setval('public.hr_departure_reason_id_seq', 3, true);


--
-- Name: hr_departure_wizard_id_seq; Type: SEQUENCE SET; Schema: public; Owner: odoo
--

SELECT pg_catalog.setval('public.hr_departure_wizard_id_seq', 1, false);


--
-- Name: hr_employee_category_id_seq; Type: SEQUENCE SET; Schema: public; Owner: odoo
--

SELECT pg_catalog.setval('public.hr_employee_category_id_seq', 1, false);


--
-- Name: hr_employee_cv_wizard_id_seq; Type: SEQUENCE SET; Schema: public; Owner: odoo
--

SELECT pg_catalog.setval('public.hr_employee_cv_wizard_id_seq', 1, false);


--
-- Name: hr_employee_id_seq; Type: SEQUENCE SET; Schema: public; Owner: odoo
--

SELECT pg_catalog.setval('public.hr_employee_id_seq', 28, true);


--
-- Name: hr_employee_skill_id_seq; Type: SEQUENCE SET; Schema: public; Owner: odoo
--

SELECT pg_catalog.setval('public.hr_employee_skill_id_seq', 172, true);


--
-- Name: hr_employee_skill_log_id_seq; Type: SEQUENCE SET; Schema: public; Owner: odoo
--

SELECT pg_catalog.setval('public.hr_employee_skill_log_id_seq', 190, true);


--
-- Name: hr_job_id_seq; Type: SEQUENCE SET; Schema: public; Owner: odoo
--

SELECT pg_catalog.setval('public.hr_job_id_seq', 11, true);


--
-- Name: hr_resume_line_id_seq; Type: SEQUENCE SET; Schema: public; Owner: odoo
--

SELECT pg_catalog.setval('public.hr_resume_line_id_seq', 115, true);


--
-- Name: hr_resume_line_type_id_seq; Type: SEQUENCE SET; Schema: public; Owner: odoo
--

SELECT pg_catalog.setval('public.hr_resume_line_type_id_seq', 5, true);


--
-- Name: hr_skill_id_seq; Type: SEQUENCE SET; Schema: public; Owner: odoo
--

SELECT pg_catalog.setval('public.hr_skill_id_seq', 36, true);


--
-- Name: hr_skill_level_id_seq; Type: SEQUENCE SET; Schema: public; Owner: odoo
--

SELECT pg_catalog.setval('public.hr_skill_level_id_seq', 11, true);


--
-- Name: hr_skill_type_id_seq; Type: SEQUENCE SET; Schema: public; Owner: odoo
--

SELECT pg_catalog.setval('public.hr_skill_type_id_seq', 2, true);


--
-- Name: hr_work_location_id_seq; Type: SEQUENCE SET; Schema: public; Owner: odoo
--

SELECT pg_catalog.setval('public.hr_work_location_id_seq', 3, true);


--
-- Name: iap_account_id_seq; Type: SEQUENCE SET; Schema: public; Owner: odoo
--

SELECT pg_catalog.setval('public.iap_account_id_seq', 3, true);


--
-- Name: iap_service_id_seq; Type: SEQUENCE SET; Schema: public; Owner: odoo
--

SELECT pg_catalog.setval('public.iap_service_id_seq', 4, true);


--
-- Name: ir_act_window_view_id_seq; Type: SEQUENCE SET; Schema: public; Owner: odoo
--

SELECT pg_catalog.setval('public.ir_act_window_view_id_seq', 229, true);


--
-- Name: ir_actions_id_seq; Type: SEQUENCE SET; Schema: public; Owner: odoo
--

SELECT pg_catalog.setval('public.ir_actions_id_seq', 767, true);


--
-- Name: ir_actions_todo_id_seq; Type: SEQUENCE SET; Schema: public; Owner: odoo
--

SELECT pg_catalog.setval('public.ir_actions_todo_id_seq', 2, true);


--
-- Name: ir_asset_id_seq; Type: SEQUENCE SET; Schema: public; Owner: odoo
--

SELECT pg_catalog.setval('public.ir_asset_id_seq', 8, true);


--
-- Name: ir_attachment_id_seq; Type: SEQUENCE SET; Schema: public; Owner: odoo
--

SELECT pg_catalog.setval('public.ir_attachment_id_seq', 1059, true);


--
-- Name: ir_config_parameter_id_seq; Type: SEQUENCE SET; Schema: public; Owner: odoo
--

SELECT pg_catalog.setval('public.ir_config_parameter_id_seq', 34, true);


--
-- Name: ir_cron_id_seq; Type: SEQUENCE SET; Schema: public; Owner: odoo
--

SELECT pg_catalog.setval('public.ir_cron_id_seq', 39, true);


--
-- Name: ir_cron_progress_id_seq; Type: SEQUENCE SET; Schema: public; Owner: odoo
--

SELECT pg_catalog.setval('public.ir_cron_progress_id_seq', 2466, true);


--
-- Name: ir_cron_trigger_id_seq; Type: SEQUENCE SET; Schema: public; Owner: odoo
--

SELECT pg_catalog.setval('public.ir_cron_trigger_id_seq', 12, true);


--
-- Name: ir_default_id_seq; Type: SEQUENCE SET; Schema: public; Owner: odoo
--

SELECT pg_catalog.setval('public.ir_default_id_seq', 20, true);


--
-- Name: ir_demo_failure_id_seq; Type: SEQUENCE SET; Schema: public; Owner: odoo
--

SELECT pg_catalog.setval('public.ir_demo_failure_id_seq', 1, false);


--
-- Name: ir_demo_failure_wizard_id_seq; Type: SEQUENCE SET; Schema: public; Owner: odoo
--

SELECT pg_catalog.setval('public.ir_demo_failure_wizard_id_seq', 1, false);


--
-- Name: ir_demo_id_seq; Type: SEQUENCE SET; Schema: public; Owner: odoo
--

SELECT pg_catalog.setval('public.ir_demo_id_seq', 1, false);


--
-- Name: ir_embedded_actions_id_seq; Type: SEQUENCE SET; Schema: public; Owner: odoo
--

SELECT pg_catalog.setval('public.ir_embedded_actions_id_seq', 14, true);


--
-- Name: ir_exports_id_seq; Type: SEQUENCE SET; Schema: public; Owner: odoo
--

SELECT pg_catalog.setval('public.ir_exports_id_seq', 2, true);


--
-- Name: ir_exports_line_id_seq; Type: SEQUENCE SET; Schema: public; Owner: odoo
--

SELECT pg_catalog.setval('public.ir_exports_line_id_seq', 18, true);


--
-- Name: ir_filters_id_seq; Type: SEQUENCE SET; Schema: public; Owner: odoo
--

SELECT pg_catalog.setval('public.ir_filters_id_seq', 6, true);


--
-- Name: ir_logging_id_seq; Type: SEQUENCE SET; Schema: public; Owner: odoo
--

SELECT pg_catalog.setval('public.ir_logging_id_seq', 1, false);


--
-- Name: ir_mail_server_id_seq; Type: SEQUENCE SET; Schema: public; Owner: odoo
--

SELECT pg_catalog.setval('public.ir_mail_server_id_seq', 1, false);


--
-- Name: ir_model_access_id_seq; Type: SEQUENCE SET; Schema: public; Owner: odoo
--

SELECT pg_catalog.setval('public.ir_model_access_id_seq', 1131, true);


--
-- Name: ir_model_constraint_id_seq; Type: SEQUENCE SET; Schema: public; Owner: odoo
--

SELECT pg_catalog.setval('public.ir_model_constraint_id_seq', 2838, true);


--
-- Name: ir_model_data_id_seq; Type: SEQUENCE SET; Schema: public; Owner: odoo
--

SELECT pg_catalog.setval('public.ir_model_data_id_seq', 76428, true);


--
-- Name: ir_model_fields_id_seq; Type: SEQUENCE SET; Schema: public; Owner: odoo
--

SELECT pg_catalog.setval('public.ir_model_fields_id_seq', 12568, true);


--
-- Name: ir_model_fields_selection_id_seq; Type: SEQUENCE SET; Schema: public; Owner: odoo
--

SELECT pg_catalog.setval('public.ir_model_fields_selection_id_seq', 2757, true);


--
-- Name: ir_model_id_seq; Type: SEQUENCE SET; Schema: public; Owner: odoo
--

SELECT pg_catalog.setval('public.ir_model_id_seq', 787, true);


--
-- Name: ir_model_inherit_id_seq; Type: SEQUENCE SET; Schema: public; Owner: odoo
--

SELECT pg_catalog.setval('public.ir_model_inherit_id_seq', 293, true);


--
-- Name: ir_model_relation_id_seq; Type: SEQUENCE SET; Schema: public; Owner: odoo
--

SELECT pg_catalog.setval('public.ir_model_relation_id_seq', 233, true);


--
-- Name: ir_module_category_id_seq; Type: SEQUENCE SET; Schema: public; Owner: odoo
--

SELECT pg_catalog.setval('public.ir_module_category_id_seq', 101, true);


--
-- Name: ir_module_module_dependency_id_seq; Type: SEQUENCE SET; Schema: public; Owner: odoo
--

SELECT pg_catalog.setval('public.ir_module_module_dependency_id_seq', 1388, true);


--
-- Name: ir_module_module_exclusion_id_seq; Type: SEQUENCE SET; Schema: public; Owner: odoo
--

SELECT pg_catalog.setval('public.ir_module_module_exclusion_id_seq', 1, false);


--
-- Name: ir_module_module_id_seq; Type: SEQUENCE SET; Schema: public; Owner: odoo
--

SELECT pg_catalog.setval('public.ir_module_module_id_seq', 700, true);


--
-- Name: ir_profile_id_seq; Type: SEQUENCE SET; Schema: public; Owner: odoo
--

SELECT pg_catalog.setval('public.ir_profile_id_seq', 1, false);


--
-- Name: ir_rule_id_seq; Type: SEQUENCE SET; Schema: public; Owner: odoo
--

SELECT pg_catalog.setval('public.ir_rule_id_seq', 300, true);


--
-- Name: ir_sequence_002; Type: SEQUENCE SET; Schema: public; Owner: odoo
--

SELECT pg_catalog.setval('public.ir_sequence_002', 1, false);


--
-- Name: ir_sequence_003; Type: SEQUENCE SET; Schema: public; Owner: odoo
--

SELECT pg_catalog.setval('public.ir_sequence_003', 8, true);


--
-- Name: ir_sequence_004; Type: SEQUENCE SET; Schema: public; Owner: odoo
--

SELECT pg_catalog.setval('public.ir_sequence_004', 1, false);


--
-- Name: ir_sequence_005; Type: SEQUENCE SET; Schema: public; Owner: odoo
--

SELECT pg_catalog.setval('public.ir_sequence_005', 3, true);


--
-- Name: ir_sequence_006; Type: SEQUENCE SET; Schema: public; Owner: odoo
--

SELECT pg_catalog.setval('public.ir_sequence_006', 807, true);


--
-- Name: ir_sequence_007; Type: SEQUENCE SET; Schema: public; Owner: odoo
--

SELECT pg_catalog.setval('public.ir_sequence_007', 1, false);


--
-- Name: ir_sequence_008; Type: SEQUENCE SET; Schema: public; Owner: odoo
--

SELECT pg_catalog.setval('public.ir_sequence_008', 1, false);


--
-- Name: ir_sequence_009; Type: SEQUENCE SET; Schema: public; Owner: odoo
--

SELECT pg_catalog.setval('public.ir_sequence_009', 1, false);


--
-- Name: ir_sequence_010; Type: SEQUENCE SET; Schema: public; Owner: odoo
--

SELECT pg_catalog.setval('public.ir_sequence_010', 1, false);


--
-- Name: ir_sequence_011; Type: SEQUENCE SET; Schema: public; Owner: odoo
--

SELECT pg_catalog.setval('public.ir_sequence_011', 1, false);


--
-- Name: ir_sequence_012; Type: SEQUENCE SET; Schema: public; Owner: odoo
--

SELECT pg_catalog.setval('public.ir_sequence_012', 1, false);


--
-- Name: ir_sequence_013; Type: SEQUENCE SET; Schema: public; Owner: odoo
--

SELECT pg_catalog.setval('public.ir_sequence_013', 1, false);


--
-- Name: ir_sequence_014; Type: SEQUENCE SET; Schema: public; Owner: odoo
--

SELECT pg_catalog.setval('public.ir_sequence_014', 1, false);


--
-- Name: ir_sequence_015; Type: SEQUENCE SET; Schema: public; Owner: odoo
--

SELECT pg_catalog.setval('public.ir_sequence_015', 1, false);


--
-- Name: ir_sequence_016; Type: SEQUENCE SET; Schema: public; Owner: odoo
--

SELECT pg_catalog.setval('public.ir_sequence_016', 1, false);


--
-- Name: ir_sequence_017; Type: SEQUENCE SET; Schema: public; Owner: odoo
--

SELECT pg_catalog.setval('public.ir_sequence_017', 1, false);


--
-- Name: ir_sequence_018; Type: SEQUENCE SET; Schema: public; Owner: odoo
--

SELECT pg_catalog.setval('public.ir_sequence_018', 1, false);


--
-- Name: ir_sequence_019; Type: SEQUENCE SET; Schema: public; Owner: odoo
--

SELECT pg_catalog.setval('public.ir_sequence_019', 1, true);


--
-- Name: ir_sequence_020; Type: SEQUENCE SET; Schema: public; Owner: odoo
--

SELECT pg_catalog.setval('public.ir_sequence_020', 1, false);


--
-- Name: ir_sequence_021; Type: SEQUENCE SET; Schema: public; Owner: odoo
--

SELECT pg_catalog.setval('public.ir_sequence_021', 1, false);


--
-- Name: ir_sequence_022; Type: SEQUENCE SET; Schema: public; Owner: odoo
--

SELECT pg_catalog.setval('public.ir_sequence_022', 1, false);


--
-- Name: ir_sequence_023; Type: SEQUENCE SET; Schema: public; Owner: odoo
--

SELECT pg_catalog.setval('public.ir_sequence_023', 1, true);


--
-- Name: ir_sequence_024; Type: SEQUENCE SET; Schema: public; Owner: odoo
--

SELECT pg_catalog.setval('public.ir_sequence_024', 1, false);


--
-- Name: ir_sequence_date_range_id_seq; Type: SEQUENCE SET; Schema: public; Owner: odoo
--

SELECT pg_catalog.setval('public.ir_sequence_date_range_id_seq', 1, false);


--
-- Name: ir_sequence_id_seq; Type: SEQUENCE SET; Schema: public; Owner: odoo
--

SELECT pg_catalog.setval('public.ir_sequence_id_seq', 24, true);


--
-- Name: ir_ui_menu_id_seq; Type: SEQUENCE SET; Schema: public; Owner: odoo
--

SELECT pg_catalog.setval('public.ir_ui_menu_id_seq', 500, true);


--
-- Name: ir_ui_view_custom_id_seq; Type: SEQUENCE SET; Schema: public; Owner: odoo
--

SELECT pg_catalog.setval('public.ir_ui_view_custom_id_seq', 1, false);


--
-- Name: ir_ui_view_id_seq; Type: SEQUENCE SET; Schema: public; Owner: odoo
--

SELECT pg_catalog.setval('public.ir_ui_view_id_seq', 2304, true);


--
-- Name: l10n_es_edi_facturae_ac_role_type_id_seq; Type: SEQUENCE SET; Schema: public; Owner: odoo
--

SELECT pg_catalog.setval('public.l10n_es_edi_facturae_ac_role_type_id_seq', 9, true);


--
-- Name: link_tracker_click_id_seq; Type: SEQUENCE SET; Schema: public; Owner: odoo
--

SELECT pg_catalog.setval('public.link_tracker_click_id_seq', 1, false);


--
-- Name: link_tracker_code_id_seq; Type: SEQUENCE SET; Schema: public; Owner: odoo
--

SELECT pg_catalog.setval('public.link_tracker_code_id_seq', 1, false);


--
-- Name: link_tracker_id_seq; Type: SEQUENCE SET; Schema: public; Owner: odoo
--

SELECT pg_catalog.setval('public.link_tracker_id_seq', 1, false);


--
-- Name: lot_label_layout_id_seq; Type: SEQUENCE SET; Schema: public; Owner: odoo
--

SELECT pg_catalog.setval('public.lot_label_layout_id_seq', 1, false);


--
-- Name: mail_activity_id_seq; Type: SEQUENCE SET; Schema: public; Owner: odoo
--

SELECT pg_catalog.setval('public.mail_activity_id_seq', 192, true);


--
-- Name: mail_activity_plan_id_seq; Type: SEQUENCE SET; Schema: public; Owner: odoo
--

SELECT pg_catalog.setval('public.mail_activity_plan_id_seq', 4, true);


--
-- Name: mail_activity_plan_template_id_seq; Type: SEQUENCE SET; Schema: public; Owner: odoo
--

SELECT pg_catalog.setval('public.mail_activity_plan_template_id_seq', 10, true);


--
-- Name: mail_activity_schedule_id_seq; Type: SEQUENCE SET; Schema: public; Owner: odoo
--

SELECT pg_catalog.setval('public.mail_activity_schedule_id_seq', 64, true);


--
-- Name: mail_activity_type_id_seq; Type: SEQUENCE SET; Schema: public; Owner: odoo
--

SELECT pg_catalog.setval('public.mail_activity_type_id_seq', 8, true);


--
-- Name: mail_alias_domain_id_seq; Type: SEQUENCE SET; Schema: public; Owner: odoo
--

SELECT pg_catalog.setval('public.mail_alias_domain_id_seq', 1, false);


--
-- Name: mail_alias_id_seq; Type: SEQUENCE SET; Schema: public; Owner: odoo
--

SELECT pg_catalog.setval('public.mail_alias_id_seq', 5, true);


--
-- Name: mail_blacklist_id_seq; Type: SEQUENCE SET; Schema: public; Owner: odoo
--

SELECT pg_catalog.setval('public.mail_blacklist_id_seq', 1, false);


--
-- Name: mail_blacklist_remove_id_seq; Type: SEQUENCE SET; Schema: public; Owner: odoo
--

SELECT pg_catalog.setval('public.mail_blacklist_remove_id_seq', 1, false);


--
-- Name: mail_canned_response_id_seq; Type: SEQUENCE SET; Schema: public; Owner: odoo
--

SELECT pg_catalog.setval('public.mail_canned_response_id_seq', 1, true);


--
-- Name: mail_compose_message_id_seq; Type: SEQUENCE SET; Schema: public; Owner: odoo
--

SELECT pg_catalog.setval('public.mail_compose_message_id_seq', 1, false);


--
-- Name: mail_followers_id_seq; Type: SEQUENCE SET; Schema: public; Owner: odoo
--

SELECT pg_catalog.setval('public.mail_followers_id_seq', 178, true);


--
-- Name: mail_gateway_allowed_id_seq; Type: SEQUENCE SET; Schema: public; Owner: odoo
--

SELECT pg_catalog.setval('public.mail_gateway_allowed_id_seq', 1, false);


--
-- Name: mail_guest_id_seq; Type: SEQUENCE SET; Schema: public; Owner: odoo
--

SELECT pg_catalog.setval('public.mail_guest_id_seq', 1, false);


--
-- Name: mail_ice_server_id_seq; Type: SEQUENCE SET; Schema: public; Owner: odoo
--

SELECT pg_catalog.setval('public.mail_ice_server_id_seq', 1, false);


--
-- Name: mail_link_preview_id_seq; Type: SEQUENCE SET; Schema: public; Owner: odoo
--

SELECT pg_catalog.setval('public.mail_link_preview_id_seq', 1, false);


--
-- Name: mail_mail_id_seq; Type: SEQUENCE SET; Schema: public; Owner: odoo
--

SELECT pg_catalog.setval('public.mail_mail_id_seq', 367, true);


--
-- Name: mail_message_id_seq; Type: SEQUENCE SET; Schema: public; Owner: odoo
--

SELECT pg_catalog.setval('public.mail_message_id_seq', 873, true);


--
-- Name: mail_message_reaction_id_seq; Type: SEQUENCE SET; Schema: public; Owner: odoo
--

SELECT pg_catalog.setval('public.mail_message_reaction_id_seq', 1, false);


--
-- Name: mail_message_schedule_id_seq; Type: SEQUENCE SET; Schema: public; Owner: odoo
--

SELECT pg_catalog.setval('public.mail_message_schedule_id_seq', 1, false);


--
-- Name: mail_message_subtype_id_seq; Type: SEQUENCE SET; Schema: public; Owner: odoo
--

SELECT pg_catalog.setval('public.mail_message_subtype_id_seq', 62, true);


--
-- Name: mail_message_translation_id_seq; Type: SEQUENCE SET; Schema: public; Owner: odoo
--

SELECT pg_catalog.setval('public.mail_message_translation_id_seq', 1, false);


--
-- Name: mail_notification_id_seq; Type: SEQUENCE SET; Schema: public; Owner: odoo
--

SELECT pg_catalog.setval('public.mail_notification_id_seq', 186, true);


--
-- Name: mail_push_device_id_seq; Type: SEQUENCE SET; Schema: public; Owner: odoo
--

SELECT pg_catalog.setval('public.mail_push_device_id_seq', 1, false);


--
-- Name: mail_push_id_seq; Type: SEQUENCE SET; Schema: public; Owner: odoo
--

SELECT pg_catalog.setval('public.mail_push_id_seq', 1, false);


--
-- Name: mail_resend_message_id_seq; Type: SEQUENCE SET; Schema: public; Owner: odoo
--

SELECT pg_catalog.setval('public.mail_resend_message_id_seq', 1, false);


--
-- Name: mail_resend_partner_id_seq; Type: SEQUENCE SET; Schema: public; Owner: odoo
--

SELECT pg_catalog.setval('public.mail_resend_partner_id_seq', 1, false);


--
-- Name: mail_scheduled_message_id_seq; Type: SEQUENCE SET; Schema: public; Owner: odoo
--

SELECT pg_catalog.setval('public.mail_scheduled_message_id_seq', 1, false);


--
-- Name: mail_template_id_seq; Type: SEQUENCE SET; Schema: public; Owner: odoo
--

SELECT pg_catalog.setval('public.mail_template_id_seq', 32, true);


--
-- Name: mail_template_preview_id_seq; Type: SEQUENCE SET; Schema: public; Owner: odoo
--

SELECT pg_catalog.setval('public.mail_template_preview_id_seq', 1, false);


--
-- Name: mail_template_reset_id_seq; Type: SEQUENCE SET; Schema: public; Owner: odoo
--

SELECT pg_catalog.setval('public.mail_template_reset_id_seq', 1, false);


--
-- Name: mail_tracking_value_id_seq; Type: SEQUENCE SET; Schema: public; Owner: odoo
--

SELECT pg_catalog.setval('public.mail_tracking_value_id_seq', 227, true);


--
-- Name: mail_wizard_invite_id_seq; Type: SEQUENCE SET; Schema: public; Owner: odoo
--

SELECT pg_catalog.setval('public.mail_wizard_invite_id_seq', 1, true);


--
-- Name: maintenance_equipment_category_id_seq; Type: SEQUENCE SET; Schema: public; Owner: odoo
--

SELECT pg_catalog.setval('public.maintenance_equipment_category_id_seq', 1, false);


--
-- Name: maintenance_equipment_id_seq; Type: SEQUENCE SET; Schema: public; Owner: odoo
--

SELECT pg_catalog.setval('public.maintenance_equipment_id_seq', 1, false);


--
-- Name: maintenance_request_id_seq; Type: SEQUENCE SET; Schema: public; Owner: odoo
--

SELECT pg_catalog.setval('public.maintenance_request_id_seq', 1, false);


--
-- Name: maintenance_stage_id_seq; Type: SEQUENCE SET; Schema: public; Owner: odoo
--

SELECT pg_catalog.setval('public.maintenance_stage_id_seq', 4, true);


--
-- Name: maintenance_team_id_seq; Type: SEQUENCE SET; Schema: public; Owner: odoo
--

SELECT pg_catalog.setval('public.maintenance_team_id_seq', 1, true);


--
-- Name: mrp_account_wip_accounting_id_seq; Type: SEQUENCE SET; Schema: public; Owner: odoo
--

SELECT pg_catalog.setval('public.mrp_account_wip_accounting_id_seq', 1, false);


--
-- Name: mrp_account_wip_accounting_line_id_seq; Type: SEQUENCE SET; Schema: public; Owner: odoo
--

SELECT pg_catalog.setval('public.mrp_account_wip_accounting_line_id_seq', 1, false);


--
-- Name: mrp_batch_produce_id_seq; Type: SEQUENCE SET; Schema: public; Owner: odoo
--

SELECT pg_catalog.setval('public.mrp_batch_produce_id_seq', 1, false);


--
-- Name: mrp_bom_byproduct_id_seq; Type: SEQUENCE SET; Schema: public; Owner: odoo
--

SELECT pg_catalog.setval('public.mrp_bom_byproduct_id_seq', 1, false);


--
-- Name: mrp_bom_id_seq; Type: SEQUENCE SET; Schema: public; Owner: odoo
--

SELECT pg_catalog.setval('public.mrp_bom_id_seq', 1, false);


--
-- Name: mrp_bom_line_id_seq; Type: SEQUENCE SET; Schema: public; Owner: odoo
--

SELECT pg_catalog.setval('public.mrp_bom_line_id_seq', 1, false);


--
-- Name: mrp_consumption_warning_id_seq; Type: SEQUENCE SET; Schema: public; Owner: odoo
--

SELECT pg_catalog.setval('public.mrp_consumption_warning_id_seq', 1, false);


--
-- Name: mrp_consumption_warning_line_id_seq; Type: SEQUENCE SET; Schema: public; Owner: odoo
--

SELECT pg_catalog.setval('public.mrp_consumption_warning_line_id_seq', 1, false);


--
-- Name: mrp_production_backorder_id_seq; Type: SEQUENCE SET; Schema: public; Owner: odoo
--

SELECT pg_catalog.setval('public.mrp_production_backorder_id_seq', 1, false);


--
-- Name: mrp_production_backorder_line_id_seq; Type: SEQUENCE SET; Schema: public; Owner: odoo
--

SELECT pg_catalog.setval('public.mrp_production_backorder_line_id_seq', 1, false);


--
-- Name: mrp_production_id_seq; Type: SEQUENCE SET; Schema: public; Owner: odoo
--

SELECT pg_catalog.setval('public.mrp_production_id_seq', 1, true);


--
-- Name: mrp_production_split_id_seq; Type: SEQUENCE SET; Schema: public; Owner: odoo
--

SELECT pg_catalog.setval('public.mrp_production_split_id_seq', 1, false);


--
-- Name: mrp_production_split_line_id_seq; Type: SEQUENCE SET; Schema: public; Owner: odoo
--

SELECT pg_catalog.setval('public.mrp_production_split_line_id_seq', 1, false);


--
-- Name: mrp_production_split_multi_id_seq; Type: SEQUENCE SET; Schema: public; Owner: odoo
--

SELECT pg_catalog.setval('public.mrp_production_split_multi_id_seq', 1, false);


--
-- Name: mrp_routing_workcenter_id_seq; Type: SEQUENCE SET; Schema: public; Owner: odoo
--

SELECT pg_catalog.setval('public.mrp_routing_workcenter_id_seq', 1, false);


--
-- Name: mrp_unbuild_id_seq; Type: SEQUENCE SET; Schema: public; Owner: odoo
--

SELECT pg_catalog.setval('public.mrp_unbuild_id_seq', 1, false);


--
-- Name: mrp_workcenter_capacity_id_seq; Type: SEQUENCE SET; Schema: public; Owner: odoo
--

SELECT pg_catalog.setval('public.mrp_workcenter_capacity_id_seq', 1, false);


--
-- Name: mrp_workcenter_id_seq; Type: SEQUENCE SET; Schema: public; Owner: odoo
--

SELECT pg_catalog.setval('public.mrp_workcenter_id_seq', 1, false);


--
-- Name: mrp_workcenter_productivity_id_seq; Type: SEQUENCE SET; Schema: public; Owner: odoo
--

SELECT pg_catalog.setval('public.mrp_workcenter_productivity_id_seq', 1, false);


--
-- Name: mrp_workcenter_productivity_loss_id_seq; Type: SEQUENCE SET; Schema: public; Owner: odoo
--

SELECT pg_catalog.setval('public.mrp_workcenter_productivity_loss_id_seq', 7, true);


--
-- Name: mrp_workcenter_productivity_loss_type_id_seq; Type: SEQUENCE SET; Schema: public; Owner: odoo
--

SELECT pg_catalog.setval('public.mrp_workcenter_productivity_loss_type_id_seq', 4, true);


--
-- Name: mrp_workcenter_tag_id_seq; Type: SEQUENCE SET; Schema: public; Owner: odoo
--

SELECT pg_catalog.setval('public.mrp_workcenter_tag_id_seq', 1, false);


--
-- Name: mrp_workorder_id_seq; Type: SEQUENCE SET; Schema: public; Owner: odoo
--

SELECT pg_catalog.setval('public.mrp_workorder_id_seq', 1, false);


--
-- Name: onboarding_onboarding_id_seq; Type: SEQUENCE SET; Schema: public; Owner: odoo
--

SELECT pg_catalog.setval('public.onboarding_onboarding_id_seq', 1, true);


--
-- Name: onboarding_onboarding_step_id_seq; Type: SEQUENCE SET; Schema: public; Owner: odoo
--

SELECT pg_catalog.setval('public.onboarding_onboarding_step_id_seq', 7, true);


--
-- Name: onboarding_progress_id_seq; Type: SEQUENCE SET; Schema: public; Owner: odoo
--

SELECT pg_catalog.setval('public.onboarding_progress_id_seq', 1, false);


--
-- Name: onboarding_progress_step_id_seq; Type: SEQUENCE SET; Schema: public; Owner: odoo
--

SELECT pg_catalog.setval('public.onboarding_progress_step_id_seq', 1, false);


--
-- Name: payment_capture_wizard_id_seq; Type: SEQUENCE SET; Schema: public; Owner: odoo
--

SELECT pg_catalog.setval('public.payment_capture_wizard_id_seq', 1, false);


--
-- Name: payment_link_wizard_id_seq; Type: SEQUENCE SET; Schema: public; Owner: odoo
--

SELECT pg_catalog.setval('public.payment_link_wizard_id_seq', 1, false);


--
-- Name: payment_method_id_seq; Type: SEQUENCE SET; Schema: public; Owner: odoo
--

SELECT pg_catalog.setval('public.payment_method_id_seq', 220, true);


--
-- Name: payment_provider_id_seq; Type: SEQUENCE SET; Schema: public; Owner: odoo
--

SELECT pg_catalog.setval('public.payment_provider_id_seq', 17, true);


--
-- Name: payment_provider_onboarding_wizard_id_seq; Type: SEQUENCE SET; Schema: public; Owner: odoo
--

SELECT pg_catalog.setval('public.payment_provider_onboarding_wizard_id_seq', 1, false);


--
-- Name: payment_refund_wizard_id_seq; Type: SEQUENCE SET; Schema: public; Owner: odoo
--

SELECT pg_catalog.setval('public.payment_refund_wizard_id_seq', 1, false);


--
-- Name: payment_token_id_seq; Type: SEQUENCE SET; Schema: public; Owner: odoo
--

SELECT pg_catalog.setval('public.payment_token_id_seq', 1, false);


--
-- Name: payment_transaction_id_seq; Type: SEQUENCE SET; Schema: public; Owner: odoo
--

SELECT pg_catalog.setval('public.payment_transaction_id_seq', 1, false);


--
-- Name: peppol_registration_id_seq; Type: SEQUENCE SET; Schema: public; Owner: odoo
--

SELECT pg_catalog.setval('public.peppol_registration_id_seq', 1, false);


--
-- Name: phone_blacklist_id_seq; Type: SEQUENCE SET; Schema: public; Owner: odoo
--

SELECT pg_catalog.setval('public.phone_blacklist_id_seq', 1, false);


--
-- Name: phone_blacklist_remove_id_seq; Type: SEQUENCE SET; Schema: public; Owner: odoo
--

SELECT pg_catalog.setval('public.phone_blacklist_remove_id_seq', 1, false);


--
-- Name: picking_label_type_id_seq; Type: SEQUENCE SET; Schema: public; Owner: odoo
--

SELECT pg_catalog.setval('public.picking_label_type_id_seq', 1, false);


--
-- Name: portal_share_id_seq; Type: SEQUENCE SET; Schema: public; Owner: odoo
--

SELECT pg_catalog.setval('public.portal_share_id_seq', 1, false);


--
-- Name: portal_wizard_id_seq; Type: SEQUENCE SET; Schema: public; Owner: odoo
--

SELECT pg_catalog.setval('public.portal_wizard_id_seq', 1, false);


--
-- Name: portal_wizard_user_id_seq; Type: SEQUENCE SET; Schema: public; Owner: odoo
--

SELECT pg_catalog.setval('public.portal_wizard_user_id_seq', 1, false);


--
-- Name: privacy_log_id_seq; Type: SEQUENCE SET; Schema: public; Owner: odoo
--

SELECT pg_catalog.setval('public.privacy_log_id_seq', 1, false);


--
-- Name: privacy_lookup_wizard_id_seq; Type: SEQUENCE SET; Schema: public; Owner: odoo
--

SELECT pg_catalog.setval('public.privacy_lookup_wizard_id_seq', 1, false);


--
-- Name: privacy_lookup_wizard_line_id_seq; Type: SEQUENCE SET; Schema: public; Owner: odoo
--

SELECT pg_catalog.setval('public.privacy_lookup_wizard_line_id_seq', 1, false);


--
-- Name: procurement_group_id_seq; Type: SEQUENCE SET; Schema: public; Owner: odoo
--

SELECT pg_catalog.setval('public.procurement_group_id_seq', 14, true);


--
-- Name: product_attribute_custom_value_id_seq; Type: SEQUENCE SET; Schema: public; Owner: odoo
--

SELECT pg_catalog.setval('public.product_attribute_custom_value_id_seq', 1, false);


--
-- Name: product_attribute_id_seq; Type: SEQUENCE SET; Schema: public; Owner: odoo
--

SELECT pg_catalog.setval('public.product_attribute_id_seq', 1, false);


--
-- Name: product_attribute_value_id_seq; Type: SEQUENCE SET; Schema: public; Owner: odoo
--

SELECT pg_catalog.setval('public.product_attribute_value_id_seq', 1, false);


--
-- Name: product_category_id_seq; Type: SEQUENCE SET; Schema: public; Owner: odoo
--

SELECT pg_catalog.setval('public.product_category_id_seq', 3, true);


--
-- Name: product_combo_id_seq; Type: SEQUENCE SET; Schema: public; Owner: odoo
--

SELECT pg_catalog.setval('public.product_combo_id_seq', 1, false);


--
-- Name: product_combo_item_id_seq; Type: SEQUENCE SET; Schema: public; Owner: odoo
--

SELECT pg_catalog.setval('public.product_combo_item_id_seq', 1, false);


--
-- Name: product_document_id_seq; Type: SEQUENCE SET; Schema: public; Owner: odoo
--

SELECT pg_catalog.setval('public.product_document_id_seq', 1, false);


--
-- Name: product_label_layout_id_seq; Type: SEQUENCE SET; Schema: public; Owner: odoo
--

SELECT pg_catalog.setval('public.product_label_layout_id_seq', 1, false);


--
-- Name: product_packaging_id_seq; Type: SEQUENCE SET; Schema: public; Owner: odoo
--

SELECT pg_catalog.setval('public.product_packaging_id_seq', 1, false);


--
-- Name: product_pricelist_id_seq; Type: SEQUENCE SET; Schema: public; Owner: odoo
--

SELECT pg_catalog.setval('public.product_pricelist_id_seq', 1, false);


--
-- Name: product_pricelist_item_id_seq; Type: SEQUENCE SET; Schema: public; Owner: odoo
--

SELECT pg_catalog.setval('public.product_pricelist_item_id_seq', 1, false);


--
-- Name: product_product_id_seq; Type: SEQUENCE SET; Schema: public; Owner: odoo
--

SELECT pg_catalog.setval('public.product_product_id_seq', 7, true);


--
-- Name: product_removal_id_seq; Type: SEQUENCE SET; Schema: public; Owner: odoo
--

SELECT pg_catalog.setval('public.product_removal_id_seq', 4, true);


--
-- Name: product_replenish_id_seq; Type: SEQUENCE SET; Schema: public; Owner: odoo
--

SELECT pg_catalog.setval('public.product_replenish_id_seq', 1, false);


--
-- Name: product_supplierinfo_id_seq; Type: SEQUENCE SET; Schema: public; Owner: odoo
--

SELECT pg_catalog.setval('public.product_supplierinfo_id_seq', 1, false);


--
-- Name: product_tag_id_seq; Type: SEQUENCE SET; Schema: public; Owner: odoo
--

SELECT pg_catalog.setval('public.product_tag_id_seq', 1, false);


--
-- Name: product_template_attribute_exclusion_id_seq; Type: SEQUENCE SET; Schema: public; Owner: odoo
--

SELECT pg_catalog.setval('public.product_template_attribute_exclusion_id_seq', 1, false);


--
-- Name: product_template_attribute_line_id_seq; Type: SEQUENCE SET; Schema: public; Owner: odoo
--

SELECT pg_catalog.setval('public.product_template_attribute_line_id_seq', 1, false);


--
-- Name: product_template_attribute_value_id_seq; Type: SEQUENCE SET; Schema: public; Owner: odoo
--

SELECT pg_catalog.setval('public.product_template_attribute_value_id_seq', 1, false);


--
-- Name: product_template_id_seq; Type: SEQUENCE SET; Schema: public; Owner: odoo
--

SELECT pg_catalog.setval('public.product_template_id_seq', 7, true);


--
-- Name: project_collaborator_id_seq; Type: SEQUENCE SET; Schema: public; Owner: odoo
--

SELECT pg_catalog.setval('public.project_collaborator_id_seq', 1, false);


--
-- Name: project_milestone_id_seq; Type: SEQUENCE SET; Schema: public; Owner: odoo
--

SELECT pg_catalog.setval('public.project_milestone_id_seq', 1, false);


--
-- Name: project_project_id_seq; Type: SEQUENCE SET; Schema: public; Owner: odoo
--

SELECT pg_catalog.setval('public.project_project_id_seq', 1, false);


--
-- Name: project_project_stage_delete_wizard_id_seq; Type: SEQUENCE SET; Schema: public; Owner: odoo
--

SELECT pg_catalog.setval('public.project_project_stage_delete_wizard_id_seq', 1, false);


--
-- Name: project_project_stage_id_seq; Type: SEQUENCE SET; Schema: public; Owner: odoo
--

SELECT pg_catalog.setval('public.project_project_stage_id_seq', 4, true);


--
-- Name: project_share_collaborator_wizard_id_seq; Type: SEQUENCE SET; Schema: public; Owner: odoo
--

SELECT pg_catalog.setval('public.project_share_collaborator_wizard_id_seq', 1, false);


--
-- Name: project_share_wizard_id_seq; Type: SEQUENCE SET; Schema: public; Owner: odoo
--

SELECT pg_catalog.setval('public.project_share_wizard_id_seq', 1, false);


--
-- Name: project_tags_id_seq; Type: SEQUENCE SET; Schema: public; Owner: odoo
--

SELECT pg_catalog.setval('public.project_tags_id_seq', 1, false);


--
-- Name: project_task_id_seq; Type: SEQUENCE SET; Schema: public; Owner: odoo
--

SELECT pg_catalog.setval('public.project_task_id_seq', 1, false);


--
-- Name: project_task_recurrence_id_seq; Type: SEQUENCE SET; Schema: public; Owner: odoo
--

SELECT pg_catalog.setval('public.project_task_recurrence_id_seq', 1, false);


--
-- Name: project_task_type_delete_wizard_id_seq; Type: SEQUENCE SET; Schema: public; Owner: odoo
--

SELECT pg_catalog.setval('public.project_task_type_delete_wizard_id_seq', 1, false);


--
-- Name: project_task_type_id_seq; Type: SEQUENCE SET; Schema: public; Owner: odoo
--

SELECT pg_catalog.setval('public.project_task_type_id_seq', 1, false);


--
-- Name: project_task_user_rel_id_seq; Type: SEQUENCE SET; Schema: public; Owner: odoo
--

SELECT pg_catalog.setval('public.project_task_user_rel_id_seq', 1, false);


--
-- Name: project_update_id_seq; Type: SEQUENCE SET; Schema: public; Owner: odoo
--

SELECT pg_catalog.setval('public.project_update_id_seq', 1, false);


--
-- Name: purchase_order_id_seq; Type: SEQUENCE SET; Schema: public; Owner: odoo
--

SELECT pg_catalog.setval('public.purchase_order_id_seq', 1, false);


--
-- Name: purchase_order_line_id_seq; Type: SEQUENCE SET; Schema: public; Owner: odoo
--

SELECT pg_catalog.setval('public.purchase_order_line_id_seq', 1, false);


--
-- Name: quotation_document_id_seq; Type: SEQUENCE SET; Schema: public; Owner: odoo
--

SELECT pg_catalog.setval('public.quotation_document_id_seq', 1, false);


--
-- Name: rating_rating_id_seq; Type: SEQUENCE SET; Schema: public; Owner: odoo
--

SELECT pg_catalog.setval('public.rating_rating_id_seq', 1, false);


--
-- Name: repair_order_id_seq; Type: SEQUENCE SET; Schema: public; Owner: odoo
--

SELECT pg_catalog.setval('public.repair_order_id_seq', 1, true);


--
-- Name: repair_tags_id_seq; Type: SEQUENCE SET; Schema: public; Owner: odoo
--

SELECT pg_catalog.setval('public.repair_tags_id_seq', 1, false);


--
-- Name: report_layout_id_seq; Type: SEQUENCE SET; Schema: public; Owner: odoo
--

SELECT pg_catalog.setval('public.report_layout_id_seq', 7, true);


--
-- Name: report_paperformat_id_seq; Type: SEQUENCE SET; Schema: public; Owner: odoo
--

SELECT pg_catalog.setval('public.report_paperformat_id_seq', 11, true);


--
-- Name: res_bank_id_seq; Type: SEQUENCE SET; Schema: public; Owner: odoo
--

SELECT pg_catalog.setval('public.res_bank_id_seq', 1, true);


--
-- Name: res_company_id_seq; Type: SEQUENCE SET; Schema: public; Owner: odoo
--

SELECT pg_catalog.setval('public.res_company_id_seq', 1, true);


--
-- Name: res_config_id_seq; Type: SEQUENCE SET; Schema: public; Owner: odoo
--

SELECT pg_catalog.setval('public.res_config_id_seq', 1, false);


--
-- Name: res_config_settings_id_seq; Type: SEQUENCE SET; Schema: public; Owner: odoo
--

SELECT pg_catalog.setval('public.res_config_settings_id_seq', 105, true);


--
-- Name: res_country_group_id_seq; Type: SEQUENCE SET; Schema: public; Owner: odoo
--

SELECT pg_catalog.setval('public.res_country_group_id_seq', 6, true);


--
-- Name: res_country_id_seq; Type: SEQUENCE SET; Schema: public; Owner: odoo
--

SELECT pg_catalog.setval('public.res_country_id_seq', 250, true);


--
-- Name: res_country_state_id_seq; Type: SEQUENCE SET; Schema: public; Owner: odoo
--

SELECT pg_catalog.setval('public.res_country_state_id_seq', 1780, true);


--
-- Name: res_currency_id_seq; Type: SEQUENCE SET; Schema: public; Owner: odoo
--

SELECT pg_catalog.setval('public.res_currency_id_seq', 170, true);


--
-- Name: res_currency_rate_id_seq; Type: SEQUENCE SET; Schema: public; Owner: odoo
--

SELECT pg_catalog.setval('public.res_currency_rate_id_seq', 1, false);


--
-- Name: res_device_log_id_seq; Type: SEQUENCE SET; Schema: public; Owner: odoo
--

SELECT pg_catalog.setval('public.res_device_log_id_seq', 429, true);


--
-- Name: res_groups_id_seq; Type: SEQUENCE SET; Schema: public; Owner: odoo
--

SELECT pg_catalog.setval('public.res_groups_id_seq', 86, true);


--
-- Name: res_lang_id_seq; Type: SEQUENCE SET; Schema: public; Owner: odoo
--

SELECT pg_catalog.setval('public.res_lang_id_seq', 92, true);


--
-- Name: res_partner_autocomplete_sync_id_seq; Type: SEQUENCE SET; Schema: public; Owner: odoo
--

SELECT pg_catalog.setval('public.res_partner_autocomplete_sync_id_seq', 1, false);


--
-- Name: res_partner_bank_id_seq; Type: SEQUENCE SET; Schema: public; Owner: odoo
--

SELECT pg_catalog.setval('public.res_partner_bank_id_seq', 1, false);


--
-- Name: res_partner_category_id_seq; Type: SEQUENCE SET; Schema: public; Owner: odoo
--

SELECT pg_catalog.setval('public.res_partner_category_id_seq', 1, false);


--
-- Name: res_partner_id_seq; Type: SEQUENCE SET; Schema: public; Owner: odoo
--

SELECT pg_catalog.setval('public.res_partner_id_seq', 3530, true);


--
-- Name: res_partner_industry_id_seq; Type: SEQUENCE SET; Schema: public; Owner: odoo
--

SELECT pg_catalog.setval('public.res_partner_industry_id_seq', 21, true);


--
-- Name: res_partner_title_id_seq; Type: SEQUENCE SET; Schema: public; Owner: odoo
--

SELECT pg_catalog.setval('public.res_partner_title_id_seq', 5, true);


--
-- Name: res_users_apikeys_description_id_seq; Type: SEQUENCE SET; Schema: public; Owner: odoo
--

SELECT pg_catalog.setval('public.res_users_apikeys_description_id_seq', 1, false);


--
-- Name: res_users_apikeys_id_seq; Type: SEQUENCE SET; Schema: public; Owner: odoo
--

SELECT pg_catalog.setval('public.res_users_apikeys_id_seq', 1, false);


--
-- Name: res_users_deletion_id_seq; Type: SEQUENCE SET; Schema: public; Owner: odoo
--

SELECT pg_catalog.setval('public.res_users_deletion_id_seq', 1, false);


--
-- Name: res_users_id_seq; Type: SEQUENCE SET; Schema: public; Owner: odoo
--

SELECT pg_catalog.setval('public.res_users_id_seq', 48, true);


--
-- Name: res_users_identitycheck_id_seq; Type: SEQUENCE SET; Schema: public; Owner: odoo
--

SELECT pg_catalog.setval('public.res_users_identitycheck_id_seq', 10, true);


--
-- Name: res_users_log_id_seq; Type: SEQUENCE SET; Schema: public; Owner: odoo
--

SELECT pg_catalog.setval('public.res_users_log_id_seq', 80, true);


--
-- Name: res_users_settings_id_seq; Type: SEQUENCE SET; Schema: public; Owner: odoo
--

SELECT pg_catalog.setval('public.res_users_settings_id_seq', 26, true);


--
-- Name: res_users_settings_volumes_id_seq; Type: SEQUENCE SET; Schema: public; Owner: odoo
--

SELECT pg_catalog.setval('public.res_users_settings_volumes_id_seq', 1, false);


--
-- Name: reset_view_arch_wizard_id_seq; Type: SEQUENCE SET; Schema: public; Owner: odoo
--

SELECT pg_catalog.setval('public.reset_view_arch_wizard_id_seq', 1, false);


--
-- Name: resource_calendar_attendance_id_seq; Type: SEQUENCE SET; Schema: public; Owner: odoo
--

SELECT pg_catalog.setval('public.resource_calendar_attendance_id_seq', 15, true);


--
-- Name: resource_calendar_id_seq; Type: SEQUENCE SET; Schema: public; Owner: odoo
--

SELECT pg_catalog.setval('public.resource_calendar_id_seq', 1, true);


--
-- Name: resource_calendar_leaves_id_seq; Type: SEQUENCE SET; Schema: public; Owner: odoo
--

SELECT pg_catalog.setval('public.resource_calendar_leaves_id_seq', 1, false);


--
-- Name: resource_resource_id_seq; Type: SEQUENCE SET; Schema: public; Owner: odoo
--

SELECT pg_catalog.setval('public.resource_resource_id_seq', 30, true);


--
-- Name: sale_advance_payment_inv_id_seq; Type: SEQUENCE SET; Schema: public; Owner: odoo
--

SELECT pg_catalog.setval('public.sale_advance_payment_inv_id_seq', 4, true);


--
-- Name: sale_mass_cancel_orders_id_seq; Type: SEQUENCE SET; Schema: public; Owner: odoo
--

SELECT pg_catalog.setval('public.sale_mass_cancel_orders_id_seq', 4, true);


--
-- Name: sale_order_cancel_id_seq; Type: SEQUENCE SET; Schema: public; Owner: odoo
--

SELECT pg_catalog.setval('public.sale_order_cancel_id_seq', 1, true);


--
-- Name: sale_order_discount_id_seq; Type: SEQUENCE SET; Schema: public; Owner: odoo
--

SELECT pg_catalog.setval('public.sale_order_discount_id_seq', 1, false);


--
-- Name: sale_order_id_seq; Type: SEQUENCE SET; Schema: public; Owner: odoo
--

SELECT pg_catalog.setval('public.sale_order_id_seq', 8, true);


--
-- Name: sale_order_line_id_seq; Type: SEQUENCE SET; Schema: public; Owner: odoo
--

SELECT pg_catalog.setval('public.sale_order_line_id_seq', 15, true);


--
-- Name: sale_order_option_id_seq; Type: SEQUENCE SET; Schema: public; Owner: odoo
--

SELECT pg_catalog.setval('public.sale_order_option_id_seq', 1, false);


--
-- Name: sale_order_template_id_seq; Type: SEQUENCE SET; Schema: public; Owner: odoo
--

SELECT pg_catalog.setval('public.sale_order_template_id_seq', 1, false);


--
-- Name: sale_order_template_line_id_seq; Type: SEQUENCE SET; Schema: public; Owner: odoo
--

SELECT pg_catalog.setval('public.sale_order_template_line_id_seq', 1, false);


--
-- Name: sale_order_template_option_id_seq; Type: SEQUENCE SET; Schema: public; Owner: odoo
--

SELECT pg_catalog.setval('public.sale_order_template_option_id_seq', 1, false);


--
-- Name: sale_payment_provider_onboarding_wizard_id_seq; Type: SEQUENCE SET; Schema: public; Owner: odoo
--

SELECT pg_catalog.setval('public.sale_payment_provider_onboarding_wizard_id_seq', 1, false);


--
-- Name: sale_pdf_form_field_id_seq; Type: SEQUENCE SET; Schema: public; Owner: odoo
--

SELECT pg_catalog.setval('public.sale_pdf_form_field_id_seq', 27, true);


--
-- Name: sms_account_code_id_seq; Type: SEQUENCE SET; Schema: public; Owner: odoo
--

SELECT pg_catalog.setval('public.sms_account_code_id_seq', 1, false);


--
-- Name: sms_account_phone_id_seq; Type: SEQUENCE SET; Schema: public; Owner: odoo
--

SELECT pg_catalog.setval('public.sms_account_phone_id_seq', 1, false);


--
-- Name: sms_account_sender_id_seq; Type: SEQUENCE SET; Schema: public; Owner: odoo
--

SELECT pg_catalog.setval('public.sms_account_sender_id_seq', 1, false);


--
-- Name: sms_composer_id_seq; Type: SEQUENCE SET; Schema: public; Owner: odoo
--

SELECT pg_catalog.setval('public.sms_composer_id_seq', 1, false);


--
-- Name: sms_resend_id_seq; Type: SEQUENCE SET; Schema: public; Owner: odoo
--

SELECT pg_catalog.setval('public.sms_resend_id_seq', 1, false);


--
-- Name: sms_resend_recipient_id_seq; Type: SEQUENCE SET; Schema: public; Owner: odoo
--

SELECT pg_catalog.setval('public.sms_resend_recipient_id_seq', 1, false);


--
-- Name: sms_sms_id_seq; Type: SEQUENCE SET; Schema: public; Owner: odoo
--

SELECT pg_catalog.setval('public.sms_sms_id_seq', 1, false);


--
-- Name: sms_template_id_seq; Type: SEQUENCE SET; Schema: public; Owner: odoo
--

SELECT pg_catalog.setval('public.sms_template_id_seq', 2, true);


--
-- Name: sms_template_preview_id_seq; Type: SEQUENCE SET; Schema: public; Owner: odoo
--

SELECT pg_catalog.setval('public.sms_template_preview_id_seq', 1, false);


--
-- Name: sms_template_reset_id_seq; Type: SEQUENCE SET; Schema: public; Owner: odoo
--

SELECT pg_catalog.setval('public.sms_template_reset_id_seq', 1, false);


--
-- Name: sms_tracker_id_seq; Type: SEQUENCE SET; Schema: public; Owner: odoo
--

SELECT pg_catalog.setval('public.sms_tracker_id_seq', 1, false);


--
-- Name: snailmail_letter_format_error_id_seq; Type: SEQUENCE SET; Schema: public; Owner: odoo
--

SELECT pg_catalog.setval('public.snailmail_letter_format_error_id_seq', 1, false);


--
-- Name: snailmail_letter_id_seq; Type: SEQUENCE SET; Schema: public; Owner: odoo
--

SELECT pg_catalog.setval('public.snailmail_letter_id_seq', 1, false);


--
-- Name: snailmail_letter_missing_required_fields_id_seq; Type: SEQUENCE SET; Schema: public; Owner: odoo
--

SELECT pg_catalog.setval('public.snailmail_letter_missing_required_fields_id_seq', 1, false);


--
-- Name: spreadsheet_dashboard_group_id_seq; Type: SEQUENCE SET; Schema: public; Owner: odoo
--

SELECT pg_catalog.setval('public.spreadsheet_dashboard_group_id_seq', 7, true);


--
-- Name: spreadsheet_dashboard_id_seq; Type: SEQUENCE SET; Schema: public; Owner: odoo
--

SELECT pg_catalog.setval('public.spreadsheet_dashboard_id_seq', 4, true);


--
-- Name: spreadsheet_dashboard_share_id_seq; Type: SEQUENCE SET; Schema: public; Owner: odoo
--

SELECT pg_catalog.setval('public.spreadsheet_dashboard_share_id_seq', 1, false);


--
-- Name: stock_backorder_confirmation_id_seq; Type: SEQUENCE SET; Schema: public; Owner: odoo
--

SELECT pg_catalog.setval('public.stock_backorder_confirmation_id_seq', 1, false);


--
-- Name: stock_backorder_confirmation_line_id_seq; Type: SEQUENCE SET; Schema: public; Owner: odoo
--

SELECT pg_catalog.setval('public.stock_backorder_confirmation_line_id_seq', 1, false);


--
-- Name: stock_change_product_qty_id_seq; Type: SEQUENCE SET; Schema: public; Owner: odoo
--

SELECT pg_catalog.setval('public.stock_change_product_qty_id_seq', 1, false);


--
-- Name: stock_inventory_adjustment_name_id_seq; Type: SEQUENCE SET; Schema: public; Owner: odoo
--

SELECT pg_catalog.setval('public.stock_inventory_adjustment_name_id_seq', 1, false);


--
-- Name: stock_inventory_conflict_id_seq; Type: SEQUENCE SET; Schema: public; Owner: odoo
--

SELECT pg_catalog.setval('public.stock_inventory_conflict_id_seq', 1, false);


--
-- Name: stock_inventory_warning_id_seq; Type: SEQUENCE SET; Schema: public; Owner: odoo
--

SELECT pg_catalog.setval('public.stock_inventory_warning_id_seq', 1, false);


--
-- Name: stock_location_id_seq; Type: SEQUENCE SET; Schema: public; Owner: odoo
--

SELECT pg_catalog.setval('public.stock_location_id_seq', 18, true);


--
-- Name: stock_lot_id_seq; Type: SEQUENCE SET; Schema: public; Owner: odoo
--

SELECT pg_catalog.setval('public.stock_lot_id_seq', 1, false);


--
-- Name: stock_move_id_seq; Type: SEQUENCE SET; Schema: public; Owner: odoo
--

SELECT pg_catalog.setval('public.stock_move_id_seq', 7, true);


--
-- Name: stock_move_line_id_seq; Type: SEQUENCE SET; Schema: public; Owner: odoo
--

SELECT pg_catalog.setval('public.stock_move_line_id_seq', 5, true);


--
-- Name: stock_orderpoint_snooze_id_seq; Type: SEQUENCE SET; Schema: public; Owner: odoo
--

SELECT pg_catalog.setval('public.stock_orderpoint_snooze_id_seq', 1, false);


--
-- Name: stock_package_destination_id_seq; Type: SEQUENCE SET; Schema: public; Owner: odoo
--

SELECT pg_catalog.setval('public.stock_package_destination_id_seq', 1, false);


--
-- Name: stock_package_level_id_seq; Type: SEQUENCE SET; Schema: public; Owner: odoo
--

SELECT pg_catalog.setval('public.stock_package_level_id_seq', 1, false);


--
-- Name: stock_package_type_id_seq; Type: SEQUENCE SET; Schema: public; Owner: odoo
--

SELECT pg_catalog.setval('public.stock_package_type_id_seq', 1, false);


--
-- Name: stock_picking_id_seq; Type: SEQUENCE SET; Schema: public; Owner: odoo
--

SELECT pg_catalog.setval('public.stock_picking_id_seq', 647, true);


--
-- Name: stock_picking_type_id_seq; Type: SEQUENCE SET; Schema: public; Owner: odoo
--

SELECT pg_catalog.setval('public.stock_picking_type_id_seq', 12, true);


--
-- Name: stock_putaway_rule_id_seq; Type: SEQUENCE SET; Schema: public; Owner: odoo
--

SELECT pg_catalog.setval('public.stock_putaway_rule_id_seq', 1, false);


--
-- Name: stock_quant_id_seq; Type: SEQUENCE SET; Schema: public; Owner: odoo
--

SELECT pg_catalog.setval('public.stock_quant_id_seq', 1, false);


--
-- Name: stock_quant_package_id_seq; Type: SEQUENCE SET; Schema: public; Owner: odoo
--

SELECT pg_catalog.setval('public.stock_quant_package_id_seq', 1, false);


--
-- Name: stock_quant_relocate_id_seq; Type: SEQUENCE SET; Schema: public; Owner: odoo
--

SELECT pg_catalog.setval('public.stock_quant_relocate_id_seq', 1, false);


--
-- Name: stock_quantity_history_id_seq; Type: SEQUENCE SET; Schema: public; Owner: odoo
--

SELECT pg_catalog.setval('public.stock_quantity_history_id_seq', 1, false);


--
-- Name: stock_replenishment_info_id_seq; Type: SEQUENCE SET; Schema: public; Owner: odoo
--

SELECT pg_catalog.setval('public.stock_replenishment_info_id_seq', 1, false);


--
-- Name: stock_replenishment_option_id_seq; Type: SEQUENCE SET; Schema: public; Owner: odoo
--

SELECT pg_catalog.setval('public.stock_replenishment_option_id_seq', 1, false);


--
-- Name: stock_request_count_id_seq; Type: SEQUENCE SET; Schema: public; Owner: odoo
--

SELECT pg_catalog.setval('public.stock_request_count_id_seq', 1, false);


--
-- Name: stock_return_picking_id_seq; Type: SEQUENCE SET; Schema: public; Owner: odoo
--

SELECT pg_catalog.setval('public.stock_return_picking_id_seq', 2, true);


--
-- Name: stock_return_picking_line_id_seq; Type: SEQUENCE SET; Schema: public; Owner: odoo
--

SELECT pg_catalog.setval('public.stock_return_picking_line_id_seq', 1, true);


--
-- Name: stock_route_id_seq; Type: SEQUENCE SET; Schema: public; Owner: odoo
--

SELECT pg_catalog.setval('public.stock_route_id_seq', 7, true);


--
-- Name: stock_rule_id_seq; Type: SEQUENCE SET; Schema: public; Owner: odoo
--

SELECT pg_catalog.setval('public.stock_rule_id_seq', 11, true);


--
-- Name: stock_rules_report_id_seq; Type: SEQUENCE SET; Schema: public; Owner: odoo
--

SELECT pg_catalog.setval('public.stock_rules_report_id_seq', 1, false);


--
-- Name: stock_scrap_id_seq; Type: SEQUENCE SET; Schema: public; Owner: odoo
--

SELECT pg_catalog.setval('public.stock_scrap_id_seq', 1, false);


--
-- Name: stock_scrap_reason_tag_id_seq; Type: SEQUENCE SET; Schema: public; Owner: odoo
--

SELECT pg_catalog.setval('public.stock_scrap_reason_tag_id_seq', 1, false);


--
-- Name: stock_storage_category_capacity_id_seq; Type: SEQUENCE SET; Schema: public; Owner: odoo
--

SELECT pg_catalog.setval('public.stock_storage_category_capacity_id_seq', 1, false);


--
-- Name: stock_storage_category_id_seq; Type: SEQUENCE SET; Schema: public; Owner: odoo
--

SELECT pg_catalog.setval('public.stock_storage_category_id_seq', 1, false);


--
-- Name: stock_traceability_report_id_seq; Type: SEQUENCE SET; Schema: public; Owner: odoo
--

SELECT pg_catalog.setval('public.stock_traceability_report_id_seq', 1, false);


--
-- Name: stock_track_confirmation_id_seq; Type: SEQUENCE SET; Schema: public; Owner: odoo
--

SELECT pg_catalog.setval('public.stock_track_confirmation_id_seq', 1, false);


--
-- Name: stock_track_line_id_seq; Type: SEQUENCE SET; Schema: public; Owner: odoo
--

SELECT pg_catalog.setval('public.stock_track_line_id_seq', 1, false);


--
-- Name: stock_valuation_layer_id_seq; Type: SEQUENCE SET; Schema: public; Owner: odoo
--

SELECT pg_catalog.setval('public.stock_valuation_layer_id_seq', 2, true);


--
-- Name: stock_valuation_layer_revaluation_id_seq; Type: SEQUENCE SET; Schema: public; Owner: odoo
--

SELECT pg_catalog.setval('public.stock_valuation_layer_revaluation_id_seq', 1, false);


--
-- Name: stock_warehouse_id_seq; Type: SEQUENCE SET; Schema: public; Owner: odoo
--

SELECT pg_catalog.setval('public.stock_warehouse_id_seq', 1, true);


--
-- Name: stock_warehouse_orderpoint_id_seq; Type: SEQUENCE SET; Schema: public; Owner: odoo
--

SELECT pg_catalog.setval('public.stock_warehouse_orderpoint_id_seq', 1, false);


--
-- Name: stock_warn_insufficient_qty_repair_id_seq; Type: SEQUENCE SET; Schema: public; Owner: odoo
--

SELECT pg_catalog.setval('public.stock_warn_insufficient_qty_repair_id_seq', 1, false);


--
-- Name: stock_warn_insufficient_qty_scrap_id_seq; Type: SEQUENCE SET; Schema: public; Owner: odoo
--

SELECT pg_catalog.setval('public.stock_warn_insufficient_qty_scrap_id_seq', 1, false);


--
-- Name: stock_warn_insufficient_qty_unbuild_id_seq; Type: SEQUENCE SET; Schema: public; Owner: odoo
--

SELECT pg_catalog.setval('public.stock_warn_insufficient_qty_unbuild_id_seq', 1, false);


--
-- Name: uom_category_id_seq; Type: SEQUENCE SET; Schema: public; Owner: odoo
--

SELECT pg_catalog.setval('public.uom_category_id_seq', 7, true);


--
-- Name: uom_uom_id_seq; Type: SEQUENCE SET; Schema: public; Owner: odoo
--

SELECT pg_catalog.setval('public.uom_uom_id_seq', 28, true);


--
-- Name: update_product_attribute_value_id_seq; Type: SEQUENCE SET; Schema: public; Owner: odoo
--

SELECT pg_catalog.setval('public.update_product_attribute_value_id_seq', 1, false);


--
-- Name: utm_campaign_id_seq; Type: SEQUENCE SET; Schema: public; Owner: odoo
--

SELECT pg_catalog.setval('public.utm_campaign_id_seq', 1, false);


--
-- Name: utm_medium_id_seq; Type: SEQUENCE SET; Schema: public; Owner: odoo
--

SELECT pg_catalog.setval('public.utm_medium_id_seq', 10, true);


--
-- Name: utm_source_id_seq; Type: SEQUENCE SET; Schema: public; Owner: odoo
--

SELECT pg_catalog.setval('public.utm_source_id_seq', 9, true);


--
-- Name: utm_stage_id_seq; Type: SEQUENCE SET; Schema: public; Owner: odoo
--

SELECT pg_catalog.setval('public.utm_stage_id_seq', 1, true);


--
-- Name: utm_tag_id_seq; Type: SEQUENCE SET; Schema: public; Owner: odoo
--

SELECT pg_catalog.setval('public.utm_tag_id_seq', 1, true);


--
-- Name: validate_account_move_id_seq; Type: SEQUENCE SET; Schema: public; Owner: odoo
--

SELECT pg_catalog.setval('public.validate_account_move_id_seq', 1, false);


--
-- Name: web_editor_converter_test_id_seq; Type: SEQUENCE SET; Schema: public; Owner: odoo
--

SELECT pg_catalog.setval('public.web_editor_converter_test_id_seq', 1, false);


--
-- Name: web_editor_converter_test_sub_id_seq; Type: SEQUENCE SET; Schema: public; Owner: odoo
--

SELECT pg_catalog.setval('public.web_editor_converter_test_sub_id_seq', 1, false);


--
-- Name: web_tour_tour_id_seq; Type: SEQUENCE SET; Schema: public; Owner: odoo
--

SELECT pg_catalog.setval('public.web_tour_tour_id_seq', 8, true);


--
-- Name: web_tour_tour_step_id_seq; Type: SEQUENCE SET; Schema: public; Owner: odoo
--

SELECT pg_catalog.setval('public.web_tour_tour_step_id_seq', 1, false);


--
-- Name: wizard_ir_model_menu_create_id_seq; Type: SEQUENCE SET; Schema: public; Owner: odoo
--

SELECT pg_catalog.setval('public.wizard_ir_model_menu_create_id_seq', 1, false);


--
-- Name: account_account_account_journal_rel account_account_account_journal_rel_pkey; Type: CONSTRAINT; Schema: public; Owner: odoo
--

ALTER TABLE ONLY public.account_account_account_journal_rel
    ADD CONSTRAINT account_account_account_journal_rel_pkey PRIMARY KEY (account_account_id, account_journal_id);


--
-- Name: account_account_account_merge_wizard_rel account_account_account_merge_wizard_rel_pkey; Type: CONSTRAINT; Schema: public; Owner: odoo
--

ALTER TABLE ONLY public.account_account_account_merge_wizard_rel
    ADD CONSTRAINT account_account_account_merge_wizard_rel_pkey PRIMARY KEY (account_merge_wizard_id, account_account_id);


--
-- Name: account_account_account_tag account_account_account_tag_pkey; Type: CONSTRAINT; Schema: public; Owner: odoo
--

ALTER TABLE ONLY public.account_account_account_tag
    ADD CONSTRAINT account_account_account_tag_pkey PRIMARY KEY (account_account_id, account_account_tag_id);


--
-- Name: account_account account_account_pkey; Type: CONSTRAINT; Schema: public; Owner: odoo
--

ALTER TABLE ONLY public.account_account
    ADD CONSTRAINT account_account_pkey PRIMARY KEY (id);


--
-- Name: account_account_res_company_rel account_account_res_company_rel_pkey; Type: CONSTRAINT; Schema: public; Owner: odoo
--

ALTER TABLE ONLY public.account_account_res_company_rel
    ADD CONSTRAINT account_account_res_company_rel_pkey PRIMARY KEY (account_account_id, res_company_id);


--
-- Name: account_account_tag_account_move_line_rel account_account_tag_account_move_line_rel_pkey; Type: CONSTRAINT; Schema: public; Owner: odoo
--

ALTER TABLE ONLY public.account_account_tag_account_move_line_rel
    ADD CONSTRAINT account_account_tag_account_move_line_rel_pkey PRIMARY KEY (account_move_line_id, account_account_tag_id);


--
-- Name: account_account_tag_account_tax_repartition_line_rel account_account_tag_account_tax_repartition_line_rel_pkey; Type: CONSTRAINT; Schema: public; Owner: odoo
--

ALTER TABLE ONLY public.account_account_tag_account_tax_repartition_line_rel
    ADD CONSTRAINT account_account_tag_account_tax_repartition_line_rel_pkey PRIMARY KEY (account_tax_repartition_line_id, account_account_tag_id);


--
-- Name: account_account_tag account_account_tag_name_uniq; Type: CONSTRAINT; Schema: public; Owner: odoo
--

ALTER TABLE ONLY public.account_account_tag
    ADD CONSTRAINT account_account_tag_name_uniq UNIQUE (name, applicability, country_id);


--
-- Name: CONSTRAINT account_account_tag_name_uniq ON account_account_tag; Type: COMMENT; Schema: public; Owner: odoo
--

COMMENT ON CONSTRAINT account_account_tag_name_uniq ON public.account_account_tag IS 'unique(name, applicability, country_id)';


--
-- Name: account_account_tag account_account_tag_pkey; Type: CONSTRAINT; Schema: public; Owner: odoo
--

ALTER TABLE ONLY public.account_account_tag
    ADD CONSTRAINT account_account_tag_pkey PRIMARY KEY (id);


--
-- Name: account_account_tag_product_template_rel account_account_tag_product_template_rel_pkey; Type: CONSTRAINT; Schema: public; Owner: odoo
--

ALTER TABLE ONLY public.account_account_tag_product_template_rel
    ADD CONSTRAINT account_account_tag_product_template_rel_pkey PRIMARY KEY (product_template_id, account_account_tag_id);


--
-- Name: account_account_tax_default_rel account_account_tax_default_rel_pkey; Type: CONSTRAINT; Schema: public; Owner: odoo
--

ALTER TABLE ONLY public.account_account_tax_default_rel
    ADD CONSTRAINT account_account_tax_default_rel_pkey PRIMARY KEY (account_id, tax_id);


--
-- Name: account_accrued_orders_wizard account_accrued_orders_wizard_pkey; Type: CONSTRAINT; Schema: public; Owner: odoo
--

ALTER TABLE ONLY public.account_accrued_orders_wizard
    ADD CONSTRAINT account_accrued_orders_wizard_pkey PRIMARY KEY (id);


--
-- Name: account_analytic_account_mrp_bom_rel account_analytic_account_mrp_bom_rel_pkey; Type: CONSTRAINT; Schema: public; Owner: odoo
--

ALTER TABLE ONLY public.account_analytic_account_mrp_bom_rel
    ADD CONSTRAINT account_analytic_account_mrp_bom_rel_pkey PRIMARY KEY (account_analytic_account_id, mrp_bom_id);


--
-- Name: account_analytic_account_mrp_production_rel account_analytic_account_mrp_production_rel_pkey; Type: CONSTRAINT; Schema: public; Owner: odoo
--

ALTER TABLE ONLY public.account_analytic_account_mrp_production_rel
    ADD CONSTRAINT account_analytic_account_mrp_production_rel_pkey PRIMARY KEY (account_analytic_account_id, mrp_production_id);


--
-- Name: account_analytic_account_mrp_workcenter_rel account_analytic_account_mrp_workcenter_rel_pkey; Type: CONSTRAINT; Schema: public; Owner: odoo
--

ALTER TABLE ONLY public.account_analytic_account_mrp_workcenter_rel
    ADD CONSTRAINT account_analytic_account_mrp_workcenter_rel_pkey PRIMARY KEY (account_analytic_account_id, mrp_workcenter_id);


--
-- Name: account_analytic_account account_analytic_account_pkey; Type: CONSTRAINT; Schema: public; Owner: odoo
--

ALTER TABLE ONLY public.account_analytic_account
    ADD CONSTRAINT account_analytic_account_pkey PRIMARY KEY (id);


--
-- Name: account_analytic_applicability account_analytic_applicability_pkey; Type: CONSTRAINT; Schema: public; Owner: odoo
--

ALTER TABLE ONLY public.account_analytic_applicability
    ADD CONSTRAINT account_analytic_applicability_pkey PRIMARY KEY (id);


--
-- Name: account_analytic_distribution_model account_analytic_distribution_model_pkey; Type: CONSTRAINT; Schema: public; Owner: odoo
--

ALTER TABLE ONLY public.account_analytic_distribution_model
    ADD CONSTRAINT account_analytic_distribution_model_pkey PRIMARY KEY (id);


--
-- Name: account_analytic_line account_analytic_line_pkey; Type: CONSTRAINT; Schema: public; Owner: odoo
--

ALTER TABLE ONLY public.account_analytic_line
    ADD CONSTRAINT account_analytic_line_pkey PRIMARY KEY (id);


--
-- Name: account_analytic_line_stock_move_rel account_analytic_line_stock_move_rel_pkey; Type: CONSTRAINT; Schema: public; Owner: odoo
--

ALTER TABLE ONLY public.account_analytic_line_stock_move_rel
    ADD CONSTRAINT account_analytic_line_stock_move_rel_pkey PRIMARY KEY (stock_move_id, account_analytic_line_id);


--
-- Name: account_analytic_plan account_analytic_plan_pkey; Type: CONSTRAINT; Schema: public; Owner: odoo
--

ALTER TABLE ONLY public.account_analytic_plan
    ADD CONSTRAINT account_analytic_plan_pkey PRIMARY KEY (id);


--
-- Name: account_automatic_entry_wizard_account_move_line_rel account_automatic_entry_wizard_account_move_line_rel_pkey; Type: CONSTRAINT; Schema: public; Owner: odoo
--

ALTER TABLE ONLY public.account_automatic_entry_wizard_account_move_line_rel
    ADD CONSTRAINT account_automatic_entry_wizard_account_move_line_rel_pkey PRIMARY KEY (account_automatic_entry_wizard_id, account_move_line_id);


--
-- Name: account_automatic_entry_wizard account_automatic_entry_wizard_pkey; Type: CONSTRAINT; Schema: public; Owner: odoo
--

ALTER TABLE ONLY public.account_automatic_entry_wizard
    ADD CONSTRAINT account_automatic_entry_wizard_pkey PRIMARY KEY (id);


--
-- Name: account_autopost_bills_wizard account_autopost_bills_wizard_pkey; Type: CONSTRAINT; Schema: public; Owner: odoo
--

ALTER TABLE ONLY public.account_autopost_bills_wizard
    ADD CONSTRAINT account_autopost_bills_wizard_pkey PRIMARY KEY (id);


--
-- Name: account_bank_statement_ir_attachment_rel account_bank_statement_ir_attachment_rel_pkey; Type: CONSTRAINT; Schema: public; Owner: odoo
--

ALTER TABLE ONLY public.account_bank_statement_ir_attachment_rel
    ADD CONSTRAINT account_bank_statement_ir_attachment_rel_pkey PRIMARY KEY (account_bank_statement_id, ir_attachment_id);


--
-- Name: account_bank_statement_line account_bank_statement_line_pkey; Type: CONSTRAINT; Schema: public; Owner: odoo
--

ALTER TABLE ONLY public.account_bank_statement_line
    ADD CONSTRAINT account_bank_statement_line_pkey PRIMARY KEY (id);


--
-- Name: account_bank_statement account_bank_statement_pkey; Type: CONSTRAINT; Schema: public; Owner: odoo
--

ALTER TABLE ONLY public.account_bank_statement
    ADD CONSTRAINT account_bank_statement_pkey PRIMARY KEY (id);


--
-- Name: account_cash_rounding account_cash_rounding_pkey; Type: CONSTRAINT; Schema: public; Owner: odoo
--

ALTER TABLE ONLY public.account_cash_rounding
    ADD CONSTRAINT account_cash_rounding_pkey PRIMARY KEY (id);


--
-- Name: account_edi_proxy_client_user account_edi_proxy_client_user_pkey; Type: CONSTRAINT; Schema: public; Owner: odoo
--

ALTER TABLE ONLY public.account_edi_proxy_client_user
    ADD CONSTRAINT account_edi_proxy_client_user_pkey PRIMARY KEY (id);


--
-- Name: account_edi_proxy_client_user account_edi_proxy_client_user_unique_id_client; Type: CONSTRAINT; Schema: public; Owner: odoo
--

ALTER TABLE ONLY public.account_edi_proxy_client_user
    ADD CONSTRAINT account_edi_proxy_client_user_unique_id_client UNIQUE (id_client);


--
-- Name: CONSTRAINT account_edi_proxy_client_user_unique_id_client ON account_edi_proxy_client_user; Type: COMMENT; Schema: public; Owner: odoo
--

COMMENT ON CONSTRAINT account_edi_proxy_client_user_unique_id_client ON public.account_edi_proxy_client_user IS 'unique(id_client)';


--
-- Name: account_financial_year_op account_financial_year_op_pkey; Type: CONSTRAINT; Schema: public; Owner: odoo
--

ALTER TABLE ONLY public.account_financial_year_op
    ADD CONSTRAINT account_financial_year_op_pkey PRIMARY KEY (id);


--
-- Name: account_fiscal_position_account account_fiscal_position_account_account_src_dest_uniq; Type: CONSTRAINT; Schema: public; Owner: odoo
--

ALTER TABLE ONLY public.account_fiscal_position_account
    ADD CONSTRAINT account_fiscal_position_account_account_src_dest_uniq UNIQUE (position_id, account_src_id, account_dest_id);


--
-- Name: CONSTRAINT account_fiscal_position_account_account_src_dest_uniq ON account_fiscal_position_account; Type: COMMENT; Schema: public; Owner: odoo
--

COMMENT ON CONSTRAINT account_fiscal_position_account_account_src_dest_uniq ON public.account_fiscal_position_account IS 'unique (position_id,account_src_id,account_dest_id)';


--
-- Name: account_fiscal_position_account account_fiscal_position_account_pkey; Type: CONSTRAINT; Schema: public; Owner: odoo
--

ALTER TABLE ONLY public.account_fiscal_position_account
    ADD CONSTRAINT account_fiscal_position_account_pkey PRIMARY KEY (id);


--
-- Name: account_fiscal_position account_fiscal_position_pkey; Type: CONSTRAINT; Schema: public; Owner: odoo
--

ALTER TABLE ONLY public.account_fiscal_position
    ADD CONSTRAINT account_fiscal_position_pkey PRIMARY KEY (id);


--
-- Name: account_fiscal_position_res_country_state_rel account_fiscal_position_res_country_state_rel_pkey; Type: CONSTRAINT; Schema: public; Owner: odoo
--

ALTER TABLE ONLY public.account_fiscal_position_res_country_state_rel
    ADD CONSTRAINT account_fiscal_position_res_country_state_rel_pkey PRIMARY KEY (account_fiscal_position_id, res_country_state_id);


--
-- Name: account_fiscal_position_tax account_fiscal_position_tax_pkey; Type: CONSTRAINT; Schema: public; Owner: odoo
--

ALTER TABLE ONLY public.account_fiscal_position_tax
    ADD CONSTRAINT account_fiscal_position_tax_pkey PRIMARY KEY (id);


--
-- Name: account_fiscal_position_tax account_fiscal_position_tax_tax_src_dest_uniq; Type: CONSTRAINT; Schema: public; Owner: odoo
--

ALTER TABLE ONLY public.account_fiscal_position_tax
    ADD CONSTRAINT account_fiscal_position_tax_tax_src_dest_uniq UNIQUE (position_id, tax_src_id, tax_dest_id);


--
-- Name: CONSTRAINT account_fiscal_position_tax_tax_src_dest_uniq ON account_fiscal_position_tax; Type: COMMENT; Schema: public; Owner: odoo
--

COMMENT ON CONSTRAINT account_fiscal_position_tax_tax_src_dest_uniq ON public.account_fiscal_position_tax IS 'unique (position_id,tax_src_id,tax_dest_id)';


--
-- Name: account_full_reconcile account_full_reconcile_pkey; Type: CONSTRAINT; Schema: public; Owner: odoo
--

ALTER TABLE ONLY public.account_full_reconcile
    ADD CONSTRAINT account_full_reconcile_pkey PRIMARY KEY (id);


--
-- Name: account_group account_group_pkey; Type: CONSTRAINT; Schema: public; Owner: odoo
--

ALTER TABLE ONLY public.account_group
    ADD CONSTRAINT account_group_pkey PRIMARY KEY (id);


--
-- Name: account_incoterms account_incoterms_pkey; Type: CONSTRAINT; Schema: public; Owner: odoo
--

ALTER TABLE ONLY public.account_incoterms
    ADD CONSTRAINT account_incoterms_pkey PRIMARY KEY (id);


--
-- Name: account_invoice_transaction_rel account_invoice_transaction_rel_pkey; Type: CONSTRAINT; Schema: public; Owner: odoo
--

ALTER TABLE ONLY public.account_invoice_transaction_rel
    ADD CONSTRAINT account_invoice_transaction_rel_pkey PRIMARY KEY (invoice_id, transaction_id);


--
-- Name: account_journal_account_journal_group_rel account_journal_account_journal_group_rel_pkey; Type: CONSTRAINT; Schema: public; Owner: odoo
--

ALTER TABLE ONLY public.account_journal_account_journal_group_rel
    ADD CONSTRAINT account_journal_account_journal_group_rel_pkey PRIMARY KEY (account_journal_group_id, account_journal_id);


--
-- Name: account_journal_account_reconcile_model_rel account_journal_account_reconcile_model_rel_pkey; Type: CONSTRAINT; Schema: public; Owner: odoo
--

ALTER TABLE ONLY public.account_journal_account_reconcile_model_rel
    ADD CONSTRAINT account_journal_account_reconcile_model_rel_pkey PRIMARY KEY (account_reconcile_model_id, account_journal_id);


--
-- Name: account_journal account_journal_code_company_uniq; Type: CONSTRAINT; Schema: public; Owner: odoo
--

ALTER TABLE ONLY public.account_journal
    ADD CONSTRAINT account_journal_code_company_uniq UNIQUE (company_id, code);


--
-- Name: CONSTRAINT account_journal_code_company_uniq ON account_journal; Type: COMMENT; Schema: public; Owner: odoo
--

COMMENT ON CONSTRAINT account_journal_code_company_uniq ON public.account_journal IS 'unique (company_id, code)';


--
-- Name: account_journal_group account_journal_group_pkey; Type: CONSTRAINT; Schema: public; Owner: odoo
--

ALTER TABLE ONLY public.account_journal_group
    ADD CONSTRAINT account_journal_group_pkey PRIMARY KEY (id);


--
-- Name: account_journal_group account_journal_group_uniq_name; Type: CONSTRAINT; Schema: public; Owner: odoo
--

ALTER TABLE ONLY public.account_journal_group
    ADD CONSTRAINT account_journal_group_uniq_name UNIQUE (company_id, name);


--
-- Name: CONSTRAINT account_journal_group_uniq_name ON account_journal_group; Type: COMMENT; Schema: public; Owner: odoo
--

COMMENT ON CONSTRAINT account_journal_group_uniq_name ON public.account_journal_group IS 'unique(company_id, name)';


--
-- Name: account_journal account_journal_pkey; Type: CONSTRAINT; Schema: public; Owner: odoo
--

ALTER TABLE ONLY public.account_journal
    ADD CONSTRAINT account_journal_pkey PRIMARY KEY (id);


--
-- Name: account_lock_exception account_lock_exception_pkey; Type: CONSTRAINT; Schema: public; Owner: odoo
--

ALTER TABLE ONLY public.account_lock_exception
    ADD CONSTRAINT account_lock_exception_pkey PRIMARY KEY (id);


--
-- Name: account_merge_wizard_line account_merge_wizard_line_pkey; Type: CONSTRAINT; Schema: public; Owner: odoo
--

ALTER TABLE ONLY public.account_merge_wizard_line
    ADD CONSTRAINT account_merge_wizard_line_pkey PRIMARY KEY (id);


--
-- Name: account_merge_wizard account_merge_wizard_pkey; Type: CONSTRAINT; Schema: public; Owner: odoo
--

ALTER TABLE ONLY public.account_merge_wizard
    ADD CONSTRAINT account_merge_wizard_pkey PRIMARY KEY (id);


--
-- Name: account_move__account_payment account_move__account_payment_pkey; Type: CONSTRAINT; Schema: public; Owner: odoo
--

ALTER TABLE ONLY public.account_move__account_payment
    ADD CONSTRAINT account_move__account_payment_pkey PRIMARY KEY (invoice_id, payment_id);


--
-- Name: account_move_account_move_send_batch_wizard_rel account_move_account_move_send_batch_wizard_rel_pkey; Type: CONSTRAINT; Schema: public; Owner: odoo
--

ALTER TABLE ONLY public.account_move_account_move_send_batch_wizard_rel
    ADD CONSTRAINT account_move_account_move_send_batch_wizard_rel_pkey PRIMARY KEY (account_move_send_batch_wizard_id, account_move_id);


--
-- Name: account_move_account_peppol_rejection_wizard_rel account_move_account_peppol_rejection_wizard_rel_pkey; Type: CONSTRAINT; Schema: public; Owner: odoo
--

ALTER TABLE ONLY public.account_move_account_peppol_rejection_wizard_rel
    ADD CONSTRAINT account_move_account_peppol_rejection_wizard_rel_pkey PRIMARY KEY (account_peppol_rejection_wizard_id, account_move_id);


--
-- Name: account_move_account_resequence_wizard_rel account_move_account_resequence_wizard_rel_pkey; Type: CONSTRAINT; Schema: public; Owner: odoo
--

ALTER TABLE ONLY public.account_move_account_resequence_wizard_rel
    ADD CONSTRAINT account_move_account_resequence_wizard_rel_pkey PRIMARY KEY (account_resequence_wizard_id, account_move_id);


--
-- Name: account_move_line_account_tax_rel account_move_line_account_tax_rel_pkey; Type: CONSTRAINT; Schema: public; Owner: odoo
--

ALTER TABLE ONLY public.account_move_line_account_tax_rel
    ADD CONSTRAINT account_move_line_account_tax_rel_pkey PRIMARY KEY (account_move_line_id, account_tax_id);


--
-- Name: account_move_line account_move_line_pkey; Type: CONSTRAINT; Schema: public; Owner: odoo
--

ALTER TABLE ONLY public.account_move_line
    ADD CONSTRAINT account_move_line_pkey PRIMARY KEY (id);


--
-- Name: account_move_mrp_production_rel account_move_mrp_production_rel_pkey; Type: CONSTRAINT; Schema: public; Owner: odoo
--

ALTER TABLE ONLY public.account_move_mrp_production_rel
    ADD CONSTRAINT account_move_mrp_production_rel_pkey PRIMARY KEY (account_move_id, mrp_production_id);


--
-- Name: account_move account_move_pkey; Type: CONSTRAINT; Schema: public; Owner: odoo
--

ALTER TABLE ONLY public.account_move
    ADD CONSTRAINT account_move_pkey PRIMARY KEY (id);


--
-- Name: account_move_purchase_order_rel account_move_purchase_order_rel_pkey; Type: CONSTRAINT; Schema: public; Owner: odoo
--

ALTER TABLE ONLY public.account_move_purchase_order_rel
    ADD CONSTRAINT account_move_purchase_order_rel_pkey PRIMARY KEY (purchase_order_id, account_move_id);


--
-- Name: account_move_reversal_move account_move_reversal_move_pkey; Type: CONSTRAINT; Schema: public; Owner: odoo
--

ALTER TABLE ONLY public.account_move_reversal_move
    ADD CONSTRAINT account_move_reversal_move_pkey PRIMARY KEY (reversal_id, move_id);


--
-- Name: account_move_reversal_new_move account_move_reversal_new_move_pkey; Type: CONSTRAINT; Schema: public; Owner: odoo
--

ALTER TABLE ONLY public.account_move_reversal_new_move
    ADD CONSTRAINT account_move_reversal_new_move_pkey PRIMARY KEY (reversal_id, new_move_id);


--
-- Name: account_move_reversal account_move_reversal_pkey; Type: CONSTRAINT; Schema: public; Owner: odoo
--

ALTER TABLE ONLY public.account_move_reversal
    ADD CONSTRAINT account_move_reversal_pkey PRIMARY KEY (id);


--
-- Name: account_move_send_batch_wizard account_move_send_batch_wizard_pkey; Type: CONSTRAINT; Schema: public; Owner: odoo
--

ALTER TABLE ONLY public.account_move_send_batch_wizard
    ADD CONSTRAINT account_move_send_batch_wizard_pkey PRIMARY KEY (id);


--
-- Name: account_move_send_wizard account_move_send_wizard_pkey; Type: CONSTRAINT; Schema: public; Owner: odoo
--

ALTER TABLE ONLY public.account_move_send_wizard
    ADD CONSTRAINT account_move_send_wizard_pkey PRIMARY KEY (id);


--
-- Name: account_move_send_wizard_res_partner_rel account_move_send_wizard_res_partner_rel_pkey; Type: CONSTRAINT; Schema: public; Owner: odoo
--

ALTER TABLE ONLY public.account_move_send_wizard_res_partner_rel
    ADD CONSTRAINT account_move_send_wizard_res_partner_rel_pkey PRIMARY KEY (account_move_send_wizard_id, res_partner_id);


--
-- Name: account_move_validate_account_move_rel account_move_validate_account_move_rel_pkey; Type: CONSTRAINT; Schema: public; Owner: odoo
--

ALTER TABLE ONLY public.account_move_validate_account_move_rel
    ADD CONSTRAINT account_move_validate_account_move_rel_pkey PRIMARY KEY (validate_account_move_id, account_move_id);


--
-- Name: account_partial_reconcile account_partial_reconcile_pkey; Type: CONSTRAINT; Schema: public; Owner: odoo
--

ALTER TABLE ONLY public.account_partial_reconcile
    ADD CONSTRAINT account_partial_reconcile_pkey PRIMARY KEY (id);


--
-- Name: account_payment_account_bank_statement_line_rel account_payment_account_bank_statement_line_rel_pkey; Type: CONSTRAINT; Schema: public; Owner: odoo
--

ALTER TABLE ONLY public.account_payment_account_bank_statement_line_rel
    ADD CONSTRAINT account_payment_account_bank_statement_line_rel_pkey PRIMARY KEY (account_bank_statement_line_id, account_payment_id);


--
-- Name: account_payment_method_line account_payment_method_line_pkey; Type: CONSTRAINT; Schema: public; Owner: odoo
--

ALTER TABLE ONLY public.account_payment_method_line
    ADD CONSTRAINT account_payment_method_line_pkey PRIMARY KEY (id);


--
-- Name: account_payment_method account_payment_method_name_code_unique; Type: CONSTRAINT; Schema: public; Owner: odoo
--

ALTER TABLE ONLY public.account_payment_method
    ADD CONSTRAINT account_payment_method_name_code_unique UNIQUE (code, payment_type);


--
-- Name: CONSTRAINT account_payment_method_name_code_unique ON account_payment_method; Type: COMMENT; Schema: public; Owner: odoo
--

COMMENT ON CONSTRAINT account_payment_method_name_code_unique ON public.account_payment_method IS 'unique (code, payment_type)';


--
-- Name: account_payment_method account_payment_method_pkey; Type: CONSTRAINT; Schema: public; Owner: odoo
--

ALTER TABLE ONLY public.account_payment_method
    ADD CONSTRAINT account_payment_method_pkey PRIMARY KEY (id);


--
-- Name: account_payment account_payment_pkey; Type: CONSTRAINT; Schema: public; Owner: odoo
--

ALTER TABLE ONLY public.account_payment
    ADD CONSTRAINT account_payment_pkey PRIMARY KEY (id);


--
-- Name: account_payment_register_move_line_rel account_payment_register_move_line_rel_pkey; Type: CONSTRAINT; Schema: public; Owner: odoo
--

ALTER TABLE ONLY public.account_payment_register_move_line_rel
    ADD CONSTRAINT account_payment_register_move_line_rel_pkey PRIMARY KEY (wizard_id, line_id);


--
-- Name: account_payment_register account_payment_register_pkey; Type: CONSTRAINT; Schema: public; Owner: odoo
--

ALTER TABLE ONLY public.account_payment_register
    ADD CONSTRAINT account_payment_register_pkey PRIMARY KEY (id);


--
-- Name: account_payment_term_line account_payment_term_line_pkey; Type: CONSTRAINT; Schema: public; Owner: odoo
--

ALTER TABLE ONLY public.account_payment_term_line
    ADD CONSTRAINT account_payment_term_line_pkey PRIMARY KEY (id);


--
-- Name: account_payment_term account_payment_term_pkey; Type: CONSTRAINT; Schema: public; Owner: odoo
--

ALTER TABLE ONLY public.account_payment_term
    ADD CONSTRAINT account_payment_term_pkey PRIMARY KEY (id);


--
-- Name: account_peppol_clarification account_peppol_clarification_pkey; Type: CONSTRAINT; Schema: public; Owner: odoo
--

ALTER TABLE ONLY public.account_peppol_clarification
    ADD CONSTRAINT account_peppol_clarification_pkey PRIMARY KEY (id);


--
-- Name: account_peppol_rejection_action_rel account_peppol_rejection_action_rel_pkey; Type: CONSTRAINT; Schema: public; Owner: odoo
--

ALTER TABLE ONLY public.account_peppol_rejection_action_rel
    ADD CONSTRAINT account_peppol_rejection_action_rel_pkey PRIMARY KEY (account_peppol_rejection_wizard_id, account_peppol_clarification_id);


--
-- Name: account_peppol_rejection_reason_rel account_peppol_rejection_reason_rel_pkey; Type: CONSTRAINT; Schema: public; Owner: odoo
--

ALTER TABLE ONLY public.account_peppol_rejection_reason_rel
    ADD CONSTRAINT account_peppol_rejection_reason_rel_pkey PRIMARY KEY (account_peppol_rejection_wizard_id, account_peppol_clarification_id);


--
-- Name: account_peppol_rejection_wizard account_peppol_rejection_wizard_pkey; Type: CONSTRAINT; Schema: public; Owner: odoo
--

ALTER TABLE ONLY public.account_peppol_rejection_wizard
    ADD CONSTRAINT account_peppol_rejection_wizard_pkey PRIMARY KEY (id);


--
-- Name: account_peppol_response account_peppol_response_pkey; Type: CONSTRAINT; Schema: public; Owner: odoo
--

ALTER TABLE ONLY public.account_peppol_response
    ADD CONSTRAINT account_peppol_response_pkey PRIMARY KEY (id);


--
-- Name: account_peppol_service account_peppol_service_pkey; Type: CONSTRAINT; Schema: public; Owner: odoo
--

ALTER TABLE ONLY public.account_peppol_service
    ADD CONSTRAINT account_peppol_service_pkey PRIMARY KEY (id);


--
-- Name: account_peppol_service_wizard account_peppol_service_wizard_pkey; Type: CONSTRAINT; Schema: public; Owner: odoo
--

ALTER TABLE ONLY public.account_peppol_service_wizard
    ADD CONSTRAINT account_peppol_service_wizard_pkey PRIMARY KEY (id);


--
-- Name: account_reconcile_model_line_account_tax_rel account_reconcile_model_line_account_tax_rel_pkey; Type: CONSTRAINT; Schema: public; Owner: odoo
--

ALTER TABLE ONLY public.account_reconcile_model_line_account_tax_rel
    ADD CONSTRAINT account_reconcile_model_line_account_tax_rel_pkey PRIMARY KEY (account_reconcile_model_line_id, account_tax_id);


--
-- Name: account_reconcile_model_line account_reconcile_model_line_pkey; Type: CONSTRAINT; Schema: public; Owner: odoo
--

ALTER TABLE ONLY public.account_reconcile_model_line
    ADD CONSTRAINT account_reconcile_model_line_pkey PRIMARY KEY (id);


--
-- Name: account_reconcile_model account_reconcile_model_name_unique; Type: CONSTRAINT; Schema: public; Owner: odoo
--

ALTER TABLE ONLY public.account_reconcile_model
    ADD CONSTRAINT account_reconcile_model_name_unique UNIQUE (name, company_id);


--
-- Name: CONSTRAINT account_reconcile_model_name_unique ON account_reconcile_model; Type: COMMENT; Schema: public; Owner: odoo
--

COMMENT ON CONSTRAINT account_reconcile_model_name_unique ON public.account_reconcile_model IS 'unique(name, company_id)';


--
-- Name: account_reconcile_model_partner_mapping account_reconcile_model_partner_mapping_pkey; Type: CONSTRAINT; Schema: public; Owner: odoo
--

ALTER TABLE ONLY public.account_reconcile_model_partner_mapping
    ADD CONSTRAINT account_reconcile_model_partner_mapping_pkey PRIMARY KEY (id);


--
-- Name: account_reconcile_model account_reconcile_model_pkey; Type: CONSTRAINT; Schema: public; Owner: odoo
--

ALTER TABLE ONLY public.account_reconcile_model
    ADD CONSTRAINT account_reconcile_model_pkey PRIMARY KEY (id);


--
-- Name: account_reconcile_model_res_partner_category_rel account_reconcile_model_res_partner_category_rel_pkey; Type: CONSTRAINT; Schema: public; Owner: odoo
--

ALTER TABLE ONLY public.account_reconcile_model_res_partner_category_rel
    ADD CONSTRAINT account_reconcile_model_res_partner_category_rel_pkey PRIMARY KEY (account_reconcile_model_id, res_partner_category_id);


--
-- Name: account_reconcile_model_res_partner_rel account_reconcile_model_res_partner_rel_pkey; Type: CONSTRAINT; Schema: public; Owner: odoo
--

ALTER TABLE ONLY public.account_reconcile_model_res_partner_rel
    ADD CONSTRAINT account_reconcile_model_res_partner_rel_pkey PRIMARY KEY (account_reconcile_model_id, res_partner_id);


--
-- Name: account_report_column account_report_column_pkey; Type: CONSTRAINT; Schema: public; Owner: odoo
--

ALTER TABLE ONLY public.account_report_column
    ADD CONSTRAINT account_report_column_pkey PRIMARY KEY (id);


--
-- Name: account_report_expression account_report_expression_line_label_uniq; Type: CONSTRAINT; Schema: public; Owner: odoo
--

ALTER TABLE ONLY public.account_report_expression
    ADD CONSTRAINT account_report_expression_line_label_uniq UNIQUE (report_line_id, label);


--
-- Name: CONSTRAINT account_report_expression_line_label_uniq ON account_report_expression; Type: COMMENT; Schema: public; Owner: odoo
--

COMMENT ON CONSTRAINT account_report_expression_line_label_uniq ON public.account_report_expression IS 'UNIQUE(report_line_id,label)';


--
-- Name: account_report_expression account_report_expression_pkey; Type: CONSTRAINT; Schema: public; Owner: odoo
--

ALTER TABLE ONLY public.account_report_expression
    ADD CONSTRAINT account_report_expression_pkey PRIMARY KEY (id);


--
-- Name: account_report_external_value account_report_external_value_pkey; Type: CONSTRAINT; Schema: public; Owner: odoo
--

ALTER TABLE ONLY public.account_report_external_value
    ADD CONSTRAINT account_report_external_value_pkey PRIMARY KEY (id);


--
-- Name: account_report_line account_report_line_code_uniq; Type: CONSTRAINT; Schema: public; Owner: odoo
--

ALTER TABLE ONLY public.account_report_line
    ADD CONSTRAINT account_report_line_code_uniq UNIQUE (report_id, code);


--
-- Name: CONSTRAINT account_report_line_code_uniq ON account_report_line; Type: COMMENT; Schema: public; Owner: odoo
--

COMMENT ON CONSTRAINT account_report_line_code_uniq ON public.account_report_line IS 'unique (report_id, code)';


--
-- Name: account_report_line account_report_line_pkey; Type: CONSTRAINT; Schema: public; Owner: odoo
--

ALTER TABLE ONLY public.account_report_line
    ADD CONSTRAINT account_report_line_pkey PRIMARY KEY (id);


--
-- Name: account_report account_report_pkey; Type: CONSTRAINT; Schema: public; Owner: odoo
--

ALTER TABLE ONLY public.account_report
    ADD CONSTRAINT account_report_pkey PRIMARY KEY (id);


--
-- Name: account_report_section_rel account_report_section_rel_pkey; Type: CONSTRAINT; Schema: public; Owner: odoo
--

ALTER TABLE ONLY public.account_report_section_rel
    ADD CONSTRAINT account_report_section_rel_pkey PRIMARY KEY (main_report_id, sub_report_id);


--
-- Name: account_resequence_wizard account_resequence_wizard_pkey; Type: CONSTRAINT; Schema: public; Owner: odoo
--

ALTER TABLE ONLY public.account_resequence_wizard
    ADD CONSTRAINT account_resequence_wizard_pkey PRIMARY KEY (id);


--
-- Name: account_secure_entries_wizard account_secure_entries_wizard_pkey; Type: CONSTRAINT; Schema: public; Owner: odoo
--

ALTER TABLE ONLY public.account_secure_entries_wizard
    ADD CONSTRAINT account_secure_entries_wizard_pkey PRIMARY KEY (id);


--
-- Name: account_setup_bank_manual_config account_setup_bank_manual_config_pkey; Type: CONSTRAINT; Schema: public; Owner: odoo
--

ALTER TABLE ONLY public.account_setup_bank_manual_config
    ADD CONSTRAINT account_setup_bank_manual_config_pkey PRIMARY KEY (id);


--
-- Name: account_tax_filiation_rel account_tax_filiation_rel_pkey; Type: CONSTRAINT; Schema: public; Owner: odoo
--

ALTER TABLE ONLY public.account_tax_filiation_rel
    ADD CONSTRAINT account_tax_filiation_rel_pkey PRIMARY KEY (parent_tax, child_tax);


--
-- Name: account_tax_group account_tax_group_pkey; Type: CONSTRAINT; Schema: public; Owner: odoo
--

ALTER TABLE ONLY public.account_tax_group
    ADD CONSTRAINT account_tax_group_pkey PRIMARY KEY (id);


--
-- Name: account_tax account_tax_pkey; Type: CONSTRAINT; Schema: public; Owner: odoo
--

ALTER TABLE ONLY public.account_tax
    ADD CONSTRAINT account_tax_pkey PRIMARY KEY (id);


--
-- Name: account_tax_purchase_order_line_rel account_tax_purchase_order_line_rel_pkey; Type: CONSTRAINT; Schema: public; Owner: odoo
--

ALTER TABLE ONLY public.account_tax_purchase_order_line_rel
    ADD CONSTRAINT account_tax_purchase_order_line_rel_pkey PRIMARY KEY (purchase_order_line_id, account_tax_id);


--
-- Name: account_tax_repartition_line account_tax_repartition_line_pkey; Type: CONSTRAINT; Schema: public; Owner: odoo
--

ALTER TABLE ONLY public.account_tax_repartition_line
    ADD CONSTRAINT account_tax_repartition_line_pkey PRIMARY KEY (id);


--
-- Name: account_tax_sale_order_discount_rel account_tax_sale_order_discount_rel_pkey; Type: CONSTRAINT; Schema: public; Owner: odoo
--

ALTER TABLE ONLY public.account_tax_sale_order_discount_rel
    ADD CONSTRAINT account_tax_sale_order_discount_rel_pkey PRIMARY KEY (sale_order_discount_id, account_tax_id);


--
-- Name: account_tax_sale_order_line_rel account_tax_sale_order_line_rel_pkey; Type: CONSTRAINT; Schema: public; Owner: odoo
--

ALTER TABLE ONLY public.account_tax_sale_order_line_rel
    ADD CONSTRAINT account_tax_sale_order_line_rel_pkey PRIMARY KEY (sale_order_line_id, account_tax_id);


--
-- Name: activity_attachment_rel activity_attachment_rel_pkey; Type: CONSTRAINT; Schema: public; Owner: odoo
--

ALTER TABLE ONLY public.activity_attachment_rel
    ADD CONSTRAINT activity_attachment_rel_pkey PRIMARY KEY (activity_id, attachment_id);


--
-- Name: auth_totp_device auth_totp_device_pkey; Type: CONSTRAINT; Schema: public; Owner: odoo
--

ALTER TABLE ONLY public.auth_totp_device
    ADD CONSTRAINT auth_totp_device_pkey PRIMARY KEY (id);


--
-- Name: auth_totp_wizard auth_totp_wizard_pkey; Type: CONSTRAINT; Schema: public; Owner: odoo
--

ALTER TABLE ONLY public.auth_totp_wizard
    ADD CONSTRAINT auth_totp_wizard_pkey PRIMARY KEY (id);


--
-- Name: badge_unlocked_definition_rel badge_unlocked_definition_rel_pkey; Type: CONSTRAINT; Schema: public; Owner: odoo
--

ALTER TABLE ONLY public.badge_unlocked_definition_rel
    ADD CONSTRAINT badge_unlocked_definition_rel_pkey PRIMARY KEY (gamification_badge_id, gamification_goal_definition_id);


--
-- Name: barcode_nomenclature barcode_nomenclature_pkey; Type: CONSTRAINT; Schema: public; Owner: odoo
--

ALTER TABLE ONLY public.barcode_nomenclature
    ADD CONSTRAINT barcode_nomenclature_pkey PRIMARY KEY (id);


--
-- Name: barcode_rule barcode_rule_pkey; Type: CONSTRAINT; Schema: public; Owner: odoo
--

ALTER TABLE ONLY public.barcode_rule
    ADD CONSTRAINT barcode_rule_pkey PRIMARY KEY (id);


--
-- Name: base_document_layout base_document_layout_pkey; Type: CONSTRAINT; Schema: public; Owner: odoo
--

ALTER TABLE ONLY public.base_document_layout
    ADD CONSTRAINT base_document_layout_pkey PRIMARY KEY (id);


--
-- Name: base_enable_profiling_wizard base_enable_profiling_wizard_pkey; Type: CONSTRAINT; Schema: public; Owner: odoo
--

ALTER TABLE ONLY public.base_enable_profiling_wizard
    ADD CONSTRAINT base_enable_profiling_wizard_pkey PRIMARY KEY (id);


--
-- Name: base_import_import base_import_import_pkey; Type: CONSTRAINT; Schema: public; Owner: odoo
--

ALTER TABLE ONLY public.base_import_import
    ADD CONSTRAINT base_import_import_pkey PRIMARY KEY (id);


--
-- Name: base_import_mapping base_import_mapping_pkey; Type: CONSTRAINT; Schema: public; Owner: odoo
--

ALTER TABLE ONLY public.base_import_mapping
    ADD CONSTRAINT base_import_mapping_pkey PRIMARY KEY (id);


--
-- Name: base_import_module base_import_module_pkey; Type: CONSTRAINT; Schema: public; Owner: odoo
--

ALTER TABLE ONLY public.base_import_module
    ADD CONSTRAINT base_import_module_pkey PRIMARY KEY (id);


--
-- Name: base_language_export base_language_export_pkey; Type: CONSTRAINT; Schema: public; Owner: odoo
--

ALTER TABLE ONLY public.base_language_export
    ADD CONSTRAINT base_language_export_pkey PRIMARY KEY (id);


--
-- Name: base_language_import base_language_import_pkey; Type: CONSTRAINT; Schema: public; Owner: odoo
--

ALTER TABLE ONLY public.base_language_import
    ADD CONSTRAINT base_language_import_pkey PRIMARY KEY (id);


--
-- Name: base_language_install base_language_install_pkey; Type: CONSTRAINT; Schema: public; Owner: odoo
--

ALTER TABLE ONLY public.base_language_install
    ADD CONSTRAINT base_language_install_pkey PRIMARY KEY (id);


--
-- Name: base_module_install_request base_module_install_request_pkey; Type: CONSTRAINT; Schema: public; Owner: odoo
--

ALTER TABLE ONLY public.base_module_install_request
    ADD CONSTRAINT base_module_install_request_pkey PRIMARY KEY (id);


--
-- Name: base_module_install_review base_module_install_review_pkey; Type: CONSTRAINT; Schema: public; Owner: odoo
--

ALTER TABLE ONLY public.base_module_install_review
    ADD CONSTRAINT base_module_install_review_pkey PRIMARY KEY (id);


--
-- Name: base_module_uninstall base_module_uninstall_pkey; Type: CONSTRAINT; Schema: public; Owner: odoo
--

ALTER TABLE ONLY public.base_module_uninstall
    ADD CONSTRAINT base_module_uninstall_pkey PRIMARY KEY (id);


--
-- Name: base_module_update base_module_update_pkey; Type: CONSTRAINT; Schema: public; Owner: odoo
--

ALTER TABLE ONLY public.base_module_update
    ADD CONSTRAINT base_module_update_pkey PRIMARY KEY (id);


--
-- Name: base_module_upgrade base_module_upgrade_pkey; Type: CONSTRAINT; Schema: public; Owner: odoo
--

ALTER TABLE ONLY public.base_module_upgrade
    ADD CONSTRAINT base_module_upgrade_pkey PRIMARY KEY (id);


--
-- Name: base_partner_merge_automatic_wizard base_partner_merge_automatic_wizard_pkey; Type: CONSTRAINT; Schema: public; Owner: odoo
--

ALTER TABLE ONLY public.base_partner_merge_automatic_wizard
    ADD CONSTRAINT base_partner_merge_automatic_wizard_pkey PRIMARY KEY (id);


--
-- Name: base_partner_merge_automatic_wizard_res_partner_rel base_partner_merge_automatic_wizard_res_partner_rel_pkey; Type: CONSTRAINT; Schema: public; Owner: odoo
--

ALTER TABLE ONLY public.base_partner_merge_automatic_wizard_res_partner_rel
    ADD CONSTRAINT base_partner_merge_automatic_wizard_res_partner_rel_pkey PRIMARY KEY (base_partner_merge_automatic_wizard_id, res_partner_id);


--
-- Name: base_partner_merge_line base_partner_merge_line_pkey; Type: CONSTRAINT; Schema: public; Owner: odoo
--

ALTER TABLE ONLY public.base_partner_merge_line
    ADD CONSTRAINT base_partner_merge_line_pkey PRIMARY KEY (id);


--
-- Name: bill_to_po_wizard bill_to_po_wizard_pkey; Type: CONSTRAINT; Schema: public; Owner: odoo
--

ALTER TABLE ONLY public.bill_to_po_wizard
    ADD CONSTRAINT bill_to_po_wizard_pkey PRIMARY KEY (id);


--
-- Name: bus_bus bus_bus_pkey; Type: CONSTRAINT; Schema: public; Owner: odoo
--

ALTER TABLE ONLY public.bus_bus
    ADD CONSTRAINT bus_bus_pkey PRIMARY KEY (id);


--
-- Name: bus_presence bus_presence_pkey; Type: CONSTRAINT; Schema: public; Owner: odoo
--

ALTER TABLE ONLY public.bus_presence
    ADD CONSTRAINT bus_presence_pkey PRIMARY KEY (id);


--
-- Name: calendar_alarm_calendar_event_rel calendar_alarm_calendar_event_rel_pkey; Type: CONSTRAINT; Schema: public; Owner: odoo
--

ALTER TABLE ONLY public.calendar_alarm_calendar_event_rel
    ADD CONSTRAINT calendar_alarm_calendar_event_rel_pkey PRIMARY KEY (calendar_event_id, calendar_alarm_id);


--
-- Name: calendar_alarm calendar_alarm_pkey; Type: CONSTRAINT; Schema: public; Owner: odoo
--

ALTER TABLE ONLY public.calendar_alarm
    ADD CONSTRAINT calendar_alarm_pkey PRIMARY KEY (id);


--
-- Name: calendar_attendee calendar_attendee_pkey; Type: CONSTRAINT; Schema: public; Owner: odoo
--

ALTER TABLE ONLY public.calendar_attendee
    ADD CONSTRAINT calendar_attendee_pkey PRIMARY KEY (id);


--
-- Name: calendar_event calendar_event_pkey; Type: CONSTRAINT; Schema: public; Owner: odoo
--

ALTER TABLE ONLY public.calendar_event
    ADD CONSTRAINT calendar_event_pkey PRIMARY KEY (id);


--
-- Name: calendar_event_res_partner_rel calendar_event_res_partner_rel_pkey; Type: CONSTRAINT; Schema: public; Owner: odoo
--

ALTER TABLE ONLY public.calendar_event_res_partner_rel
    ADD CONSTRAINT calendar_event_res_partner_rel_pkey PRIMARY KEY (res_partner_id, calendar_event_id);


--
-- Name: calendar_event_type calendar_event_type_name_uniq; Type: CONSTRAINT; Schema: public; Owner: odoo
--

ALTER TABLE ONLY public.calendar_event_type
    ADD CONSTRAINT calendar_event_type_name_uniq UNIQUE (name);


--
-- Name: CONSTRAINT calendar_event_type_name_uniq ON calendar_event_type; Type: COMMENT; Schema: public; Owner: odoo
--

COMMENT ON CONSTRAINT calendar_event_type_name_uniq ON public.calendar_event_type IS 'unique (name)';


--
-- Name: calendar_event_type calendar_event_type_pkey; Type: CONSTRAINT; Schema: public; Owner: odoo
--

ALTER TABLE ONLY public.calendar_event_type
    ADD CONSTRAINT calendar_event_type_pkey PRIMARY KEY (id);


--
-- Name: calendar_filters calendar_filters_pkey; Type: CONSTRAINT; Schema: public; Owner: odoo
--

ALTER TABLE ONLY public.calendar_filters
    ADD CONSTRAINT calendar_filters_pkey PRIMARY KEY (id);


--
-- Name: calendar_filters calendar_filters_user_id_partner_id_unique; Type: CONSTRAINT; Schema: public; Owner: odoo
--

ALTER TABLE ONLY public.calendar_filters
    ADD CONSTRAINT calendar_filters_user_id_partner_id_unique UNIQUE (user_id, partner_id);


--
-- Name: CONSTRAINT calendar_filters_user_id_partner_id_unique ON calendar_filters; Type: COMMENT; Schema: public; Owner: odoo
--

COMMENT ON CONSTRAINT calendar_filters_user_id_partner_id_unique ON public.calendar_filters IS 'UNIQUE(user_id, partner_id)';


--
-- Name: calendar_popover_delete_wizard calendar_popover_delete_wizard_pkey; Type: CONSTRAINT; Schema: public; Owner: odoo
--

ALTER TABLE ONLY public.calendar_popover_delete_wizard
    ADD CONSTRAINT calendar_popover_delete_wizard_pkey PRIMARY KEY (id);


--
-- Name: calendar_provider_config calendar_provider_config_pkey; Type: CONSTRAINT; Schema: public; Owner: odoo
--

ALTER TABLE ONLY public.calendar_provider_config
    ADD CONSTRAINT calendar_provider_config_pkey PRIMARY KEY (id);


--
-- Name: calendar_recurrence calendar_recurrence_pkey; Type: CONSTRAINT; Schema: public; Owner: odoo
--

ALTER TABLE ONLY public.calendar_recurrence
    ADD CONSTRAINT calendar_recurrence_pkey PRIMARY KEY (id);


--
-- Name: certificate_certificate certificate_certificate_pkey; Type: CONSTRAINT; Schema: public; Owner: odoo
--

ALTER TABLE ONLY public.certificate_certificate
    ADD CONSTRAINT certificate_certificate_pkey PRIMARY KEY (id);


--
-- Name: certificate_key certificate_key_pkey; Type: CONSTRAINT; Schema: public; Owner: odoo
--

ALTER TABLE ONLY public.certificate_key
    ADD CONSTRAINT certificate_key_pkey PRIMARY KEY (id);


--
-- Name: change_password_own change_password_own_pkey; Type: CONSTRAINT; Schema: public; Owner: odoo
--

ALTER TABLE ONLY public.change_password_own
    ADD CONSTRAINT change_password_own_pkey PRIMARY KEY (id);


--
-- Name: change_password_user change_password_user_pkey; Type: CONSTRAINT; Schema: public; Owner: odoo
--

ALTER TABLE ONLY public.change_password_user
    ADD CONSTRAINT change_password_user_pkey PRIMARY KEY (id);


--
-- Name: change_password_wizard change_password_wizard_pkey; Type: CONSTRAINT; Schema: public; Owner: odoo
--

ALTER TABLE ONLY public.change_password_wizard
    ADD CONSTRAINT change_password_wizard_pkey PRIMARY KEY (id);


--
-- Name: change_production_qty change_production_qty_pkey; Type: CONSTRAINT; Schema: public; Owner: odoo
--

ALTER TABLE ONLY public.change_production_qty
    ADD CONSTRAINT change_production_qty_pkey PRIMARY KEY (id);


--
-- Name: confirm_stock_sms confirm_stock_sms_pkey; Type: CONSTRAINT; Schema: public; Owner: odoo
--

ALTER TABLE ONLY public.confirm_stock_sms
    ADD CONSTRAINT confirm_stock_sms_pkey PRIMARY KEY (id);


--
-- Name: crm_convert_lead_mass_lead_rel crm_convert_lead_mass_lead_rel_pkey; Type: CONSTRAINT; Schema: public; Owner: odoo
--

ALTER TABLE ONLY public.crm_convert_lead_mass_lead_rel
    ADD CONSTRAINT crm_convert_lead_mass_lead_rel_pkey PRIMARY KEY (crm_lead2opportunity_partner_mass_id, crm_lead_id);


--
-- Name: crm_iap_lead_helpers crm_iap_lead_helpers_pkey; Type: CONSTRAINT; Schema: public; Owner: odoo
--

ALTER TABLE ONLY public.crm_iap_lead_helpers
    ADD CONSTRAINT crm_iap_lead_helpers_pkey PRIMARY KEY (id);


--
-- Name: crm_iap_lead_industry_crm_iap_lead_mining_request_rel crm_iap_lead_industry_crm_iap_lead_mining_request_rel_pkey; Type: CONSTRAINT; Schema: public; Owner: odoo
--

ALTER TABLE ONLY public.crm_iap_lead_industry_crm_iap_lead_mining_request_rel
    ADD CONSTRAINT crm_iap_lead_industry_crm_iap_lead_mining_request_rel_pkey PRIMARY KEY (crm_iap_lead_mining_request_id, crm_iap_lead_industry_id);


--
-- Name: crm_iap_lead_industry crm_iap_lead_industry_name_uniq; Type: CONSTRAINT; Schema: public; Owner: odoo
--

ALTER TABLE ONLY public.crm_iap_lead_industry
    ADD CONSTRAINT crm_iap_lead_industry_name_uniq UNIQUE (name);


--
-- Name: CONSTRAINT crm_iap_lead_industry_name_uniq ON crm_iap_lead_industry; Type: COMMENT; Schema: public; Owner: odoo
--

COMMENT ON CONSTRAINT crm_iap_lead_industry_name_uniq ON public.crm_iap_lead_industry IS 'unique (name)';


--
-- Name: crm_iap_lead_industry crm_iap_lead_industry_pkey; Type: CONSTRAINT; Schema: public; Owner: odoo
--

ALTER TABLE ONLY public.crm_iap_lead_industry
    ADD CONSTRAINT crm_iap_lead_industry_pkey PRIMARY KEY (id);


--
-- Name: crm_iap_lead_mining_request_crm_iap_lead_role_rel crm_iap_lead_mining_request_crm_iap_lead_role_rel_pkey; Type: CONSTRAINT; Schema: public; Owner: odoo
--

ALTER TABLE ONLY public.crm_iap_lead_mining_request_crm_iap_lead_role_rel
    ADD CONSTRAINT crm_iap_lead_mining_request_crm_iap_lead_role_rel_pkey PRIMARY KEY (crm_iap_lead_mining_request_id, crm_iap_lead_role_id);


--
-- Name: crm_iap_lead_mining_request_crm_tag_rel crm_iap_lead_mining_request_crm_tag_rel_pkey; Type: CONSTRAINT; Schema: public; Owner: odoo
--

ALTER TABLE ONLY public.crm_iap_lead_mining_request_crm_tag_rel
    ADD CONSTRAINT crm_iap_lead_mining_request_crm_tag_rel_pkey PRIMARY KEY (crm_iap_lead_mining_request_id, crm_tag_id);


--
-- Name: crm_iap_lead_mining_request crm_iap_lead_mining_request_pkey; Type: CONSTRAINT; Schema: public; Owner: odoo
--

ALTER TABLE ONLY public.crm_iap_lead_mining_request
    ADD CONSTRAINT crm_iap_lead_mining_request_pkey PRIMARY KEY (id);


--
-- Name: crm_iap_lead_mining_request_res_country_rel crm_iap_lead_mining_request_res_country_rel_pkey; Type: CONSTRAINT; Schema: public; Owner: odoo
--

ALTER TABLE ONLY public.crm_iap_lead_mining_request_res_country_rel
    ADD CONSTRAINT crm_iap_lead_mining_request_res_country_rel_pkey PRIMARY KEY (crm_iap_lead_mining_request_id, res_country_id);


--
-- Name: crm_iap_lead_mining_request_res_country_state_rel crm_iap_lead_mining_request_res_country_state_rel_pkey; Type: CONSTRAINT; Schema: public; Owner: odoo
--

ALTER TABLE ONLY public.crm_iap_lead_mining_request_res_country_state_rel
    ADD CONSTRAINT crm_iap_lead_mining_request_res_country_state_rel_pkey PRIMARY KEY (crm_iap_lead_mining_request_id, res_country_state_id);


--
-- Name: crm_iap_lead_role crm_iap_lead_role_name_uniq; Type: CONSTRAINT; Schema: public; Owner: odoo
--

ALTER TABLE ONLY public.crm_iap_lead_role
    ADD CONSTRAINT crm_iap_lead_role_name_uniq UNIQUE (name);


--
-- Name: CONSTRAINT crm_iap_lead_role_name_uniq ON crm_iap_lead_role; Type: COMMENT; Schema: public; Owner: odoo
--

COMMENT ON CONSTRAINT crm_iap_lead_role_name_uniq ON public.crm_iap_lead_role IS 'unique (name)';


--
-- Name: crm_iap_lead_role crm_iap_lead_role_pkey; Type: CONSTRAINT; Schema: public; Owner: odoo
--

ALTER TABLE ONLY public.crm_iap_lead_role
    ADD CONSTRAINT crm_iap_lead_role_pkey PRIMARY KEY (id);


--
-- Name: crm_iap_lead_seniority crm_iap_lead_seniority_name_uniq; Type: CONSTRAINT; Schema: public; Owner: odoo
--

ALTER TABLE ONLY public.crm_iap_lead_seniority
    ADD CONSTRAINT crm_iap_lead_seniority_name_uniq UNIQUE (name);


--
-- Name: CONSTRAINT crm_iap_lead_seniority_name_uniq ON crm_iap_lead_seniority; Type: COMMENT; Schema: public; Owner: odoo
--

COMMENT ON CONSTRAINT crm_iap_lead_seniority_name_uniq ON public.crm_iap_lead_seniority IS 'unique (name)';


--
-- Name: crm_iap_lead_seniority crm_iap_lead_seniority_pkey; Type: CONSTRAINT; Schema: public; Owner: odoo
--

ALTER TABLE ONLY public.crm_iap_lead_seniority
    ADD CONSTRAINT crm_iap_lead_seniority_pkey PRIMARY KEY (id);


--
-- Name: crm_lead2opportunity_partner_mass crm_lead2opportunity_partner_mass_pkey; Type: CONSTRAINT; Schema: public; Owner: odoo
--

ALTER TABLE ONLY public.crm_lead2opportunity_partner_mass
    ADD CONSTRAINT crm_lead2opportunity_partner_mass_pkey PRIMARY KEY (id);


--
-- Name: crm_lead2opportunity_partner_mass_res_users_rel crm_lead2opportunity_partner_mass_res_users_rel_pkey; Type: CONSTRAINT; Schema: public; Owner: odoo
--

ALTER TABLE ONLY public.crm_lead2opportunity_partner_mass_res_users_rel
    ADD CONSTRAINT crm_lead2opportunity_partner_mass_res_users_rel_pkey PRIMARY KEY (crm_lead2opportunity_partner_mass_id, res_users_id);


--
-- Name: crm_lead2opportunity_partner crm_lead2opportunity_partner_pkey; Type: CONSTRAINT; Schema: public; Owner: odoo
--

ALTER TABLE ONLY public.crm_lead2opportunity_partner
    ADD CONSTRAINT crm_lead2opportunity_partner_pkey PRIMARY KEY (id);


--
-- Name: crm_lead_crm_lead2opportunity_partner_mass_rel crm_lead_crm_lead2opportunity_partner_mass_rel_pkey; Type: CONSTRAINT; Schema: public; Owner: odoo
--

ALTER TABLE ONLY public.crm_lead_crm_lead2opportunity_partner_mass_rel
    ADD CONSTRAINT crm_lead_crm_lead2opportunity_partner_mass_rel_pkey PRIMARY KEY (crm_lead2opportunity_partner_mass_id, crm_lead_id);


--
-- Name: crm_lead_crm_lead2opportunity_partner_rel crm_lead_crm_lead2opportunity_partner_rel_pkey; Type: CONSTRAINT; Schema: public; Owner: odoo
--

ALTER TABLE ONLY public.crm_lead_crm_lead2opportunity_partner_rel
    ADD CONSTRAINT crm_lead_crm_lead2opportunity_partner_rel_pkey PRIMARY KEY (crm_lead2opportunity_partner_id, crm_lead_id);


--
-- Name: crm_lead_crm_lead_lost_rel crm_lead_crm_lead_lost_rel_pkey; Type: CONSTRAINT; Schema: public; Owner: odoo
--

ALTER TABLE ONLY public.crm_lead_crm_lead_lost_rel
    ADD CONSTRAINT crm_lead_crm_lead_lost_rel_pkey PRIMARY KEY (crm_lead_lost_id, crm_lead_id);


--
-- Name: crm_lead_lost crm_lead_lost_pkey; Type: CONSTRAINT; Schema: public; Owner: odoo
--

ALTER TABLE ONLY public.crm_lead_lost
    ADD CONSTRAINT crm_lead_lost_pkey PRIMARY KEY (id);


--
-- Name: crm_lead crm_lead_pkey; Type: CONSTRAINT; Schema: public; Owner: odoo
--

ALTER TABLE ONLY public.crm_lead
    ADD CONSTRAINT crm_lead_pkey PRIMARY KEY (id);


--
-- Name: crm_lead_pls_update_crm_lead_scoring_frequency_field_rel crm_lead_pls_update_crm_lead_scoring_frequency_field_rel_pkey; Type: CONSTRAINT; Schema: public; Owner: odoo
--

ALTER TABLE ONLY public.crm_lead_pls_update_crm_lead_scoring_frequency_field_rel
    ADD CONSTRAINT crm_lead_pls_update_crm_lead_scoring_frequency_field_rel_pkey PRIMARY KEY (crm_lead_pls_update_id, crm_lead_scoring_frequency_field_id);


--
-- Name: crm_lead_pls_update crm_lead_pls_update_pkey; Type: CONSTRAINT; Schema: public; Owner: odoo
--

ALTER TABLE ONLY public.crm_lead_pls_update
    ADD CONSTRAINT crm_lead_pls_update_pkey PRIMARY KEY (id);


--
-- Name: crm_lead_scoring_frequency_field crm_lead_scoring_frequency_field_pkey; Type: CONSTRAINT; Schema: public; Owner: odoo
--

ALTER TABLE ONLY public.crm_lead_scoring_frequency_field
    ADD CONSTRAINT crm_lead_scoring_frequency_field_pkey PRIMARY KEY (id);


--
-- Name: crm_lead_scoring_frequency crm_lead_scoring_frequency_pkey; Type: CONSTRAINT; Schema: public; Owner: odoo
--

ALTER TABLE ONLY public.crm_lead_scoring_frequency
    ADD CONSTRAINT crm_lead_scoring_frequency_pkey PRIMARY KEY (id);


--
-- Name: crm_lost_reason crm_lost_reason_pkey; Type: CONSTRAINT; Schema: public; Owner: odoo
--

ALTER TABLE ONLY public.crm_lost_reason
    ADD CONSTRAINT crm_lost_reason_pkey PRIMARY KEY (id);


--
-- Name: crm_merge_opportunity crm_merge_opportunity_pkey; Type: CONSTRAINT; Schema: public; Owner: odoo
--

ALTER TABLE ONLY public.crm_merge_opportunity
    ADD CONSTRAINT crm_merge_opportunity_pkey PRIMARY KEY (id);


--
-- Name: crm_quotation_partner crm_quotation_partner_pkey; Type: CONSTRAINT; Schema: public; Owner: odoo
--

ALTER TABLE ONLY public.crm_quotation_partner
    ADD CONSTRAINT crm_quotation_partner_pkey PRIMARY KEY (id);


--
-- Name: crm_recurring_plan crm_recurring_plan_pkey; Type: CONSTRAINT; Schema: public; Owner: odoo
--

ALTER TABLE ONLY public.crm_recurring_plan
    ADD CONSTRAINT crm_recurring_plan_pkey PRIMARY KEY (id);


--
-- Name: crm_stage crm_stage_pkey; Type: CONSTRAINT; Schema: public; Owner: odoo
--

ALTER TABLE ONLY public.crm_stage
    ADD CONSTRAINT crm_stage_pkey PRIMARY KEY (id);


--
-- Name: crm_tag crm_tag_name_uniq; Type: CONSTRAINT; Schema: public; Owner: odoo
--

ALTER TABLE ONLY public.crm_tag
    ADD CONSTRAINT crm_tag_name_uniq UNIQUE (name);


--
-- Name: CONSTRAINT crm_tag_name_uniq ON crm_tag; Type: COMMENT; Schema: public; Owner: odoo
--

COMMENT ON CONSTRAINT crm_tag_name_uniq ON public.crm_tag IS 'unique (name)';


--
-- Name: crm_tag crm_tag_pkey; Type: CONSTRAINT; Schema: public; Owner: odoo
--

ALTER TABLE ONLY public.crm_tag
    ADD CONSTRAINT crm_tag_pkey PRIMARY KEY (id);


--
-- Name: crm_tag_rel crm_tag_rel_pkey; Type: CONSTRAINT; Schema: public; Owner: odoo
--

ALTER TABLE ONLY public.crm_tag_rel
    ADD CONSTRAINT crm_tag_rel_pkey PRIMARY KEY (lead_id, tag_id);


--
-- Name: crm_team_member crm_team_member_pkey; Type: CONSTRAINT; Schema: public; Owner: odoo
--

ALTER TABLE ONLY public.crm_team_member
    ADD CONSTRAINT crm_team_member_pkey PRIMARY KEY (id);


--
-- Name: crm_team crm_team_pkey; Type: CONSTRAINT; Schema: public; Owner: odoo
--

ALTER TABLE ONLY public.crm_team
    ADD CONSTRAINT crm_team_pkey PRIMARY KEY (id);


--
-- Name: decimal_precision decimal_precision_name_uniq; Type: CONSTRAINT; Schema: public; Owner: odoo
--

ALTER TABLE ONLY public.decimal_precision
    ADD CONSTRAINT decimal_precision_name_uniq UNIQUE (name);


--
-- Name: CONSTRAINT decimal_precision_name_uniq ON decimal_precision; Type: COMMENT; Schema: public; Owner: odoo
--

COMMENT ON CONSTRAINT decimal_precision_name_uniq ON public.decimal_precision IS 'unique (name)';


--
-- Name: decimal_precision decimal_precision_pkey; Type: CONSTRAINT; Schema: public; Owner: odoo
--

ALTER TABLE ONLY public.decimal_precision
    ADD CONSTRAINT decimal_precision_pkey PRIMARY KEY (id);


--
-- Name: digest_digest digest_digest_pkey; Type: CONSTRAINT; Schema: public; Owner: odoo
--

ALTER TABLE ONLY public.digest_digest
    ADD CONSTRAINT digest_digest_pkey PRIMARY KEY (id);


--
-- Name: digest_digest_res_users_rel digest_digest_res_users_rel_pkey; Type: CONSTRAINT; Schema: public; Owner: odoo
--

ALTER TABLE ONLY public.digest_digest_res_users_rel
    ADD CONSTRAINT digest_digest_res_users_rel_pkey PRIMARY KEY (digest_digest_id, res_users_id);


--
-- Name: digest_tip digest_tip_pkey; Type: CONSTRAINT; Schema: public; Owner: odoo
--

ALTER TABLE ONLY public.digest_tip
    ADD CONSTRAINT digest_tip_pkey PRIMARY KEY (id);


--
-- Name: digest_tip_res_users_rel digest_tip_res_users_rel_pkey; Type: CONSTRAINT; Schema: public; Owner: odoo
--

ALTER TABLE ONLY public.digest_tip_res_users_rel
    ADD CONSTRAINT digest_tip_res_users_rel_pkey PRIMARY KEY (digest_tip_id, res_users_id);


--
-- Name: discuss_channel discuss_channel_from_message_id_unique; Type: CONSTRAINT; Schema: public; Owner: odoo
--

ALTER TABLE ONLY public.discuss_channel
    ADD CONSTRAINT discuss_channel_from_message_id_unique UNIQUE (from_message_id);


--
-- Name: CONSTRAINT discuss_channel_from_message_id_unique ON discuss_channel; Type: COMMENT; Schema: public; Owner: odoo
--

COMMENT ON CONSTRAINT discuss_channel_from_message_id_unique ON public.discuss_channel IS 'UNIQUE(from_message_id)';


--
-- Name: discuss_channel_hr_department_rel discuss_channel_hr_department_rel_pkey; Type: CONSTRAINT; Schema: public; Owner: odoo
--

ALTER TABLE ONLY public.discuss_channel_hr_department_rel
    ADD CONSTRAINT discuss_channel_hr_department_rel_pkey PRIMARY KEY (discuss_channel_id, hr_department_id);


--
-- Name: discuss_channel_member discuss_channel_member_pkey; Type: CONSTRAINT; Schema: public; Owner: odoo
--

ALTER TABLE ONLY public.discuss_channel_member
    ADD CONSTRAINT discuss_channel_member_pkey PRIMARY KEY (id);


--
-- Name: discuss_channel discuss_channel_pkey; Type: CONSTRAINT; Schema: public; Owner: odoo
--

ALTER TABLE ONLY public.discuss_channel
    ADD CONSTRAINT discuss_channel_pkey PRIMARY KEY (id);


--
-- Name: discuss_channel_res_groups_rel discuss_channel_res_groups_rel_pkey; Type: CONSTRAINT; Schema: public; Owner: odoo
--

ALTER TABLE ONLY public.discuss_channel_res_groups_rel
    ADD CONSTRAINT discuss_channel_res_groups_rel_pkey PRIMARY KEY (discuss_channel_id, res_groups_id);


--
-- Name: discuss_channel_rtc_session discuss_channel_rtc_session_channel_member_unique; Type: CONSTRAINT; Schema: public; Owner: odoo
--

ALTER TABLE ONLY public.discuss_channel_rtc_session
    ADD CONSTRAINT discuss_channel_rtc_session_channel_member_unique UNIQUE (channel_member_id);


--
-- Name: CONSTRAINT discuss_channel_rtc_session_channel_member_unique ON discuss_channel_rtc_session; Type: COMMENT; Schema: public; Owner: odoo
--

COMMENT ON CONSTRAINT discuss_channel_rtc_session_channel_member_unique ON public.discuss_channel_rtc_session IS 'UNIQUE(channel_member_id)';


--
-- Name: discuss_channel_rtc_session discuss_channel_rtc_session_pkey; Type: CONSTRAINT; Schema: public; Owner: odoo
--

ALTER TABLE ONLY public.discuss_channel_rtc_session
    ADD CONSTRAINT discuss_channel_rtc_session_pkey PRIMARY KEY (id);


--
-- Name: discuss_channel discuss_channel_uuid_unique; Type: CONSTRAINT; Schema: public; Owner: odoo
--

ALTER TABLE ONLY public.discuss_channel
    ADD CONSTRAINT discuss_channel_uuid_unique UNIQUE (uuid);


--
-- Name: CONSTRAINT discuss_channel_uuid_unique ON discuss_channel; Type: COMMENT; Schema: public; Owner: odoo
--

COMMENT ON CONSTRAINT discuss_channel_uuid_unique ON public.discuss_channel IS 'UNIQUE(uuid)';


--
-- Name: discuss_gif_favorite discuss_gif_favorite_pkey; Type: CONSTRAINT; Schema: public; Owner: odoo
--

ALTER TABLE ONLY public.discuss_gif_favorite
    ADD CONSTRAINT discuss_gif_favorite_pkey PRIMARY KEY (id);


--
-- Name: discuss_gif_favorite discuss_gif_favorite_user_gif_favorite; Type: CONSTRAINT; Schema: public; Owner: odoo
--

ALTER TABLE ONLY public.discuss_gif_favorite
    ADD CONSTRAINT discuss_gif_favorite_user_gif_favorite UNIQUE (create_uid, tenor_gif_id);


--
-- Name: CONSTRAINT discuss_gif_favorite_user_gif_favorite ON discuss_gif_favorite; Type: COMMENT; Schema: public; Owner: odoo
--

COMMENT ON CONSTRAINT discuss_gif_favorite_user_gif_favorite ON public.discuss_gif_favorite IS 'unique(create_uid,tenor_gif_id)';


--
-- Name: discuss_voice_metadata discuss_voice_metadata_pkey; Type: CONSTRAINT; Schema: public; Owner: odoo
--

ALTER TABLE ONLY public.discuss_voice_metadata
    ADD CONSTRAINT discuss_voice_metadata_pkey PRIMARY KEY (id);


--
-- Name: email_template_attachment_rel email_template_attachment_rel_pkey; Type: CONSTRAINT; Schema: public; Owner: odoo
--

ALTER TABLE ONLY public.email_template_attachment_rel
    ADD CONSTRAINT email_template_attachment_rel_pkey PRIMARY KEY (email_template_id, attachment_id);


--
-- Name: employee_category_rel employee_category_rel_pkey; Type: CONSTRAINT; Schema: public; Owner: odoo
--

ALTER TABLE ONLY public.employee_category_rel
    ADD CONSTRAINT employee_category_rel_pkey PRIMARY KEY (employee_id, category_id);


--
-- Name: fetchmail_server fetchmail_server_pkey; Type: CONSTRAINT; Schema: public; Owner: odoo
--

ALTER TABLE ONLY public.fetchmail_server
    ADD CONSTRAINT fetchmail_server_pkey PRIMARY KEY (id);


--
-- Name: gamification_badge gamification_badge_pkey; Type: CONSTRAINT; Schema: public; Owner: odoo
--

ALTER TABLE ONLY public.gamification_badge
    ADD CONSTRAINT gamification_badge_pkey PRIMARY KEY (id);


--
-- Name: gamification_badge_rule_badge_rel gamification_badge_rule_badge_rel_pkey; Type: CONSTRAINT; Schema: public; Owner: odoo
--

ALTER TABLE ONLY public.gamification_badge_rule_badge_rel
    ADD CONSTRAINT gamification_badge_rule_badge_rel_pkey PRIMARY KEY (badge1_id, badge2_id);


--
-- Name: gamification_badge_user gamification_badge_user_pkey; Type: CONSTRAINT; Schema: public; Owner: odoo
--

ALTER TABLE ONLY public.gamification_badge_user
    ADD CONSTRAINT gamification_badge_user_pkey PRIMARY KEY (id);


--
-- Name: gamification_badge_user_wizard gamification_badge_user_wizard_pkey; Type: CONSTRAINT; Schema: public; Owner: odoo
--

ALTER TABLE ONLY public.gamification_badge_user_wizard
    ADD CONSTRAINT gamification_badge_user_wizard_pkey PRIMARY KEY (id);


--
-- Name: gamification_challenge_line gamification_challenge_line_pkey; Type: CONSTRAINT; Schema: public; Owner: odoo
--

ALTER TABLE ONLY public.gamification_challenge_line
    ADD CONSTRAINT gamification_challenge_line_pkey PRIMARY KEY (id);


--
-- Name: gamification_challenge gamification_challenge_pkey; Type: CONSTRAINT; Schema: public; Owner: odoo
--

ALTER TABLE ONLY public.gamification_challenge
    ADD CONSTRAINT gamification_challenge_pkey PRIMARY KEY (id);


--
-- Name: gamification_challenge_users_rel gamification_challenge_users_rel_pkey; Type: CONSTRAINT; Schema: public; Owner: odoo
--

ALTER TABLE ONLY public.gamification_challenge_users_rel
    ADD CONSTRAINT gamification_challenge_users_rel_pkey PRIMARY KEY (gamification_challenge_id, res_users_id);


--
-- Name: gamification_goal_definition gamification_goal_definition_pkey; Type: CONSTRAINT; Schema: public; Owner: odoo
--

ALTER TABLE ONLY public.gamification_goal_definition
    ADD CONSTRAINT gamification_goal_definition_pkey PRIMARY KEY (id);


--
-- Name: gamification_goal gamification_goal_pkey; Type: CONSTRAINT; Schema: public; Owner: odoo
--

ALTER TABLE ONLY public.gamification_goal
    ADD CONSTRAINT gamification_goal_pkey PRIMARY KEY (id);


--
-- Name: gamification_goal_wizard gamification_goal_wizard_pkey; Type: CONSTRAINT; Schema: public; Owner: odoo
--

ALTER TABLE ONLY public.gamification_goal_wizard
    ADD CONSTRAINT gamification_goal_wizard_pkey PRIMARY KEY (id);


--
-- Name: gamification_invited_user_ids_rel gamification_invited_user_ids_rel_pkey; Type: CONSTRAINT; Schema: public; Owner: odoo
--

ALTER TABLE ONLY public.gamification_invited_user_ids_rel
    ADD CONSTRAINT gamification_invited_user_ids_rel_pkey PRIMARY KEY (gamification_challenge_id, res_users_id);


--
-- Name: gamification_karma_rank gamification_karma_rank_pkey; Type: CONSTRAINT; Schema: public; Owner: odoo
--

ALTER TABLE ONLY public.gamification_karma_rank
    ADD CONSTRAINT gamification_karma_rank_pkey PRIMARY KEY (id);


--
-- Name: gamification_karma_tracking gamification_karma_tracking_pkey; Type: CONSTRAINT; Schema: public; Owner: odoo
--

ALTER TABLE ONLY public.gamification_karma_tracking
    ADD CONSTRAINT gamification_karma_tracking_pkey PRIMARY KEY (id);


--
-- Name: header_footer_quotation_template_rel header_footer_quotation_template_rel_pkey; Type: CONSTRAINT; Schema: public; Owner: odoo
--

ALTER TABLE ONLY public.header_footer_quotation_template_rel
    ADD CONSTRAINT header_footer_quotation_template_rel_pkey PRIMARY KEY (quotation_document_id, sale_order_template_id);


--
-- Name: hr_contract_type hr_contract_type_pkey; Type: CONSTRAINT; Schema: public; Owner: odoo
--

ALTER TABLE ONLY public.hr_contract_type
    ADD CONSTRAINT hr_contract_type_pkey PRIMARY KEY (id);


--
-- Name: hr_department hr_department_pkey; Type: CONSTRAINT; Schema: public; Owner: odoo
--

ALTER TABLE ONLY public.hr_department
    ADD CONSTRAINT hr_department_pkey PRIMARY KEY (id);


--
-- Name: hr_departure_reason hr_departure_reason_pkey; Type: CONSTRAINT; Schema: public; Owner: odoo
--

ALTER TABLE ONLY public.hr_departure_reason
    ADD CONSTRAINT hr_departure_reason_pkey PRIMARY KEY (id);


--
-- Name: hr_departure_wizard hr_departure_wizard_pkey; Type: CONSTRAINT; Schema: public; Owner: odoo
--

ALTER TABLE ONLY public.hr_departure_wizard
    ADD CONSTRAINT hr_departure_wizard_pkey PRIMARY KEY (id);


--
-- Name: hr_employee hr_employee_barcode_uniq; Type: CONSTRAINT; Schema: public; Owner: odoo
--

ALTER TABLE ONLY public.hr_employee
    ADD CONSTRAINT hr_employee_barcode_uniq UNIQUE (barcode);


--
-- Name: CONSTRAINT hr_employee_barcode_uniq ON hr_employee; Type: COMMENT; Schema: public; Owner: odoo
--

COMMENT ON CONSTRAINT hr_employee_barcode_uniq ON public.hr_employee IS 'unique (barcode)';


--
-- Name: hr_employee_category hr_employee_category_name_uniq; Type: CONSTRAINT; Schema: public; Owner: odoo
--

ALTER TABLE ONLY public.hr_employee_category
    ADD CONSTRAINT hr_employee_category_name_uniq UNIQUE (name);


--
-- Name: CONSTRAINT hr_employee_category_name_uniq ON hr_employee_category; Type: COMMENT; Schema: public; Owner: odoo
--

COMMENT ON CONSTRAINT hr_employee_category_name_uniq ON public.hr_employee_category IS 'unique (name)';


--
-- Name: hr_employee_category hr_employee_category_pkey; Type: CONSTRAINT; Schema: public; Owner: odoo
--

ALTER TABLE ONLY public.hr_employee_category
    ADD CONSTRAINT hr_employee_category_pkey PRIMARY KEY (id);


--
-- Name: hr_employee_cv_wizard hr_employee_cv_wizard_pkey; Type: CONSTRAINT; Schema: public; Owner: odoo
--

ALTER TABLE ONLY public.hr_employee_cv_wizard
    ADD CONSTRAINT hr_employee_cv_wizard_pkey PRIMARY KEY (id);


--
-- Name: hr_employee_hr_employee_cv_wizard_rel hr_employee_hr_employee_cv_wizard_rel_pkey; Type: CONSTRAINT; Schema: public; Owner: odoo
--

ALTER TABLE ONLY public.hr_employee_hr_employee_cv_wizard_rel
    ADD CONSTRAINT hr_employee_hr_employee_cv_wizard_rel_pkey PRIMARY KEY (hr_employee_cv_wizard_id, hr_employee_id);


--
-- Name: hr_employee_hr_skill_rel hr_employee_hr_skill_rel_pkey; Type: CONSTRAINT; Schema: public; Owner: odoo
--

ALTER TABLE ONLY public.hr_employee_hr_skill_rel
    ADD CONSTRAINT hr_employee_hr_skill_rel_pkey PRIMARY KEY (hr_employee_id, hr_skill_id);


--
-- Name: hr_employee hr_employee_pkey; Type: CONSTRAINT; Schema: public; Owner: odoo
--

ALTER TABLE ONLY public.hr_employee
    ADD CONSTRAINT hr_employee_pkey PRIMARY KEY (id);


--
-- Name: hr_employee_skill hr_employee_skill__unique_skill; Type: CONSTRAINT; Schema: public; Owner: odoo
--

ALTER TABLE ONLY public.hr_employee_skill
    ADD CONSTRAINT hr_employee_skill__unique_skill UNIQUE (employee_id, skill_id);


--
-- Name: CONSTRAINT hr_employee_skill__unique_skill ON hr_employee_skill; Type: COMMENT; Schema: public; Owner: odoo
--

COMMENT ON CONSTRAINT hr_employee_skill__unique_skill ON public.hr_employee_skill IS 'unique (employee_id, skill_id)';


--
-- Name: hr_employee_skill_log hr_employee_skill_log__unique_skill_log; Type: CONSTRAINT; Schema: public; Owner: odoo
--

ALTER TABLE ONLY public.hr_employee_skill_log
    ADD CONSTRAINT hr_employee_skill_log__unique_skill_log UNIQUE (employee_id, department_id, skill_id, date);


--
-- Name: CONSTRAINT hr_employee_skill_log__unique_skill_log ON hr_employee_skill_log; Type: COMMENT; Schema: public; Owner: odoo
--

COMMENT ON CONSTRAINT hr_employee_skill_log__unique_skill_log ON public.hr_employee_skill_log IS 'unique (employee_id, department_id, skill_id, date)';


--
-- Name: hr_employee_skill_log hr_employee_skill_log_pkey; Type: CONSTRAINT; Schema: public; Owner: odoo
--

ALTER TABLE ONLY public.hr_employee_skill_log
    ADD CONSTRAINT hr_employee_skill_log_pkey PRIMARY KEY (id);


--
-- Name: hr_employee_skill hr_employee_skill_pkey; Type: CONSTRAINT; Schema: public; Owner: odoo
--

ALTER TABLE ONLY public.hr_employee_skill
    ADD CONSTRAINT hr_employee_skill_pkey PRIMARY KEY (id);


--
-- Name: hr_employee hr_employee_user_uniq; Type: CONSTRAINT; Schema: public; Owner: odoo
--

ALTER TABLE ONLY public.hr_employee
    ADD CONSTRAINT hr_employee_user_uniq UNIQUE (user_id, company_id);


--
-- Name: CONSTRAINT hr_employee_user_uniq ON hr_employee; Type: COMMENT; Schema: public; Owner: odoo
--

COMMENT ON CONSTRAINT hr_employee_user_uniq ON public.hr_employee IS 'unique (user_id, company_id)';


--
-- Name: hr_job hr_job_name_company_uniq; Type: CONSTRAINT; Schema: public; Owner: odoo
--

ALTER TABLE ONLY public.hr_job
    ADD CONSTRAINT hr_job_name_company_uniq UNIQUE (name, company_id, department_id);


--
-- Name: CONSTRAINT hr_job_name_company_uniq ON hr_job; Type: COMMENT; Schema: public; Owner: odoo
--

COMMENT ON CONSTRAINT hr_job_name_company_uniq ON public.hr_job IS 'unique(name, company_id, department_id)';


--
-- Name: hr_job hr_job_pkey; Type: CONSTRAINT; Schema: public; Owner: odoo
--

ALTER TABLE ONLY public.hr_job
    ADD CONSTRAINT hr_job_pkey PRIMARY KEY (id);


--
-- Name: hr_resume_line hr_resume_line_pkey; Type: CONSTRAINT; Schema: public; Owner: odoo
--

ALTER TABLE ONLY public.hr_resume_line
    ADD CONSTRAINT hr_resume_line_pkey PRIMARY KEY (id);


--
-- Name: hr_resume_line_type hr_resume_line_type_pkey; Type: CONSTRAINT; Schema: public; Owner: odoo
--

ALTER TABLE ONLY public.hr_resume_line_type
    ADD CONSTRAINT hr_resume_line_type_pkey PRIMARY KEY (id);


--
-- Name: hr_skill_level hr_skill_level_pkey; Type: CONSTRAINT; Schema: public; Owner: odoo
--

ALTER TABLE ONLY public.hr_skill_level
    ADD CONSTRAINT hr_skill_level_pkey PRIMARY KEY (id);


--
-- Name: hr_skill hr_skill_pkey; Type: CONSTRAINT; Schema: public; Owner: odoo
--

ALTER TABLE ONLY public.hr_skill
    ADD CONSTRAINT hr_skill_pkey PRIMARY KEY (id);


--
-- Name: hr_skill_type hr_skill_type_pkey; Type: CONSTRAINT; Schema: public; Owner: odoo
--

ALTER TABLE ONLY public.hr_skill_type
    ADD CONSTRAINT hr_skill_type_pkey PRIMARY KEY (id);


--
-- Name: hr_work_location hr_work_location_pkey; Type: CONSTRAINT; Schema: public; Owner: odoo
--

ALTER TABLE ONLY public.hr_work_location
    ADD CONSTRAINT hr_work_location_pkey PRIMARY KEY (id);


--
-- Name: iap_account iap_account_pkey; Type: CONSTRAINT; Schema: public; Owner: odoo
--

ALTER TABLE ONLY public.iap_account
    ADD CONSTRAINT iap_account_pkey PRIMARY KEY (id);


--
-- Name: iap_account_res_company_rel iap_account_res_company_rel_pkey; Type: CONSTRAINT; Schema: public; Owner: odoo
--

ALTER TABLE ONLY public.iap_account_res_company_rel
    ADD CONSTRAINT iap_account_res_company_rel_pkey PRIMARY KEY (iap_account_id, res_company_id);


--
-- Name: iap_account_res_users_rel iap_account_res_users_rel_pkey; Type: CONSTRAINT; Schema: public; Owner: odoo
--

ALTER TABLE ONLY public.iap_account_res_users_rel
    ADD CONSTRAINT iap_account_res_users_rel_pkey PRIMARY KEY (iap_account_id, res_users_id);


--
-- Name: iap_service iap_service_pkey; Type: CONSTRAINT; Schema: public; Owner: odoo
--

ALTER TABLE ONLY public.iap_service
    ADD CONSTRAINT iap_service_pkey PRIMARY KEY (id);


--
-- Name: iap_service iap_service_unique_technical_name; Type: CONSTRAINT; Schema: public; Owner: odoo
--

ALTER TABLE ONLY public.iap_service
    ADD CONSTRAINT iap_service_unique_technical_name UNIQUE (technical_name);


--
-- Name: CONSTRAINT iap_service_unique_technical_name ON iap_service; Type: COMMENT; Schema: public; Owner: odoo
--

COMMENT ON CONSTRAINT iap_service_unique_technical_name ON public.iap_service IS 'UNIQUE(technical_name)';


--
-- Name: ir_act_client ir_act_client_path_unique; Type: CONSTRAINT; Schema: public; Owner: odoo
--

ALTER TABLE ONLY public.ir_act_client
    ADD CONSTRAINT ir_act_client_path_unique UNIQUE (path);


--
-- Name: CONSTRAINT ir_act_client_path_unique ON ir_act_client; Type: COMMENT; Schema: public; Owner: odoo
--

COMMENT ON CONSTRAINT ir_act_client_path_unique ON public.ir_act_client IS 'unique(path)';


--
-- Name: ir_act_client ir_act_client_pkey; Type: CONSTRAINT; Schema: public; Owner: odoo
--

ALTER TABLE ONLY public.ir_act_client
    ADD CONSTRAINT ir_act_client_pkey PRIMARY KEY (id);


--
-- Name: ir_act_report_xml ir_act_report_xml_path_unique; Type: CONSTRAINT; Schema: public; Owner: odoo
--

ALTER TABLE ONLY public.ir_act_report_xml
    ADD CONSTRAINT ir_act_report_xml_path_unique UNIQUE (path);


--
-- Name: CONSTRAINT ir_act_report_xml_path_unique ON ir_act_report_xml; Type: COMMENT; Schema: public; Owner: odoo
--

COMMENT ON CONSTRAINT ir_act_report_xml_path_unique ON public.ir_act_report_xml IS 'unique(path)';


--
-- Name: ir_act_report_xml ir_act_report_xml_pkey; Type: CONSTRAINT; Schema: public; Owner: odoo
--

ALTER TABLE ONLY public.ir_act_report_xml
    ADD CONSTRAINT ir_act_report_xml_pkey PRIMARY KEY (id);


--
-- Name: ir_act_server_group_rel ir_act_server_group_rel_pkey; Type: CONSTRAINT; Schema: public; Owner: odoo
--

ALTER TABLE ONLY public.ir_act_server_group_rel
    ADD CONSTRAINT ir_act_server_group_rel_pkey PRIMARY KEY (act_id, gid);


--
-- Name: ir_act_server ir_act_server_path_unique; Type: CONSTRAINT; Schema: public; Owner: odoo
--

ALTER TABLE ONLY public.ir_act_server
    ADD CONSTRAINT ir_act_server_path_unique UNIQUE (path);


--
-- Name: CONSTRAINT ir_act_server_path_unique ON ir_act_server; Type: COMMENT; Schema: public; Owner: odoo
--

COMMENT ON CONSTRAINT ir_act_server_path_unique ON public.ir_act_server IS 'unique(path)';


--
-- Name: ir_act_server ir_act_server_pkey; Type: CONSTRAINT; Schema: public; Owner: odoo
--

ALTER TABLE ONLY public.ir_act_server
    ADD CONSTRAINT ir_act_server_pkey PRIMARY KEY (id);


--
-- Name: ir_act_server_res_partner_rel ir_act_server_res_partner_rel_pkey; Type: CONSTRAINT; Schema: public; Owner: odoo
--

ALTER TABLE ONLY public.ir_act_server_res_partner_rel
    ADD CONSTRAINT ir_act_server_res_partner_rel_pkey PRIMARY KEY (ir_act_server_id, res_partner_id);


--
-- Name: ir_act_server_webhook_field_rel ir_act_server_webhook_field_rel_pkey; Type: CONSTRAINT; Schema: public; Owner: odoo
--

ALTER TABLE ONLY public.ir_act_server_webhook_field_rel
    ADD CONSTRAINT ir_act_server_webhook_field_rel_pkey PRIMARY KEY (server_id, field_id);


--
-- Name: ir_act_url ir_act_url_path_unique; Type: CONSTRAINT; Schema: public; Owner: odoo
--

ALTER TABLE ONLY public.ir_act_url
    ADD CONSTRAINT ir_act_url_path_unique UNIQUE (path);


--
-- Name: CONSTRAINT ir_act_url_path_unique ON ir_act_url; Type: COMMENT; Schema: public; Owner: odoo
--

COMMENT ON CONSTRAINT ir_act_url_path_unique ON public.ir_act_url IS 'unique(path)';


--
-- Name: ir_act_url ir_act_url_pkey; Type: CONSTRAINT; Schema: public; Owner: odoo
--

ALTER TABLE ONLY public.ir_act_url
    ADD CONSTRAINT ir_act_url_pkey PRIMARY KEY (id);


--
-- Name: ir_act_window_group_rel ir_act_window_group_rel_pkey; Type: CONSTRAINT; Schema: public; Owner: odoo
--

ALTER TABLE ONLY public.ir_act_window_group_rel
    ADD CONSTRAINT ir_act_window_group_rel_pkey PRIMARY KEY (act_id, gid);


--
-- Name: ir_act_window ir_act_window_path_unique; Type: CONSTRAINT; Schema: public; Owner: odoo
--

ALTER TABLE ONLY public.ir_act_window
    ADD CONSTRAINT ir_act_window_path_unique UNIQUE (path);


--
-- Name: CONSTRAINT ir_act_window_path_unique ON ir_act_window; Type: COMMENT; Schema: public; Owner: odoo
--

COMMENT ON CONSTRAINT ir_act_window_path_unique ON public.ir_act_window IS 'unique(path)';


--
-- Name: ir_act_window ir_act_window_pkey; Type: CONSTRAINT; Schema: public; Owner: odoo
--

ALTER TABLE ONLY public.ir_act_window
    ADD CONSTRAINT ir_act_window_pkey PRIMARY KEY (id);


--
-- Name: ir_act_window_view ir_act_window_view_pkey; Type: CONSTRAINT; Schema: public; Owner: odoo
--

ALTER TABLE ONLY public.ir_act_window_view
    ADD CONSTRAINT ir_act_window_view_pkey PRIMARY KEY (id);


--
-- Name: ir_actions ir_actions_path_unique; Type: CONSTRAINT; Schema: public; Owner: odoo
--

ALTER TABLE ONLY public.ir_actions
    ADD CONSTRAINT ir_actions_path_unique UNIQUE (path);


--
-- Name: CONSTRAINT ir_actions_path_unique ON ir_actions; Type: COMMENT; Schema: public; Owner: odoo
--

COMMENT ON CONSTRAINT ir_actions_path_unique ON public.ir_actions IS 'unique(path)';


--
-- Name: ir_actions ir_actions_pkey; Type: CONSTRAINT; Schema: public; Owner: odoo
--

ALTER TABLE ONLY public.ir_actions
    ADD CONSTRAINT ir_actions_pkey PRIMARY KEY (id);


--
-- Name: ir_actions_todo ir_actions_todo_pkey; Type: CONSTRAINT; Schema: public; Owner: odoo
--

ALTER TABLE ONLY public.ir_actions_todo
    ADD CONSTRAINT ir_actions_todo_pkey PRIMARY KEY (id);


--
-- Name: ir_asset ir_asset_pkey; Type: CONSTRAINT; Schema: public; Owner: odoo
--

ALTER TABLE ONLY public.ir_asset
    ADD CONSTRAINT ir_asset_pkey PRIMARY KEY (id);


--
-- Name: ir_attachment ir_attachment_pkey; Type: CONSTRAINT; Schema: public; Owner: odoo
--

ALTER TABLE ONLY public.ir_attachment
    ADD CONSTRAINT ir_attachment_pkey PRIMARY KEY (id);


--
-- Name: ir_config_parameter ir_config_parameter_key_uniq; Type: CONSTRAINT; Schema: public; Owner: odoo
--

ALTER TABLE ONLY public.ir_config_parameter
    ADD CONSTRAINT ir_config_parameter_key_uniq UNIQUE (key);


--
-- Name: CONSTRAINT ir_config_parameter_key_uniq ON ir_config_parameter; Type: COMMENT; Schema: public; Owner: odoo
--

COMMENT ON CONSTRAINT ir_config_parameter_key_uniq ON public.ir_config_parameter IS 'unique (key)';


--
-- Name: ir_config_parameter ir_config_parameter_pkey; Type: CONSTRAINT; Schema: public; Owner: odoo
--

ALTER TABLE ONLY public.ir_config_parameter
    ADD CONSTRAINT ir_config_parameter_pkey PRIMARY KEY (id);


--
-- Name: ir_cron ir_cron_pkey; Type: CONSTRAINT; Schema: public; Owner: odoo
--

ALTER TABLE ONLY public.ir_cron
    ADD CONSTRAINT ir_cron_pkey PRIMARY KEY (id);


--
-- Name: ir_cron_progress ir_cron_progress_pkey; Type: CONSTRAINT; Schema: public; Owner: odoo
--

ALTER TABLE ONLY public.ir_cron_progress
    ADD CONSTRAINT ir_cron_progress_pkey PRIMARY KEY (id);


--
-- Name: ir_cron_trigger ir_cron_trigger_pkey; Type: CONSTRAINT; Schema: public; Owner: odoo
--

ALTER TABLE ONLY public.ir_cron_trigger
    ADD CONSTRAINT ir_cron_trigger_pkey PRIMARY KEY (id);


--
-- Name: ir_default ir_default_pkey; Type: CONSTRAINT; Schema: public; Owner: odoo
--

ALTER TABLE ONLY public.ir_default
    ADD CONSTRAINT ir_default_pkey PRIMARY KEY (id);


--
-- Name: ir_demo_failure ir_demo_failure_pkey; Type: CONSTRAINT; Schema: public; Owner: odoo
--

ALTER TABLE ONLY public.ir_demo_failure
    ADD CONSTRAINT ir_demo_failure_pkey PRIMARY KEY (id);


--
-- Name: ir_demo_failure_wizard ir_demo_failure_wizard_pkey; Type: CONSTRAINT; Schema: public; Owner: odoo
--

ALTER TABLE ONLY public.ir_demo_failure_wizard
    ADD CONSTRAINT ir_demo_failure_wizard_pkey PRIMARY KEY (id);


--
-- Name: ir_demo ir_demo_pkey; Type: CONSTRAINT; Schema: public; Owner: odoo
--

ALTER TABLE ONLY public.ir_demo
    ADD CONSTRAINT ir_demo_pkey PRIMARY KEY (id);


--
-- Name: ir_embedded_actions ir_embedded_actions_pkey; Type: CONSTRAINT; Schema: public; Owner: odoo
--

ALTER TABLE ONLY public.ir_embedded_actions
    ADD CONSTRAINT ir_embedded_actions_pkey PRIMARY KEY (id);


--
-- Name: ir_embedded_actions_res_groups_rel ir_embedded_actions_res_groups_rel_pkey; Type: CONSTRAINT; Schema: public; Owner: odoo
--

ALTER TABLE ONLY public.ir_embedded_actions_res_groups_rel
    ADD CONSTRAINT ir_embedded_actions_res_groups_rel_pkey PRIMARY KEY (ir_embedded_actions_id, res_groups_id);


--
-- Name: ir_exports_line ir_exports_line_pkey; Type: CONSTRAINT; Schema: public; Owner: odoo
--

ALTER TABLE ONLY public.ir_exports_line
    ADD CONSTRAINT ir_exports_line_pkey PRIMARY KEY (id);


--
-- Name: ir_exports ir_exports_pkey; Type: CONSTRAINT; Schema: public; Owner: odoo
--

ALTER TABLE ONLY public.ir_exports
    ADD CONSTRAINT ir_exports_pkey PRIMARY KEY (id);


--
-- Name: ir_filters ir_filters_name_model_uid_unique; Type: CONSTRAINT; Schema: public; Owner: odoo
--

ALTER TABLE ONLY public.ir_filters
    ADD CONSTRAINT ir_filters_name_model_uid_unique UNIQUE (model_id, user_id, action_id, embedded_action_id, embedded_parent_res_id, name);


--
-- Name: CONSTRAINT ir_filters_name_model_uid_unique ON ir_filters; Type: COMMENT; Schema: public; Owner: odoo
--

COMMENT ON CONSTRAINT ir_filters_name_model_uid_unique ON public.ir_filters IS 'unique (model_id, user_id, action_id, embedded_action_id, embedded_parent_res_id, name)';


--
-- Name: ir_filters ir_filters_pkey; Type: CONSTRAINT; Schema: public; Owner: odoo
--

ALTER TABLE ONLY public.ir_filters
    ADD CONSTRAINT ir_filters_pkey PRIMARY KEY (id);


--
-- Name: ir_logging ir_logging_pkey; Type: CONSTRAINT; Schema: public; Owner: odoo
--

ALTER TABLE ONLY public.ir_logging
    ADD CONSTRAINT ir_logging_pkey PRIMARY KEY (id);


--
-- Name: ir_mail_server ir_mail_server_pkey; Type: CONSTRAINT; Schema: public; Owner: odoo
--

ALTER TABLE ONLY public.ir_mail_server
    ADD CONSTRAINT ir_mail_server_pkey PRIMARY KEY (id);


--
-- Name: ir_model_access ir_model_access_pkey; Type: CONSTRAINT; Schema: public; Owner: odoo
--

ALTER TABLE ONLY public.ir_model_access
    ADD CONSTRAINT ir_model_access_pkey PRIMARY KEY (id);


--
-- Name: ir_model_constraint ir_model_constraint_module_name_uniq; Type: CONSTRAINT; Schema: public; Owner: odoo
--

ALTER TABLE ONLY public.ir_model_constraint
    ADD CONSTRAINT ir_model_constraint_module_name_uniq UNIQUE (name, module);


--
-- Name: CONSTRAINT ir_model_constraint_module_name_uniq ON ir_model_constraint; Type: COMMENT; Schema: public; Owner: odoo
--

COMMENT ON CONSTRAINT ir_model_constraint_module_name_uniq ON public.ir_model_constraint IS 'unique(name, module)';


--
-- Name: ir_model_constraint ir_model_constraint_pkey; Type: CONSTRAINT; Schema: public; Owner: odoo
--

ALTER TABLE ONLY public.ir_model_constraint
    ADD CONSTRAINT ir_model_constraint_pkey PRIMARY KEY (id);


--
-- Name: ir_model_data ir_model_data_pkey; Type: CONSTRAINT; Schema: public; Owner: odoo
--

ALTER TABLE ONLY public.ir_model_data
    ADD CONSTRAINT ir_model_data_pkey PRIMARY KEY (id);


--
-- Name: ir_model_fields_group_rel ir_model_fields_group_rel_pkey; Type: CONSTRAINT; Schema: public; Owner: odoo
--

ALTER TABLE ONLY public.ir_model_fields_group_rel
    ADD CONSTRAINT ir_model_fields_group_rel_pkey PRIMARY KEY (field_id, group_id);


--
-- Name: ir_model_fields ir_model_fields_name_unique; Type: CONSTRAINT; Schema: public; Owner: odoo
--

ALTER TABLE ONLY public.ir_model_fields
    ADD CONSTRAINT ir_model_fields_name_unique UNIQUE (model, name);


--
-- Name: CONSTRAINT ir_model_fields_name_unique ON ir_model_fields; Type: COMMENT; Schema: public; Owner: odoo
--

COMMENT ON CONSTRAINT ir_model_fields_name_unique ON public.ir_model_fields IS 'UNIQUE(model, name)';


--
-- Name: ir_model_fields ir_model_fields_pkey; Type: CONSTRAINT; Schema: public; Owner: odoo
--

ALTER TABLE ONLY public.ir_model_fields
    ADD CONSTRAINT ir_model_fields_pkey PRIMARY KEY (id);


--
-- Name: ir_model_fields_selection ir_model_fields_selection_pkey; Type: CONSTRAINT; Schema: public; Owner: odoo
--

ALTER TABLE ONLY public.ir_model_fields_selection
    ADD CONSTRAINT ir_model_fields_selection_pkey PRIMARY KEY (id);


--
-- Name: ir_model_fields_selection ir_model_fields_selection_selection_field_uniq; Type: CONSTRAINT; Schema: public; Owner: odoo
--

ALTER TABLE ONLY public.ir_model_fields_selection
    ADD CONSTRAINT ir_model_fields_selection_selection_field_uniq UNIQUE (field_id, value);


--
-- Name: CONSTRAINT ir_model_fields_selection_selection_field_uniq ON ir_model_fields_selection; Type: COMMENT; Schema: public; Owner: odoo
--

COMMENT ON CONSTRAINT ir_model_fields_selection_selection_field_uniq ON public.ir_model_fields_selection IS 'unique(field_id, value)';


--
-- Name: ir_model_inherit ir_model_inherit_pkey; Type: CONSTRAINT; Schema: public; Owner: odoo
--

ALTER TABLE ONLY public.ir_model_inherit
    ADD CONSTRAINT ir_model_inherit_pkey PRIMARY KEY (id);


--
-- Name: ir_model_inherit ir_model_inherit_uniq; Type: CONSTRAINT; Schema: public; Owner: odoo
--

ALTER TABLE ONLY public.ir_model_inherit
    ADD CONSTRAINT ir_model_inherit_uniq UNIQUE (model_id, parent_id);


--
-- Name: CONSTRAINT ir_model_inherit_uniq ON ir_model_inherit; Type: COMMENT; Schema: public; Owner: odoo
--

COMMENT ON CONSTRAINT ir_model_inherit_uniq ON public.ir_model_inherit IS 'UNIQUE(model_id, parent_id)';


--
-- Name: ir_model ir_model_obj_name_uniq; Type: CONSTRAINT; Schema: public; Owner: odoo
--

ALTER TABLE ONLY public.ir_model
    ADD CONSTRAINT ir_model_obj_name_uniq UNIQUE (model);


--
-- Name: CONSTRAINT ir_model_obj_name_uniq ON ir_model; Type: COMMENT; Schema: public; Owner: odoo
--

COMMENT ON CONSTRAINT ir_model_obj_name_uniq ON public.ir_model IS 'unique (model)';


--
-- Name: ir_model ir_model_pkey; Type: CONSTRAINT; Schema: public; Owner: odoo
--

ALTER TABLE ONLY public.ir_model
    ADD CONSTRAINT ir_model_pkey PRIMARY KEY (id);


--
-- Name: ir_model_relation ir_model_relation_pkey; Type: CONSTRAINT; Schema: public; Owner: odoo
--

ALTER TABLE ONLY public.ir_model_relation
    ADD CONSTRAINT ir_model_relation_pkey PRIMARY KEY (id);


--
-- Name: ir_model_spreadsheet_dashboard_rel ir_model_spreadsheet_dashboard_rel_pkey; Type: CONSTRAINT; Schema: public; Owner: odoo
--

ALTER TABLE ONLY public.ir_model_spreadsheet_dashboard_rel
    ADD CONSTRAINT ir_model_spreadsheet_dashboard_rel_pkey PRIMARY KEY (spreadsheet_dashboard_id, ir_model_id);


--
-- Name: ir_module_category ir_module_category_pkey; Type: CONSTRAINT; Schema: public; Owner: odoo
--

ALTER TABLE ONLY public.ir_module_category
    ADD CONSTRAINT ir_module_category_pkey PRIMARY KEY (id);


--
-- Name: ir_module_module_dependency ir_module_module_dependency_pkey; Type: CONSTRAINT; Schema: public; Owner: odoo
--

ALTER TABLE ONLY public.ir_module_module_dependency
    ADD CONSTRAINT ir_module_module_dependency_pkey PRIMARY KEY (id);


--
-- Name: ir_module_module_exclusion ir_module_module_exclusion_pkey; Type: CONSTRAINT; Schema: public; Owner: odoo
--

ALTER TABLE ONLY public.ir_module_module_exclusion
    ADD CONSTRAINT ir_module_module_exclusion_pkey PRIMARY KEY (id);


--
-- Name: ir_module_module ir_module_module_name_uniq; Type: CONSTRAINT; Schema: public; Owner: odoo
--

ALTER TABLE ONLY public.ir_module_module
    ADD CONSTRAINT ir_module_module_name_uniq UNIQUE (name);


--
-- Name: CONSTRAINT ir_module_module_name_uniq ON ir_module_module; Type: COMMENT; Schema: public; Owner: odoo
--

COMMENT ON CONSTRAINT ir_module_module_name_uniq ON public.ir_module_module IS 'UNIQUE (name)';


--
-- Name: ir_module_module ir_module_module_pkey; Type: CONSTRAINT; Schema: public; Owner: odoo
--

ALTER TABLE ONLY public.ir_module_module
    ADD CONSTRAINT ir_module_module_pkey PRIMARY KEY (id);


--
-- Name: ir_profile ir_profile_pkey; Type: CONSTRAINT; Schema: public; Owner: odoo
--

ALTER TABLE ONLY public.ir_profile
    ADD CONSTRAINT ir_profile_pkey PRIMARY KEY (id);


--
-- Name: ir_rule ir_rule_pkey; Type: CONSTRAINT; Schema: public; Owner: odoo
--

ALTER TABLE ONLY public.ir_rule
    ADD CONSTRAINT ir_rule_pkey PRIMARY KEY (id);


--
-- Name: ir_sequence_date_range ir_sequence_date_range_pkey; Type: CONSTRAINT; Schema: public; Owner: odoo
--

ALTER TABLE ONLY public.ir_sequence_date_range
    ADD CONSTRAINT ir_sequence_date_range_pkey PRIMARY KEY (id);


--
-- Name: ir_sequence_date_range ir_sequence_date_range_unique_range_per_sequence; Type: CONSTRAINT; Schema: public; Owner: odoo
--

ALTER TABLE ONLY public.ir_sequence_date_range
    ADD CONSTRAINT ir_sequence_date_range_unique_range_per_sequence UNIQUE (sequence_id, date_from, date_to);


--
-- Name: CONSTRAINT ir_sequence_date_range_unique_range_per_sequence ON ir_sequence_date_range; Type: COMMENT; Schema: public; Owner: odoo
--

COMMENT ON CONSTRAINT ir_sequence_date_range_unique_range_per_sequence ON public.ir_sequence_date_range IS 'UNIQUE(sequence_id, date_from, date_to)';


--
-- Name: ir_sequence ir_sequence_pkey; Type: CONSTRAINT; Schema: public; Owner: odoo
--

ALTER TABLE ONLY public.ir_sequence
    ADD CONSTRAINT ir_sequence_pkey PRIMARY KEY (id);


--
-- Name: ir_ui_menu_group_rel ir_ui_menu_group_rel_pkey; Type: CONSTRAINT; Schema: public; Owner: odoo
--

ALTER TABLE ONLY public.ir_ui_menu_group_rel
    ADD CONSTRAINT ir_ui_menu_group_rel_pkey PRIMARY KEY (menu_id, gid);


--
-- Name: ir_ui_menu ir_ui_menu_pkey; Type: CONSTRAINT; Schema: public; Owner: odoo
--

ALTER TABLE ONLY public.ir_ui_menu
    ADD CONSTRAINT ir_ui_menu_pkey PRIMARY KEY (id);


--
-- Name: ir_ui_view_custom ir_ui_view_custom_pkey; Type: CONSTRAINT; Schema: public; Owner: odoo
--

ALTER TABLE ONLY public.ir_ui_view_custom
    ADD CONSTRAINT ir_ui_view_custom_pkey PRIMARY KEY (id);


--
-- Name: ir_ui_view_group_rel ir_ui_view_group_rel_pkey; Type: CONSTRAINT; Schema: public; Owner: odoo
--

ALTER TABLE ONLY public.ir_ui_view_group_rel
    ADD CONSTRAINT ir_ui_view_group_rel_pkey PRIMARY KEY (view_id, group_id);


--
-- Name: ir_ui_view ir_ui_view_pkey; Type: CONSTRAINT; Schema: public; Owner: odoo
--

ALTER TABLE ONLY public.ir_ui_view
    ADD CONSTRAINT ir_ui_view_pkey PRIMARY KEY (id);


--
-- Name: journal_account_control_rel journal_account_control_rel_pkey; Type: CONSTRAINT; Schema: public; Owner: odoo
--

ALTER TABLE ONLY public.journal_account_control_rel
    ADD CONSTRAINT journal_account_control_rel_pkey PRIMARY KEY (journal_id, account_id);


--
-- Name: l10n_es_edi_facturae_ac_role_type l10n_es_edi_facturae_ac_role_type_pkey; Type: CONSTRAINT; Schema: public; Owner: odoo
--

ALTER TABLE ONLY public.l10n_es_edi_facturae_ac_role_type
    ADD CONSTRAINT l10n_es_edi_facturae_ac_role_type_pkey PRIMARY KEY (id);


--
-- Name: l10n_es_edi_facturae_ac_role_type_res_partner_rel l10n_es_edi_facturae_ac_role_type_res_partner_rel_pkey; Type: CONSTRAINT; Schema: public; Owner: odoo
--

ALTER TABLE ONLY public.l10n_es_edi_facturae_ac_role_type_res_partner_rel
    ADD CONSTRAINT l10n_es_edi_facturae_ac_role_type_res_partner_rel_pkey PRIMARY KEY (res_partner_id, l10n_es_edi_facturae_ac_role_type_id);


--
-- Name: link_tracker_click link_tracker_click_pkey; Type: CONSTRAINT; Schema: public; Owner: odoo
--

ALTER TABLE ONLY public.link_tracker_click
    ADD CONSTRAINT link_tracker_click_pkey PRIMARY KEY (id);


--
-- Name: link_tracker_code link_tracker_code_code; Type: CONSTRAINT; Schema: public; Owner: odoo
--

ALTER TABLE ONLY public.link_tracker_code
    ADD CONSTRAINT link_tracker_code_code UNIQUE (code);


--
-- Name: CONSTRAINT link_tracker_code_code ON link_tracker_code; Type: COMMENT; Schema: public; Owner: odoo
--

COMMENT ON CONSTRAINT link_tracker_code_code ON public.link_tracker_code IS 'unique( code )';


--
-- Name: link_tracker_code link_tracker_code_pkey; Type: CONSTRAINT; Schema: public; Owner: odoo
--

ALTER TABLE ONLY public.link_tracker_code
    ADD CONSTRAINT link_tracker_code_pkey PRIMARY KEY (id);


--
-- Name: link_tracker link_tracker_pkey; Type: CONSTRAINT; Schema: public; Owner: odoo
--

ALTER TABLE ONLY public.link_tracker
    ADD CONSTRAINT link_tracker_pkey PRIMARY KEY (id);


--
