-- Data for Name: mail_template_ir_actions_report_rel; Type: TABLE DATA; Schema: public; Owner: odoo
--

COPY public.mail_template_ir_actions_report_rel (mail_template_id, ir_actions_report_id) FROM stdin;
8	236
10	323
11	323
12	323
29	536
30	737
31	736
32	736
\.


--
-- Data for Name: mail_template_mail_template_reset_rel; Type: TABLE DATA; Schema: public; Owner: odoo
--

COPY public.mail_template_mail_template_reset_rel (mail_template_reset_id, mail_template_id) FROM stdin;
\.


--
-- Data for Name: mail_template_preview; Type: TABLE DATA; Schema: public; Owner: odoo
--

COPY public.mail_template_preview (id, mail_template_id, create_uid, write_uid, resource_ref, lang, create_date, write_date) FROM stdin;
\.


--
-- Data for Name: mail_template_reset; Type: TABLE DATA; Schema: public; Owner: odoo
--

COPY public.mail_template_reset (id, create_uid, write_uid, create_date, write_date) FROM stdin;
\.


--
-- Data for Name: mail_tracking_value; Type: TABLE DATA; Schema: public; Owner: odoo
--

COPY public.mail_tracking_value (id, field_id, old_value_integer, new_value_integer, currency_id, mail_message_id, create_uid, write_uid, old_value_char, new_value_char, field_info, old_value_text, new_value_text, old_value_datetime, new_value_datetime, create_date, write_date, old_value_float, new_value_float) FROM stdin;
1	902	\N	\N	\N	2	1	1	System	OdooBot	\N	\N	\N	\N	\N	2026-04-08 08:34:27.650619	2026-04-08 08:34:27.650619	\N	\N
2	6015	\N	\N	\N	10	1	1		Spain VAT	\N	\N	\N	\N	\N	2026-04-08 08:34:53.414141	2026-04-08 08:34:53.414141	\N	\N
3	6202	\N	\N	\N	18	1	1		Ordered quantities	\N	\N	\N	\N	\N	2026-04-08 08:35:00.749484	2026-04-08 08:35:00.749484	\N	\N
4	6202	\N	\N	\N	19	1	1		Ordered quantities	\N	\N	\N	\N	\N	2026-04-08 08:35:00.749484	2026-04-08 08:35:00.749484	\N	\N
5	6202	\N	\N	\N	20	1	1		Ordered quantities	\N	\N	\N	\N	\N	2026-04-08 08:35:00.749484	2026-04-08 08:35:00.749484	\N	\N
6	902	\N	\N	\N	51	6	6	fp.egatarinlasam@salesianosdosa.com	ENRIQUE GATARIN LASAM	\N	\N	\N	\N	\N	2026-04-08 08:43:51.219949	2026-04-08 08:43:51.219949	\N	\N
8	1054	\N	\N	\N	53	2	2	My Company	RELSUM HEREDEROS SL.	\N	\N	\N	\N	\N	2026-04-08 08:44:20.474362	2026-04-08 08:44:20.474362	\N	\N
9	902	\N	\N	\N	54	2	2	My Company	RELSUM HEREDEROS SL.	\N	\N	\N	\N	\N	2026-04-08 08:44:20.474362	2026-04-08 08:44:20.474362	\N	\N
10	2693	\N	\N	\N	54	2	2	My Company, España	RELSUM HEREDEROS SL., PINTO, España	\N	\N	\N	\N	\N	2026-04-08 08:44:20.474362	2026-04-08 08:44:20.474362	\N	\N
11	4472	\N	\N	\N	60	1	1	Outstanding Receipts	Recibos pendientes	\N	\N	\N	\N	\N	2026-04-08 08:46:14.325631	2026-04-08 08:46:14.325631	\N	\N
12	4472	\N	\N	\N	61	1	1	Outstanding Payments	Pagos pendientes	\N	\N	\N	\N	\N	2026-04-08 08:46:14.325631	2026-04-08 08:46:14.325631	\N	\N
20	10696	\N	\N	\N	162	2	2	Empleado	OVIEDO FLEITAS ALEXIS JAVIER	\N	\N	\N	\N	\N	2026-04-14 08:27:51.253792	2026-04-14 08:27:51.253792	\N	\N
21	10701	2	3	\N	165	2	2	Ventas	Pedidos	\N	\N	\N	\N	\N	2026-04-14 08:30:41.064803	2026-04-14 08:30:41.064803	\N	\N
22	10699	2	3	\N	165	2	2	Ventas	Pedidos	\N	\N	\N	\N	\N	2026-04-14 08:30:41.064803	2026-04-14 08:30:41.064803	\N	\N
23	10701	0	4	\N	168	2	2		Órdenes de trabajo:	\N	\N	\N	\N	\N	2026-04-14 08:32:48.58941	2026-04-14 08:32:48.58941	\N	\N
24	10699	0	4	\N	168	2	2		Órdenes de trabajo:	\N	\N	\N	\N	\N	2026-04-14 08:32:48.58941	2026-04-14 08:32:48.58941	\N	\N
25	10701	0	5	\N	181	2	2		Albaranes	\N	\N	\N	\N	\N	2026-04-14 08:34:01.458918	2026-04-14 08:34:01.458918	\N	\N
26	10699	0	5	\N	181	2	2		Albaranes	\N	\N	\N	\N	\N	2026-04-14 08:34:01.458918	2026-04-14 08:34:01.458918	\N	\N
27	10696	\N	\N	\N	193	2	2	Carlos Alberto	Carlos Alberto Mósquez	\N	\N	\N	\N	\N	2026-04-14 08:35:43.449173	2026-04-14 08:35:43.449173	\N	\N
28	937	\N	\N	\N	194	2	2	\N	fp.	\N	\N	\N	\N	\N	2026-04-14 08:35:43.449173	2026-04-14 08:35:43.449173	\N	\N
29	10696	\N	\N	\N	195	2	2	Carlos Alberto Mósquez	Carlos Alberto Mósquez Bermeo	\N	\N	\N	\N	\N	2026-04-14 08:36:32.938629	2026-04-14 08:36:32.938629	\N	\N
30	937	\N	\N	\N	196	2	2	fp.	fp.cmosquezbermeo@salesianosdosa.com	\N	\N	\N	\N	\N	2026-04-14 08:36:32.938629	2026-04-14 08:36:32.938629	\N	\N
31	10701	0	6	\N	199	2	2		Persona	\N	\N	\N	\N	\N	2026-04-14 08:39:02.782783	2026-04-14 08:39:02.782783	\N	\N
32	10699	0	6	\N	199	2	2		Personal	\N	\N	\N	\N	\N	2026-04-14 08:39:02.782783	2026-04-14 08:39:02.782783	\N	\N
33	902	\N	\N	\N	200	2	2	Carlos Alberto	Carlos Alberto Mósquez Bermeo	\N	\N	\N	\N	\N	2026-04-14 08:39:57.616861	2026-04-14 08:39:57.616861	\N	\N
34	937	\N	\N	\N	209	6	6	\N	fp.rlopezpaiva@salesianosdosa.com	\N	\N	\N	\N	\N	2026-04-14 08:43:47.233701	2026-04-14 08:43:47.233701	\N	\N
35	10701	0	7	\N	213	6	6		Sistemas	\N	\N	\N	\N	\N	2026-04-14 08:44:31.868372	2026-04-14 08:44:31.868372	\N	\N
36	10699	0	7	\N	213	6	6		Sistemas	\N	\N	\N	\N	\N	2026-04-14 08:44:31.868372	2026-04-14 08:44:31.868372	\N	\N
37	10699	1	8	\N	217	6	6	Administration	Recursos Humanos	\N	\N	\N	\N	\N	2026-04-14 08:45:39.406596	2026-04-14 08:45:39.406596	\N	\N
38	10699	3	9	\N	247	6	6	Pedidos	Relaciones	\N	\N	\N	\N	\N	2026-04-14 08:54:20.82581	2026-04-14 08:54:20.82581	\N	\N
39	10699	5	9	\N	256	6	6	Albaranes	Relaciones	\N	\N	\N	\N	\N	2026-04-14 08:56:25.310927	2026-04-14 08:56:25.310927	\N	\N
40	10701	6	4	\N	261	6	6	Persona	Órdenes de trabajo:	\N	\N	\N	\N	\N	2026-04-14 08:56:47.333373	2026-04-14 08:56:47.333373	\N	\N
41	10701	0	8	\N	268	6	6		Proveedores	\N	\N	\N	\N	\N	2026-04-14 08:58:13.731696	2026-04-14 08:58:13.731696	\N	\N
42	10699	0	10	\N	268	6	6		Almacén	\N	\N	\N	\N	\N	2026-04-14 08:58:13.731696	2026-04-14 08:58:13.731696	\N	\N
43	10699	4	6	\N	283	6	6	Órdenes de trabajo:	Personal	\N	\N	\N	\N	\N	2026-04-14 08:59:56.256101	2026-04-14 08:59:56.256101	\N	\N
44	10699	0	10	\N	290	6	6		Almacén	\N	\N	\N	\N	\N	2026-04-14 09:00:29.027108	2026-04-14 09:00:29.027108	\N	\N
45	10701	0	9	\N	292	6	6		Catálogo de productos	\N	\N	\N	\N	\N	2026-04-14 09:00:54.69141	2026-04-14 09:00:54.69141	\N	\N
46	10701	0	9	\N	299	6	6		Catálogo de productos	\N	\N	\N	\N	\N	2026-04-14 09:07:12.38902	2026-04-14 09:07:12.38902	\N	\N
47	10699	0	10	\N	299	6	6		Almacén	\N	\N	\N	\N	\N	2026-04-14 09:07:12.38902	2026-04-14 09:07:12.38902	\N	\N
48	10701	0	9	\N	306	6	6		Catálogo de productos	\N	\N	\N	\N	\N	2026-04-14 09:08:45.804533	2026-04-14 09:08:45.804533	\N	\N
49	937	\N	\N	\N	314	6	6	\N	fp.dsecocumbreno@salesianosdosa.com	\N	\N	\N	\N	\N	2026-04-14 09:09:47.785308	2026-04-14 09:09:47.785308	\N	\N
50	10701	0	9	\N	316	6	6		Catálogo de productos	\N	\N	\N	\N	\N	2026-04-14 09:10:00.745202	2026-04-14 09:10:00.745202	\N	\N
51	10699	0	10	\N	316	6	6		Almacén	\N	\N	\N	\N	\N	2026-04-14 09:10:00.745202	2026-04-14 09:10:00.745202	\N	\N
52	10701	4	10	\N	326	6	6	Órdenes de trabajo:	Órdenes de trabajo	\N	\N	\N	\N	\N	2026-04-14 09:14:17.829975	2026-04-14 09:14:17.829975	\N	\N
53	10701	4	10	\N	331	6	6	Órdenes de trabajo:	Órdenes de trabajo	\N	\N	\N	\N	\N	2026-04-14 09:15:02.000117	2026-04-14 09:15:02.000117	\N	\N
54	10701	0	5	\N	342	6	6		Albaranes	\N	\N	\N	\N	\N	2026-04-14 09:20:00.858815	2026-04-14 09:20:00.858815	\N	\N
55	10699	0	9	\N	342	6	6		Relaciones	\N	\N	\N	\N	\N	2026-04-14 09:20:00.858815	2026-04-14 09:20:00.858815	\N	\N
56	10699	0	4	\N	349	6	6		Órdenes de trabajo:	\N	\N	\N	\N	\N	2026-04-14 09:20:53.080495	2026-04-14 09:20:53.080495	\N	\N
57	10701	0	10	\N	350	6	6		Órdenes de trabajo	\N	\N	\N	\N	\N	2026-04-14 09:21:03.702589	2026-04-14 09:21:03.702589	\N	\N
58	10699	4	6	\N	350	6	6	Órdenes de trabajo:	Personal	\N	\N	\N	\N	\N	2026-04-14 09:21:03.702589	2026-04-14 09:21:03.702589	\N	\N
59	9877	\N	\N	\N	364	19	19	Listo	Hecho	\N	\N	\N	\N	\N	2026-04-15 09:05:36.056991	2026-04-15 09:05:36.056991	\N	\N
60	902	\N	\N	\N	375	11	11	ENRIQUE GATARIN LASAM	GATARIN LASAM ENRIQUE	\N	\N	\N	\N	\N	2026-04-15 10:20:03.868914	2026-04-15 10:20:03.868914	\N	\N
61	10696	\N	\N	\N	376	11	11	ENRIQUE GATARIN LASAM	GATARIN LASAM ENRIQUE	\N	\N	\N	\N	\N	2026-04-15 10:20:03.868914	2026-04-15 10:20:03.868914	\N	\N
62	10701	0	11	\N	390	6	6		Diseño Gráfico	\N	\N	\N	\N	\N	2026-04-15 10:31:12.896114	2026-04-15 10:31:12.896114	\N	\N
63	10699	0	11	\N	394	6	6		Diseño Gráfico	\N	\N	\N	\N	\N	2026-04-15 10:34:15.119028	2026-04-15 10:34:15.119028	\N	\N
64	906	\N	\N	\N	397	2	2	\N	Diseño Gráfico	\N	\N	\N	\N	\N	2026-04-15 10:49:20.605268	2026-04-15 10:49:20.605268	\N	\N
65	2693	\N	\N	\N	397	2	2		Diseño Gráfico	\N	\N	\N	\N	\N	2026-04-15 10:49:20.605268	2026-04-15 10:49:20.605268	\N	\N
66	905	0	33	\N	397	2	2		Diseño Gráfico	\N	\N	\N	\N	\N	2026-04-15 10:49:20.605268	2026-04-15 10:49:20.605268	\N	\N
74	10701	0	11	\N	426	6	6		Diseño Gráfico	\N	\N	\N	\N	\N	2026-04-16 09:03:47.302436	2026-04-16 09:03:47.302436	\N	\N
75	10699	0	11	\N	426	6	6		Diseño Gráfico	\N	\N	\N	\N	\N	2026-04-16 09:03:47.302436	2026-04-16 09:03:47.302436	\N	\N
76	902	\N	\N	\N	428	6	6	Óscar Fenández Morín	FERNÁNDEZ MORÍN ÓSCAR	\N	\N	\N	\N	\N	2026-04-16 10:07:24.22584	2026-04-16 10:07:24.22584	\N	\N
77	10696	\N	\N	\N	429	6	6	Óscar Fenández Morín	FERNÁNDEZ MORÍN ÓSCAR	\N	\N	\N	\N	\N	2026-04-16 10:07:24.22584	2026-04-16 10:07:24.22584	\N	\N
78	902	\N	\N	\N	430	6	6	Carlos Alberto Mósquez Bermeo	MÓSQUEZ BERMEO CARLOS ALBERTO	\N	\N	\N	\N	\N	2026-04-16 10:08:03.093105	2026-04-16 10:08:03.093105	\N	\N
79	10696	\N	\N	\N	431	6	6	Carlos Alberto Mósquez Bermeo	MÓSQUEZ BERMEO CARLOS ALBERTO	\N	\N	\N	\N	\N	2026-04-16 10:08:03.093105	2026-04-16 10:08:03.093105	\N	\N
80	902	\N	\N	\N	432	6	6	José Ángel Jiménez Medrano	JIMÉNEZ MEDRANO JOSÉ ÁNGEL	\N	\N	\N	\N	\N	2026-04-16 10:10:18.611458	2026-04-16 10:10:18.611458	\N	\N
81	10696	\N	\N	\N	433	6	6	Jose Ángel Jimenez Madrano	JIMÉNEZ MEDRANO JOSÉ ÁNGEL	\N	\N	\N	\N	\N	2026-04-16 10:10:18.611458	2026-04-16 10:10:18.611458	\N	\N
82	902	\N	\N	\N	434	6	6	Luis Enrique Paz Sánchez	PAZ SÁNCHEZ LUIS ENRIQUE	\N	\N	\N	\N	\N	2026-04-16 10:10:47.131696	2026-04-16 10:10:47.131696	\N	\N
83	10696	\N	\N	\N	435	6	6	Luis Enrique Paz Sánchez	PAZ SÁNCHEZ LUIS ENRIQUE	\N	\N	\N	\N	\N	2026-04-16 10:10:47.131696	2026-04-16 10:10:47.131696	\N	\N
86	902	\N	\N	\N	438	6	6	Randall Gonzalez Rojas	GONZALEZ ROJAS RANDALL	\N	\N	\N	\N	\N	2026-04-16 10:11:36.564667	2026-04-16 10:11:36.564667	\N	\N
87	10696	\N	\N	\N	439	6	6	Randall Gonzalez Rojas	GONZALEZ ROJAS RANDALL	\N	\N	\N	\N	\N	2026-04-16 10:11:36.564667	2026-04-16 10:11:36.564667	\N	\N
90	10699	9	12	\N	490	6	6	Relaciones	Relaciones clientes	\N	\N	\N	\N	\N	2026-04-21 07:26:52.496446	2026-04-21 07:26:52.496446	\N	\N
91	10699	9	12	\N	491	6	6	Relaciones	Relaciones clientes	\N	\N	\N	\N	\N	2026-04-21 07:27:30.08026	2026-04-21 07:27:30.08026	\N	\N
92	10699	9	12	\N	492	6	6	Relaciones	Relaciones clientes	\N	\N	\N	\N	\N	2026-04-21 07:27:44.640368	2026-04-21 07:27:44.640368	\N	\N
93	6244	34	19	\N	521	19	19	BALLESTERO ÁLVARO NICOLÁS	DIEZ ROJAS ARIEL	\N	\N	\N	\N	\N	2026-04-24 11:09:53.744488	2026-04-24 11:09:53.744488	\N	\N
98	10699	0	4	\N	592	6	6		Órdenes de trabajo:	\N	\N	\N	\N	\N	2026-05-04 08:42:53.024702	2026-05-04 08:42:53.024702	\N	\N
99	10701	0	10	\N	593	6	6		Órdenes de trabajo	\N	\N	\N	\N	\N	2026-05-04 08:43:20.844133	2026-05-04 08:43:20.844133	\N	\N
100	10699	4	6	\N	593	6	6	Órdenes de trabajo:	Personal	\N	\N	\N	\N	\N	2026-05-04 08:43:20.844133	2026-05-04 08:43:20.844133	\N	\N
101	10696	\N	\N	\N	610	11	11	Sergio Martín Gómez	MARTÍN GÓMEZ SERGIO	\N	\N	\N	\N	\N	2026-05-04 08:56:32.543232	2026-05-04 08:56:32.543232	\N	\N
102	902	\N	\N	\N	611	11	11	Sergio Martín Gómez	MARTÍN GÓMEZ SERGIO	\N	\N	\N	\N	\N	2026-05-04 09:01:05.91432	2026-05-04 09:01:05.91432	\N	\N
112	10701	0	11	\N	653	6	6		Diseño Gráfico	\N	\N	\N	\N	\N	2026-05-04 10:23:00.353034	2026-05-04 10:23:00.353034	\N	\N
113	10699	0	11	\N	653	6	6		Diseño Gráfico	\N	\N	\N	\N	\N	2026-05-04 10:23:00.353034	2026-05-04 10:23:00.353034	\N	\N
114	937	\N	\N	\N	659	2	2	nicoballesteros.2022@gmail.com	fp.nballesterosalvaro@salesianosdosa.com	\N	\N	\N	\N	\N	2026-05-04 10:31:31.601105	2026-05-04 10:31:31.601105	\N	\N
115	10762	\N	\N	\N	660	24	24	\N	Colegio Corazón De María	\N	\N	\N	\N	\N	2026-05-04 10:33:57.683703	2026-05-04 10:33:57.683703	\N	\N
116	10761	\N	\N	\N	660	24	24	\N	ESO	\N	\N	\N	\N	\N	2026-05-04 10:33:57.683703	2026-05-04 10:33:57.683703	\N	\N
117	10741	\N	\N	\N	660	24	24	\N	Victoria Villar Rodriguez	\N	\N	\N	\N	\N	2026-05-04 10:33:57.683703	2026-05-04 10:33:57.683703	\N	\N
118	10742	\N	\N	\N	660	24	24	\N	\N	\N	\N	\N	\N	2008-07-29 00:00:00	2026-05-04 10:33:57.683703	2026-05-04 10:33:57.683703	\N	\N
119	10744	\N	\N	\N	660	24	24	\N	Guadalajara, Castilla y la Mancha	\N	\N	\N	\N	\N	2026-05-04 10:33:57.683703	2026-05-04 10:33:57.683703	\N	\N
120	10740	\N	\N	\N	660	24	24	Soltero(a)	Casado(a)	\N	\N	\N	\N	\N	2026-05-04 10:33:57.683703	2026-05-04 10:33:57.683703	\N	\N
121	10749	\N	\N	\N	660	24	24	\N	49393550S	\N	\N	\N	\N	\N	2026-05-04 10:33:57.683703	2026-05-04 10:33:57.683703	\N	\N
122	10739	\N	\N	\N	660	24	24		Masculino	\N	\N	\N	\N	\N	2026-05-04 10:33:57.683703	2026-05-04 10:33:57.683703	\N	\N
123	10745	0	68	\N	660	24	24		España	\N	\N	\N	\N	\N	2026-05-04 10:33:57.683703	2026-05-04 10:33:57.683703	\N	\N
124	10738	0	68	\N	660	24	24		España	\N	\N	\N	\N	\N	2026-05-04 10:33:57.683703	2026-05-04 10:33:57.683703	\N	\N
125	10760	\N	\N	\N	660	24	24		Título de grado	\N	\N	\N	\N	\N	2026-05-04 10:33:57.683703	2026-05-04 10:33:57.683703	\N	\N
126	10746	\N	\N	\N	660	24	24	\N	\N	\N	\N	\N	\N	2008-04-24 00:00:00	2026-05-04 10:33:57.683703	2026-05-04 10:33:57.683703	\N	\N
127	4189	\N	\N	\N	661	2	2	Borrador	Cancelado	\N	\N	\N	\N	\N	2026-05-04 11:03:46.568995	2026-05-04 11:03:46.568995	\N	\N
130	10701	9	11	\N	664	6	6	Catálogo de productos	Diseño Gráfico	\N	\N	\N	\N	\N	2026-05-05 08:22:01.714777	2026-05-05 08:22:01.714777	\N	\N
131	10699	10	11	\N	664	6	6	Almacén	Diseño Gráfico	\N	\N	\N	\N	\N	2026-05-05 08:22:01.714777	2026-05-05 08:22:01.714777	\N	\N
132	6245	\N	\N	\N	671	19	19	Presupuesto	Pedido de venta	\N	\N	\N	\N	\N	2026-05-05 08:24:31.644831	2026-05-05 08:24:31.644831	\N	\N
133	6245	\N	\N	\N	673	19	19	Presupuesto	Cancelado	\N	\N	\N	\N	\N	2026-05-05 08:35:04.898701	2026-05-05 08:35:04.898701	\N	\N
134	9877	\N	\N	\N	674	17	17	Listo	Cancelado	\N	\N	\N	\N	\N	2026-05-05 08:35:36.44902	2026-05-05 08:35:36.44902	\N	\N
135	6245	\N	\N	\N	675	17	17	Pedido de venta	Cancelado	\N	\N	\N	\N	\N	2026-05-05 08:35:36.44902	2026-05-05 08:35:36.44902	\N	\N
136	6245	\N	\N	\N	676	19	19	Presupuesto	Pedido de venta	\N	\N	\N	\N	\N	2026-05-05 08:37:37.262705	2026-05-05 08:37:37.262705	\N	\N
137	11626	\N	\N	\N	688	19	19	Borrador	Confirmado	\N	\N	\N	\N	\N	2026-05-05 08:44:12.078594	2026-05-05 08:44:12.078594	\N	\N
138	11627	\N	\N	\N	688	19	19		Listo	\N	\N	\N	\N	\N	2026-05-05 08:44:12.078594	2026-05-05 08:44:12.078594	\N	\N
139	11626	\N	\N	\N	689	19	19	Confirmado	Hecho	\N	\N	\N	\N	\N	2026-05-05 08:44:28.132293	2026-05-05 08:44:28.132293	\N	\N
140	11627	\N	\N	\N	689	19	19	Listo		\N	\N	\N	\N	\N	2026-05-05 08:44:28.132293	2026-05-05 08:44:28.132293	\N	\N
141	6244	1	19	\N	691	19	19	RELSUM HEREDEROS SL.	DIEZ ROJAS ARIEL	\N	\N	\N	\N	\N	2026-05-05 08:47:37.873778	2026-05-05 08:47:37.873778	\N	\N
142	6245	\N	\N	\N	698	19	19	Presupuesto	Pedido de venta	\N	\N	\N	\N	\N	2026-05-05 08:50:32.199193	2026-05-05 08:50:32.199193	\N	\N
143	6245	\N	\N	\N	728	19	19	Presupuesto	Pedido de venta	\N	\N	\N	\N	\N	2026-05-05 09:22:02.816837	2026-05-05 09:22:02.816837	\N	\N
144	6245	\N	\N	\N	747	18	18	Presupuesto	Pedido de venta	\N	\N	\N	\N	\N	2026-05-05 10:11:22.359423	2026-05-05 10:11:22.359423	\N	\N
145	6245	\N	\N	\N	749	18	18	Pedido de venta	Cancelado	\N	\N	\N	\N	\N	2026-05-05 10:11:46.157603	2026-05-05 10:11:46.157603	\N	\N
146	6015	\N	\N	\N	786	2	2		España - IVA	\N	\N	\N	\N	\N	2026-05-05 11:10:04.864036	2026-05-05 11:10:04.864036	\N	\N
147	6015	\N	\N	\N	787	2	2		España - IVA	\N	\N	\N	\N	\N	2026-05-05 11:10:04.864036	2026-05-05 11:10:04.864036	\N	\N
148	6015	\N	\N	\N	788	2	2		España - IVA	\N	\N	\N	\N	\N	2026-05-05 11:10:04.864036	2026-05-05 11:10:04.864036	\N	\N
149	6015	\N	\N	\N	789	2	2		España - IVA	\N	\N	\N	\N	\N	2026-05-05 11:10:04.864036	2026-05-05 11:10:04.864036	\N	\N
150	6015	\N	\N	\N	790	2	2		España - IVA	\N	\N	\N	\N	\N	2026-05-05 11:10:04.864036	2026-05-05 11:10:04.864036	\N	\N
151	6015	\N	\N	\N	791	2	2		España - IVA	\N	\N	\N	\N	\N	2026-05-05 11:10:04.864036	2026-05-05 11:10:04.864036	\N	\N
152	6015	\N	\N	\N	792	2	2		España - IVA	\N	\N	\N	\N	\N	2026-05-05 11:10:04.864036	2026-05-05 11:10:04.864036	\N	\N
153	6015	\N	\N	\N	793	2	2		España - IVA	\N	\N	\N	\N	\N	2026-05-05 11:10:04.864036	2026-05-05 11:10:04.864036	\N	\N
154	6015	\N	\N	\N	794	2	2		España - IVA	\N	\N	\N	\N	\N	2026-05-05 11:10:04.864036	2026-05-05 11:10:04.864036	\N	\N
155	6015	\N	\N	\N	795	2	2		España - IVA	\N	\N	\N	\N	\N	2026-05-05 11:10:04.864036	2026-05-05 11:10:04.864036	\N	\N
156	6015	\N	\N	\N	796	2	2		España - IVA	\N	\N	\N	\N	\N	2026-05-05 11:10:04.864036	2026-05-05 11:10:04.864036	\N	\N
157	6015	\N	\N	\N	797	2	2		España - IVA	\N	\N	\N	\N	\N	2026-05-05 11:10:04.864036	2026-05-05 11:10:04.864036	\N	\N
158	6015	\N	\N	\N	798	2	2		España - IVA	\N	\N	\N	\N	\N	2026-05-05 11:10:04.864036	2026-05-05 11:10:04.864036	\N	\N
159	6015	\N	\N	\N	799	2	2		España - IVA	\N	\N	\N	\N	\N	2026-05-05 11:10:04.864036	2026-05-05 11:10:04.864036	\N	\N
160	6015	\N	\N	\N	800	2	2		España - IVA	\N	\N	\N	\N	\N	2026-05-05 11:10:04.864036	2026-05-05 11:10:04.864036	\N	\N
161	6015	\N	\N	\N	801	2	2		España - IVA	\N	\N	\N	\N	\N	2026-05-05 11:10:04.864036	2026-05-05 11:10:04.864036	\N	\N
162	6015	\N	\N	\N	802	2	2		España - IVA	\N	\N	\N	\N	\N	2026-05-05 11:10:04.864036	2026-05-05 11:10:04.864036	\N	\N
163	6015	\N	\N	\N	803	2	2		España - IVA	\N	\N	\N	\N	\N	2026-05-05 11:10:04.864036	2026-05-05 11:10:04.864036	\N	\N
164	6015	\N	\N	\N	804	2	2		España - IVA	\N	\N	\N	\N	\N	2026-05-05 11:10:04.864036	2026-05-05 11:10:04.864036	\N	\N
165	6015	\N	\N	\N	805	2	2		España - IVA	\N	\N	\N	\N	\N	2026-05-05 11:10:04.864036	2026-05-05 11:10:04.864036	\N	\N
166	6015	\N	\N	\N	806	2	2		España - IVA	\N	\N	\N	\N	\N	2026-05-05 11:10:04.864036	2026-05-05 11:10:04.864036	\N	\N
167	6015	\N	\N	\N	807	2	2		España - IVA	\N	\N	\N	\N	\N	2026-05-05 11:10:04.864036	2026-05-05 11:10:04.864036	\N	\N
168	6015	\N	\N	\N	808	2	2		España - IVA	\N	\N	\N	\N	\N	2026-05-05 11:10:04.864036	2026-05-05 11:10:04.864036	\N	\N
169	6015	\N	\N	\N	809	2	2		España - IVA	\N	\N	\N	\N	\N	2026-05-05 11:10:04.864036	2026-05-05 11:10:04.864036	\N	\N
170	6015	\N	\N	\N	810	2	2		España - IVA	\N	\N	\N	\N	\N	2026-05-05 11:10:04.864036	2026-05-05 11:10:04.864036	\N	\N
171	6015	\N	\N	\N	811	2	2		España - IVA	\N	\N	\N	\N	\N	2026-05-05 11:10:04.864036	2026-05-05 11:10:04.864036	\N	\N
172	6015	\N	\N	\N	812	2	2		España - IVA	\N	\N	\N	\N	\N	2026-05-05 11:10:04.864036	2026-05-05 11:10:04.864036	\N	\N
173	6015	\N	\N	\N	813	2	2		España - IVA	\N	\N	\N	\N	\N	2026-05-05 11:10:04.864036	2026-05-05 11:10:04.864036	\N	\N
174	6015	\N	\N	\N	814	2	2		España - IVA	\N	\N	\N	\N	\N	2026-05-05 11:10:04.864036	2026-05-05 11:10:04.864036	\N	\N
175	6015	\N	\N	\N	815	2	2		España - IVA	\N	\N	\N	\N	\N	2026-05-05 11:10:04.864036	2026-05-05 11:10:04.864036	\N	\N
176	6015	\N	\N	\N	816	2	2		España - IVA	\N	\N	\N	\N	\N	2026-05-05 11:10:04.864036	2026-05-05 11:10:04.864036	\N	\N
177	6015	\N	\N	\N	817	2	2		España - IVA	\N	\N	\N	\N	\N	2026-05-05 11:10:04.864036	2026-05-05 11:10:04.864036	\N	\N
178	6015	\N	\N	\N	818	2	2		España - IVA	\N	\N	\N	\N	\N	2026-05-05 11:10:04.864036	2026-05-05 11:10:04.864036	\N	\N
179	6015	\N	\N	\N	819	2	2		España - IVA	\N	\N	\N	\N	\N	2026-05-05 11:10:04.864036	2026-05-05 11:10:04.864036	\N	\N
180	6015	\N	\N	\N	820	2	2		España - IVA	\N	\N	\N	\N	\N	2026-05-05 11:10:04.864036	2026-05-05 11:10:04.864036	\N	\N
181	6015	\N	\N	\N	821	2	2		España - IVA	\N	\N	\N	\N	\N	2026-05-05 11:10:04.864036	2026-05-05 11:10:04.864036	\N	\N
182	6015	\N	\N	\N	822	2	2		España - IVA	\N	\N	\N	\N	\N	2026-05-05 11:10:04.864036	2026-05-05 11:10:04.864036	\N	\N
183	6015	\N	\N	\N	823	2	2		España - IVA	\N	\N	\N	\N	\N	2026-05-05 11:10:04.864036	2026-05-05 11:10:04.864036	\N	\N
184	6015	\N	\N	\N	824	2	2		España - IVA	\N	\N	\N	\N	\N	2026-05-05 11:10:04.864036	2026-05-05 11:10:04.864036	\N	\N
185	6015	\N	\N	\N	825	2	2		España - IVA	\N	\N	\N	\N	\N	2026-05-05 11:10:04.864036	2026-05-05 11:10:04.864036	\N	\N
186	6015	\N	\N	\N	826	2	2		España - IVA	\N	\N	\N	\N	\N	2026-05-05 11:10:04.864036	2026-05-05 11:10:04.864036	\N	\N
187	6015	\N	\N	\N	827	2	2		España - IVA	\N	\N	\N	\N	\N	2026-05-05 11:10:04.864036	2026-05-05 11:10:04.864036	\N	\N
188	6015	\N	\N	\N	828	2	2		España - IVA	\N	\N	\N	\N	\N	2026-05-05 11:10:04.864036	2026-05-05 11:10:04.864036	\N	\N
189	6015	\N	\N	\N	829	2	2		España - IVA	\N	\N	\N	\N	\N	2026-05-05 11:10:04.864036	2026-05-05 11:10:04.864036	\N	\N
190	6015	\N	\N	\N	830	2	2		España - IVA	\N	\N	\N	\N	\N	2026-05-05 11:10:04.864036	2026-05-05 11:10:04.864036	\N	\N
191	6015	\N	\N	\N	831	2	2		España - IVA	\N	\N	\N	\N	\N	2026-05-05 11:10:04.864036	2026-05-05 11:10:04.864036	\N	\N
192	6015	\N	\N	\N	832	2	2		España - IVA	\N	\N	\N	\N	\N	2026-05-05 11:10:04.864036	2026-05-05 11:10:04.864036	\N	\N
193	6015	\N	\N	\N	833	2	2		España - IVA	\N	\N	\N	\N	\N	2026-05-05 11:10:04.864036	2026-05-05 11:10:04.864036	\N	\N
194	6015	\N	\N	\N	834	2	2		España - IVA	\N	\N	\N	\N	\N	2026-05-05 11:10:04.864036	2026-05-05 11:10:04.864036	\N	\N
195	6015	\N	\N	\N	835	2	2		España - IVA	\N	\N	\N	\N	\N	2026-05-05 11:10:04.864036	2026-05-05 11:10:04.864036	\N	\N
196	6015	\N	\N	\N	836	2	2		España - IVA	\N	\N	\N	\N	\N	2026-05-05 11:10:04.864036	2026-05-05 11:10:04.864036	\N	\N
197	6015	\N	\N	\N	837	2	2		España - IVA	\N	\N	\N	\N	\N	2026-05-05 11:10:04.864036	2026-05-05 11:10:04.864036	\N	\N
198	6015	\N	\N	\N	838	2	2		España - IVA	\N	\N	\N	\N	\N	2026-05-05 11:10:04.864036	2026-05-05 11:10:04.864036	\N	\N
199	6015	\N	\N	\N	839	2	2		España - IVA	\N	\N	\N	\N	\N	2026-05-05 11:10:04.864036	2026-05-05 11:10:04.864036	\N	\N
200	6015	\N	\N	\N	840	2	2		España - IVA	\N	\N	\N	\N	\N	2026-05-05 11:10:04.864036	2026-05-05 11:10:04.864036	\N	\N
201	6015	\N	\N	\N	841	2	2		España - IVA	\N	\N	\N	\N	\N	2026-05-05 11:10:04.864036	2026-05-05 11:10:04.864036	\N	\N
202	6015	\N	\N	\N	842	2	2		España - IVA	\N	\N	\N	\N	\N	2026-05-05 11:10:04.864036	2026-05-05 11:10:04.864036	\N	\N
203	6015	\N	\N	\N	843	2	2		España - IVA	\N	\N	\N	\N	\N	2026-05-05 11:10:04.864036	2026-05-05 11:10:04.864036	\N	\N
204	6015	\N	\N	\N	844	2	2		España - IVA	\N	\N	\N	\N	\N	2026-05-05 11:10:04.864036	2026-05-05 11:10:04.864036	\N	\N
205	6015	\N	\N	\N	845	2	2		España - IVA	\N	\N	\N	\N	\N	2026-05-05 11:10:04.864036	2026-05-05 11:10:04.864036	\N	\N
206	6015	\N	\N	\N	846	2	2		España - IVA	\N	\N	\N	\N	\N	2026-05-05 11:10:04.864036	2026-05-05 11:10:04.864036	\N	\N
207	6015	\N	\N	\N	847	2	2		España - IVA	\N	\N	\N	\N	\N	2026-05-05 11:10:04.864036	2026-05-05 11:10:04.864036	\N	\N
208	6015	\N	\N	\N	848	2	2		España - IVA	\N	\N	\N	\N	\N	2026-05-05 11:10:04.864036	2026-05-05 11:10:04.864036	\N	\N
209	6015	\N	\N	\N	849	2	2		España - IVA	\N	\N	\N	\N	\N	2026-05-05 11:10:04.864036	2026-05-05 11:10:04.864036	\N	\N
210	6015	\N	\N	\N	850	2	2		España - IVA	\N	\N	\N	\N	\N	2026-05-05 11:10:04.864036	2026-05-05 11:10:04.864036	\N	\N
211	6015	\N	\N	\N	851	2	2		España - IVA	\N	\N	\N	\N	\N	2026-05-05 11:10:04.864036	2026-05-05 11:10:04.864036	\N	\N
212	6015	\N	\N	\N	852	2	2		España - IVA	\N	\N	\N	\N	\N	2026-05-05 11:10:04.864036	2026-05-05 11:10:04.864036	\N	\N
213	6015	\N	\N	\N	853	2	2		España - IVA	\N	\N	\N	\N	\N	2026-05-05 11:10:04.864036	2026-05-05 11:10:04.864036	\N	\N
214	6015	\N	\N	\N	854	2	2		España - IVA	\N	\N	\N	\N	\N	2026-05-05 11:10:04.864036	2026-05-05 11:10:04.864036	\N	\N
215	6015	\N	\N	\N	855	2	2		España - IVA	\N	\N	\N	\N	\N	2026-05-05 11:10:04.864036	2026-05-05 11:10:04.864036	\N	\N
216	6015	\N	\N	\N	856	2	2		España - IVA	\N	\N	\N	\N	\N	2026-05-05 11:10:04.864036	2026-05-05 11:10:04.864036	\N	\N
217	6015	\N	\N	\N	857	2	2		España - IVA	\N	\N	\N	\N	\N	2026-05-05 11:10:04.864036	2026-05-05 11:10:04.864036	\N	\N
218	6015	\N	\N	\N	858	2	2		España - IVA	\N	\N	\N	\N	\N	2026-05-05 11:10:04.864036	2026-05-05 11:10:04.864036	\N	\N
219	6015	\N	\N	\N	859	2	2		España - IVA	\N	\N	\N	\N	\N	2026-05-05 11:10:04.864036	2026-05-05 11:10:04.864036	\N	\N
220	6015	\N	\N	\N	860	2	2		España - IVA	\N	\N	\N	\N	\N	2026-05-05 11:10:04.864036	2026-05-05 11:10:04.864036	\N	\N
221	6015	\N	\N	\N	861	2	2		España - IVA	\N	\N	\N	\N	\N	2026-05-05 11:10:04.864036	2026-05-05 11:10:04.864036	\N	\N
222	6015	\N	\N	\N	862	2	2		España - IVA	\N	\N	\N	\N	\N	2026-05-05 11:10:04.864036	2026-05-05 11:10:04.864036	\N	\N
223	6015	\N	\N	\N	863	2	2		España - IVA	\N	\N	\N	\N	\N	2026-05-05 11:10:04.864036	2026-05-05 11:10:04.864036	\N	\N
224	6015	\N	\N	\N	864	2	2		España - IVA	\N	\N	\N	\N	\N	2026-05-05 11:10:04.864036	2026-05-05 11:10:04.864036	\N	\N
225	6015	\N	\N	\N	865	2	2		España - IVA	\N	\N	\N	\N	\N	2026-05-05 11:10:04.864036	2026-05-05 11:10:04.864036	\N	\N
226	6015	\N	\N	\N	866	2	2		España - IVA	\N	\N	\N	\N	\N	2026-05-05 11:10:04.864036	2026-05-05 11:10:04.864036	\N	\N
227	6015	\N	\N	\N	867	2	2		España - IVA	\N	\N	\N	\N	\N	2026-05-05 11:10:04.864036	2026-05-05 11:10:04.864036	\N	\N
\.


--
-- Data for Name: mail_wizard_invite; Type: TABLE DATA; Schema: public; Owner: odoo
--

COPY public.mail_wizard_invite (id, res_id, create_uid, write_uid, res_model, message, notify, create_date, write_date) FROM stdin;
\.


--
-- Data for Name: mail_wizard_invite_res_partner_rel; Type: TABLE DATA; Schema: public; Owner: odoo
--

COPY public.mail_wizard_invite_res_partner_rel (mail_wizard_invite_id, res_partner_id) FROM stdin;
\.


--
-- Data for Name: maintenance_equipment; Type: TABLE DATA; Schema: public; Owner: odoo
--

COPY public.maintenance_equipment (id, company_id, maintenance_team_id, technician_user_id, maintenance_count, maintenance_open_count, expected_mtbf, owner_user_id, category_id, partner_id, color, create_uid, write_uid, partner_ref, location, model, serial_no, effective_date, assign_date, warranty_date, scrap_date, name, equipment_properties, note, active, create_date, write_date, cost, employee_id, department_id, equipment_assign_to) FROM stdin;
\.


--
-- Data for Name: maintenance_equipment_category; Type: TABLE DATA; Schema: public; Owner: odoo
--

COPY public.maintenance_equipment_category (id, alias_id, company_id, technician_user_id, color, create_uid, write_uid, name, note, equipment_properties_definition, fold, create_date, write_date) FROM stdin;
\.


--
-- Data for Name: maintenance_request; Type: TABLE DATA; Schema: public; Owner: odoo
--

COPY public.maintenance_request (id, company_id, owner_user_id, category_id, equipment_id, user_id, stage_id, color, maintenance_team_id, repeat_interval, create_uid, write_uid, email_cc, name, priority, kanban_state, maintenance_type, instruction_type, instruction_google_slide, repeat_unit, repeat_type, request_date, close_date, repeat_until, description, instruction_text, archive, recurring_maintenance, schedule_date, create_date, write_date, duration, employee_id) FROM stdin;
\.


--
-- Data for Name: maintenance_stage; Type: TABLE DATA; Schema: public; Owner: odoo
--

COPY public.maintenance_stage (id, sequence, create_uid, write_uid, name, fold, done, create_date, write_date) FROM stdin;
1	1	1	1	{"en_US": "New Request", "es_ES": "Nueva solicitud"}	f	\N	2026-04-24 11:17:56.264301	2026-04-24 11:17:56.264301
2	2	1	1	{"en_US": "In Progress", "es_ES": "En proceso"}	f	\N	2026-04-24 11:17:56.264301	2026-04-24 11:17:56.264301
3	3	1	1	{"en_US": "Repaired", "es_ES": "Reparado"}	t	t	2026-04-24 11:17:56.264301	2026-04-24 11:17:56.264301
4	4	1	1	{"en_US": "Scrap", "es_ES": "Desechar"}	t	t	2026-04-24 11:17:56.264301	2026-04-24 11:17:56.264301
\.


--
-- Data for Name: maintenance_team; Type: TABLE DATA; Schema: public; Owner: odoo
--

COPY public.maintenance_team (id, company_id, color, create_uid, write_uid, name, active, create_date, write_date) FROM stdin;
1	1	0	1	1	{"en_US": "Internal Maintenance", "es_ES": "Mantenimiento interno"}	t	2026-04-24 11:17:56.264301	2026-04-24 11:17:56.264301
\.


--
-- Data for Name: maintenance_team_users_rel; Type: TABLE DATA; Schema: public; Owner: odoo
--

COPY public.maintenance_team_users_rel (maintenance_team_id, res_users_id) FROM stdin;
\.


--
-- Data for Name: meeting_category_rel; Type: TABLE DATA; Schema: public; Owner: odoo
--

COPY public.meeting_category_rel (event_id, type_id) FROM stdin;
\.


--
-- Data for Name: merge_opportunity_rel; Type: TABLE DATA; Schema: public; Owner: odoo
--

COPY public.merge_opportunity_rel (merge_id, opportunity_id) FROM stdin;
\.


--
-- Data for Name: message_attachment_rel; Type: TABLE DATA; Schema: public; Owner: odoo
--

COPY public.message_attachment_rel (message_id, attachment_id) FROM stdin;
\.


--
-- Data for Name: module_country; Type: TABLE DATA; Schema: public; Owner: odoo
--

COPY public.module_country (module_id, country_id) FROM stdin;
11	64
11	132
11	133
11	134
11	68
11	196
11	70
11	199
11	75
11	12
11	20
11	152
11	183
11	88
11	165
11	166
11	101
11	43
11	108
11	109
11	178
11	55
11	56
11	57
11	59
11	188
122	2
123	170
123	13
124	10
127	10
128	12
129	13
130	19
131	20
134	21
135	22
136	22
137	23
138	25
139	29
140	31
143	38
144	41
145	40
146	42
147	43
149	44
150	46
151	47
152	48
153	48
154	49
156	50
157	55
158	56
159	57
160	57
160	43
166	59
171	61
172	62
173	63
176	64
177	65
178	65
179	68
181	68
186	68
188	69
190	70
192	75
193	75
194	75
195	75
198	76
202	85
203	87
204	88
205	88
206	90
207	92
208	94
209	96
210	97
212	97
213	99
215	100
219	101
220	102
221	104
222	104
223	104
224	104
226	104
227	104
234	104
236	106
237	109
239	109
240	109
241	109
244	109
246	112
247	112
248	112
249	112
250	113
251	113
252	114
253	114
254	116
255	118
256	121
257	122
258	124
262	126
263	132
264	133
265	134
266	136
267	137
268	144
269	146
270	150
271	152
272	152
273	153
274	156
275	156
276	157
277	157
279	157
280	157
281	158
282	161
283	163
284	165
285	166
286	170
287	171
288	172
289	173
292	176
293	177
294	178
297	183
298	186
299	188
304	188
305	189
306	189
307	191
308	192
309	192
310	192
312	196
313	197
314	197
315	199
316	201
317	204
319	214
321	216
322	217
323	221
324	224
326	224
329	227
330	227
332	228
333	229
334	230
335	231
336	233
337	233
338	234
341	238
342	241
343	241
344	241
345	247
346	248
\.


--
-- Data for Name: mrp_account_wip_accounting; Type: TABLE DATA; Schema: public; Owner: odoo
--

COPY public.mrp_account_wip_accounting (id, journal_id, create_uid, write_uid, reference, date, reversal_date, create_date, write_date) FROM stdin;
\.


--
-- Data for Name: mrp_account_wip_accounting_line; Type: TABLE DATA; Schema: public; Owner: odoo
--

COPY public.mrp_account_wip_accounting_line (id, account_id, currency_id, wip_accounting_id, create_uid, write_uid, label, debit, credit, create_date, write_date) FROM stdin;
\.


--
-- Data for Name: mrp_account_wip_accounting_mrp_production_rel; Type: TABLE DATA; Schema: public; Owner: odoo
--

COPY public.mrp_account_wip_accounting_mrp_production_rel (mrp_account_wip_accounting_id, mrp_production_id) FROM stdin;
\.


--
-- Data for Name: mrp_batch_produce; Type: TABLE DATA; Schema: public; Owner: odoo
--

COPY public.mrp_batch_produce (id, production_id, lot_qty, create_uid, write_uid, lot_name, component_separator, lots_separator, lots_quantity_separator, production_text, create_date, write_date) FROM stdin;
\.


--
-- Data for Name: mrp_bom; Type: TABLE DATA; Schema: public; Owner: odoo
--

COPY public.mrp_bom (id, product_tmpl_id, product_id, product_uom_id, sequence, picking_type_id, company_id, produce_delay, days_to_prepare_mo, create_uid, write_uid, code, type, ready_to_produce, consumption, product_qty, active, allow_operation_dependencies, create_date, write_date, project_id) FROM stdin;
\.


--
-- Data for Name: mrp_bom_byproduct; Type: TABLE DATA; Schema: public; Owner: odoo
--

COPY public.mrp_bom_byproduct (id, product_id, company_id, product_uom_id, bom_id, operation_id, sequence, create_uid, write_uid, product_qty, cost_share, create_date, write_date) FROM stdin;
\.


--
-- Data for Name: mrp_bom_byproduct_product_template_attribute_value_rel; Type: TABLE DATA; Schema: public; Owner: odoo
--

COPY public.mrp_bom_byproduct_product_template_attribute_value_rel (mrp_bom_byproduct_id, product_template_attribute_value_id) FROM stdin;
\.


--
-- Data for Name: mrp_bom_line; Type: TABLE DATA; Schema: public; Owner: odoo
--

COPY public.mrp_bom_line (id, product_id, product_tmpl_id, company_id, product_uom_id, sequence, bom_id, operation_id, create_uid, write_uid, product_qty, manual_consumption, create_date, write_date, cost_share) FROM stdin;
\.


--
-- Data for Name: mrp_bom_line_product_template_attribute_value_rel; Type: TABLE DATA; Schema: public; Owner: odoo
--

COPY public.mrp_bom_line_product_template_attribute_value_rel (mrp_bom_line_id, product_template_attribute_value_id) FROM stdin;
\.


--
-- Data for Name: mrp_consumption_warning; Type: TABLE DATA; Schema: public; Owner: odoo
--

COPY public.mrp_consumption_warning (id, create_uid, write_uid, create_date, write_date) FROM stdin;
\.


--
-- Data for Name: mrp_consumption_warning_line; Type: TABLE DATA; Schema: public; Owner: odoo
--

COPY public.mrp_consumption_warning_line (id, mrp_consumption_warning_id, mrp_production_id, product_id, create_uid, write_uid, create_date, write_date, product_consumed_qty_uom, product_expected_qty_uom) FROM stdin;
\.


--
-- Data for Name: mrp_consumption_warning_mrp_production_rel; Type: TABLE DATA; Schema: public; Owner: odoo
--

COPY public.mrp_consumption_warning_mrp_production_rel (mrp_consumption_warning_id, mrp_production_id) FROM stdin;
\.


--
-- Data for Name: mrp_production; Type: TABLE DATA; Schema: public; Owner: odoo
--

COPY public.mrp_production (id, backorder_sequence, product_id, product_uom_id, lot_producing_id, picking_type_id, location_src_id, location_dest_id, location_final_id, bom_id, user_id, company_id, procurement_group_id, orderpoint_id, production_location_id, create_uid, write_uid, name, priority, origin, state, reservation_state, product_description_variants, consumption, product_qty, qty_producing, propagate_cancel, is_locked, is_planned, allow_workorder_dependencies, is_outdated_bom, date_deadline, date_start, date_finished, create_date, write_date, product_uom_qty, extra_cost, project_id, sale_line_id) FROM stdin;
1	0	6	1	\N	12	8	8	\N	\N	19	1	12	\N	15	19	19	WH/MO/00001	0	\N	done	\N	\N	flexible	1.00	1.00	\N	t	f	f	f	\N	2026-05-05 08:44:06	2026-05-05 08:44:28	2026-05-05 08:44:11.949611	2026-05-05 08:44:28.132293	1	\N	\N	\N
\.


--
-- Data for Name: mrp_production_backorder; Type: TABLE DATA; Schema: public; Owner: odoo
--

COPY public.mrp_production_backorder (id, create_uid, write_uid, create_date, write_date) FROM stdin;
\.


--
-- Data for Name: mrp_production_backorder_line; Type: TABLE DATA; Schema: public; Owner: odoo
--

COPY public.mrp_production_backorder_line (id, mrp_production_backorder_id, mrp_production_id, create_uid, write_uid, to_backorder, create_date, write_date) FROM stdin;
\.


--
-- Data for Name: mrp_production_mrp_production_backorder_rel; Type: TABLE DATA; Schema: public; Owner: odoo
--

COPY public.mrp_production_mrp_production_backorder_rel (mrp_production_backorder_id, mrp_production_id) FROM stdin;
\.


--
-- Data for Name: mrp_production_picking_label_type_rel; Type: TABLE DATA; Schema: public; Owner: odoo
--

COPY public.mrp_production_picking_label_type_rel (picking_label_type_id, mrp_production_id) FROM stdin;
\.


--
-- Data for Name: mrp_production_split; Type: TABLE DATA; Schema: public; Owner: odoo
--

COPY public.mrp_production_split (id, production_split_multi_id, production_id, counter, create_uid, write_uid, create_date, write_date) FROM stdin;
\.


--
-- Data for Name: mrp_production_split_line; Type: TABLE DATA; Schema: public; Owner: odoo
--

COPY public.mrp_production_split_line (id, mrp_production_split_id, user_id, create_uid, write_uid, quantity, date, create_date, write_date) FROM stdin;
\.


--
-- Data for Name: mrp_production_split_multi; Type: TABLE DATA; Schema: public; Owner: odoo
--

COPY public.mrp_production_split_multi (id, create_uid, write_uid, create_date, write_date) FROM stdin;
\.


--
-- Data for Name: mrp_routing_workcenter; Type: TABLE DATA; Schema: public; Owner: odoo
--

COPY public.mrp_routing_workcenter (id, workcenter_id, sequence, bom_id, time_mode_batch, create_uid, write_uid, name, worksheet_type, worksheet_google_slide, time_mode, note, active, create_date, write_date, time_cycle_manual) FROM stdin;
\.


--
-- Data for Name: mrp_routing_workcenter_dependencies_rel; Type: TABLE DATA; Schema: public; Owner: odoo
--

COPY public.mrp_routing_workcenter_dependencies_rel (operation_id, blocked_by_id) FROM stdin;
\.


--
-- Data for Name: mrp_routing_workcenter_product_template_attribute_value_rel; Type: TABLE DATA; Schema: public; Owner: odoo
--

COPY public.mrp_routing_workcenter_product_template_attribute_value_rel (mrp_routing_workcenter_id, product_template_attribute_value_id) FROM stdin;
\.


--
-- Data for Name: mrp_unbuild; Type: TABLE DATA; Schema: public; Owner: odoo
--

COPY public.mrp_unbuild (id, product_id, company_id, product_uom_id, bom_id, mo_id, lot_id, location_id, location_dest_id, create_uid, write_uid, name, state, product_qty, create_date, write_date) FROM stdin;
\.


--
-- Data for Name: mrp_workcenter; Type: TABLE DATA; Schema: public; Owner: odoo
--

COPY public.mrp_workcenter (id, resource_id, company_id, resource_calendar_id, sequence, color, create_uid, write_uid, name, code, working_state, note, active, create_date, write_date, time_efficiency, default_capacity, costs_hour, time_start, time_stop, oee_target, expense_account_id, analytic_distribution) FROM stdin;
\.


--
-- Data for Name: mrp_workcenter_alternative_rel; Type: TABLE DATA; Schema: public; Owner: odoo
--

COPY public.mrp_workcenter_alternative_rel (workcenter_id, alternative_workcenter_id) FROM stdin;
\.


--
-- Data for Name: mrp_workcenter_capacity; Type: TABLE DATA; Schema: public; Owner: odoo
--

COPY public.mrp_workcenter_capacity (id, workcenter_id, product_id, create_uid, write_uid, create_date, write_date, capacity, time_start, time_stop) FROM stdin;
\.


--
-- Data for Name: mrp_workcenter_mrp_workcenter_tag_rel; Type: TABLE DATA; Schema: public; Owner: odoo
--

COPY public.mrp_workcenter_mrp_workcenter_tag_rel (mrp_workcenter_id, mrp_workcenter_tag_id) FROM stdin;
\.


--
-- Data for Name: mrp_workcenter_productivity; Type: TABLE DATA; Schema: public; Owner: odoo
--

COPY public.mrp_workcenter_productivity (id, workcenter_id, company_id, workorder_id, user_id, loss_id, create_uid, write_uid, loss_type, description, date_start, date_end, create_date, write_date, duration, account_move_line_id) FROM stdin;
\.


--
-- Data for Name: mrp_workcenter_productivity_loss; Type: TABLE DATA; Schema: public; Owner: odoo
--

COPY public.mrp_workcenter_productivity_loss (id, sequence, loss_id, create_uid, write_uid, loss_type, name, manual, create_date, write_date) FROM stdin;
1	1	1	1	1	availability	{"en_US": "Material Availability", "es_ES": "Disponibilidad de material"}	t	2026-04-08 09:11:55.219689	2026-04-08 09:11:55.219689
2	2	1	1	1	availability	{"en_US": "Equipment Failure", "es_ES": "Falla del equipo"}	t	2026-04-08 09:11:55.219689	2026-04-08 09:11:55.219689
3	3	1	1	1	availability	{"en_US": "Setup and Adjustments", "es_ES": "Configuración y ajustes "}	t	2026-04-08 09:11:55.219689	2026-04-08 09:11:55.219689
4	5	2	1	1	performance	{"en_US": "Reduced Speed", "es_ES": "Velocidad reducida"}	f	2026-04-08 09:11:55.219689	2026-04-08 09:11:55.219689
5	6	3	1	1	quality	{"en_US": "Process Defect", "es_ES": "Defecto en el proceso"}	t	2026-04-08 09:11:55.219689	2026-04-08 09:11:55.219689
6	7	3	1	1	quality	{"en_US": "Reduced Yield", "es_ES": "Rendimiento reducido"}	t	2026-04-08 09:11:55.219689	2026-04-08 09:11:55.219689
7	0	4	1	1	productive	{"en_US": "Fully Productive Time", "es_ES": "Tiempo de productividad plena"}	f	2026-04-08 09:11:55.219689	2026-04-08 09:11:55.219689
\.


--
-- Data for Name: mrp_workcenter_productivity_loss_type; Type: TABLE DATA; Schema: public; Owner: odoo
--

COPY public.mrp_workcenter_productivity_loss_type (id, create_uid, write_uid, loss_type, create_date, write_date) FROM stdin;
1	1	1	availability	2026-04-08 09:11:55.219689	2026-04-08 09:11:55.219689
2	1	1	performance	2026-04-08 09:11:55.219689	2026-04-08 09:11:55.219689
3	1	1	quality	2026-04-08 09:11:55.219689	2026-04-08 09:11:55.219689
4	1	1	productive	2026-04-08 09:11:55.219689	2026-04-08 09:11:55.219689
\.


--
-- Data for Name: mrp_workcenter_tag; Type: TABLE DATA; Schema: public; Owner: odoo
--

COPY public.mrp_workcenter_tag (id, color, create_uid, write_uid, name, create_date, write_date) FROM stdin;
\.


--
-- Data for Name: mrp_workorder; Type: TABLE DATA; Schema: public; Owner: odoo
--

COPY public.mrp_workorder (id, sequence, workcenter_id, product_id, product_uom_id, production_id, leave_id, duration_percent, operation_id, create_uid, write_uid, name, barcode, production_availability, state, qty_produced, duration_expected, qty_reported_from_previous_wo, date_start, date_finished, production_date, create_date, write_date, duration, duration_unit, costs_hour) FROM stdin;
\.


--
-- Data for Name: mrp_workorder_dependencies_rel; Type: TABLE DATA; Schema: public; Owner: odoo
--

COPY public.mrp_workorder_dependencies_rel (workorder_id, blocked_by_id) FROM stdin;
\.


--
-- Data for Name: mrp_workorder_mo_analytic_rel; Type: TABLE DATA; Schema: public; Owner: odoo
--

COPY public.mrp_workorder_mo_analytic_rel (mrp_workorder_id, account_analytic_line_id) FROM stdin;
\.


--
-- Data for Name: mrp_workorder_wc_analytic_rel; Type: TABLE DATA; Schema: public; Owner: odoo
--

COPY public.mrp_workorder_wc_analytic_rel (mrp_workorder_id, account_analytic_line_id) FROM stdin;
\.


--
-- Data for Name: onboarding_onboarding; Type: TABLE DATA; Schema: public; Owner: odoo
--

COPY public.onboarding_onboarding (id, sequence, create_uid, write_uid, route_name, text_completed, panel_close_action_name, name, create_date, write_date) FROM stdin;
1	10	1	1	account_dashboard	Nice work! Your configuration is done.	\N	{"en_US": "Account Dashboard Onboarding", "es_ES": "Incorporación del tablero de contabilidad"}	2026-04-08 08:34:46.340378	2026-04-08 08:34:46.340378
\.


--
-- Data for Name: onboarding_onboarding_onboarding_onboarding_step_rel; Type: TABLE DATA; Schema: public; Owner: odoo
--

COPY public.onboarding_onboarding_onboarding_onboarding_step_rel (onboarding_onboarding_id, onboarding_onboarding_step_id) FROM stdin;
1	2
1	4
1	5
\.


--
-- Data for Name: onboarding_onboarding_step; Type: TABLE DATA; Schema: public; Owner: odoo
--

COPY public.onboarding_onboarding_step (id, sequence, create_uid, write_uid, done_icon, step_image_filename, panel_step_open_action_name, title, description, button_text, done_text, step_image_alt, is_per_company, create_date, write_date) FROM stdin;
1	99	1	1	fa-star	\N	\N	{"en_US": "Online Payments", "es_ES": "Pagos en línea"}	\N	{"en_US": "Let's do it", "es_ES": "¡Empecemos!"}	{"en_US": "Step Completed!", "es_ES": "¡Paso completado!"}	{"en_US": "Onboarding Step Image", "es_ES": "Imagen del paso de incorporación"}	t	2026-04-08 08:34:43.107373	2026-04-08 08:34:43.107373
7	10	1	1	fa-star	onboarding_bank-account.png	action_open_step_payment_provider	{"en_US": "Online Payments", "es_ES": "Pagos en línea"}	{"en_US": "Enable credit & debit card payments supported by Stripe.", "es_ES": "Habilite pagos con tarjeta de crédito y débito compatibles con Stripe."}	{"en_US": "Activate Stripe", "es_ES": "Activar Stripe"}	{"en_US": "Step Completed!", "es_ES": "¡Paso completado!"}	{"en_US": "Onboarding Online Payments", "es_ES": "Incorporación de pagos en línea"}	t	2026-04-08 08:34:54.01867	2026-04-08 08:34:54.01867
2	1	1	1	fa-star	onboarding_company-data.png	action_open_step_company_data	{"en_US": "Set Company Data", "es_ES": "Establecer datos de la empresa"}	{"en_US": "Set your company's data for documents header/footer.", "es_ES": "Fije los datos de su compañía para los encabezados y pies de página de sus documentos."}	{"en_US": "Let's start!", "es_ES": "¡Empecemos!"}	{"en_US": "Looks great!", "es_ES": "¡Se ve muy bien!"}	{"en_US": "Onboarding Company Data", "es_ES": "Incorporación a los datos de la empresa"}	t	2026-04-08 08:34:46.340378	2026-04-08 08:34:46.340378
3	3	1	1	fa-star	onboarding_quotation-layout.png	action_open_step_base_document_layout	{"en_US": "Documents Layout", "es_ES": "Diseño de los documentos"}	{"en_US": "Customize the look of your documents.", "es_ES": "Personalice la apariencia de sus documentos."}	{"en_US": "Customize", "es_ES": "Personalizar"}	{"en_US": "Looks great!", "es_ES": "¡Se ve muy bien!"}	{"en_US": "Onboarding Documents Layout", "es_ES": "Incorporación al diseño de documentos"}	t	2026-04-08 08:34:46.340378	2026-04-08 08:34:46.340378
4	1	1	1	fa-star	onboarding_accounting-periods.png	action_open_step_fiscal_year	{"en_US": "Set Periods", "es_ES": "Configurar periodos"}	{"en_US": "Define your fiscal years & tax returns periodicity.", "es_ES": "Defina sus periodos fiscales y la periodicidad de sus declaraciones de impuestos."}	{"en_US": "Configure", "es_ES": "Configurar"}	{"en_US": "Step completed!", "es_ES": "¡Paso completado!"}	{"en_US": "Onboarding Accounting Periods", "es_ES": "Incorporación a los periodos contables "}	t	2026-04-08 08:34:46.340378	2026-04-08 08:34:46.340378
5	4	1	1	fa-star	onboarding_chart-of-accounts.png	action_open_step_chart_of_accounts	{"en_US": "Review Chart of Accounts", "es_ES": "Revisar plan contable"}	{"en_US": "Set up your chart of accounts and record initial balances.", "es_ES": "Configure su plan contable y registre sus saldos iniciales."}	{"en_US": "Review", "es_ES": "Revisión"}	{"en_US": "Chart of accounts set!", "es_ES": "Plan contable configurado"}	{"en_US": "Onboarding Bank Account", "es_ES": "Incorporación a las cuentas bancarias"}	t	2026-04-08 08:34:46.340378	2026-04-08 08:34:46.340378
6	100	1	1	fa-star	onboarding_puzzle.png	action_open_step_sales_tax	{"en_US": "Taxes", "es_ES": "Impuestos"}	{"en_US": "Choose a default sales tax for your products.", "es_ES": "Elija los impuestos de venta por defecto para sus productos."}	{"en_US": "Set taxes", "es_ES": "Establecer impuestos"}	{"en_US": "Step Completed!", "es_ES": "¡Paso completado!"}	{"en_US": "Onboarding Bank Account", "es_ES": "Incorporación a las cuentas bancarias"}	t	2026-04-08 08:34:46.340378	2026-04-08 08:34:46.340378
\.


--
-- Data for Name: onboarding_progress; Type: TABLE DATA; Schema: public; Owner: odoo
--

COPY public.onboarding_progress (id, company_id, onboarding_id, create_uid, write_uid, onboarding_state, is_onboarding_closed, create_date, write_date) FROM stdin;
\.


--
-- Data for Name: onboarding_progress_onboarding_progress_step_rel; Type: TABLE DATA; Schema: public; Owner: odoo
--

COPY public.onboarding_progress_onboarding_progress_step_rel (onboarding_progress_id, onboarding_progress_step_id) FROM stdin;
\.


--
-- Data for Name: onboarding_progress_step; Type: TABLE DATA; Schema: public; Owner: odoo
--

COPY public.onboarding_progress_step (id, step_id, company_id, create_uid, write_uid, step_state, create_date, write_date) FROM stdin;
\.


--
-- Data for Name: payment_capture_wizard; Type: TABLE DATA; Schema: public; Owner: odoo
--

COPY public.payment_capture_wizard (id, create_uid, write_uid, amount_to_capture, void_remaining_amount, create_date, write_date) FROM stdin;
\.


--
-- Data for Name: payment_capture_wizard_payment_transaction_rel; Type: TABLE DATA; Schema: public; Owner: odoo
--

COPY public.payment_capture_wizard_payment_transaction_rel (payment_capture_wizard_id, payment_transaction_id) FROM stdin;
\.


--
-- Data for Name: payment_country_rel; Type: TABLE DATA; Schema: public; Owner: odoo
--

COPY public.payment_country_rel (payment_id, country_id) FROM stdin;
\.


--
-- Data for Name: payment_currency_rel; Type: TABLE DATA; Schema: public; Owner: odoo
--

COPY public.payment_currency_rel (payment_provider_id, currency_id) FROM stdin;
\.


--
-- Data for Name: payment_link_wizard; Type: TABLE DATA; Schema: public; Owner: odoo
--

COPY public.payment_link_wizard (id, res_id, currency_id, partner_id, create_uid, write_uid, res_model, amount, amount_max, create_date, write_date, discount_date, open_installments, has_eligible_epd, amount_paid) FROM stdin;
\.


--
-- Data for Name: payment_method; Type: TABLE DATA; Schema: public; Owner: odoo
--

COPY public.payment_method (id, sequence, primary_payment_method_id, create_uid, write_uid, code, support_refund, name, active, support_tokenization, support_express_checkout, create_date, write_date) FROM stdin;
220	1000	67	1	1	wero	none	{"en_US": "WERO"}	f	\N	\N	2026-04-08 08:34:43.107373	2026-04-08 08:34:43.107373
1	1000	\N	1	1	7eleven	partial	{"en_US": "7Eleven", "es_ES": "7Eleven"}	f	f	f	2026-04-08 08:34:43.107373	2026-04-08 08:34:43.107373
2	1000	\N	1	1	ach_direct_debit	partial	{"en_US": "ACH Direct Debit", "es_ES": "Domiciliación bancaria ACH"}	f	f	f	2026-04-08 08:34:43.107373	2026-04-08 08:34:43.107373
172	1000	96	1	1	abitab	none	{"en_US": "Abitab", "es_ES": "Abitab"}	f	\N	\N	2026-04-08 08:34:43.107373	2026-04-08 08:34:43.107373
3	1000	\N	1	1	affirm	partial	{"en_US": "Affirm", "es_ES": "Affirm"}	f	f	f	2026-04-08 08:34:43.107373	2026-04-08 08:34:43.107373
5	1000	\N	1	1	afterpay_riverty	none	{"en_US": "AfterPay", "es_ES": "AfterPay"}	f	f	f	2026-04-08 08:34:43.107373	2026-04-08 08:34:43.107373
4	1000	\N	1	1	afterpay	partial	{"en_US": "Afterpay", "es_ES": "Afterpay"}	f	f	f	2026-04-08 08:34:43.107373	2026-04-08 08:34:43.107373
6	1000	\N	1	1	akulaku	none	{"en_US": "Akulaku PayLater", "es_ES": "Akulaku PayLater"}	f	f	f	2026-04-08 08:34:43.107373	2026-04-08 08:34:43.107373
8	1000	\N	1	1	alipay_hk	partial	{"en_US": "AliPayHK", "es_ES": "AliPayHK"}	f	f	f	2026-04-08 08:34:43.107373	2026-04-08 08:34:43.107373
7	1000	\N	1	1	alipay	partial	{"en_US": "Alipay", "es_ES": "Alipay"}	f	f	f	2026-04-08 08:34:43.107373	2026-04-08 08:34:43.107373
9	1000	\N	1	1	alipay_plus	partial	{"en_US": "Alipay+", "es_ES": "Alipay+"}	f	f	f	2026-04-08 08:34:43.107373	2026-04-08 08:34:43.107373
10	1000	\N	1	1	alma	partial	{"en_US": "Alma", "es_ES": "Alma"}	f	f	f	2026-04-08 08:34:43.107373	2026-04-08 08:34:43.107373
11	1000	\N	1	1	amazon_pay	partial	{"en_US": "Amazon Pay", "es_ES": "Amazon Pay"}	f	f	f	2026-04-08 08:34:43.107373	2026-04-08 08:34:43.107373
173	1000	42	1	1	amex	none	{"en_US": "American Express", "es_ES": "American Express"}	f	\N	\N	2026-04-08 08:34:43.107373	2026-04-08 08:34:43.107373
13	1000	\N	1	1	appota	none	{"en_US": "Appota", "es_ES": "Appota"}	f	f	f	2026-04-08 08:34:43.107373	2026-04-08 08:34:43.107373
174	1000	42	1	1	argencard	none	{"en_US": "Argencard", "es_ES": "Argencard"}	f	\N	\N	2026-04-08 08:34:43.107373	2026-04-08 08:34:43.107373
12	1000	\N	1	1	astropay	none	{"en_US": "Astropay TEF", "es_ES": "Astropay TEF"}	f	f	f	2026-04-08 08:34:43.107373	2026-04-08 08:34:43.107373
14	1000	\N	1	1	atome	partial	{"en_US": "Atome", "es_ES": "Atome"}	f	f	f	2026-04-08 08:34:43.107373	2026-04-08 08:34:43.107373
15	1000	\N	1	1	axis	none	{"en_US": "Axis", "es_ES": "Eje"}	f	f	f	2026-04-08 08:34:43.107373	2026-04-08 08:34:43.107373
16	1000	\N	1	1	bacs_direct_debit	partial	{"en_US": "BACS Direct Debit", "es_ES": "Domiciliación bancaria BACS"}	f	f	f	2026-04-08 08:34:43.107373	2026-04-08 08:34:43.107373
18	1000	\N	1	1	bancomat_pay	none	{"en_US": "BANCOMAT Pay", "es_ES": "BANCOMAT Pay"}	f	f	f	2026-04-08 08:34:43.107373	2026-04-08 08:34:43.107373
22	1000	\N	1	1	bank_bca	none	{"en_US": "BCA", "es_ES": "BCA"}	f	f	f	2026-04-08 08:34:43.107373	2026-04-08 08:34:43.107373
27	1000	\N	1	1	becs_direct_debit	partial	{"en_US": "BECS Direct Debit", "es_ES": "Domiciliación bancaria BECS"}	f	f	f	2026-04-08 08:34:43.107373	2026-04-08 08:34:43.107373
34	1000	\N	1	1	blik	partial	{"en_US": "BLIK", "es_ES": "BLIK"}	f	f	f	2026-04-08 08:34:43.107373	2026-04-08 08:34:43.107373
39	1000	\N	1	1	brankas	none	{"en_US": "BRANKAS", "es_ES": "BRANKAS"}	f	f	f	2026-04-08 08:34:43.107373	2026-04-08 08:34:43.107373
40	1000	\N	1	1	bri	none	{"en_US": "BRI", "es_ES": "BRI"}	f	f	f	2026-04-08 08:34:43.107373	2026-04-08 08:34:43.107373
17	1000	\N	1	1	bancnet	none	{"en_US": "BancNet", "es_ES": "BancNet"}	f	f	f	2026-04-08 08:34:43.107373	2026-04-08 08:34:43.107373
176	1000	12	1	1	banco_guayaquil	none	{"en_US": "Banco Guayaquil", "es_ES": "Banco Guayaquil"}	f	\N	\N	2026-04-08 08:34:43.107373	2026-04-08 08:34:43.107373
178	1000	12	1	1	banco_pichincha	none	{"en_US": "Banco Pichincha", "es_ES": "Banco Pichincha"}	f	\N	\N	2026-04-08 08:34:43.107373	2026-04-08 08:34:43.107373
175	1000	25	1	1	banco_de_bogota	none	{"en_US": "Banco de Bogota", "es_ES": "Banco de Bogotá"}	f	\N	\N	2026-04-08 08:34:43.107373	2026-04-08 08:34:43.107373
177	1000	25	1	1	bancolombia	none	{"en_US": "Bancolombia", "es_ES": "Bancolombia"}	f	\N	\N	2026-04-08 08:34:43.107373	2026-04-08 08:34:43.107373
19	1000	\N	1	1	bancontact	partial	{"en_US": "Bancontact", "es_ES": "Bancontact"}	f	f	f	2026-04-08 08:34:43.107373	2026-04-08 08:34:43.107373
20	1000	\N	1	1	bangkok_bank	none	{"en_US": "Bangkok Bank", "es_ES": "Bangkok Bank"}	f	f	f	2026-04-08 08:34:43.107373	2026-04-08 08:34:43.107373
21	1000	\N	1	1	bank_account	none	{"en_US": "Bank Account", "es_ES": "Cuenta bancaria"}	f	f	f	2026-04-08 08:34:43.107373	2026-04-08 08:34:43.107373
35	1000	\N	1	1	bni	none	{"en_US": "Bank Negara Indonesia", "es_ES": "Bank Negara Indonesia"}	f	f	f	2026-04-08 08:34:43.107373	2026-04-08 08:34:43.107373
24	1000	\N	1	1	bank_permata	none	{"en_US": "Bank Permata", "es_ES": "Bank Permata"}	f	f	f	2026-04-08 08:34:43.107373	2026-04-08 08:34:43.107373
41	1000	\N	1	1	bsi	none	{"en_US": "Bank Syariah Indonesia", "es_ES": "Bank Syariah Indonesia"}	f	f	f	2026-04-08 08:34:43.107373	2026-04-08 08:34:43.107373
26	1000	\N	1	1	bank_transfer	none	{"en_US": "Bank Transfer", "es_ES": "Transferencia bancaria"}	f	f	f	2026-04-08 08:34:43.107373	2026-04-08 08:34:43.107373
23	1000	\N	1	1	bank_of_ayudhya	none	{"en_US": "Bank of Ayudhya", "es_ES": "Bank of Ayudhya"}	f	f	f	2026-04-08 08:34:43.107373	2026-04-08 08:34:43.107373
38	1000	\N	1	1	bpi	none	{"en_US": "Bank of the Philippine Islands", "es_ES": "Bank of the Philippine Islands"}	f	f	f	2026-04-08 08:34:43.107373	2026-04-08 08:34:43.107373
25	1000	\N	1	1	bank_reference	none	{"en_US": "Bank reference", "es_ES": "Bank reference"}	f	f	f	2026-04-08 08:34:43.107373	2026-04-08 08:34:43.107373
28	1000	\N	1	1	belfius	none	{"en_US": "Belfius", "es_ES": "Belfius"}	f	f	f	2026-04-08 08:34:43.107373	2026-04-08 08:34:43.107373
29	1000	\N	1	1	benefit	partial	{"en_US": "Benefit", "es_ES": "Beneficio"}	f	f	f	2026-04-08 08:34:43.107373	2026-04-08 08:34:43.107373
30	1000	\N	1	1	bharatqr	none	{"en_US": "BharatQR", "es_ES": "BharatQR"}	f	f	f	2026-04-08 08:34:43.107373	2026-04-08 08:34:43.107373
31	1000	\N	1	1	billease	none	{"en_US": "BillEase", "es_ES": "BillEase"}	f	f	f	2026-04-08 08:34:43.107373	2026-04-08 08:34:43.107373
32	1000	\N	1	1	billink	none	{"en_US": "Billink", "es_ES": "Billink"}	f	f	f	2026-04-08 08:34:43.107373	2026-04-08 08:34:43.107373
33	1000	\N	1	1	bizum	partial	{"en_US": "Bizum", "es_ES": "Bizum"}	f	f	f	2026-04-08 08:34:43.107373	2026-04-08 08:34:43.107373
36	1000	\N	1	1	boleto	none	{"en_US": "Boleto", "es_ES": "Boleto"}	f	f	f	2026-04-08 08:34:43.107373	2026-04-08 08:34:43.107373
37	1000	\N	1	1	boost	none	{"en_US": "Boost", "es_ES": "Boost"}	f	f	f	2026-04-08 08:34:43.107373	2026-04-08 08:34:43.107373
46	1000	\N	1	1	cimb_niaga	none	{"en_US": "CIMB Niaga", "es_ES": "CIMB Niaga"}	f	f	f	2026-04-08 08:34:43.107373	2026-04-08 08:34:43.107373
185	1000	42	1	1	cmr	none	{"en_US": "CMR", "es_ES": "CMR"}	f	\N	\N	2026-04-08 08:34:43.107373	2026-04-08 08:34:43.107373
179	1000	42	1	1	cabal	none	{"en_US": "Cabal", "es_ES": "Cabal"}	f	\N	\N	2026-04-08 08:34:43.107373	2026-04-08 08:34:43.107373
180	1000	42	1	1	caixa	none	{"en_US": "Caixa", "es_ES": "Caixa"}	f	\N	\N	2026-04-08 08:34:43.107373	2026-04-08 08:34:43.107373
42	10	\N	1	1	card	partial	{"en_US": "Card", "es_ES": "Tarjeta"}	f	t	f	2026-04-08 08:34:43.107373	2026-04-08 08:34:43.107373
181	1000	42	1	1	carnet	none	{"en_US": "Carnet", "es_ES": "Carnet"}	f	\N	\N	2026-04-08 08:34:43.107373	2026-04-08 08:34:43.107373
182	1000	42	1	1	cartes_bancaires	none	{"en_US": "Cartes Bancaires", "es_ES": "Cartes Bancaires"}	f	\N	\N	2026-04-08 08:34:43.107373	2026-04-08 08:34:43.107373
43	1000	\N	1	1	cash_app_pay	partial	{"en_US": "Cash App Pay", "es_ES": "Cash App Pay"}	f	f	f	2026-04-08 08:34:43.107373	2026-04-08 08:34:43.107373
44	1000	\N	1	1	cashalo	partial	{"en_US": "Cashalo", "es_ES": "Cashalo"}	f	f	f	2026-04-08 08:34:43.107373	2026-04-08 08:34:43.107373
45	1000	\N	1	1	cebuana	partial	{"en_US": "Cebuana", "es_ES": "Cebuana"}	f	f	f	2026-04-08 08:34:43.107373	2026-04-08 08:34:43.107373
183	1000	42	1	1	cencosud	none	{"en_US": "Cencosud", "es_ES": "Cencosud"}	f	\N	\N	2026-04-08 08:34:43.107373	2026-04-08 08:34:43.107373
184	1000	42	1	1	cirrus	none	{"en_US": "Cirrus", "es_ES": "Cirrus"}	f	\N	\N	2026-04-08 08:34:43.107373	2026-04-08 08:34:43.107373
47	1000	\N	1	1	clearpay	partial	{"en_US": "Clearpay", "es_ES": "Clearpay"}	f	f	f	2026-04-08 08:34:43.107373	2026-04-08 08:34:43.107373
186	1000	42	1	1	codensa	none	{"en_US": "Codensa", "es_ES": "Codensa"}	f	\N	\N	2026-04-08 08:34:43.107373	2026-04-08 08:34:43.107373
187	1000	42	1	1	cordial	none	{"en_US": "Cordial", "es_ES": "Cordial"}	f	\N	\N	2026-04-08 08:34:43.107373	2026-04-08 08:34:43.107373
188	1000	42	1	1	cordobesa	none	{"en_US": "Cordobesa", "es_ES": "Cordobesa"}	f	\N	\N	2026-04-08 08:34:43.107373	2026-04-08 08:34:43.107373
189	1000	42	1	1	credit	none	{"en_US": "Credit Payment", "es_ES": "Credit Payment"}	f	\N	\N	2026-04-08 08:34:43.107373	2026-04-08 08:34:43.107373
49	1000	\N	1	1	dana	partial	{"en_US": "Dana", "es_ES": "Dana"}	f	f	f	2026-04-08 08:34:43.107373	2026-04-08 08:34:43.107373
190	1000	42	1	1	dankort	none	{"en_US": "Dankort", "es_ES": "Dankort"}	f	\N	\N	2026-04-08 08:34:43.107373	2026-04-08 08:34:43.107373
191	1000	25	1	1	davivienda	none	{"en_US": "Davivienda", "es_ES": "Davivienda"}	f	\N	\N	2026-04-08 08:34:43.107373	2026-04-08 08:34:43.107373
192	1000	42	1	1	diners	none	{"en_US": "Diners Club International", "es_ES": "Diners Club International"}	f	\N	\N	2026-04-08 08:34:43.107373	2026-04-08 08:34:43.107373
193	1000	42	1	1	discover	none	{"en_US": "Discover", "es_ES": "Descubrir"}	f	\N	\N	2026-04-08 08:34:43.107373	2026-04-08 08:34:43.107373
50	1000	\N	1	1	dolfin	none	{"en_US": "Dolfin", "es_ES": "Dolfin"}	f	f	f	2026-04-08 08:34:43.107373	2026-04-08 08:34:43.107373
51	1000	\N	1	1	duitnow	partial	{"en_US": "DuitNow", "es_ES": "DuitNow"}	f	f	f	2026-04-08 08:34:43.107373	2026-04-08 08:34:43.107373
52	1000	\N	1	1	emi_india	partial	{"en_US": "EMI", "es_ES": "EMI"}	f	f	f	2026-04-08 08:34:43.107373	2026-04-08 08:34:43.107373
54	1000	\N	1	1	eps	partial	{"en_US": "EPS", "es_ES": "EPS"}	f	f	f	2026-04-08 08:34:43.107373	2026-04-08 08:34:43.107373
194	1000	42	1	1	elo	none	{"en_US": "Elo", "es_ES": "Elo"}	f	\N	\N	2026-04-08 08:34:43.107373	2026-04-08 08:34:43.107373
56	1000	\N	1	1	fps	none	{"en_US": "FPS", "es_ES": "FPS"}	f	f	f	2026-04-08 08:34:43.107373	2026-04-08 08:34:43.107373
57	1000	\N	1	1	fpx	partial	{"en_US": "FPX", "es_ES": "FPX"}	f	f	f	2026-04-08 08:34:43.107373	2026-04-08 08:34:43.107373
195	1000	12	1	1	facilito	none	{"en_US": "Facilito", "es_ES": "Facilito"}	f	\N	\N	2026-04-08 08:34:43.107373	2026-04-08 08:34:43.107373
55	1000	\N	1	1	floa_bank	none	{"en_US": "Floa Bank", "es_ES": "Floa Bank"}	f	f	f	2026-04-08 08:34:43.107373	2026-04-08 08:34:43.107373
58	1000	\N	1	1	frafinance	none	{"en_US": "Frafinance", "es_ES": "Frafinance"}	f	f	f	2026-04-08 08:34:43.107373	2026-04-08 08:34:43.107373
59	1000	\N	1	1	gcash	partial	{"en_US": "GCash", "es_ES": "GCash"}	f	f	f	2026-04-08 08:34:43.107373	2026-04-08 08:34:43.107373
60	1000	\N	1	1	giropay	partial	{"en_US": "Giropay", "es_ES": "Giropay"}	f	f	f	2026-04-08 08:34:43.107373	2026-04-08 08:34:43.107373
61	1000	\N	1	1	gopay	partial	{"en_US": "GoPay", "es_ES": "GoPay"}	f	f	f	2026-04-08 08:34:43.107373	2026-04-08 08:34:43.107373
63	1000	\N	1	1	gsb	none	{"en_US": "Government Savings Bank", "es_ES": "Government Savings Bank"}	f	f	f	2026-04-08 08:34:43.107373	2026-04-08 08:34:43.107373
62	1000	\N	1	1	grabpay	partial	{"en_US": "GrabPay", "es_ES": "GrabPay"}	f	f	f	2026-04-08 08:34:43.107373	2026-04-08 08:34:43.107373
64	1000	\N	1	1	hd	none	{"en_US": "HD Bank", "es_ES": "HD Bank"}	f	f	f	2026-04-08 08:34:43.107373	2026-04-08 08:34:43.107373
196	1000	42	1	1	hipercard	none	{"en_US": "Hipercard", "es_ES": "Hipercard"}	f	\N	\N	2026-04-08 08:34:43.107373	2026-04-08 08:34:43.107373
65	1000	\N	1	1	hoolah	none	{"en_US": "Hoolah", "es_ES": "Hoolah"}	f	f	f	2026-04-08 08:34:43.107373	2026-04-08 08:34:43.107373
66	1000	\N	1	1	humm	none	{"en_US": "Humm", "es_ES": "Humm"}	f	f	f	2026-04-08 08:34:43.107373	2026-04-08 08:34:43.107373
198	1000	42	1	1	jcb	none	{"en_US": "JCB", "es_ES": "JCB"}	f	\N	\N	2026-04-08 08:34:43.107373	2026-04-08 08:34:43.107373
69	1000	\N	1	1	jeniuspay	partial	{"en_US": "JeniusPay", "es_ES": "JeniusPay"}	f	f	f	2026-04-08 08:34:43.107373	2026-04-08 08:34:43.107373
70	1000	\N	1	1	jkopay	none	{"en_US": "Jkopay", "es_ES": "Jkopay"}	f	f	f	2026-04-08 08:34:43.107373	2026-04-08 08:34:43.107373
73	1000	\N	1	1	kbc_cbc	partial	{"en_US": "KBC/CBC", "es_ES": "KBC/CBC"}	f	f	f	2026-04-08 08:34:43.107373	2026-04-08 08:34:43.107373
77	1000	\N	1	1	knet	partial	{"en_US": "KNET", "es_ES": "KNET"}	f	f	f	2026-04-08 08:34:43.107373	2026-04-08 08:34:43.107373
71	1000	\N	1	1	kakaopay	partial	{"en_US": "KakaoPay", "es_ES": "KakaoPay"}	f	f	f	2026-04-08 08:34:43.107373	2026-04-08 08:34:43.107373
72	1000	\N	1	1	kasikorn_bank	none	{"en_US": "Kasikorn Bank", "es_ES": "Kasikorn Bank"}	f	f	f	2026-04-08 08:34:43.107373	2026-04-08 08:34:43.107373
74	1000	\N	1	1	klarna	partial	{"en_US": "Klarna", "es_ES": "Klarna"}	f	f	f	2026-04-08 08:34:43.107373	2026-04-08 08:34:43.107373
75	1000	\N	1	1	klarna_paynow	partial	{"en_US": "Klarna - Pay Now", "es_ES": "Klarna - Paga ahora"}	f	f	f	2026-04-08 08:34:43.107373	2026-04-08 08:34:43.107373
76	1000	\N	1	1	klarna_pay_over_time	partial	{"en_US": "Klarna - Pay over time", "es_ES": "Klarna - Paga en plazos"}	f	f	f	2026-04-08 08:34:43.107373	2026-04-08 08:34:43.107373
78	1000	\N	1	1	kredivo	none	{"en_US": "Kredivo", "es_ES": "Kredivo"}	f	f	f	2026-04-08 08:34:43.107373	2026-04-08 08:34:43.107373
79	1000	\N	1	1	krungthai_bank	none	{"en_US": "KrungThai Bank", "es_ES": "KrungThai Bank"}	f	f	f	2026-04-08 08:34:43.107373	2026-04-08 08:34:43.107373
80	1000	\N	1	1	KFH	none	{"en_US": "Kuwait Finance House", "es_ES": "Kuwait Finance House"}	f	f	f	2026-04-08 08:34:43.107373	2026-04-08 08:34:43.107373
81	1000	\N	1	1	linepay	none	{"en_US": "LINE Pay", "es_ES": "LINE Pay"}	f	f	f	2026-04-08 08:34:43.107373	2026-04-08 08:34:43.107373
199	1000	42	1	1	lider	none	{"en_US": "Lider", "es_ES": "Lider"}	f	\N	\N	2026-04-08 08:34:43.107373	2026-04-08 08:34:43.107373
82	1000	\N	1	1	linkaja	none	{"en_US": "LinkAja", "es_ES": "LinkAja"}	f	f	f	2026-04-08 08:34:43.107373	2026-04-08 08:34:43.107373
96	1000	\N	1	1	nuvei_local	none	{"en_US": "Local Payments", "es_ES": "Pagos locales"}	f	f	f	2026-04-08 08:34:43.107373	2026-04-08 08:34:43.107373
83	1000	\N	1	1	lydia	none	{"en_US": "Lydia", "es_ES": "Lydia"}	f	f	f	2026-04-08 08:34:43.107373	2026-04-08 08:34:43.107373
84	1000	\N	1	1	lyfpay	none	{"en_US": "LyfPay", "es_ES": "LyfPay"}	f	f	f	2026-04-08 08:34:43.107373	2026-04-08 08:34:43.107373
93	1000	\N	1	1	mpesa	none	{"en_US": "M-Pesa", "es_ES": "M-Pesa"}	f	f	f	2026-04-08 08:34:43.107373	2026-04-08 08:34:43.107373
89	1000	\N	1	1	mbway	partial	{"en_US": "MB WAY", "es_ES": "MB WAY"}	f	f	f	2026-04-08 08:34:43.107373	2026-04-08 08:34:43.107373
85	1000	\N	1	1	mada	none	{"en_US": "Mada", "es_ES": "Mada"}	f	f	f	2026-04-08 08:34:43.107373	2026-04-08 08:34:43.107373
202	1000	42	1	1	maestro	none	{"en_US": "Maestro", "es_ES": "Maestro"}	f	\N	\N	2026-04-08 08:34:43.107373	2026-04-08 08:34:43.107373
203	1000	42	1	1	magna	none	{"en_US": "Magna", "es_ES": "Magna"}	f	\N	\N	2026-04-08 08:34:43.107373	2026-04-08 08:34:43.107373
86	1000	\N	1	1	mandiri	none	{"en_US": "Mandiri", "es_ES": "Mandiri"}	f	f	f	2026-04-08 08:34:43.107373	2026-04-08 08:34:43.107373
204	1000	42	1	1	mastercard	none	{"en_US": "MasterCard", "es_ES": "MasterCard"}	f	\N	\N	2026-04-08 08:34:43.107373	2026-04-08 08:34:43.107373
87	1000	\N	1	1	maya	none	{"en_US": "Maya", "es_ES": "Maya"}	f	f	f	2026-04-08 08:34:43.107373	2026-04-08 08:34:43.107373
88	1000	\N	1	1	maybank	none	{"en_US": "Maybank", "es_ES": "Maybank"}	f	f	f	2026-04-08 08:34:43.107373	2026-04-08 08:34:43.107373
201	1000	42	1	1	meeza	none	{"en_US": "Meeza", "es_ES": "Meeza"}	f	\N	\N	2026-04-08 08:34:43.107373	2026-04-08 08:34:43.107373
200	1000	42	1	1	mercado_livre	none	{"en_US": "Mercado Livre", "es_ES": "Mercado Livre"}	f	\N	\N	2026-04-08 08:34:43.107373	2026-04-08 08:34:43.107373
92	1000	\N	1	1	momo	partial	{"en_US": "MoMo", "es_ES": "MoMo"}	f	f	f	2026-04-08 08:34:43.107373	2026-04-08 08:34:43.107373
90	1000	\N	1	1	mobile_money	none	{"en_US": "Mobile money", "es_ES": "Mobile money"}	f	f	f	2026-04-08 08:34:43.107373	2026-04-08 08:34:43.107373
91	1000	\N	1	1	mobile_pay	partial	{"en_US": "MobilePay", "es_ES": "MobilePay"}	f	f	f	2026-04-08 08:34:43.107373	2026-04-08 08:34:43.107373
94	1000	\N	1	1	multibanco	none	{"en_US": "Multibanco", "es_ES": "Multibanco"}	f	f	f	2026-04-08 08:34:43.107373	2026-04-08 08:34:43.107373
95	1000	\N	1	1	mybank	none	{"en_US": "MyBank", "es_ES": "MyBank"}	f	f	f	2026-04-08 08:34:43.107373	2026-04-08 08:34:43.107373
205	1000	42	1	1	naps	none	{"en_US": "NAPS", "es_ES": "NAPS"}	f	\N	\N	2026-04-08 08:34:43.107373	2026-04-08 08:34:43.107373
97	1000	\N	1	1	napas_card	full_only	{"en_US": "Napas Card", "es_ES": "Napas Card"}	f	f	f	2026-04-08 08:34:43.107373	2026-04-08 08:34:43.107373
206	1000	42	1	1	naranja	none	{"en_US": "Naranja", "es_ES": "Naranja"}	f	\N	\N	2026-04-08 08:34:43.107373	2026-04-08 08:34:43.107373
207	1000	42	1	1	nativa	none	{"en_US": "Nativa", "es_ES": "Nativa"}	f	\N	\N	2026-04-08 08:34:43.107373	2026-04-08 08:34:43.107373
98	1000	\N	1	1	naver_pay	none	{"en_US": "Naver Pay", "es_ES": "Naver Pay"}	f	f	f	2026-04-08 08:34:43.107373	2026-04-08 08:34:43.107373
99	1000	\N	1	1	netbanking	partial	{"en_US": "Netbanking", "es_ES": "Netbanking"}	f	f	f	2026-04-08 08:34:43.107373	2026-04-08 08:34:43.107373
106	1000	\N	1	1	ovo	none	{"en_US": "OVO", "es_ES": "OVO"}	f	f	f	2026-04-08 08:34:43.107373	2026-04-08 08:34:43.107373
208	1000	42	1	1	oca	none	{"en_US": "Oca", "es_ES": "Oca"}	f	\N	\N	2026-04-08 08:34:43.107373	2026-04-08 08:34:43.107373
100	1000	\N	1	1	octopus	none	{"en_US": "Octopus", "es_ES": "Octopus"}	f	f	f	2026-04-08 08:34:43.107373	2026-04-08 08:34:43.107373
209	1000	42	1	1	omannet	none	{"en_US": "OmanNet", "es_ES": "OmanNet"}	f	\N	\N	2026-04-08 08:34:43.107373	2026-04-08 08:34:43.107373
101	1000	\N	1	1	online_banking_czech_republic	partial	{"en_US": "Online Banking Czech Republic", "es_ES": "Banca virtual para la República Checa"}	f	f	f	2026-04-08 08:34:43.107373	2026-04-08 08:34:43.107373
102	1000	\N	1	1	online_banking_india	full_only	{"en_US": "Online Banking India", "es_ES": "Banca virtual para la India"}	f	f	f	2026-04-08 08:34:43.107373	2026-04-08 08:34:43.107373
103	1000	\N	1	1	online_banking_slovakia	partial	{"en_US": "Online Banking Slovakia", "es_ES": "Banca virtual para Eslovaquia"}	f	f	f	2026-04-08 08:34:43.107373	2026-04-08 08:34:43.107373
104	1000	\N	1	1	online_banking_thailand	none	{"en_US": "Online Banking Thailand", "es_ES": "Banca virtual para Tailandia"}	f	f	f	2026-04-08 08:34:43.107373	2026-04-08 08:34:43.107373
105	1000	\N	1	1	open_banking	partial	{"en_US": "Open banking", "es_ES": "Banca abierta"}	f	f	f	2026-04-08 08:34:43.107373	2026-04-08 08:34:43.107373
107	1000	\N	1	1	oxxopay	none	{"en_US": "Oxxo Pay", "es_ES": "Oxxo Pay"}	f	f	f	2026-04-08 08:34:43.107373	2026-04-08 08:34:43.107373
129	1000	\N	1	1	p24	partial	{"en_US": "P24", "es_ES": "P24"}	f	f	f	2026-04-08 08:34:43.107373	2026-04-08 08:34:43.107373
123	1000	\N	1	1	poli	none	{"en_US": "POLi", "es_ES": "POLi"}	f	f	f	2026-04-08 08:34:43.107373	2026-04-08 08:34:43.107373
126	1000	\N	1	1	pps	none	{"en_US": "PPS", "es_ES": "PPS"}	f	f	f	2026-04-08 08:34:43.107373	2026-04-08 08:34:43.107373
128	1000	\N	1	1	pse	none	{"en_US": "PSE", "es_ES": "PSE"}	f	f	f	2026-04-08 08:34:43.107373	2026-04-08 08:34:43.107373
109	1000	\N	1	1	pace	none	{"en_US": "Pace.", "es_ES": "Pace."}	f	f	f	2026-04-08 08:34:43.107373	2026-04-08 08:34:43.107373
110	1000	\N	1	1	paylater_india	full_only	{"en_US": "Pay Later", "es_ES": "Pagar después"}	f	f	f	2026-04-08 08:34:43.107373	2026-04-08 08:34:43.107373
111	1000	\N	1	1	pay_easy	none	{"en_US": "Pay-easy", "es_ES": "Pay-easy"}	f	f	f	2026-04-08 08:34:43.107373	2026-04-08 08:34:43.107373
108	1000	\N	1	1	paybright	partial	{"en_US": "PayBright", "es_ES": "PayBright"}	f	f	f	2026-04-08 08:34:43.107373	2026-04-08 08:34:43.107373
112	1000	\N	1	1	pay_id	none	{"en_US": "PayID", "es_ES": "PayID"}	f	f	f	2026-04-08 08:34:43.107373	2026-04-08 08:34:43.107373
114	1000	\N	1	1	payme	none	{"en_US": "PayMe", "es_ES": "PayMe"}	f	f	f	2026-04-08 08:34:43.107373	2026-04-08 08:34:43.107373
115	1000	\N	1	1	paynow	partial	{"en_US": "PayNow", "es_ES": "PayNow"}	f	f	f	2026-04-08 08:34:43.107373	2026-04-08 08:34:43.107373
117	1000	\N	1	1	paypay	none	{"en_US": "PayPay", "es_ES": "PayPay"}	f	f	f	2026-04-08 08:34:43.107373	2026-04-08 08:34:43.107373
118	1000	\N	1	1	paysafecard	full_only	{"en_US": "PaySafeCard", "es_ES": "PaySafeCard"}	f	f	f	2026-04-08 08:34:43.107373	2026-04-08 08:34:43.107373
121	1000	\N	1	1	payu	none	{"en_US": "PayU", "es_ES": "PayU"}	f	f	f	2026-04-08 08:34:43.107373	2026-04-08 08:34:43.107373
113	1000	\N	1	1	paylib	none	{"en_US": "Paylib", "es_ES": "Paylib"}	f	f	f	2026-04-08 08:34:43.107373	2026-04-08 08:34:43.107373
155	1000	\N	1	1	unknown	partial	{"en_US": "Payment method", "es_ES": "Método de pago"}	f	t	t	2026-04-08 08:34:43.107373	2026-04-08 08:34:43.107373
116	20	\N	1	1	paypal	partial	{"en_US": "Paypal", "es_ES": "Paypal"}	f	f	f	2026-04-08 08:34:43.107373	2026-04-08 08:34:43.107373
119	1000	\N	1	1	paytm	partial	{"en_US": "Paytm", "es_ES": "Paytm"}	f	f	f	2026-04-08 08:34:43.107373	2026-04-08 08:34:43.107373
120	1000	\N	1	1	paytrail	partial	{"en_US": "Paytrail", "es_ES": "Paytrail"}	f	f	f	2026-04-08 08:34:43.107373	2026-04-08 08:34:43.107373
122	1000	\N	1	1	pix	partial	{"en_US": "Pix", "es_ES": "Pix"}	f	f	f	2026-04-08 08:34:43.107373	2026-04-08 08:34:43.107373
124	1000	\N	1	1	post_finance_pay	partial	{"en_US": "PostFinance Pay", "es_ES": "Pago con PostFinance"}	f	f	f	2026-04-08 08:34:43.107373	2026-04-08 08:34:43.107373
125	1000	\N	1	1	poste_pay	none	{"en_US": "PostePay", "es_ES": "PostePay"}	f	f	f	2026-04-08 08:34:43.107373	2026-04-08 08:34:43.107373
210	1000	42	1	1	presto	none	{"en_US": "Presto", "es_ES": "Presto"}	f	\N	\N	2026-04-08 08:34:43.107373	2026-04-08 08:34:43.107373
127	1000	\N	1	1	promptpay	partial	{"en_US": "Prompt Pay", "es_ES": "Prompt Pay"}	f	f	f	2026-04-08 08:34:43.107373	2026-04-08 08:34:43.107373
130	1000	\N	1	1	qris	none	{"en_US": "QRIS", "es_ES": "QRIS"}	f	f	f	2026-04-08 08:34:43.107373	2026-04-08 08:34:43.107373
131	1000	\N	1	1	rabbit_line_pay	none	{"en_US": "Rabbit LINE Pay", "es_ES": "Rabbit LINE Pay"}	f	f	f	2026-04-08 08:34:43.107373	2026-04-08 08:34:43.107373
132	1000	\N	1	1	ratepay	partial	{"en_US": "Ratepay", "es_ES": "Ratepay"}	f	f	f	2026-04-08 08:34:43.107373	2026-04-08 08:34:43.107373
211	1000	96	1	1	redpagos	none	{"en_US": "Redpagos", "es_ES": "Redpagos"}	f	\N	\N	2026-04-08 08:34:43.107373	2026-04-08 08:34:43.107373
133	1000	\N	1	1	revolut_pay	partial	{"en_US": "Revolut Pay", "es_ES": "Revolut Pay"}	f	f	f	2026-04-08 08:34:43.107373	2026-04-08 08:34:43.107373
212	1000	42	1	1	rupay	none	{"en_US": "RuPay", "es_ES": "RuPay"}	f	\N	\N	2026-04-08 08:34:43.107373	2026-04-08 08:34:43.107373
136	1000	\N	1	1	sepa_direct_debit	partial	{"en_US": "SEPA Direct Debit", "es_ES": "Domiciliación bancaria SEPA"}	f	t	f	2026-04-08 08:34:43.107373	2026-04-08 08:34:43.107373
140	1000	\N	1	1	spei	none	{"en_US": "SPEI", "es_ES": "SPEI"}	f	f	f	2026-04-08 08:34:43.107373	2026-04-08 08:34:43.107373
134	1000	\N	1	1	samsung_pay	partial	{"en_US": "Samsung Pay", "es_ES": "Samsung Pay"}	f	f	f	2026-04-08 08:34:43.107373	2026-04-08 08:34:43.107373
137	1000	\N	1	1	shopback	none	{"en_US": "ShopBack", "es_ES": "ShopBack"}	f	f	f	2026-04-08 08:34:43.107373	2026-04-08 08:34:43.107373
138	1000	\N	1	1	shopeepay	partial	{"en_US": "ShopeePay", "es_ES": "ShopeePay"}	f	f	f	2026-04-08 08:34:43.107373	2026-04-08 08:34:43.107373
213	1000	42	1	1	shopping	none	{"en_US": "Shopping Card", "es_ES": "Tarjeta Shopping"}	f	\N	\N	2026-04-08 08:34:43.107373	2026-04-08 08:34:43.107373
135	1000	\N	1	1	scb	none	{"en_US": "Siam Commerical Bank", "es_ES": "Siam Commerical Bank"}	f	f	f	2026-04-08 08:34:43.107373	2026-04-08 08:34:43.107373
139	1000	\N	1	1	sofort	partial	{"en_US": "Sofort", "es_ES": "Sofort"}	f	f	f	2026-04-08 08:34:43.107373	2026-04-08 08:34:43.107373
141	1000	\N	1	1	swish	partial	{"en_US": "Swish", "es_ES": "Swish"}	f	f	f	2026-04-08 08:34:43.107373	2026-04-08 08:34:43.107373
144	1000	\N	1	1	tenpay	none	{"en_US": "TENPAY", "es_ES": "TENPAY"}	f	f	f	2026-04-08 08:34:43.107373	2026-04-08 08:34:43.107373
152	1000	\N	1	1	ttb	none	{"en_US": "TTB", "es_ES": "TTB"}	f	f	f	2026-04-08 08:34:43.107373	2026-04-08 08:34:43.107373
147	1000	\N	1	1	tmb	none	{"en_US": "Tamilnad Mercantile Bank Limited", "es_ES": "Tamilnad Mercantile Bank Limited"}	f	f	f	2026-04-08 08:34:43.107373	2026-04-08 08:34:43.107373
214	1000	42	1	1	tarjeta_mercadopago	none	{"en_US": "Tarjeta MercadoPago", "es_ES": "Tarjeta MercadoPago"}	f	\N	\N	2026-04-08 08:34:43.107373	2026-04-08 08:34:43.107373
142	1000	\N	1	1	techcom	none	{"en_US": "Techcombank", "es_ES": "Techcombank"}	f	f	f	2026-04-08 08:34:43.107373	2026-04-08 08:34:43.107373
143	1000	\N	1	1	tendopay	none	{"en_US": "TendoPay", "es_ES": "TendoPay"}	f	f	f	2026-04-08 08:34:43.107373	2026-04-08 08:34:43.107373
145	1000	\N	1	1	tienphong	none	{"en_US": "Tienphong", "es_ES": "Tienphong"}	f	f	f	2026-04-08 08:34:43.107373	2026-04-08 08:34:43.107373
146	1000	\N	1	1	tinka	none	{"en_US": "Tinka", "es_ES": "Tinka"}	f	f	f	2026-04-08 08:34:43.107373	2026-04-08 08:34:43.107373
148	1000	\N	1	1	toss_pay	none	{"en_US": "Toss Pay", "es_ES": "Toss Pay"}	f	f	f	2026-04-08 08:34:43.107373	2026-04-08 08:34:43.107373
149	1000	\N	1	1	touch_n_go	partial	{"en_US": "Touch'n Go", "es_ES": "Touch'n Go"}	f	f	f	2026-04-08 08:34:43.107373	2026-04-08 08:34:43.107373
150	1000	\N	1	1	truemoney	none	{"en_US": "TrueMoney", "es_ES": "TrueMoney"}	f	f	f	2026-04-08 08:34:43.107373	2026-04-08 08:34:43.107373
151	1000	\N	1	1	trustly	partial	{"en_US": "Trustly", "es_ES": "Trustly"}	f	f	f	2026-04-08 08:34:43.107373	2026-04-08 08:34:43.107373
153	1000	\N	1	1	twint	partial	{"en_US": "Twint", "es_ES": "Twint"}	f	f	f	2026-04-08 08:34:43.107373	2026-04-08 08:34:43.107373
157	1000	\N	1	1	upi	partial	{"en_US": "UPI", "es_ES": "UPI"}	f	t	f	2026-04-08 08:34:43.107373	2026-04-08 08:34:43.107373
158	1000	\N	1	1	ussd	none	{"en_US": "USSD", "es_ES": "USSD"}	f	f	f	2026-04-08 08:34:43.107373	2026-04-08 08:34:43.107373
215	1000	42	1	1	unionpay	none	{"en_US": "UnionPay", "es_ES": "UnionPay"}	f	\N	\N	2026-04-08 08:34:43.107373	2026-04-08 08:34:43.107373
156	1000	\N	1	1	uob	none	{"en_US": "United Overseas Bank", "es_ES": "United Overseas Bank"}	f	f	f	2026-04-08 08:34:43.107373	2026-04-08 08:34:43.107373
154	1000	\N	1	1	uatp	none	{"en_US": "Universal Air Travel Plan", "es_ES": "Universal Air Travel Plan"}	f	f	f	2026-04-08 08:34:43.107373	2026-04-08 08:34:43.107373
163	1000	\N	1	1	vpay	none	{"en_US": "V PAY", "es_ES": "V PAY"}	f	f	f	2026-04-08 08:34:43.107373	2026-04-08 08:34:43.107373
217	1000	42	1	1	visa	none	{"en_US": "VISA", "es_ES": "VISA"}	f	\N	\N	2026-04-08 08:34:43.107373	2026-04-08 08:34:43.107373
218	1000	\N	1	1	vnptwallet	none	{"en_US": "VNPT Money", "es_ES": "VNPT Money"}	f	f	f	2026-04-08 08:34:43.107373	2026-04-08 08:34:43.107373
164	1000	\N	1	1	vpb	none	{"en_US": "VP Bank", "es_ES": "VP Bank"}	f	f	f	2026-04-08 08:34:43.107373	2026-04-08 08:34:43.107373
159	1000	\N	1	1	venmo	partial	{"en_US": "Venmo", "es_ES": "Venmo"}	f	f	f	2026-04-08 08:34:43.107373	2026-04-08 08:34:43.107373
161	1000	\N	1	1	vietcapital	none	{"en_US": "Viet Capital", "es_ES": "Viet Capital"}	f	f	f	2026-04-08 08:34:43.107373	2026-04-08 08:34:43.107373
160	1000	\N	1	1	vietcom	none	{"en_US": "Vietcombank", "es_ES": "Vietcombank"}	f	f	f	2026-04-08 08:34:43.107373	2026-04-08 08:34:43.107373
216	1000	\N	1	1	viettelpay	none	{"en_US": "Viettel Pay", "es_ES": "Viettel Pay"}	f	f	f	2026-04-08 08:34:43.107373	2026-04-08 08:34:43.107373
162	1000	\N	1	1	vipps	partial	{"en_US": "Vipps", "es_ES": "Vipps"}	f	f	f	2026-04-08 08:34:43.107373	2026-04-08 08:34:43.107373
165	1000	\N	1	1	wallets_india	full_only	{"en_US": "Wallets India", "es_ES": "Wallets India"}	f	f	f	2026-04-08 08:34:43.107373	2026-04-08 08:34:43.107373
166	1000	\N	1	1	walley	partial	{"en_US": "Walley", "es_ES": "Walley"}	f	f	f	2026-04-08 08:34:43.107373	2026-04-08 08:34:43.107373
168	1000	\N	1	1	wechat_pay	partial	{"en_US": "WeChat Pay", "es_ES": "WeChat Pay"}	f	f	f	2026-04-08 08:34:43.107373	2026-04-08 08:34:43.107373
169	1000	\N	1	1	welend	none	{"en_US": "WeLend", "es_ES": "WeLend"}	f	f	f	2026-04-08 08:34:43.107373	2026-04-08 08:34:43.107373
167	1000	\N	1	1	webpay	none	{"en_US": "WebPay", "es_ES": "WebPay"}	f	f	f	2026-04-08 08:34:43.107373	2026-04-08 08:34:43.107373
219	1000	\N	1	1	woori	none	{"en_US": "Woori Bank", "es_ES": "Woori Bank"}	f	f	f	2026-04-08 08:34:43.107373	2026-04-08 08:34:43.107373
170	1000	\N	1	1	zalopay	none	{"en_US": "Zalopay", "es_ES": "Zalopay"}	f	f	f	2026-04-08 08:34:43.107373	2026-04-08 08:34:43.107373
171	1000	\N	1	1	zip	partial	{"en_US": "Zip", "es_ES": "C.P."}	f	f	f	2026-04-08 08:34:43.107373	2026-04-08 08:34:43.107373
48	1000	\N	1	1	cofidis	none	{"en_US": "cofidis", "es_ES": "cofidis"}	f	f	f	2026-04-08 08:34:43.107373	2026-04-08 08:34:43.107373
53	1000	\N	1	1	enets	none	{"en_US": "eNETS", "es_ES": "eNETS"}	f	f	f	2026-04-08 08:34:43.107373	2026-04-08 08:34:43.107373
67	1000	\N	1	1	ideal	partial	{"en_US": "iDEAL", "es_ES": "iDEAL"}	f	f	f	2026-04-08 08:34:43.107373	2026-04-08 08:34:43.107373
197	1000	67	1	1	ideal_brand	none	{"en_US": "iDEAL", "es_ES": "iDEAL"}	f	\N	\N	2026-04-08 08:34:43.107373	2026-04-08 08:34:43.107373
68	1000	\N	1	1	in3	none	{"en_US": "in3", "es_ES": "in3"}	f	f	f	2026-04-08 08:34:43.107373	2026-04-08 08:34:43.107373
\.


--
-- Data for Name: payment_method_payment_provider_rel; Type: TABLE DATA; Schema: public; Owner: odoo
--

COPY public.payment_method_payment_provider_rel (payment_method_id, payment_provider_id) FROM stdin;
2	1
3	1
4	1
7	1
8	1
10	1
16	1
19	1
29	1
33	1
34	1
42	1
43	1
47	1
49	1
51	1
194	1
54	1
57	1
59	1
60	1
61	1
196	1
67	1
71	1
74	1
75	1
76	1
77	1
89	1
91	1
92	1
94	1
97	1
101	1
102	1
103	1
104	1
105	1
129	1
108	1
118	1
115	1
116	1
119	1
120	1
122	1
127	1
132	1
134	1
136	1
139	1
141	1
149	1
151	1
153	1
157	1
162	1
165	1
166	1
168	1
171	1
42	2
85	2
77	2
201	2
205	2
209	2
29	2
42	3
7	3
168	3
123	3
4	3
47	3
66	3
171	3
116	3
14	3
109	3
137	3
62	3
134	3
65	3
37	3
51	3
149	3
17	3
59	3
115	3
81	3
20	3
79	3
156	3
135	3
23	3
72	3
131	3
150	3
57	3
56	3
64	3
88	3
112	3
127	3
142	3
145	3
152	3
157	3
160	3
143	3
8	3
30	3
92	3
100	3
87	3
154	3
144	3
53	3
70	3
114	3
147	3
2	4
42	4
19	5
25	5
42	5
116	5
67	5
5	5
136	5
7	5
168	5
74	5
151	5
139	5
68	5
146	5
32	5
73	5
28	5
60	5
129	5
125	5
54	5
182	5
42	7
93	7
90	7
26	7
21	7
189	7
116	7
158	7
42	8
26	8
116	8
19	9
26	9
28	9
42	9
54	9
60	9
67	9
73	9
116	9
118	9
129	9
153	9
12	10
36	10
42	10
96	10
107	10
122	10
128	10
140	10
167	10
116	11
42	12
99	12
157	12
165	12
110	12
52	12
136	13
2	14
3	14
4	14
7	14
16	14
19	14
27	14
36	14
42	14
43	14
47	14
54	14
57	14
60	14
62	14
67	14
74	14
91	14
94	14
129	14
115	14
116	14
122	14
127	14
133	14
136	14
139	14
157	14
168	14
171	14
9	16
19	16
33	16
42	16
48	16
54	16
55	16
67	16
74	16
89	16
94	16
129	16
116	16
124	16
153	16
168	16
1	17
6	17
13	17
20	17
22	17
24	17
31	17
35	17
40	17
41	17
42	17
44	17
45	17
46	17
49	17
57	17
59	17
62	17
69	17
80	17
78	17
79	17
81	17
82	17
86	17
87	17
106	17
127	17
130	17
135	17
138	17
150	17
156	17
168	17
149	17
216	17
161	17
218	17
164	17
219	17
170	17
\.


--
-- Data for Name: payment_method_res_country_rel; Type: TABLE DATA; Schema: public; Owner: odoo
--

COPY public.payment_method_res_country_rel (payment_method_id, res_country_id) FROM stdin;
1	176
2	181
2	233
3	233
3	38
4	13
4	170
4	233
4	38
5	165
5	20
5	57
5	12
5	70
6	100
8	94
9	12
9	13
9	20
9	22
9	43
9	50
9	55
9	57
9	59
9	64
9	68
9	70
9	75
9	88
9	94
9	97
9	99
9	101
9	108
9	109
9	121
9	128
9	132
9	133
9	134
9	152
9	157
9	165
9	166
9	176
9	178
9	183
9	188
9	196
9	199
9	201
9	217
9	231
10	75
11	20
11	55
11	59
11	75
11	99
11	101
11	109
11	133
11	183
11	68
11	231
11	233
12	63
13	241
14	157
14	197
15	75
16	231
17	176
18	109
19	20
20	217
22	100
23	217
24	100
27	13
28	20
29	23
30	104
31	176
32	165
32	20
33	68
34	178
35	100
36	31
37	157
38	176
39	100
40	100
41	100
43	233
44	176
45	176
46	100
47	231
48	20
48	75
49	100
50	217
51	157
52	104
53	197
54	12
55	31
55	68
55	75
55	109
55	183
56	94
57	157
58	20
59	176
60	57
61	100
62	157
62	197
62	176
63	217
64	241
65	197
65	157
65	94
65	217
66	13
66	170
66	231
66	101
67	165
68	165
69	100
70	48
71	121
72	217
73	20
74	13
74	12
74	20
74	38
74	56
74	59
74	70
74	75
74	57
74	88
74	101
74	109
74	165
74	170
74	166
74	178
74	183
74	68
74	196
74	43
74	231
74	233
75	57
75	165
75	196
75	43
76	13
76	12
76	38
76	56
76	70
76	75
76	57
76	88
76	101
76	109
76	165
76	170
76	166
76	183
76	68
76	196
76	231
76	233
77	122
78	100
79	217
80	157
81	113
81	227
81	217
82	100
83	75
84	75
85	192
85	2
86	100
87	176
88	100
89	183
90	80
90	47
90	44
90	144
90	204
90	230
90	191
90	248
91	59
91	70
92	241
93	114
94	183
95	109
96	234
97	241
98	121
99	104
100	94
101	56
102	104
103	201
104	217
105	231
106	100
107	156
108	38
109	197
109	113
109	157
109	94
109	227
109	217
110	104
111	113
112	13
112	170
113	75
114	94
115	197
117	113
118	12
118	13
118	20
118	31
118	38
118	97
118	55
118	56
118	59
118	70
118	75
118	78
118	57
118	81
118	99
118	108
118	101
118	109
118	122
118	134
118	128
118	132
118	133
118	152
118	156
118	138
118	139
118	165
118	170
118	166
118	185
118	173
118	178
118	183
118	188
118	192
118	189
118	201
118	199
118	68
118	196
118	43
118	224
118	2
118	231
118	233
118	234
119	104
120	70
121	178
122	31
123	13
123	170
124	12
124	20
124	22
124	43
124	55
124	56
124	57
124	59
124	64
124	68
124	70
124	75
124	88
124	97
124	99
124	101
124	109
124	132
124	133
124	134
124	152
124	165
124	178
124	183
124	188
124	196
124	199
124	201
124	231
125	109
126	94
127	217
128	49
129	178
130	100
131	217
132	12
132	57
132	165
132	43
133	231
135	217
136	12
136	20
136	55
136	64
136	70
136	75
136	57
136	88
136	101
136	109
136	134
136	132
136	133
136	152
136	165
136	183
136	201
136	199
136	68
136	43
136	56
136	231
136	108
136	99
136	188
136	196
136	97
136	166
136	22
137	197
138	100
138	176
138	217
138	157
138	241
139	57
139	12
139	20
139	165
139	68
139	43
139	178
139	109
139	231
140	156
141	196
142	241
143	176
144	48
145	241
146	165
147	217
148	121
149	157
150	217
151	12
151	57
151	59
151	64
151	68
151	70
151	231
151	134
151	132
151	165
151	166
151	196
152	217
153	43
156	197
157	104
159	233
160	241
161	241
162	166
164	241
165	104
166	59
166	70
166	166
166	196
167	46
169	94
170	241
171	13
171	38
171	170
171	233
216	241
218	241
219	241
\.


--
-- Data for Name: payment_method_res_currency_rel; Type: TABLE DATA; Schema: public; Owner: odoo
--

COPY public.payment_method_res_currency_rel (payment_method_id, res_currency_id) FROM stdin;
1	36
2	1
3	3
3	1
4	3
4	1
4	21
4	35
5	126
6	12
8	24
9	21
9	4
9	10
9	126
9	144
9	24
9	32
9	34
9	14
9	36
9	18
9	134
10	126
11	126
11	21
11	144
11	10
11	24
11	25
11	35
11	14
11	38
11	1
12	1
13	23
14	34
14	37
15	126
16	144
17	36
18	126
19	126
20	134
22	12
23	134
24	12
26	20
26	121
27	21
28	126
29	54
30	20
31	36
32	126
33	126
34	17
35	12
36	5
37	34
38	36
39	12
40	12
41	12
43	1
44	36
45	36
46	12
47	144
48	126
49	12
50	134
51	34
52	20
53	37
54	126
55	126
56	24
57	34
58	126
59	36
60	126
61	12
62	37
62	34
62	36
63	134
64	23
65	37
65	34
65	24
65	134
66	21
66	35
66	144
66	126
67	126
68	126
69	12
70	6
71	32
72	134
73	126
74	21
74	126
74	3
74	9
74	10
74	35
74	14
74	17
74	18
74	4
74	144
74	1
75	126
75	18
75	4
76	21
76	126
76	3
76	9
76	35
76	14
76	18
76	144
76	1
77	94
78	12
79	134
80	34
81	25
81	137
81	134
82	12
83	126
83	144
84	126
85	151
86	12
87	36
88	12
89	126
90	113
90	42
90	41
90	43
90	155
90	124
91	126
91	10
91	18
91	14
92	23
93	93
94	126
95	126
96	46
97	23
98	32
99	20
100	24
101	9
102	20
103	126
104	134
105	144
106	12
107	33
108	3
109	37
109	34
109	25
109	24
109	134
109	137
110	20
111	25
112	21
112	35
113	126
114	24
115	37
117	25
118	126
118	21
118	5
118	3
118	9
118	10
118	81
118	82
118	11
118	86
118	94
118	4
118	33
118	108
118	35
118	14
118	158
118	157
118	17
118	28
118	151
118	150
118	18
118	31
118	129
118	144
118	1
118	46
119	20
120	126
121	17
122	5
123	21
123	35
124	4
124	126
125	126
126	24
127	134
128	8
129	126
129	17
130	12
131	134
132	126
132	4
133	144
135	134
136	126
137	37
138	12
138	134
138	34
138	23
139	126
139	4
140	33
140	1
141	18
142	23
143	36
144	6
145	23
146	126
147	134
148	32
149	34
150	134
151	144
151	10
151	18
151	14
151	126
151	9
152	134
153	4
156	37
157	20
159	1
160	23
161	23
162	14
163	126
163	144
163	17
163	10
163	14
163	18
163	4
163	1
164	23
165	20
166	10
166	126
166	14
166	18
167	45
167	1
168	21
168	126
168	3
168	6
168	24
168	25
168	34
168	35
168	144
168	1
168	37
168	134
169	24
170	23
171	21
171	3
171	35
171	1
216	23
218	23
219	23
\.


--
-- Data for Name: payment_provider; Type: TABLE DATA; Schema: public; Owner: odoo
--

COPY public.payment_provider (id, sequence, company_id, redirect_form_view_id, inline_form_view_id, token_inline_form_view_id, express_checkout_form_view_id, color, module_id, create_uid, write_uid, code, state, name, pre_msg, pending_msg, auth_msg, done_msg, cancel_msg, maximum_amount, is_published, allow_tokenization, capture_manually, allow_express_checkout, create_date, write_date, so_reference_type) FROM stdin;
15	30	1	\N	\N	\N	\N	4	392	1	1	none	disabled	{"en_US": "Wire Transfer", "es_ES": "Transferencia bancaria"}	\N	{"en_US": "<p>Su pago ha sido procesado con éxito pero está en espera de su aprobación.</p>"}	{"en_US": "<p>Su pago ha sido autorizado.</p>", "es_ES": "<p>Su pago ha sido autorizado.</p>"}	{"en_US": "<p>Su pago ha sido procesado con éxito.</p>", "es_ES": "<p>Su pago ha sido procesado con éxito.</p>"}	{"en_US": "<p>Su pago ha sido cancelado.</p>", "es_ES": "<p>Su pago ha sido cancelado.</p>"}	\N	\N	\N	\N	\N	2026-04-08 08:34:43.107373	2026-04-08 08:34:43.107373	so_name
1	\N	1	\N	\N	\N	\N	4	387	1	1	none	disabled	{"en_US": "Adyen", "es_ES": "Adyen"}	\N	{"en_US": "<p>Su pago ha sido procesado con éxito pero está en espera de su aprobación.</p>", "es_ES": "<p>Su pago ha sido procesado con éxito pero está en espera de su aprobación.</p>"}	{"en_US": "<p>Su pago ha sido autorizado.</p>", "es_ES": "<p>Su pago ha sido autorizado.</p>"}	{"en_US": "<p>Su pago ha sido procesado con éxito.</p>", "es_ES": "<p>Su pago ha sido procesado con éxito.</p>"}	{"en_US": "<p>Su pago ha sido cancelado.</p>", "es_ES": "<p>Su pago ha sido cancelado.</p>"}	\N	\N	\N	\N	\N	2026-04-08 08:34:43.107373	2026-04-08 08:34:43.107373	so_name
2	\N	1	\N	\N	\N	\N	4	388	1	1	none	disabled	{"en_US": "Amazon Payment Services", "es_ES": "Amazon Payment Services"}	\N	{"en_US": "<p>Su pago ha sido procesado con éxito pero está en espera de su aprobación.</p>", "es_ES": "<p>Su pago ha sido procesado con éxito pero está en espera de su aprobación.</p>"}	{"en_US": "<p>Su pago ha sido autorizado.</p>", "es_ES": "<p>Su pago ha sido autorizado.</p>"}	{"en_US": "<p>Su pago ha sido procesado con éxito.</p>", "es_ES": "<p>Su pago ha sido procesado con éxito.</p>"}	{"en_US": "<p>Su pago ha sido cancelado.</p>", "es_ES": "<p>Su pago ha sido cancelado.</p>"}	\N	\N	\N	\N	\N	2026-04-08 08:34:43.107373	2026-04-08 08:34:43.107373	so_name
3	\N	1	\N	\N	\N	\N	4	389	1	1	none	disabled	{"en_US": "Asiapay", "es_ES": "Asiapay"}	\N	{"en_US": "<p>Su pago ha sido procesado con éxito pero está en espera de su aprobación.</p>", "es_ES": "<p>Su pago ha sido procesado con éxito pero está en espera de su aprobación.</p>"}	{"en_US": "<p>Su pago ha sido autorizado.</p>", "es_ES": "<p>Su pago ha sido autorizado.</p>"}	{"en_US": "<p>Su pago ha sido procesado con éxito.</p>", "es_ES": "<p>Su pago ha sido procesado con éxito.</p>"}	{"en_US": "<p>Su pago ha sido cancelado.</p>", "es_ES": "<p>Su pago ha sido cancelado.</p>"}	\N	\N	\N	\N	\N	2026-04-08 08:34:43.107373	2026-04-08 08:34:43.107373	so_name
4	\N	1	\N	\N	\N	\N	4	390	1	1	none	disabled	{"en_US": "Authorize.net", "es_ES": "Authorize.net"}	\N	{"en_US": "<p>Su pago ha sido procesado con éxito pero está en espera de su aprobación.</p>", "es_ES": "<p>Su pago ha sido procesado con éxito pero está en espera de su aprobación.</p>"}	{"en_US": "<p>Su pago ha sido autorizado.</p>", "es_ES": "<p>Su pago ha sido autorizado.</p>"}	{"en_US": "<p>Su pago ha sido procesado con éxito.</p>", "es_ES": "<p>Su pago ha sido procesado con éxito.</p>"}	{"en_US": "<p>Su pago ha sido cancelado.</p>", "es_ES": "<p>Su pago ha sido cancelado.</p>"}	\N	\N	\N	\N	\N	2026-04-08 08:34:43.107373	2026-04-08 08:34:43.107373	so_name
5	\N	1	\N	\N	\N	\N	4	391	1	1	none	disabled	{"en_US": "Buckaroo", "es_ES": "Buckaroo"}	\N	{"en_US": "<p>Su pago ha sido procesado con éxito pero está en espera de su aprobación.</p>", "es_ES": "<p>Su pago ha sido procesado con éxito pero está en espera de su aprobación.</p>"}	{"en_US": "<p>Su pago ha sido autorizado.</p>", "es_ES": "<p>Su pago ha sido autorizado.</p>"}	{"en_US": "<p>Su pago ha sido procesado con éxito.</p>", "es_ES": "<p>Su pago ha sido procesado con éxito.</p>"}	{"en_US": "<p>Su pago ha sido cancelado.</p>", "es_ES": "<p>Su pago ha sido cancelado.</p>"}	\N	\N	\N	\N	\N	2026-04-08 08:34:43.107373	2026-04-08 08:34:43.107373	so_name
6	40	1	\N	\N	\N	\N	4	393	1	1	none	disabled	{"en_US": "Demo", "es_ES": "Demostración"}	\N	{"en_US": "<p>Su pago ha sido procesado con éxito pero está en espera de su aprobación.</p>", "es_ES": "<p>Su pago ha sido procesado con éxito pero está en espera de su aprobación.</p>"}	{"en_US": "<p>Su pago ha sido autorizado.</p>", "es_ES": "<p>Su pago ha sido autorizado.</p>"}	{"en_US": "<p>Su pago ha sido procesado con éxito.</p>", "es_ES": "<p>Su pago ha sido procesado con éxito.</p>"}	{"en_US": "<p>Su pago ha sido cancelado.</p>", "es_ES": "<p>Su pago ha sido cancelado.</p>"}	\N	\N	\N	\N	\N	2026-04-08 08:34:43.107373	2026-04-08 08:34:43.107373	so_name
7	\N	1	\N	\N	\N	\N	4	394	1	1	none	disabled	{"en_US": "Flutterwave", "es_ES": "Flutterwave"}	\N	{"en_US": "<p>Su pago ha sido procesado con éxito pero está en espera de su aprobación.</p>", "es_ES": "<p>Su pago ha sido procesado con éxito pero está en espera de su aprobación.</p>"}	{"en_US": "<p>Su pago ha sido autorizado.</p>", "es_ES": "<p>Su pago ha sido autorizado.</p>"}	{"en_US": "<p>Su pago ha sido procesado con éxito.</p>", "es_ES": "<p>Su pago ha sido procesado con éxito.</p>"}	{"en_US": "<p>Su pago ha sido cancelado.</p>", "es_ES": "<p>Su pago ha sido cancelado.</p>"}	\N	\N	\N	\N	\N	2026-04-08 08:34:43.107373	2026-04-08 08:34:43.107373	so_name
8	\N	1	\N	\N	\N	\N	4	395	1	1	none	disabled	{"en_US": "Mercado Pago", "es_ES": "Mercado Pago"}	\N	{"en_US": "<p>Su pago ha sido procesado con éxito pero está en espera de su aprobación.</p>", "es_ES": "<p>Su pago ha sido procesado con éxito pero está en espera de su aprobación.</p>"}	{"en_US": "<p>Su pago ha sido autorizado.</p>", "es_ES": "<p>Su pago ha sido autorizado.</p>"}	{"en_US": "<p>Su pago ha sido procesado con éxito.</p>", "es_ES": "<p>Su pago ha sido procesado con éxito.</p>"}	{"en_US": "<p>Su pago ha sido cancelado.</p>", "es_ES": "<p>Su pago ha sido cancelado.</p>"}	\N	\N	\N	\N	\N	2026-04-08 08:34:43.107373	2026-04-08 08:34:43.107373	so_name
9	\N	1	\N	\N	\N	\N	4	396	1	1	none	disabled	{"en_US": "Mollie", "es_ES": "Mollie"}	\N	{"en_US": "<p>Su pago ha sido procesado con éxito pero está en espera de su aprobación.</p>", "es_ES": "<p>Su pago ha sido procesado con éxito pero está en espera de su aprobación.</p>"}	{"en_US": "<p>Su pago ha sido autorizado.</p>", "es_ES": "<p>Su pago ha sido autorizado.</p>"}	{"en_US": "<p>Su pago ha sido procesado con éxito.</p>", "es_ES": "<p>Su pago ha sido procesado con éxito.</p>"}	{"en_US": "<p>Su pago ha sido cancelado.</p>", "es_ES": "<p>Su pago ha sido cancelado.</p>"}	\N	\N	\N	\N	\N	2026-04-08 08:34:43.107373	2026-04-08 08:34:43.107373	so_name
10	\N	1	\N	\N	\N	\N	4	397	1	1	none	disabled	{"en_US": "Nuvei", "es_ES": "Nuvei"}	\N	{"en_US": "<p>Su pago ha sido procesado con éxito pero está en espera de su aprobación.</p>", "es_ES": "<p>Su pago ha sido procesado con éxito pero está en espera de su aprobación.</p>"}	{"en_US": "<p>Su pago ha sido autorizado.</p>", "es_ES": "<p>Su pago ha sido autorizado.</p>"}	{"en_US": "<p>Su pago ha sido procesado con éxito.</p>", "es_ES": "<p>Su pago ha sido procesado con éxito.</p>"}	{"en_US": "<p>Su pago ha sido cancelado.</p>", "es_ES": "<p>Su pago ha sido cancelado.</p>"}	\N	\N	\N	\N	\N	2026-04-08 08:34:43.107373	2026-04-08 08:34:43.107373	so_name
11	\N	1	\N	\N	\N	\N	4	398	1	1	none	disabled	{"en_US": "PayPal", "es_ES": "PayPal"}	\N	{"en_US": "<p>Su pago ha sido procesado con éxito pero está en espera de su aprobación.</p>", "es_ES": "<p>Su pago ha sido procesado con éxito pero está en espera de su aprobación.</p>"}	{"en_US": "<p>Su pago ha sido autorizado.</p>", "es_ES": "<p>Su pago ha sido autorizado.</p>"}	{"en_US": "<p>Su pago ha sido procesado con éxito.</p>", "es_ES": "<p>Su pago ha sido procesado con éxito.</p>"}	{"en_US": "<p>Su pago ha sido cancelado.</p>", "es_ES": "<p>Su pago ha sido cancelado.</p>"}	\N	\N	\N	\N	\N	2026-04-08 08:34:43.107373	2026-04-08 08:34:43.107373	so_name
12	\N	1	\N	\N	\N	\N	4	399	1	1	none	disabled	{"en_US": "Razorpay", "es_ES": "Razorpay"}	\N	{"en_US": "<p>Su pago ha sido procesado con éxito pero está en espera de su aprobación.</p>", "es_ES": "<p>Su pago ha sido procesado con éxito pero está en espera de su aprobación.</p>"}	{"en_US": "<p>Su pago ha sido autorizado.</p>", "es_ES": "<p>Su pago ha sido autorizado.</p>"}	{"en_US": "<p>Su pago ha sido procesado con éxito.</p>", "es_ES": "<p>Su pago ha sido procesado con éxito.</p>"}	{"en_US": "<p>Su pago ha sido cancelado.</p>", "es_ES": "<p>Su pago ha sido cancelado.</p>"}	\N	\N	\N	\N	\N	2026-04-08 08:34:43.107373	2026-04-08 08:34:43.107373	so_name
13	20	1	\N	\N	\N	\N	4	700	1	1	none	disabled	{"en_US": "SEPA Direct Debit", "es_ES": "Domiciliación bancaria SEPA"}	\N	{"en_US": "<p>Su pago ha sido procesado con éxito pero está en espera de su aprobación.</p>", "es_ES": "<p>Su pago ha sido procesado con éxito pero está en espera de su aprobación.</p>"}	{"en_US": "<p>Su pago ha sido autorizado.</p>", "es_ES": "<p>Su pago ha sido autorizado.</p>"}	{"en_US": "<p>Su pago ha sido procesado con éxito.</p>", "es_ES": "<p>Su pago ha sido procesado con éxito.</p>"}	{"en_US": "<p>Su pago ha sido cancelado.</p>", "es_ES": "<p>Su pago ha sido cancelado.</p>"}	\N	\N	\N	\N	\N	2026-04-08 08:34:43.107373	2026-04-08 08:34:43.107373	so_name
14	\N	1	\N	\N	\N	\N	4	401	1	1	none	disabled	{"en_US": "Stripe", "es_ES": "Stripe"}	\N	{"en_US": "<p>Su pago ha sido procesado con éxito pero está en espera de su aprobación.</p>", "es_ES": "<p>Su pago ha sido procesado con éxito pero está en espera de su aprobación.</p>"}	{"en_US": "<p>Su pago ha sido autorizado.</p>", "es_ES": "<p>Su pago ha sido autorizado.</p>"}	{"en_US": "<p>Su pago ha sido procesado con éxito.</p>", "es_ES": "<p>Su pago ha sido procesado con éxito.</p>"}	{"en_US": "<p>Su pago ha sido cancelado.</p>", "es_ES": "<p>Su pago ha sido cancelado.</p>"}	\N	\N	\N	\N	\N	2026-04-08 08:34:43.107373	2026-04-08 08:34:43.107373	so_name
16	\N	1	\N	\N	\N	\N	4	402	1	1	none	disabled	{"en_US": "Worldline", "es_ES": "Worldline"}	\N	{"en_US": "<p>Su pago ha sido procesado con éxito pero está en espera de su aprobación.</p>", "es_ES": "<p>Su pago ha sido procesado con éxito pero está en espera de su aprobación.</p>"}	{"en_US": "<p>Su pago ha sido autorizado.</p>", "es_ES": "<p>Su pago ha sido autorizado.</p>"}	{"en_US": "<p>Su pago ha sido procesado con éxito.</p>", "es_ES": "<p>Su pago ha sido procesado con éxito.</p>"}	{"en_US": "<p>Su pago ha sido cancelado.</p>", "es_ES": "<p>Su pago ha sido cancelado.</p>"}	\N	\N	\N	\N	\N	2026-04-08 08:34:43.107373	2026-04-08 08:34:43.107373	so_name
17	\N	1	\N	\N	\N	\N	4	403	1	1	none	disabled	{"en_US": "Xendit", "es_ES": "Xendit"}	\N	{"en_US": "<p>Su pago ha sido procesado con éxito pero está en espera de su aprobación.</p>", "es_ES": "<p>Su pago ha sido procesado con éxito pero está en espera de su aprobación.</p>"}	{"en_US": "<p>Su pago ha sido autorizado.</p>", "es_ES": "<p>Su pago ha sido autorizado.</p>"}	{"en_US": "<p>Su pago ha sido procesado con éxito.</p>", "es_ES": "<p>Su pago ha sido procesado con éxito.</p>"}	{"en_US": "<p>Su pago ha sido cancelado.</p>", "es_ES": "<p>Su pago ha sido cancelado.</p>"}	\N	\N	\N	\N	\N	2026-04-08 08:34:43.107373	2026-04-08 08:34:43.107373	so_name
\.


--
-- Data for Name: payment_provider_onboarding_wizard; Type: TABLE DATA; Schema: public; Owner: odoo
--

COPY public.payment_provider_onboarding_wizard (id, create_uid, write_uid, payment_method, paypal_email_account, manual_name, journal_name, acc_number, manual_post_msg, create_date, write_date) FROM stdin;
\.


--
-- Data for Name: payment_refund_wizard; Type: TABLE DATA; Schema: public; Owner: odoo
--

COPY public.payment_refund_wizard (id, payment_id, create_uid, write_uid, amount_to_refund, create_date, write_date) FROM stdin;
\.


--
-- Data for Name: payment_token; Type: TABLE DATA; Schema: public; Owner: odoo
--

COPY public.payment_token (id, provider_id, company_id, payment_method_id, partner_id, create_uid, write_uid, payment_details, provider_ref, active, create_date, write_date) FROM stdin;
\.


--
-- Data for Name: payment_transaction; Type: TABLE DATA; Schema: public; Owner: odoo
--

COPY public.payment_transaction (id, provider_id, company_id, payment_method_id, currency_id, token_id, source_transaction_id, partner_id, partner_state_id, partner_country_id, create_uid, write_uid, reference, provider_reference, state, operation, landing_route, partner_name, partner_lang, partner_email, partner_address, partner_zip, partner_city, partner_phone, state_message, amount, is_post_processed, tokenize, last_state_change, create_date, write_date, payment_id) FROM stdin;
\.


--
-- Data for Name: peppol_registration; Type: TABLE DATA; Schema: public; Owner: odoo
--

COPY public.peppol_registration (id, company_id, create_uid, write_uid, smp_registration, create_date, write_date) FROM stdin;
\.


--
-- Data for Name: phone_blacklist; Type: TABLE DATA; Schema: public; Owner: odoo
--

COPY public.phone_blacklist (id, create_uid, write_uid, number, active, create_date, write_date) FROM stdin;
\.


--
-- Data for Name: phone_blacklist_remove; Type: TABLE DATA; Schema: public; Owner: odoo
--

COPY public.phone_blacklist_remove (id, create_uid, write_uid, phone, reason, create_date, write_date) FROM stdin;
\.


--
-- Data for Name: picking_label_type; Type: TABLE DATA; Schema: public; Owner: odoo
--

COPY public.picking_label_type (id, create_uid, write_uid, label_type, create_date, write_date) FROM stdin;
\.


--
-- Data for Name: picking_label_type_stock_picking_rel; Type: TABLE DATA; Schema: public; Owner: odoo
--

COPY public.picking_label_type_stock_picking_rel (picking_label_type_id, stock_picking_id) FROM stdin;
\.


--
-- Data for Name: picking_type_favorite_user_rel; Type: TABLE DATA; Schema: public; Owner: odoo
--

COPY public.picking_type_favorite_user_rel (picking_type_id, user_id) FROM stdin;
\.


--
-- Data for Name: portal_share; Type: TABLE DATA; Schema: public; Owner: odoo
--

COPY public.portal_share (id, res_id, create_uid, write_uid, res_model, note, create_date, write_date) FROM stdin;
\.


--
-- Data for Name: portal_share_res_partner_rel; Type: TABLE DATA; Schema: public; Owner: odoo
--

COPY public.portal_share_res_partner_rel (portal_share_id, res_partner_id) FROM stdin;
\.


--
-- Data for Name: portal_wizard; Type: TABLE DATA; Schema: public; Owner: odoo
--

COPY public.portal_wizard (id, create_uid, write_uid, welcome_message, create_date, write_date) FROM stdin;
\.


--
-- Data for Name: portal_wizard_res_partner_rel; Type: TABLE DATA; Schema: public; Owner: odoo
--

COPY public.portal_wizard_res_partner_rel (portal_wizard_id, res_partner_id) FROM stdin;
\.


--
-- Data for Name: portal_wizard_user; Type: TABLE DATA; Schema: public; Owner: odoo
--

COPY public.portal_wizard_user (id, wizard_id, partner_id, create_uid, write_uid, email, create_date, write_date) FROM stdin;
\.


--
-- Data for Name: privacy_log; Type: TABLE DATA; Schema: public; Owner: odoo
--

COPY public.privacy_log (id, user_id, create_uid, write_uid, anonymized_name, anonymized_email, execution_details, records_description, additional_note, date, create_date, write_date) FROM stdin;
\.


--
-- Data for Name: privacy_lookup_wizard; Type: TABLE DATA; Schema: public; Owner: odoo
--

COPY public.privacy_lookup_wizard (id, log_id, create_uid, write_uid, name, email, execution_details, create_date, write_date) FROM stdin;
\.


--
-- Data for Name: privacy_lookup_wizard_line; Type: TABLE DATA; Schema: public; Owner: odoo
--

COPY public.privacy_lookup_wizard_line (id, wizard_id, res_id, res_model_id, create_uid, write_uid, res_name, res_model, execution_details, has_active, is_active, is_unlinked, create_date, write_date) FROM stdin;
\.


--
-- Data for Name: procurement_group; Type: TABLE DATA; Schema: public; Owner: odoo
--

COPY public.procurement_group (id, partner_id, create_uid, write_uid, name, move_type, create_date, write_date, sale_id) FROM stdin;
1	\N	2	2	WH/RO/00001	\N	2026-04-08 09:14:36.65646	2026-04-08 09:14:36.65646	\N
2	13	2	2	S00002	direct	2026-04-08 09:27:12.897871	2026-04-08 09:27:12.897871	\N
3	21	19	19	S00004	direct	2026-05-05 08:24:31.644831	2026-05-05 08:24:31.644831	4
12	\N	19	19	WH/MO/00001	\N	2026-05-05 08:44:11.949611	2026-05-05 08:44:11.949611	\N
13	19	19	19	S00006	direct	2026-05-05 08:50:32.199193	2026-05-05 08:50:32.199193	6
14	19	19	19	S00007	direct	2026-05-05 09:22:02.816837	2026-05-05 09:22:02.816837	7
\.


--
-- Data for Name: product_attr_exclusion_value_ids_rel; Type: TABLE DATA; Schema: public; Owner: odoo
--

COPY public.product_attr_exclusion_value_ids_rel (product_template_attribute_exclusion_id, product_template_attribute_value_id) FROM stdin;
\.


--
-- Data for Name: product_attribute; Type: TABLE DATA; Schema: public; Owner: odoo
--

COPY public.product_attribute (id, sequence, create_uid, write_uid, create_variant, display_type, name, active, create_date, write_date) FROM stdin;
\.


--
-- Data for Name: product_attribute_custom_value; Type: TABLE DATA; Schema: public; Owner: odoo
--

COPY public.product_attribute_custom_value (id, custom_product_template_attribute_value_id, create_uid, write_uid, custom_value, create_date, write_date, sale_order_line_id) FROM stdin;
\.


--
-- Data for Name: product_attribute_product_template_rel; Type: TABLE DATA; Schema: public; Owner: odoo
--

COPY public.product_attribute_product_template_rel (product_attribute_id, product_template_id) FROM stdin;
\.


--
-- Data for Name: product_attribute_value; Type: TABLE DATA; Schema: public; Owner: odoo
--

COPY public.product_attribute_value (id, sequence, attribute_id, color, create_uid, write_uid, html_color, name, is_custom, active, create_date, write_date, default_extra_price) FROM stdin;
\.


--
-- Data for Name: product_attribute_value_product_template_attribute_line_rel; Type: TABLE DATA; Schema: public; Owner: odoo
--

COPY public.product_attribute_value_product_template_attribute_line_rel (product_attribute_value_id, product_template_attribute_line_id) FROM stdin;
\.


--
-- Data for Name: product_category; Type: TABLE DATA; Schema: public; Owner: odoo
--

COPY public.product_category (id, parent_id, create_uid, write_uid, name, complete_name, parent_path, product_properties_definition, create_date, write_date, property_account_income_categ_id, property_account_expense_categ_id, property_account_downpayment_categ_id, removal_strategy_id, packaging_reserve_method, property_valuation, property_cost_method, property_stock_journal, property_stock_account_input_categ_id, property_stock_account_output_categ_id, property_stock_valuation_account_id, property_stock_account_production_cost_id, property_account_creditor_price_difference_categ) FROM stdin;
1	\N	1	1	All	All	1/	\N	2026-04-08 08:34:36.29858	2026-04-08 08:34:36.29858	\N	\N	\N	\N	partial	\N	\N	\N	\N	\N	\N	\N	\N
2	1	1	1	Saleable	All / Saleable	1/2/	\N	2026-04-08 08:34:36.29858	2026-04-08 08:34:36.29858	\N	\N	\N	\N	partial	\N	\N	\N	\N	\N	\N	\N	\N
3	1	1	1	Expenses	All / Expenses	1/3/	\N	2026-04-08 08:34:36.29858	2026-04-08 08:34:36.29858	\N	\N	\N	\N	partial	\N	\N	\N	\N	\N	\N	\N	\N
\.


--
-- Data for Name: product_combo; Type: TABLE DATA; Schema: public; Owner: odoo
--

COPY public.product_combo (id, sequence, company_id, create_uid, write_uid, name, create_date, write_date) FROM stdin;
\.


--
-- Data for Name: product_combo_item; Type: TABLE DATA; Schema: public; Owner: odoo
--

COPY public.product_combo_item (id, company_id, combo_id, product_id, create_uid, write_uid, extra_price, create_date, write_date) FROM stdin;
\.


--
-- Data for Name: product_combo_product_template_rel; Type: TABLE DATA; Schema: public; Owner: odoo
--

COPY public.product_combo_product_template_rel (product_template_id, product_combo_id) FROM stdin;
\.


--
-- Data for Name: product_document; Type: TABLE DATA; Schema: public; Owner: odoo
--

COPY public.product_document (id, ir_attachment_id, sequence, create_uid, write_uid, active, create_date, write_date, attached_on_sale, attached_on_mrp) FROM stdin;
\.


--
-- Data for Name: product_document_sale_pdf_form_field_rel; Type: TABLE DATA; Schema: public; Owner: odoo
--

COPY public.product_document_sale_pdf_form_field_rel (product_document_id, sale_pdf_form_field_id) FROM stdin;
\.


--
-- Data for Name: product_label_layout; Type: TABLE DATA; Schema: public; Owner: odoo
--

COPY public.product_label_layout (id, custom_quantity, pricelist_id, create_uid, write_uid, print_format, extra_html, create_date, write_date, move_quantity) FROM stdin;
\.


--
-- Data for Name: product_label_layout_product_product_rel; Type: TABLE DATA; Schema: public; Owner: odoo
--

COPY public.product_label_layout_product_product_rel (product_label_layout_id, product_product_id) FROM stdin;
\.


--
-- Data for Name: product_label_layout_product_template_rel; Type: TABLE DATA; Schema: public; Owner: odoo
--

COPY public.product_label_layout_product_template_rel (product_label_layout_id, product_template_id) FROM stdin;
\.


--
-- Data for Name: product_label_layout_stock_move_rel; Type: TABLE DATA; Schema: public; Owner: odoo
--

COPY public.product_label_layout_stock_move_rel (product_label_layout_id, stock_move_id) FROM stdin;
\.


--
-- Data for Name: product_optional_rel; Type: TABLE DATA; Schema: public; Owner: odoo
--

COPY public.product_optional_rel (src_id, dest_id) FROM stdin;
\.


--
-- Data for Name: product_packaging; Type: TABLE DATA; Schema: public; Owner: odoo
--

COPY public.product_packaging (id, sequence, product_id, company_id, create_uid, write_uid, name, barcode, qty, create_date, write_date, sales, package_type_id, purchase) FROM stdin;
\.


--
-- Data for Name: product_pricelist; Type: TABLE DATA; Schema: public; Owner: odoo
--

COPY public.product_pricelist (id, sequence, currency_id, company_id, create_uid, write_uid, name, active, create_date, write_date) FROM stdin;
\.


--
-- Data for Name: product_pricelist_item; Type: TABLE DATA; Schema: public; Owner: odoo
--

COPY public.product_pricelist_item (id, pricelist_id, company_id, currency_id, categ_id, product_tmpl_id, product_id, base_pricelist_id, create_uid, write_uid, applied_on, display_applied_on, base, compute_price, min_quantity, fixed_price, price_discount, price_round, price_surcharge, price_markup, price_min_margin, price_max_margin, date_start, date_end, create_date, write_date, percent_price) FROM stdin;
\.


--
-- Data for Name: product_product; Type: TABLE DATA; Schema: public; Owner: odoo
--

COPY public.product_product (id, product_tmpl_id, create_uid, write_uid, default_code, barcode, combination_indices, standard_price, volume, weight, active, can_image_variant_1024_be_zoomed, write_date, create_date, lot_properties_definition) FROM stdin;
1	1	1	1	DUA21	\N		\N	\N	\N	t	f	2026-04-08 08:35:31.66018	2026-04-08 08:34:56.804345	\N
2	2	1	1	DUA10	\N		\N	\N	\N	t	f	2026-04-08 08:35:31.66018	2026-04-08 08:34:56.804345	\N
4	4	2	2	\N	\N		\N	\N	\N	t	f	2026-04-08 09:26:50.494631	2026-04-08 09:26:50.494631	\N
5	5	19	19	\N	\N		\N	\N	\N	t	f	2026-04-22 10:42:54.347861	2026-04-22 10:42:54.347861	\N
3	3	1	19	DUA4	\N		\N	\N	\N	t	f	2026-04-22 10:44:50.343002	2026-04-08 08:34:56.804345	\N
6	6	19	19	\N	\N		\N	\N	\N	t	f	2026-04-22 10:46:00.589106	2026-04-22 10:46:00.589106	\N
7	7	19	19	\N	\N		\N	\N	\N	t	f	2026-05-05 10:08:02.151598	2026-05-05 08:38:46.969898	\N
\.


--
-- Data for Name: product_product_stock_track_confirmation_rel; Type: TABLE DATA; Schema: public; Owner: odoo
--

COPY public.product_product_stock_track_confirmation_rel (stock_track_confirmation_id, product_product_id) FROM stdin;
\.


--
-- Data for Name: product_removal; Type: TABLE DATA; Schema: public; Owner: odoo
--

COPY public.product_removal (id, create_uid, write_uid, name, method, create_date, write_date) FROM stdin;
1	1	1	{"en_US": "First In First Out (FIFO)", "es_ES": "First In First Out (FIFO)"}	{"en_US": "fifo", "es_ES": "fifo"}	2026-04-08 08:46:08.412603	2026-04-08 08:46:08.412603
2	1	1	{"en_US": "Last In First Out (LIFO)", "es_ES": "Last In First Out (LIFO)"}	{"en_US": "lifo", "es_ES": "lifo"}	2026-04-08 08:46:08.412603	2026-04-08 08:46:08.412603
3	1	1	{"en_US": "Closest Location", "es_ES": "Ubicación más cercana"}	{"en_US": "closest", "es_ES": "más cercano"}	2026-04-08 08:46:08.412603	2026-04-08 08:46:08.412603
4	1	1	{"en_US": "Least Packages", "es_ES": "Menor número de paquetes"}	{"en_US": "least_packages", "es_ES": "least_packages"}	2026-04-08 08:46:08.412603	2026-04-08 08:46:08.412603
\.


--
-- Data for Name: product_replenish; Type: TABLE DATA; Schema: public; Owner: odoo
--

COPY public.product_replenish (id, route_id, product_id, product_tmpl_id, product_uom_id, warehouse_id, company_id, create_uid, write_uid, product_has_variants, date_planned, create_date, write_date, quantity, bom_id, supplier_id) FROM stdin;
\.


--
-- Data for Name: product_supplier_taxes_rel; Type: TABLE DATA; Schema: public; Owner: odoo
--

COPY public.product_supplier_taxes_rel (prod_id, tax_id) FROM stdin;
3	164
2	165
1	166
4	55
5	55
7	55
\.


--
-- Data for Name: product_supplierinfo; Type: TABLE DATA; Schema: public; Owner: odoo
--

COPY public.product_supplierinfo (id, partner_id, sequence, company_id, currency_id, product_id, product_tmpl_id, delay, create_uid, write_uid, product_name, product_code, date_start, date_end, min_qty, price, discount, create_date, write_date) FROM stdin;
\.


--
-- Data for Name: product_supplierinfo_stock_replenishment_info_rel; Type: TABLE DATA; Schema: public; Owner: odoo
--

COPY public.product_supplierinfo_stock_replenishment_info_rel (stock_replenishment_info_id, product_supplierinfo_id) FROM stdin;
\.


--
-- Data for Name: product_tag; Type: TABLE DATA; Schema: public; Owner: odoo
--

COPY public.product_tag (id, sequence, create_uid, write_uid, color, name, create_date, write_date) FROM stdin;
\.


--
-- Data for Name: product_tag_product_product_rel; Type: TABLE DATA; Schema: public; Owner: odoo
--

COPY public.product_tag_product_product_rel (product_product_id, product_tag_id) FROM stdin;
\.


--
-- Data for Name: product_tag_product_template_rel; Type: TABLE DATA; Schema: public; Owner: odoo
--

COPY public.product_tag_product_template_rel (product_template_id, product_tag_id) FROM stdin;
\.


--
-- Data for Name: product_taxes_rel; Type: TABLE DATA; Schema: public; Owner: odoo
--

COPY public.product_taxes_rel (prod_id, tax_id) FROM stdin;
4	53
5	53
7	53
\.


--
-- Data for Name: product_template; Type: TABLE DATA; Schema: public; Owner: odoo
--

COPY public.product_template (id, sequence, categ_id, uom_id, uom_po_id, company_id, color, create_uid, write_uid, type, service_tracking, default_code, name, description, description_purchase, description_sale, product_properties, list_price, volume, weight, sale_ok, purchase_ok, active, can_image_1024_be_zoomed, has_configurable_attributes, is_favorite, create_date, write_date, property_account_income_id, property_account_expense_id, service_type, sale_line_warn, expense_policy, invoice_policy, sale_line_warn_msg, project_id, project_template_id, sale_delay, tracking, responsible_id, property_stock_production, property_stock_inventory, description_picking, description_pickingout, description_pickingin, is_storable, lot_valuated, create_repair, purchase_method, purchase_line_warn, purchase_line_warn_msg, property_account_creditor_price_difference, service_to_purchase) FROM stdin;
2	1	1	1	1	\N	\N	1	1	service	no	DUA10	{"en_US": "DUA VAT Valuation 10%", "es_ES": "DUA Valoración IVA 10 %"}	\N	\N	\N	\N	1.0	0.00	0.00	f	t	t	f	f	\N	2026-04-08 08:34:56.804345	2026-04-14 08:54:03.289914	\N	\N	manual	no-message	no	order	\N	\N	\N	0	none	{"1": 1}	\N	\N	\N	\N	\N	\N	f	\N	purchase	no-message	\N	\N	\N
1	1	1	1	1	\N	\N	1	1	service	no	DUA21	{"en_US": "DUA VAT Valuation 21%", "es_ES": "DUA Valoración IVA 21 %"}	\N	\N	\N	\N	1.0	0.00	0.00	f	t	t	f	f	\N	2026-04-08 08:34:56.804345	2026-04-14 08:54:03.289914	\N	\N	manual	no-message	no	order	\N	\N	\N	0	none	{"1": 1}	\N	\N	\N	\N	\N	\N	f	\N	purchase	no-message	\N	\N	\N
4	1	1	1	1	\N	\N	2	1	consu	no	\N	{"en_US": "lol", "es_ES": "lol"}	\N	\N	\N	\N	0.0	0.00	0.00	t	t	t	f	f	\N	2026-04-08 09:26:50.494631	2026-04-14 08:54:03.289914	\N	\N	manual	no-message	no	order	\N	\N	\N	0	none	{"1": 2}	\N	\N	\N	\N	\N	f	f	\N	receive	no-message	\N	\N	\N
5	1	1	1	1	\N	\N	19	19	consu	no	\N	{"en_US": "h", "es_ES": "h"}	\N	\N	\N	\N	1.0	0.00	0.00	t	t	t	f	f	f	2026-04-22 10:42:54.347861	2026-04-22 10:42:54.347861	\N	\N	manual	no-message	no	order	\N	\N	\N	0	none	{"1": 19}	\N	\N	\N	\N	\N	t	f	f	receive	no-message	\N	\N	\N
3	1	1	1	1	\N	\N	1	19	service	no	DUA4	{"en_US": "DUA VAT Valuation 4%", "es_ES": "DUA Valoración IVA 4 %"}	\N	\N	\N	\N	1.0	0.00	0.00	t	t	t	f	f	\N	2026-04-08 08:34:56.804345	2026-04-22 10:44:50.343002	\N	\N	manual	no-message	no	order	\N	\N	\N	0	none	{"1": 1}	\N	\N	\N	\N	\N	\N	f	\N	purchase	no-message	\N	\N	\N
6	1	1	1	1	\N	\N	19	19	consu	no	\N	{"en_US": "prueba", "es_ES": "prueba"}	\N	\N	\N	\N	1.0	0.00	0.00	t	f	t	f	f	f	2026-04-22 10:46:00.589106	2026-04-22 10:46:00.589106	\N	\N	manual	no-message	no	order	\N	\N	\N	0	none	{"1": 19}	\N	\N	\N	\N	\N	f	f	f	receive	no-message	\N	\N	\N
7	1	1	1	1	\N	\N	19	19	consu	no	\N	{"en_US": "mesa de billar", "es_ES": "mesa de billar"}	\N	\N	\N	\N	0.0	0.00	0.00	t	t	t	f	f	\N	2026-05-05 08:38:46.969898	2026-05-05 10:08:02.151598	\N	\N	manual	no-message	no	order	\N	\N	\N	0	none	{"1": 19}	\N	\N	\N	\N	\N	f	f	\N	receive	no-message	\N	\N	\N
\.


--
-- Data for Name: product_template_attribute_exclusion; Type: TABLE DATA; Schema: public; Owner: odoo
--

COPY public.product_template_attribute_exclusion (id, product_template_attribute_value_id, product_tmpl_id, create_uid, write_uid, create_date, write_date) FROM stdin;
\.


--
-- Data for Name: product_template_attribute_line; Type: TABLE DATA; Schema: public; Owner: odoo
--

COPY public.product_template_attribute_line (id, product_tmpl_id, sequence, attribute_id, value_count, create_uid, write_uid, active, create_date, write_date) FROM stdin;
\.


--
-- Data for Name: product_template_attribute_value; Type: TABLE DATA; Schema: public; Owner: odoo
--

COPY public.product_template_attribute_value (id, product_attribute_value_id, attribute_line_id, product_tmpl_id, attribute_id, color, create_uid, write_uid, price_extra, ptav_active, create_date, write_date) FROM stdin;
\.


--
-- Data for Name: product_template_attribute_value_purchase_order_line_rel; Type: TABLE DATA; Schema: public; Owner: odoo
--

COPY public.product_template_attribute_value_purchase_order_line_rel (purchase_order_line_id, product_template_attribute_value_id) FROM stdin;
\.


--
-- Data for Name: product_template_attribute_value_sale_order_line_rel; Type: TABLE DATA; Schema: public; Owner: odoo
--

COPY public.product_template_attribute_value_sale_order_line_rel (sale_order_line_id, product_template_attribute_value_id) FROM stdin;
\.


--
-- Data for Name: product_variant_combination; Type: TABLE DATA; Schema: public; Owner: odoo
--

COPY public.product_variant_combination (product_product_id, product_template_attribute_value_id) FROM stdin;
\.


--
-- Data for Name: project_collaborator; Type: TABLE DATA; Schema: public; Owner: odoo
--

COPY public.project_collaborator (id, project_id, partner_id, create_uid, write_uid, limited_access, create_date, write_date) FROM stdin;
\.


--
-- Data for Name: project_favorite_user_rel; Type: TABLE DATA; Schema: public; Owner: odoo
--

COPY public.project_favorite_user_rel (project_id, user_id) FROM stdin;
\.


--
-- Data for Name: project_milestone; Type: TABLE DATA; Schema: public; Owner: odoo
--

COPY public.project_milestone (id, project_id, create_uid, write_uid, name, deadline, reached_date, is_reached, create_date, write_date, sale_line_id, quantity_percentage) FROM stdin;
\.


--
-- Data for Name: project_project; Type: TABLE DATA; Schema: public; Owner: odoo
--

COPY public.project_project (id, account_id, alias_id, sequence, partner_id, company_id, color, user_id, stage_id, last_update_id, create_uid, write_uid, access_token, privacy_visibility, rating_status, rating_status_period, last_update_status, date_start, date, name, label_tasks, task_properties_definition, description, active, allow_task_dependencies, allow_milestones, rating_active, rating_request_deadline, create_date, write_date, sale_line_id, reinvoiced_sale_order_id, allow_billable) FROM stdin;
\.


--
-- Data for Name: project_project_project_tags_rel; Type: TABLE DATA; Schema: public; Owner: odoo
--

COPY public.project_project_project_tags_rel (project_project_id, project_tags_id) FROM stdin;
\.


--
-- Data for Name: project_project_project_task_type_delete_wizard_rel; Type: TABLE DATA; Schema: public; Owner: odoo
--

COPY public.project_project_project_task_type_delete_wizard_rel (project_task_type_delete_wizard_id, project_project_id) FROM stdin;
\.


--
-- Data for Name: project_project_stage; Type: TABLE DATA; Schema: public; Owner: odoo
--

COPY public.project_project_stage (id, sequence, mail_template_id, company_id, create_uid, write_uid, name, active, fold, create_date, write_date, sms_template_id) FROM stdin;
1	10	\N	\N	1	1	{"en_US": "To Do", "es_ES": "Pendiente"}	t	\N	2026-04-08 08:35:22.624638	2026-04-08 08:35:22.624638	\N
2	15	\N	\N	1	1	{"en_US": "In Progress", "es_ES": "En proceso"}	t	\N	2026-04-08 08:35:22.624638	2026-04-08 08:35:22.624638	\N
3	20	\N	\N	1	1	{"en_US": "Done", "es_ES": "Hecho"}	t	t	2026-04-08 08:35:22.624638	2026-04-08 08:35:22.624638	\N
4	25	\N	\N	1	1	{"en_US": "Cancelled", "es_ES": "Cancelado"}	t	t	2026-04-08 08:35:22.624638	2026-04-08 08:35:22.624638	\N
\.


--
-- Data for Name: project_project_stage_delete_wizard; Type: TABLE DATA; Schema: public; Owner: odoo
--

COPY public.project_project_stage_delete_wizard (id, create_uid, write_uid, create_date, write_date) FROM stdin;
\.


--
-- Data for Name: project_project_stage_project_project_stage_delete_wizard_rel; Type: TABLE DATA; Schema: public; Owner: odoo
--

COPY public.project_project_stage_project_project_stage_delete_wizard_rel (project_project_stage_delete_wizard_id, project_project_stage_id) FROM stdin;
\.


--
-- Data for Name: project_share_collaborator_wizard; Type: TABLE DATA; Schema: public; Owner: odoo
--

COPY public.project_share_collaborator_wizard (id, parent_wizard_id, partner_id, create_uid, write_uid, access_mode, send_invitation, create_date, write_date) FROM stdin;
\.


--
-- Data for Name: project_share_wizard; Type: TABLE DATA; Schema: public; Owner: odoo
--

COPY public.project_share_wizard (id, res_id, create_uid, write_uid, res_model, note, create_date, write_date) FROM stdin;
\.


--
-- Data for Name: project_share_wizard_res_partner_rel; Type: TABLE DATA; Schema: public; Owner: odoo
--

COPY public.project_share_wizard_res_partner_rel (project_share_wizard_id, res_partner_id) FROM stdin;
\.


--
-- Data for Name: project_tags; Type: TABLE DATA; Schema: public; Owner: odoo
--

COPY public.project_tags (id, color, create_uid, write_uid, name, create_date, write_date) FROM stdin;
\.


--
-- Data for Name: project_tags_project_task_rel; Type: TABLE DATA; Schema: public; Owner: odoo
--

COPY public.project_tags_project_task_rel (project_task_id, project_tags_id) FROM stdin;
\.


--
-- Data for Name: project_task; Type: TABLE DATA; Schema: public; Owner: odoo
--

COPY public.project_task (id, sequence, stage_id, project_id, partner_id, company_id, color, displayed_image_id, parent_id, milestone_id, recurrence_id, create_uid, write_uid, email_cc, access_token, name, priority, state, html_field_history, task_properties, description, working_hours_open, working_hours_close, active, display_in_project, recurring_task, create_date, write_date, date_end, date_assign, date_deadline, date_last_stage_update, rating_last_value, allocated_hours, working_days_open, working_days_close, sale_order_id, sale_line_id) FROM stdin;
\.


--
-- Data for Name: project_task_recurrence; Type: TABLE DATA; Schema: public; Owner: odoo
--

COPY public.project_task_recurrence (id, repeat_interval, create_uid, write_uid, repeat_unit, repeat_type, repeat_until, create_date, write_date) FROM stdin;
\.


--
-- Data for Name: project_task_type; Type: TABLE DATA; Schema: public; Owner: odoo
--

COPY public.project_task_type (id, sequence, mail_template_id, rating_template_id, user_id, create_uid, write_uid, name, active, fold, auto_validation_state, create_date, write_date, sms_template_id) FROM stdin;
\.


--
-- Data for Name: project_task_type_delete_wizard; Type: TABLE DATA; Schema: public; Owner: odoo
--

COPY public.project_task_type_delete_wizard (id, create_uid, write_uid, create_date, write_date) FROM stdin;
\.


--
-- Data for Name: project_task_type_project_task_type_delete_wizard_rel; Type: TABLE DATA; Schema: public; Owner: odoo
--

COPY public.project_task_type_project_task_type_delete_wizard_rel (project_task_type_delete_wizard_id, project_task_type_id) FROM stdin;
\.


--
-- Data for Name: project_task_type_rel; Type: TABLE DATA; Schema: public; Owner: odoo
--

COPY public.project_task_type_rel (project_id, type_id) FROM stdin;
\.


--
-- Data for Name: project_task_user_rel; Type: TABLE DATA; Schema: public; Owner: odoo
--

COPY public.project_task_user_rel (id, task_id, user_id, stage_id, create_uid, write_uid, create_date, write_date) FROM stdin;
\.


--
-- Data for Name: project_update; Type: TABLE DATA; Schema: public; Owner: odoo
--

COPY public.project_update (id, progress, user_id, project_id, task_count, closed_task_count, create_uid, write_uid, email_cc, name, status, date, description, create_date, write_date) FROM stdin;
\.


--
-- Data for Name: purchase_order; Type: TABLE DATA; Schema: public; Owner: odoo
--

COPY public.purchase_order (id, partner_id, dest_address_id, currency_id, invoice_count, fiscal_position_id, payment_term_id, incoterm_id, user_id, company_id, create_uid, write_uid, access_token, name, priority, origin, partner_ref, state, invoice_status, notes, amount_untaxed, amount_tax, amount_total, amount_total_cc, currency_rate, mail_reminder_confirmed, mail_reception_confirmed, mail_reception_declined, date_order, date_approve, date_planned, date_calendar_start, create_date, write_date, project_id, picking_type_id, group_id, incoterm_location, receipt_status, effective_date) FROM stdin;
\.


--
-- Data for Name: purchase_order_line; Type: TABLE DATA; Schema: public; Owner: odoo
--

COPY public.purchase_order_line (id, sequence, product_uom, product_id, order_id, company_id, partner_id, currency_id, product_packaging_id, create_uid, write_uid, state, qty_received_method, display_type, analytic_distribution, name, product_qty, discount, price_unit, price_subtotal, price_total, qty_invoiced, qty_received, qty_received_manual, qty_to_invoice, is_downpayment, date_planned, create_date, write_date, product_uom_qty, price_tax, product_packaging_qty, orderpoint_id, location_final_id, group_id, product_description_variants, propagate_cancel, sale_order_id, sale_line_id) FROM stdin;
\.


--
-- Data for Name: purchase_order_stock_picking_rel; Type: TABLE DATA; Schema: public; Owner: odoo
--

COPY public.purchase_order_stock_picking_rel (purchase_order_id, stock_picking_id) FROM stdin;
\.


--
-- Data for Name: quotation_document; Type: TABLE DATA; Schema: public; Owner: odoo
--

COPY public.quotation_document (id, ir_attachment_id, sequence, create_uid, write_uid, document_type, active, create_date, write_date) FROM stdin;
\.


--
-- Data for Name: quotation_document_sale_order_rel; Type: TABLE DATA; Schema: public; Owner: odoo
--

COPY public.quotation_document_sale_order_rel (sale_order_id, quotation_document_id) FROM stdin;
\.


--
-- Data for Name: quotation_document_sale_pdf_form_field_rel; Type: TABLE DATA; Schema: public; Owner: odoo
--

COPY public.quotation_document_sale_pdf_form_field_rel (quotation_document_id, sale_pdf_form_field_id) FROM stdin;
\.


--
-- Data for Name: rating_rating; Type: TABLE DATA; Schema: public; Owner: odoo
--

COPY public.rating_rating (id, res_model_id, res_id, parent_res_model_id, parent_res_id, rated_partner_id, partner_id, message_id, create_uid, write_uid, res_name, res_model, parent_res_name, parent_res_model, rating_text, access_token, feedback, is_internal, consumed, create_date, write_date, rating, publisher_id, publisher_comment, publisher_datetime) FROM stdin;
\.


--
-- Data for Name: rel_badge_auth_users; Type: TABLE DATA; Schema: public; Owner: odoo
--

COPY public.rel_badge_auth_users (gamification_badge_id, res_users_id) FROM stdin;
\.


--
-- Data for Name: rel_modules_langexport; Type: TABLE DATA; Schema: public; Owner: odoo
--

COPY public.rel_modules_langexport (wiz_id, module_id) FROM stdin;
\.


--
-- Data for Name: rel_server_actions; Type: TABLE DATA; Schema: public; Owner: odoo
--

COPY public.rel_server_actions (server_id, action_id) FROM stdin;
\.


--
-- Data for Name: repair_order; Type: TABLE DATA; Schema: public; Owner: odoo
--

COPY public.repair_order (id, company_id, partner_id, user_id, move_id, product_id, product_uom, lot_id, picking_type_id, procurement_group_id, location_id, product_location_src_id, product_location_dest_id, location_dest_id, parts_location_id, recycle_location_id, sale_order_id, sale_order_line_id, picking_id, create_uid, write_uid, name, state, priority, repair_properties, internal_notes, product_qty, under_warranty, is_parts_available, is_parts_late, schedule_date, create_date, write_date) FROM stdin;
1	1	\N	2	\N	\N	\N	\N	9	1	8	8	8	15	16	8	\N	\N	\N	2	2	WH/RO/00001	draft	0	\N	\N	1.00	f	f	f	2026-04-08 09:13:52	2026-04-08 09:14:36.65646	2026-04-08 09:14:36.65646
\.


--
-- Data for Name: repair_order_repair_tags_rel; Type: TABLE DATA; Schema: public; Owner: odoo
--

COPY public.repair_order_repair_tags_rel (repair_order_id, repair_tags_id) FROM stdin;
\.


--
-- Data for Name: repair_tags; Type: TABLE DATA; Schema: public; Owner: odoo
--

COPY public.repair_tags (id, color, create_uid, write_uid, name, create_date, write_date) FROM stdin;
\.


--
-- Data for Name: report_layout; Type: TABLE DATA; Schema: public; Owner: odoo
--

COPY public.report_layout (id, view_id, sequence, create_uid, write_uid, image, pdf, name, create_date, write_date) FROM stdin;
1	201	5	1	1	\N	\N	Striped	2026-04-08 08:31:43.707203	2026-04-08 08:31:43.707203
2	204	2	1	1	\N	\N	Light	2026-04-08 08:31:43.707203	2026-04-08 08:31:43.707203
3	202	3	1	1	\N	\N	Boxed	2026-04-08 08:31:43.707203	2026-04-08 08:31:43.707203
4	203	4	1	1	\N	\N	Bold	2026-04-08 08:31:43.707203	2026-04-08 08:31:43.707203
5	207	6	1	1	\N	\N	Bubble	2026-04-08 08:31:43.707203	2026-04-08 08:31:43.707203
6	206	7	1	1	\N	\N	Wave	2026-04-08 08:31:43.707203	2026-04-08 08:31:43.707203
7	205	8	1	1	\N	\N	Folder	2026-04-08 08:31:43.707203	2026-04-08 08:31:43.707203
\.


--
-- Data for Name: report_paperformat; Type: TABLE DATA; Schema: public; Owner: odoo
--

COPY public.report_paperformat (id, page_height, page_width, header_spacing, dpi, create_uid, write_uid, name, format, orientation, "default", header_line, disable_shrinking, css_margins, create_date, write_date, margin_top, margin_bottom, margin_left, margin_right) FROM stdin;
1	0	0	52	90	1	1	A4	A4	Portrait	t	f	\N	t	2026-04-08 08:31:35.16841	2026-04-08 08:31:35.16841	52	32	0	0
2	0	0	52	90	1	1	US Letter	Letter	Portrait	t	f	\N	t	2026-04-08 08:31:35.16841	2026-04-08 08:31:35.16841	52	32	0	0
3	0	0	15	90	1	1	US Batch Deposit	Letter	Portrait	f	f	\N	f	2026-04-08 08:31:35.16841	2026-04-08 08:31:35.16841	15	30	10	10
4	0	0	35	96	1	1	A4 Label Sheet	A4	Portrait	t	f	t	f	2026-04-08 08:34:36.29858	2026-04-08 08:34:36.29858	0	0	0	0
5	57	32	35	96	1	1	Dymo Label Sheet	custom	Landscape	t	f	t	f	2026-04-08 08:34:36.29858	2026-04-08 08:34:36.29858	0	0	0	0
6	0	0	52	90	1	1	A4 - statement	A4	Portrait	t	f	\N	t	2026-04-08 08:34:46.340378	2026-04-08 08:34:46.340378	52	32	0	0
10	0	0	35	96	1	1	Badge(s)	A4	Portrait	t	f	t	f	2026-04-08 08:50:55.821924	2026-04-08 08:50:55.821924	5	0	0	0
11	0	0	20	90	1	1	Resume	A4	Portrait	t	f	\N	f	2026-04-08 08:51:03.454743	2026-04-08 08:51:03.454743	12	12	5	5
\.


--
-- Data for Name: res_bank; Type: TABLE DATA; Schema: public; Owner: odoo
--

COPY public.res_bank (id, state, country, create_uid, write_uid, name, street, street2, zip, city, email, phone, bic, active, create_date, write_date) FROM stdin;
1	\N	\N	1	1	Reserve	\N	\N	\N	\N	\N	\N	\N	f	2026-04-08 08:31:35.16841	2026-04-08 08:31:35.16841
\.


--
-- Data for Name: res_company; Type: TABLE DATA; Schema: public; Owner: odoo
--

COPY public.res_company (id, name, partner_id, currency_id, sequence, create_date, parent_path, parent_id, paperformat_id, external_report_layout_id, create_uid, write_uid, email, phone, mobile, font, primary_color, secondary_color, layout_background, report_header, report_footer, company_details, active, uses_default_logo, write_date, logo_web, resource_calendar_id, alias_domain_id, alias_domain_name, email_primary_color, email_secondary_color, partner_gid, iap_enrich_auto_done, snailmail_color, snailmail_cover, snailmail_duplex, payment_onboarding_payment_method, fiscalyear_last_day, transfer_account_id, default_cash_difference_income_account_id, default_cash_difference_expense_account_id, account_journal_suspense_account_id, account_journal_early_pay_discount_gain_account_id, account_journal_early_pay_discount_loss_account_id, account_sale_tax_id, account_purchase_tax_id, currency_exchange_journal_id, income_currency_exchange_account_id, expense_currency_exchange_account_id, incoterm_id, batch_payment_sequence_id, account_opening_move_id, account_default_pos_receivable_account_id, expense_accrual_account_id, revenue_accrual_account_id, automatic_entry_default_journal_id, account_fiscal_country_id, tax_cash_basis_journal_id, account_cash_basis_base_account_id, account_discount_income_allocation_id, account_discount_expense_allocation_id, fiscalyear_last_month, chart_template, bank_account_code_prefix, cash_account_code_prefix, transfer_account_code_prefix, tax_calculation_rounding_method, terms_type, quick_edit_mode, account_price_include, fiscalyear_lock_date, tax_lock_date, sale_lock_date, purchase_lock_date, hard_lock_date, account_opening_date, invoice_terms, invoice_terms_html, expects_chart_of_accounts, anglo_saxon_accounting, qr_code, display_invoice_amount_total_words, display_invoice_tax_company_currency, account_use_credit_limit, tax_exigibility, account_storno, check_account_audit_trail, autopost_bills, vat_check_vies, peppol_purchase_journal_id, account_peppol_contact_email, account_peppol_migration_key, account_peppol_phone_number, account_peppol_proxy_state, l10n_es_simplified_invoice_limit, quotation_validity_days, sale_discount_product_id, sale_onboarding_payment_method, portal_confirmation_sign, portal_confirmation_pay, prepayment_percent, sale_order_template_id, social_twitter, social_facebook, social_github, social_linkedin, social_youtube, social_instagram, social_tiktok, nomenclature_id, internal_transit_location_id, stock_mail_confirmation_template_id, annual_inventory_day, annual_inventory_month, stock_move_email_validation, account_production_wip_account_id, account_production_wip_overhead_account_id, stock_sms_confirmation_template_id, stock_move_sms_validation, has_received_warning_stock_sms, security_lead, hr_presence_control_email_amount, hr_presence_control_ip_list, employee_properties_definition, hr_presence_control_login, hr_presence_control_email, hr_presence_control_ip, hr_presence_control_attendance, manufacturing_lead, po_lock, po_double_validation, po_double_validation_amount, po_lead, days_to_purchase) FROM stdin;
1	RELSUM HEREDEROS SL.	1	126	0	2026-04-08 08:31:34.392663	1/	\N	1	\N	\N	2	relsum.dosa@gmail.com		\N	Lato	\N	\N	Blank	\N	\N	\N	t	f	2026-05-05 09:53:50.236	\\x[encoded data, 42984 characters]	1	\N	\N	#fafafa	#0aa1c7	\N	t	t	\N	\N	\N	31	635	557	439	334	491	352	53	55	4	548	431	\N	1	\N	189	\N	\N	\N	68	5	\N	\N	\N	12	es_pymes	572	570	57299	round_per_line	plain	\N	tax_excluded	\N	\N	\N	\N	\N	2026-01-01	\N	\N	t	f	\N	\N	t	\N	\N	\N	\N	t	\N	\N	relsum.dosa@gmail.com	\N		not_registered	400	30	\N	\N	t	\N	1	\N	\N	\N	\N	\N	\N	\N	\N	1	13	29	31	12	\N	\N	\N	2	t	\N	0	\N	\N	[{"name": "ee3a5743ba66e0cb", "type": "char", "string": "Propiedad 1"}, {"name": "1b026227b1ae386c", "type": "char", "string": "Propiedad 2"}, {"name": "aa681d55aa93b3f6", "type": "char", "string": "Propiedad 3"}, {"name": "e6afed9523ad992a", "type": "char", "string": "Propiedad 4"}, {"name": "9eb6fd430c341eb8", "type": "char", "string": "Propiedad 5"}]	t	\N	\N	f	0	edit	one_step	5000.0	0	\N
\.


--
-- Data for Name: res_company_users_rel; Type: TABLE DATA; Schema: public; Owner: odoo
--

COPY public.res_company_users_rel (cid, user_id) FROM stdin;
1	1
1	2
1	3
1	4
1	5
1	6
1	7
1	8
1	11
1	13
1	14
1	15
1	16
1	17
1	18
1	19
1	20
1	21
1	22
1	23
1	24
1	25
1	27
1	46
1	47
1	48
\.


--
-- Data for Name: res_config; Type: TABLE DATA; Schema: public; Owner: odoo
--

COPY public.res_config (id, create_uid, write_uid, create_date, write_date) FROM stdin;
\.


--
-- Data for Name: res_config_settings; Type: TABLE DATA; Schema: public; Owner: odoo
--

COPY public.res_config_settings (id, create_uid, write_uid, create_date, write_date, web_app_name, company_id, user_default_rights, module_base_import, module_google_calendar, module_microsoft_calendar, module_mail_plugin, module_auth_oauth, module_auth_ldap, module_account_inter_company_rules, module_voip, module_web_unsplash, module_sms, module_partner_autocomplete, module_base_geolocalize, module_google_recaptcha, module_website_cf_turnstile, group_multi_currency, show_effect, module_product_images, profiling_enabled_until, unsplash_access_key, unsplash_app_id, tenor_gif_limit, twilio_account_sid, twilio_account_token, sfu_server_url, sfu_server_key, tenor_api_key, tenor_content_filter, google_translate_api_key, external_email_server_default, module_google_gmail, module_microsoft_outlook, restrict_template_rendering, use_twilio_rtc_servers, group_analytic_accounting, auth_signup_template_user_id, auth_signup_uninvited, auth_signup_reset_password, google_gmail_client_identifier, google_gmail_client_secret, product_weight_in_lbs, product_volume_volume_in_cubic_feet, group_uom, group_product_variant, module_loyalty, group_stock_packaging, group_product_pricelist, digest_id, digest_emails, chart_template, module_account_accountant, group_warning_account, group_cash_rounding, group_show_sale_receipts, group_show_purchase_receipts, module_account_budget, module_account_payment, module_account_reports, module_account_check_printing, module_account_batch_payment, module_account_iso20022, module_account_sepa_direct_debit, module_account_bank_statement_import_qif, module_account_bank_statement_import_ofx, module_account_bank_statement_import_csv, module_account_bank_statement_import_camt, module_currency_rate_live, module_account_intrastat, module_product_margin, module_l10n_eu_oss, module_account_extract, module_account_invoice_extract, module_account_bank_statement_extract, module_snailmail_account, module_account_peppol, use_invoice_terms, group_sale_delivery_address, pay_invoices_online, invoice_mail_template_id, default_invoice_policy, group_auto_done_setting, group_discount_per_so_line, group_proforma_sales, group_warning_sale, automatic_invoice, module_delivery, module_delivery_bpost, module_delivery_dhl, module_delivery_easypost, module_delivery_fedex, module_delivery_sendcloud, module_delivery_shiprocket, module_delivery_ups, module_delivery_usps, module_delivery_starshipit, module_product_email_template, module_sale_amazon, module_sale_loyalty, module_sale_margin, module_sale_product_matrix, module_sale_pdf_quote_builder, module_sale_commission, group_sale_order_template, module_hr_timesheet, group_project_rating, group_project_stages, group_project_recurring_tasks, group_project_task_dependencies, group_project_milestone, crm_auto_assignment_interval_number, crm_auto_assignment_action, crm_auto_assignment_interval_type, lead_enrich_auto, predictive_lead_scoring_start_date_str, predictive_lead_scoring_fields_str, group_use_lead, group_use_recurring_revenues, is_membership_multi, crm_use_auto_assignment, module_crm_iap_mine, module_crm_iap_enrich, module_website_crm_iap_reveal, lead_mining_in_pipeline, crm_auto_assignment_run_datetime, barcode_separator, module_product_expiry, group_stock_production_lot, group_stock_lot_print_gs1, group_lot_on_delivery_slip, group_stock_tracking_lot, group_stock_tracking_owner, group_stock_adv_location, group_warning_stock, group_stock_sign_delivery, module_stock_picking_batch, module_stock_barcode, module_stock_barcode_barcodelookup, module_stock_sms, module_quality_control, module_quality_control_worksheet, group_stock_multi_locations, group_stock_reception_report, module_stock_dropshipping, module_stock_fleet, module_stock_landed_costs, group_lot_on_invoice, group_stock_accounting_automatic, default_picking_policy, use_security_lead, module_hr_presence, module_hr_skills, module_hr_homeworking, hr_employee_self_edit, use_manufacturing_lead, group_mrp_byproducts, module_mrp_mps, module_mrp_plm, module_mrp_subcontracting, group_mrp_routings, group_unlocked_by_default, group_mrp_reception_report, group_mrp_workorder_dependencies, default_purchase_method, lock_confirmed_po, po_order_approval, group_warning_purchase, module_account_3way_match, module_purchase_requisition, module_purchase_product_matrix, use_po_lead, group_send_reminder, is_installed_sale, module_maintenance_worksheet) FROM stdin;
103	6	6	2026-05-05 08:28:31.337953	2026-05-05 08:28:31.337953	\N	1	t	t	f	f	f	f	f	\N	f	t	t	t	f	f	f	t	t	f	\N	\N	\N	8	\N	\N	\N	\N	\N	low	\N	f	t	f	t	f	f	5	b2c	t	\N	\N	0	0	f	f	f	f	f	1	t	es_pymes	\N	f	f	f	f	\N	t	\N	f	f	f	f	\N	\N	\N	\N	f	f	f	f	f	f	f	t	t	f	f	t	7	order	f	f	f	f	f	f	f	\N	f	\N	f	f	\N	\N	f	f	f	f	f	f	t	f	f	f	f	f	f	f	f	1	manual	days	auto	2026-03-31	phone_state,email_state	f	f	f	f	t	t	f	f	2026-05-06 08:28:28	,	f	f	f	f	f	f	f	f	f	f	f	f	t	f	f	f	f	f	f	f	f	f	direct	f	f	t	f	f	f	f	f	f	f	f	f	f	f	receive	f	f	f	f	f	f	f	t	t	f
104	6	6	2026-05-05 09:12:42.001397	2026-05-05 09:12:42.001397	\N	1	t	t	f	f	f	f	f	\N	f	t	t	t	f	f	f	t	t	f	\N	\N	\N	8	\N	\N	\N	\N	\N	low	\N	f	t	f	t	f	f	5	b2c	t	\N	\N	0	0	f	f	f	f	f	1	t	es_pymes	\N	f	f	f	f	\N	t	\N	f	f	f	f	\N	\N	\N	\N	f	f	f	f	f	f	f	t	t	f	f	t	7	order	f	f	f	f	f	f	f	\N	f	\N	f	f	\N	\N	f	f	f	f	f	f	t	f	f	f	f	f	f	f	f	1	manual	days	auto	2026-03-31	phone_state,email_state	f	f	f	f	t	t	f	f	2026-05-06 09:12:40	,	f	f	f	f	f	f	f	f	f	f	f	f	t	f	f	f	f	f	f	f	f	f	direct	f	f	t	f	f	f	f	f	f	f	f	f	f	f	receive	f	f	f	f	f	f	f	t	t	f
105	2	2	2026-05-05 09:53:50.236	2026-05-05 09:53:50.236	\N	1	t	t	f	f	f	f	f	\N	f	t	t	t	f	f	f	t	t	f	\N	\N	\N	8	\N	\N	\N	\N	\N	low	\N	f	t	f	t	f	f	5	b2c	t	\N	\N	0	0	f	f	f	f	f	1	t	es_pymes	\N	f	f	f	f	\N	t	\N	f	f	f	f	\N	\N	\N	\N	f	f	f	f	f	f	f	t	t	f	f	t	7	order	f	f	f	f	f	f	f	\N	f	\N	f	f	\N	\N	f	f	f	f	f	f	t	f	f	f	f	f	f	f	f	1	manual	days	auto	2026-03-31	phone_state,email_state	f	f	f	f	t	t	f	f	2026-05-06 09:53:48	,	f	f	f	f	f	f	f	f	f	f	f	f	t	f	f	f	f	f	f	f	f	f	direct	f	f	t	f	f	f	f	f	f	f	f	f	f	f	receive	f	f	f	f	f	f	f	t	t	f
\.


--
-- Data for Name: res_country; Type: TABLE DATA; Schema: public; Owner: odoo
--

COPY public.res_country (id, address_view_id, currency_id, phone_code, create_uid, write_uid, code, name_position, name, vat_label, address_format, state_required, zip_required, create_date, write_date) FROM stdin;
2	\N	129	971	1	1	AE	before	{"en_US": "United Arab Emirates", "es_ES": "Emiratos Árabes Unidos"}	\N	%(street)s\n%(street2)s\n%(city)s %(state_code)s %(zip)s\n%(country_name)s	f	t	2026-04-08 08:31:35.16841	2026-04-08 08:31:35.16841
14	\N	51	297	1	1	AW	before	{"en_US": "Aruba", "es_ES": "Aruba"}	\N	%(street)s\n%(street2)s\n%(city)s %(state_code)s %(zip)s\n%(country_name)s	f	t	2026-04-08 08:31:35.16841	2026-04-08 08:31:35.16841
16	\N	52	994	1	1	AZ	before	{"en_US": "Azerbaijan", "es_ES": "Azerbaiyán"}	\N	%(street)s\n%(street2)s\n%(city)s %(state_code)s %(zip)s\n%(country_name)s	f	t	2026-04-08 08:31:35.16841	2026-04-08 08:31:35.16841
17	\N	63	387	1	1	BA	before	{"en_US": "Bosnia and Herzegovina", "es_ES": "Bosnia y Herzegovina"}	\N	%(street)s\n%(street2)s\n%(city)s %(state_code)s %(zip)s\n%(country_name)s	f	t	2026-04-08 08:31:35.16841	2026-04-08 08:31:35.16841
18	\N	56	1246	1	1	BB	before	{"en_US": "Barbados", "es_ES": "Barbados"}	\N	%(street)s\n%(street2)s\n%(city)s %(state_code)s %(zip)s\n%(country_name)s	f	t	2026-04-08 08:31:35.16841	2026-04-08 08:31:35.16841
19	\N	55	880	1	1	BD	before	{"en_US": "Bangladesh", "es_ES": "Bangladés"}	\N	%(street)s\n%(street2)s\n%(city)s %(state_code)s %(zip)s\n%(country_name)s	f	t	2026-04-08 08:31:35.16841	2026-04-08 08:31:35.16841
20	\N	126	32	1	1	BE	before	{"en_US": "Belgium", "es_ES": "Bélgica"}	{"en_US": "VAT", "es_ES": "NIF"}	%(street)s\n%(street2)s\n%(zip)s %(city)s\n%(country_name)s	f	t	2026-04-08 08:31:35.16841	2026-04-08 08:31:35.16841
21	\N	41	226	1	1	BF	before	{"en_US": "Burkina Faso", "es_ES": "Burkina Faso"}	\N	%(street)s\n%(street2)s\n%(city)s %(state_code)s %(zip)s\n%(country_name)s	f	t	2026-04-08 08:31:35.16841	2026-04-08 08:31:35.16841
22	\N	126	359	1	1	BG	before	{"en_US": "Bulgaria", "es_ES": "Bulgaria"}	{"en_US": "VAT", "es_ES": "NIF"}	%(street)s\n%(street2)s\n%(city)s %(state_code)s %(zip)s\n%(country_name)s	f	t	2026-04-08 08:31:35.16841	2026-04-08 08:31:35.16841
23	\N	54	973	1	1	BH	before	{"en_US": "Bahrain", "es_ES": "Baréin"}	\N	%(street)s\n%(street2)s\n%(city)s %(state_code)s %(zip)s\n%(country_name)s	f	t	2026-04-08 08:31:35.16841	2026-04-08 08:31:35.16841
24	\N	65	257	1	1	BI	before	{"en_US": "Burundi", "es_ES": "Burundi"}	\N	%(street)s\n%(street2)s\n%(city)s %(state_code)s %(zip)s\n%(country_name)s	f	t	2026-04-08 08:31:35.16841	2026-04-08 08:31:35.16841
25	\N	41	229	1	1	BJ	before	{"en_US": "Benin", "es_ES": "Benín"}	\N	%(street)s\n%(street2)s\n%(city)s %(state_code)s %(zip)s\n%(country_name)s	f	f	2026-04-08 08:31:35.16841	2026-04-08 08:31:35.16841
26	\N	126	590	1	1	BL	before	{"en_US": "Saint Barthélémy", "es_ES": "San Bartolomé"}	\N	%(street)s\n%(street2)s\n%(city)s %(state_code)s %(zip)s\n%(country_name)s	f	t	2026-04-08 08:31:35.16841	2026-04-08 08:31:35.16841
27	\N	60	1441	1	1	BM	before	{"en_US": "Bermuda", "es_ES": "Bermudas"}	\N	%(street)s\n%(street2)s\n%(city)s %(state_code)s %(zip)s\n%(country_name)s	f	t	2026-04-08 08:31:35.16841	2026-04-08 08:31:35.16841
28	\N	111	673	1	1	BN	before	{"en_US": "Brunei Darussalam", "es_ES": "Brunei Darussalam"}	\N	%(street)s\n%(street2)s\n%(city)s %(zip)s\n%(country_name)s	f	t	2026-04-08 08:31:35.16841	2026-04-08 08:31:35.16841
29	\N	62	591	1	1	BO	before	{"en_US": "Bolivia", "es_ES": "Bolivia"}	\N	%(street)s\n%(street2)s\n%(city)s %(state_code)s %(zip)s\n%(country_name)s	f	t	2026-04-08 08:31:35.16841	2026-04-08 08:31:35.16841
30	\N	1	599	1	1	BQ	before	{"en_US": "Bonaire, Sint Eustatius and Saba", "es_ES": "Bonaire, San Eustaquio y Saba"}	\N	%(street)s\n%(street2)s\n%(city)s %(state_code)s %(zip)s\n%(country_name)s	f	t	2026-04-08 08:31:35.16841	2026-04-08 08:31:35.16841
31	\N	5	55	1	1	BR	before	{"en_US": "Brazil", "es_ES": "Brasil"}	\N	%(street)s\n%(street2)s\n%(city)s %(state_code)s\n%(zip)s\n%(country_name)s	f	t	2026-04-08 08:31:35.16841	2026-04-08 08:31:35.16841
32	\N	53	1242	1	1	BS	before	{"en_US": "Bahamas", "es_ES": "Bahamas"}	\N	%(street)s\n%(street2)s\n%(city)s %(state_code)s %(zip)s\n%(country_name)s	f	t	2026-04-08 08:31:35.16841	2026-04-08 08:31:35.16841
33	\N	61	975	1	1	BT	before	{"en_US": "Bhutan", "es_ES": "Bhután"}	\N	%(street)s\n%(street2)s\n%(city)s %(state_code)s %(zip)s\n%(country_name)s	f	t	2026-04-08 08:31:35.16841	2026-04-08 08:31:35.16841
34	\N	14	55	1	1	BV	before	{"en_US": "Bouvet Island", "es_ES": "Isla Bouvet"}	\N	%(street)s\n%(street2)s\n%(city)s %(state_code)s %(zip)s\n%(country_name)s	f	t	2026-04-08 08:31:35.16841	2026-04-08 08:31:35.16841
35	\N	64	267	1	1	BW	before	{"en_US": "Botswana", "es_ES": "Botsuana"}	\N	%(street)s\n%(street2)s\n%(city)s %(state_code)s %(zip)s\n%(country_name)s	f	t	2026-04-08 08:31:35.16841	2026-04-08 08:31:35.16841
36	\N	58	375	1	1	BY	before	{"en_US": "Belarus", "es_ES": "Bielorrusia"}	\N	%(street)s\n%(street2)s\n%(city)s %(state_code)s %(zip)s\n%(country_name)s	f	t	2026-04-08 08:31:35.16841	2026-04-08 08:31:35.16841
37	\N	59	501	1	1	BZ	before	{"en_US": "Belize", "es_ES": "Belize"}	\N	%(street)s\n%(street2)s\n%(city)s %(state_code)s %(zip)s\n%(country_name)s	f	f	2026-04-08 08:31:35.16841	2026-04-08 08:31:35.16841
38	\N	3	1	1	1	CA	before	{"en_US": "Canada", "es_ES": "Canadá"}	{"en_US": "GST/HST number", "es_ES": "Número GST/HST"}	%(street)s\n%(street2)s\n%(city)s %(state_code)s %(zip)s\n%(country_name)s	t	t	2026-04-08 08:31:35.16841	2026-04-08 08:31:35.16841
39	\N	21	61	1	1	CC	before	{"en_US": "Cocos (Keeling) Islands", "es_ES": "Islas Cocos (Keeling)"}	\N	%(street)s\n%(street2)s\n%(city)s %(state_code)s %(zip)s\n%(country_name)s	f	t	2026-04-08 08:31:35.16841	2026-04-08 08:31:35.16841
40	\N	42	236	1	1	CF	before	{"en_US": "Central African Republic", "es_ES": "República Centroafricana"}	\N	%(street)s\n%(street2)s\n%(city)s %(state_code)s %(zip)s\n%(country_name)s	f	t	2026-04-08 08:31:35.16841	2026-04-08 08:31:35.16841
41	\N	69	243	1	1	CD	before	{"en_US": "Democratic Republic of the Congo", "es_ES": "República Democrática del Congo"}	\N	%(street)s\n%(street2)s\n%(city)s %(state_code)s %(zip)s\n%(country_name)s	f	t	2026-04-08 08:31:35.16841	2026-04-08 08:31:35.16841
42	\N	42	242	1	1	CG	before	{"en_US": "Congo", "es_ES": "Congo"}	\N	%(street)s\n%(street2)s\n%(city)s %(state_code)s %(zip)s\n%(country_name)s	f	t	2026-04-08 08:31:35.16841	2026-04-08 08:31:35.16841
43	\N	4	41	1	1	CH	before	{"en_US": "Switzerland", "es_ES": "Suiza"}	\N	%(street)s\n%(street2)s\n%(zip)s %(city)s\n%(country_name)s	f	t	2026-04-08 08:31:35.16841	2026-04-08 08:31:35.16841
44	\N	41	225	1	1	CI	before	{"en_US": "Côte d'Ivoire", "es_ES": "Costa de Marfil"}	\N	%(street)s\n%(street2)s\n%(city)s %(state_code)s %(zip)s\n%(country_name)s	f	t	2026-04-08 08:31:35.16841	2026-04-08 08:31:35.16841
45	\N	35	682	1	1	CK	before	{"en_US": "Cook Islands", "es_ES": "Islas Cook"}	\N	%(street)s\n%(street2)s\n%(city)s %(state_code)s %(zip)s\n%(country_name)s	f	t	2026-04-08 08:31:35.16841	2026-04-08 08:31:35.16841
46	\N	45	56	1	1	CL	before	{"en_US": "Chile", "es_ES": "Chile"}	{"en_US": "RUT", "es_ES": "RUT"}	%(street)s\n%(street2)s\n%(city)s %(state_code)s %(zip)s\n%(country_name)s	f	f	2026-04-08 08:31:35.16841	2026-04-08 08:31:35.16841
47	\N	42	237	1	1	CM	before	{"en_US": "Cameroon", "es_ES": "Camerún"}	\N	%(street)s\n%(street2)s\n%(city)s %(state_code)s %(zip)s\n%(country_name)s	f	t	2026-04-08 08:31:35.16841	2026-04-08 08:31:35.16841
48	\N	6	86	1	1	CN	before	{"en_US": "China", "es_ES": "China"}	\N	%(country_name)s, %(zip)s\n%(state_name)s %(city)s %(street)s %(street2)s	f	t	2026-04-08 08:31:35.16841	2026-04-08 08:31:35.16841
49	\N	8	57	1	1	CO	before	{"en_US": "Colombia", "es_ES": "Colombia"}	{"en_US": "NIT", "es_ES": "NIT"}	%(street)s\n%(street2)s\n%(city)s %(state_name)s %(zip)s\n%(country_name)s	f	t	2026-04-08 08:31:35.16841	2026-04-08 08:31:35.16841
50	\N	39	506	1	1	CR	before	{"en_US": "Costa Rica", "es_ES": "Costa Rica"}	\N	%(street)s\n%(street2)s\n%(city)s %(state_code)s %(zip)s\n%(country_name)s	f	t	2026-04-08 08:31:35.16841	2026-04-08 08:31:35.16841
51	\N	70	53	1	1	CU	before	{"en_US": "Cuba", "es_ES": "Cuba"}	\N	%(street)s\n%(street2)s\n%(city)s %(state_code)s %(zip)s\n%(country_name)s	f	t	2026-04-08 08:31:35.16841	2026-04-08 08:31:35.16841
52	\N	162	238	1	1	CV	before	{"en_US": "Cape Verde", "es_ES": "Cabo Verde"}	\N	%(street)s\n%(street2)s\n%(city)s %(state_code)s %(zip)s\n%(country_name)s	f	t	2026-04-08 08:31:35.16841	2026-04-08 08:31:35.16841
53	\N	72	599	1	1	CW	before	{"en_US": "Curaçao", "es_ES": "Curaçao"}	\N	%(street)s\n%(street2)s\n%(city)s %(state_code)s %(zip)s\n%(country_name)s	f	t	2026-04-08 08:31:35.16841	2026-04-08 08:31:35.16841
54	\N	21	61	1	1	CX	before	{"en_US": "Christmas Island", "es_ES": "Isla de Navidad"}	\N	%(street)s\n%(street2)s\n%(city)s %(state_code)s %(zip)s\n%(country_name)s	f	t	2026-04-08 08:31:35.16841	2026-04-08 08:31:35.16841
55	\N	126	357	1	1	CY	before	{"en_US": "Cyprus", "es_ES": "Chipre"}	{"en_US": "VAT", "es_ES": "NIF"}	%(street)s\n%(street2)s\n%(city)s %(state_code)s %(zip)s\n%(country_name)s	f	t	2026-04-08 08:31:35.16841	2026-04-08 08:31:35.16841
56	\N	9	420	1	1	CZ	before	{"en_US": "Czech Republic", "es_ES": "República Checa"}	{"en_US": "VAT", "es_ES": "NIF"}	%(street)s\n%(street2)s\n%(city)s %(state_code)s %(zip)s\n%(country_name)s	f	t	2026-04-08 08:31:35.16841	2026-04-08 08:31:35.16841
57	\N	126	49	1	1	DE	before	{"en_US": "Germany", "es_ES": "Alemania"}	{"en_US": "VAT", "es_ES": "NIF"}	%(street)s\n%(street2)s\n%(zip)s %(city)s\n%(country_name)s	f	t	2026-04-08 08:31:35.16841	2026-04-08 08:31:35.16841
58	\N	73	253	1	1	DJ	before	{"en_US": "Djibouti", "es_ES": "Yibuti"}	\N	%(street)s\n%(street2)s\n%(city)s %(state_code)s %(zip)s\n%(country_name)s	f	t	2026-04-08 08:31:35.16841	2026-04-08 08:31:35.16841
59	\N	10	45	1	1	DK	before	{"en_US": "Denmark", "es_ES": "Dinamarca"}	{"en_US": "VAT", "es_ES": "NIF"}	%(street)s\n%(street2)s\n%(zip)s %(city)s\n%(country_name)s	f	t	2026-04-08 08:31:35.16841	2026-04-08 08:31:35.16841
60	\N	49	1767	1	1	DM	before	{"en_US": "Dominica", "es_ES": "Dominica"}	\N	%(street)s\n%(street2)s\n%(city)s %(state_code)s %(zip)s\n%(country_name)s	f	t	2026-04-08 08:31:35.16841	2026-04-08 08:31:35.16841
61	\N	74	1849	1	1	DO	before	{"en_US": "Dominican Republic", "es_ES": "República Dominicana"}	{"en_US": "RNC", "es_ES": "RNC"}	%(street)s\n%(street2)s\n%(city)s %(state_name)s %(zip)s\n%(country_name)s	f	t	2026-04-08 08:31:35.16841	2026-04-08 08:31:35.16841
63	\N	1	593	1	1	EC	before	{"en_US": "Ecuador", "es_ES": "Ecuador"}	{"en_US": "RUC", "es_ES": "RUC"}	%(street)s\n%(street2)s\n%(city)s\n%(country_name)s	f	f	2026-04-08 08:31:35.16841	2026-04-08 08:31:35.16841
64	\N	126	372	1	1	EE	before	{"en_US": "Estonia", "es_ES": "Estonia"}	{"en_US": "VAT", "es_ES": "NIF"}	%(street)s\n%(street2)s\n%(city)s %(state_code)s %(zip)s\n%(country_name)s	f	t	2026-04-08 08:31:35.16841	2026-04-08 08:31:35.16841
65	\N	75	20	1	1	EG	before	{"en_US": "Egypt", "es_ES": "Egipto"}	\N	%(street)s\n%(street2)s\n%(city)s %(state_code)s %(zip)s\n%(country_name)s	f	t	2026-04-08 08:31:35.16841	2026-04-08 08:31:35.16841
66	\N	110	212	1	1	EH	before	{"en_US": "Western Sahara", "es_ES": "Sáhara occidental"}	\N	%(street)s\n%(street2)s\n%(city)s %(state_code)s %(zip)s\n%(country_name)s	f	t	2026-04-08 08:31:35.16841	2026-04-08 08:31:35.16841
67	\N	77	291	1	1	ER	before	{"en_US": "Eritrea", "es_ES": "Eritrea"}	\N	%(street)s\n%(street2)s\n%(city)s %(state_code)s %(zip)s\n%(country_name)s	f	t	2026-04-08 08:31:35.16841	2026-04-08 08:31:35.16841
68	\N	126	34	1	1	ES	before	{"en_US": "Spain", "es_ES": "España"}	{"en_US": "VAT", "es_ES": "NIF"}	%(street)s\n%(street2)s\n%(zip)s %(city)s\n%(state_name)s\n%(country_name)s	f	t	2026-04-08 08:31:35.16841	2026-04-08 08:31:35.16841
69	\N	78	251	1	1	ET	before	{"en_US": "Ethiopia", "es_ES": "Etiopía"}	\N	%(street)s\n%(street2)s\n%(city)s %(state_code)s %(zip)s\n%(country_name)s	f	t	2026-04-08 08:31:35.16841	2026-04-08 08:31:35.16841
70	\N	126	358	1	1	FI	before	{"en_US": "Finland", "es_ES": "Finlandia"}	{"en_US": "VAT", "es_ES": "NIF"}	%(street)s\n%(street2)s\n%(zip)s %(city)s\n%(country_name)s	f	t	2026-04-08 08:31:35.16841	2026-04-08 08:31:35.16841
71	\N	80	679	1	1	FJ	before	{"en_US": "Fiji", "es_ES": "Fiji"}	\N	%(street)s\n%(street2)s\n%(city)s %(state_code)s %(zip)s\n%(country_name)s	f	t	2026-04-08 08:31:35.16841	2026-04-08 08:31:35.16841
72	\N	79	500	1	1	FK	before	{"en_US": "Falkland Islands", "es_ES": "Islas Malvinas"}	\N	%(street)s\n%(street2)s\n%(city)s %(state_code)s %(zip)s\n%(country_name)s	f	t	2026-04-08 08:31:35.16841	2026-04-08 08:31:35.16841
73	\N	1	691	1	1	FM	before	{"en_US": "Micronesia", "es_ES": "Micronesia"}	\N	%(street)s\n%(street2)s\n%(city)s %(state_code)s %(zip)s\n%(country_name)s	f	t	2026-04-08 08:31:35.16841	2026-04-08 08:31:35.16841
74	\N	10	298	1	1	FO	before	{"en_US": "Faroe Islands", "es_ES": "Islas Feroe"}	\N	%(street)s\n%(street2)s\n%(city)s %(state_code)s %(zip)s\n%(country_name)s	f	t	2026-04-08 08:31:35.16841	2026-04-08 08:31:35.16841
75	\N	126	33	1	1	FR	before	{"en_US": "France", "es_ES": "Francia"}	{"en_US": "VAT", "es_ES": "NIF"}	%(street)s\n%(street2)s\n%(zip)s %(city)s\n%(country_name)s	f	t	2026-04-08 08:31:35.16841	2026-04-08 08:31:35.16841
76	\N	42	241	1	1	GA	before	{"en_US": "Gabon", "es_ES": "Gabón"}	\N	%(street)s\n%(street2)s\n%(city)s %(state_code)s %(zip)s\n%(country_name)s	f	t	2026-04-08 08:31:35.16841	2026-04-08 08:31:35.16841
77	\N	49	1473	1	1	GD	before	{"en_US": "Grenada", "es_ES": "Granada"}	\N	%(street)s\n%(street2)s\n%(city)s %(state_code)s %(zip)s\n%(country_name)s	f	t	2026-04-08 08:31:35.16841	2026-04-08 08:31:35.16841
78	\N	81	995	1	1	GE	before	{"en_US": "Georgia", "es_ES": "Georgia"}	\N	%(street)s\n%(street2)s\n%(city)s %(state_code)s %(zip)s\n%(country_name)s	f	t	2026-04-08 08:31:35.16841	2026-04-08 08:31:35.16841
79	\N	126	594	1	1	GF	before	{"en_US": "French Guiana", "es_ES": "Guayana Francesa"}	\N	%(street)s\n%(street2)s\n%(city)s %(state_code)s %(zip)s\n%(country_name)s	f	t	2026-04-08 08:31:35.16841	2026-04-08 08:31:35.16841
80	\N	113	233	1	1	GH	before	{"en_US": "Ghana", "es_ES": "Ghana"}	\N	%(street)s\n%(street2)s\n%(city)s %(state_code)s %(zip)s\n%(country_name)s	f	t	2026-04-08 08:31:35.16841	2026-04-08 08:31:35.16841
81	\N	82	350	1	1	GI	before	{"en_US": "Gibraltar", "es_ES": "Gibraltar"}	\N	%(street)s\n%(street2)s\n%(city)s %(state_code)s %(zip)s\n%(country_name)s	f	t	2026-04-08 08:31:35.16841	2026-04-08 08:31:35.16841
82	\N	144	44	1	1	GG	before	{"en_US": "Guernsey", "es_ES": "Guernsey"}	\N	%(street)s\n%(street2)s\n%(city)s %(state_code)s %(zip)s\n%(country_name)s	f	t	2026-04-08 08:31:35.16841	2026-04-08 08:31:35.16841
83	\N	10	299	1	1	GL	before	{"en_US": "Greenland", "es_ES": "Groenlandia"}	\N	%(street)s\n%(street2)s\n%(city)s %(state_code)s %(zip)s\n%(country_name)s	f	t	2026-04-08 08:31:35.16841	2026-04-08 08:31:35.16841
84	\N	114	220	1	1	GM	before	{"en_US": "Gambia", "es_ES": "Gambia"}	\N	%(street)s\n%(street2)s\n%(city)s %(state_code)s %(zip)s\n%(country_name)s	f	t	2026-04-08 08:31:35.16841	2026-04-08 08:31:35.16841
85	\N	83	224	1	1	GN	before	{"en_US": "Guinea", "es_ES": "Guinea"}	\N	%(street)s\n%(street2)s\n%(city)s %(state_code)s %(zip)s\n%(country_name)s	f	t	2026-04-08 08:31:35.16841	2026-04-08 08:31:35.16841
86	\N	126	590	1	1	GP	before	{"en_US": "Guadeloupe", "es_ES": "Guadalupe"}	\N	%(street)s\n%(street2)s\n%(city)s %(state_code)s %(zip)s\n%(country_name)s	f	t	2026-04-08 08:31:35.16841	2026-04-08 08:31:35.16841
87	\N	42	240	1	1	GQ	before	{"en_US": "Equatorial Guinea", "es_ES": "Guinea Ecuatorial"}	\N	%(street)s\n%(street2)s\n%(city)s %(state_code)s %(zip)s\n%(country_name)s	f	t	2026-04-08 08:31:35.16841	2026-04-08 08:31:35.16841
88	\N	126	30	1	1	GR	before	{"en_US": "Greece", "es_ES": "Grecia"}	{"en_US": "VAT", "es_ES": "NIF"}	%(street)s\n%(street2)s\n%(city)s %(state_code)s %(zip)s\n%(country_name)s	f	t	2026-04-08 08:31:35.16841	2026-04-08 08:31:35.16841
89	\N	144	500	1	1	GS	before	{"en_US": "South Georgia and the South Sandwich Islands", "es_ES": "Islas Georgia del sur y Sandwich del sur"}	\N	%(street)s\n%(street2)s\n%(city)s %(state_code)s %(zip)s\n%(country_name)s	f	t	2026-04-08 08:31:35.16841	2026-04-08 08:31:35.16841
90	\N	166	502	1	1	GT	before	{"en_US": "Guatemala", "es_ES": "Guatemala"}	{"en_US": "NIT", "es_ES": "NIT"}	%(street)s\n%(street2)s\n%(city)s %(state_code)s %(zip)s\n%(country_name)s	f	t	2026-04-08 08:31:35.16841	2026-04-08 08:31:35.16841
91	\N	1	1671	1	1	GU	before	{"en_US": "Guam", "es_ES": "Guam"}	\N	%(street)s\n%(street2)s\n%(city)s %(state_code)s %(zip)s\n%(country_name)s	f	t	2026-04-08 08:31:35.16841	2026-04-08 08:31:35.16841
92	\N	41	245	1	1	GW	before	{"en_US": "Guinea-Bissau", "es_ES": "Guinea-Bisáu"}	\N	%(street)s\n%(street2)s\n%(city)s %(state_code)s %(zip)s\n%(country_name)s	f	t	2026-04-08 08:31:35.16841	2026-04-08 08:31:35.16841
93	\N	84	592	1	1	GY	before	{"en_US": "Guyana", "es_ES": "Guyana"}	\N	%(street)s\n%(street2)s\n%(city)s %(state_code)s %(zip)s\n%(country_name)s	f	t	2026-04-08 08:31:35.16841	2026-04-08 08:31:35.16841
94	\N	24	852	1	1	HK	before	{"en_US": "Hong Kong", "es_ES": "Hong Kong"}	\N	%(street)s\n%(street2)s\n%(city)s %(state_code)s %(zip)s\n%(country_name)s	f	f	2026-04-08 08:31:35.16841	2026-04-08 08:31:35.16841
95	\N	21	672	1	1	HM	before	{"en_US": "Heard Island and McDonald Islands", "es_ES": "Islas Heard y McDonald"}	\N	%(street)s\n%(street2)s\n%(city)s %(state_code)s %(zip)s\n%(country_name)s	f	t	2026-04-08 08:31:35.16841	2026-04-08 08:31:35.16841
96	\N	44	504	1	1	HN	before	{"en_US": "Honduras", "es_ES": "Honduras"}	{"en_US": "RTN", "es_ES": "RTN"}	%(street)s\n%(street2)s\n%(city)s %(state_code)s %(zip)s\n%(country_name)s	f	t	2026-04-08 08:31:35.16841	2026-04-08 08:31:35.16841
97	\N	126	385	1	1	HR	before	{"en_US": "Croatia", "es_ES": "Croacia"}	{"en_US": "VAT", "es_ES": "NIF"}	%(street)s\n%(street2)s\n%(zip)s %(city)s \n%(country_name)s	f	t	2026-04-08 08:31:35.16841	2026-04-08 08:31:35.16841
98	\N	85	509	1	1	HT	before	{"en_US": "Haiti", "es_ES": "Haití"}	\N	%(street)s\n%(street2)s\n%(city)s %(state_code)s %(zip)s\n%(country_name)s	f	t	2026-04-08 08:31:35.16841	2026-04-08 08:31:35.16841
99	\N	11	36	1	1	HU	before	{"en_US": "Hungary", "es_ES": "Hungría"}	{"en_US": "VAT", "es_ES": "NIF"}	%(street)s\n%(street2)s\n%(city)s %(state_code)s %(zip)s\n%(country_name)s	f	t	2026-04-08 08:31:35.16841	2026-04-08 08:31:35.16841
100	\N	12	62	1	1	ID	before	{"en_US": "Indonesia", "es_ES": "Indonesia"}	{"en_US": "NPWP", "es_ES": "NPWP"}	%(street)s\n%(street2)s\n%(city)s %(state_code)s %(zip)s\n%(country_name)s	t	t	2026-04-08 08:31:35.16841	2026-04-08 08:31:35.16841
101	\N	126	353	1	1	IE	before	{"en_US": "Ireland", "es_ES": "Irlanda"}	{"en_US": "VAT", "es_ES": "NIF"}	%(street)s\n%(street2)s\n%(city)s %(state_code)s %(zip)s\n%(country_name)s	f	f	2026-04-08 08:31:35.16841	2026-04-08 08:31:35.16841
102	\N	89	972	1	1	IL	before	{"en_US": "Israel", "es_ES": "Israel"}	\N	%(street)s\n%(street2)s\n%(city)s %(state_code)s %(zip)s\n%(country_name)s	f	t	2026-04-08 08:31:35.16841	2026-04-08 08:31:35.16841
103	\N	144	44	1	1	IM	before	{"en_US": "Isle of Man", "es_ES": "Isla de Man"}	\N	%(street)s\n%(street2)s\n%(city)s %(state_code)s %(zip)s\n%(country_name)s	f	t	2026-04-08 08:31:35.16841	2026-04-08 08:31:35.16841
104	\N	20	91	1	1	IN	before	{"en_US": "India", "es_ES": "India"}	{"en_US": "GSTIN", "es_ES": "GSTIN"}	%(street)s\n%(street2)s\n%(city)s %(zip)s\n%(state_name)s %(state_code)s\n%(country_name)s	t	t	2026-04-08 08:31:35.16841	2026-04-08 08:31:35.16841
105	\N	1	246	1	1	IO	before	{"en_US": "British Indian Ocean Territory", "es_ES": "Territorio británico del Océano Índico"}	\N	%(street)s\n%(street2)s\n%(city)s %(state_code)s %(zip)s\n%(country_name)s	f	t	2026-04-08 08:31:35.16841	2026-04-08 08:31:35.16841
106	\N	88	964	1	1	IQ	before	{"en_US": "Iraq", "es_ES": "Irak"}	\N	%(street)s\n%(street2)s\n%(city)s %(state_code)s %(zip)s\n%(country_name)s	f	t	2026-04-08 08:31:35.16841	2026-04-08 08:31:35.16841
107	\N	87	98	1	1	IR	before	{"en_US": "Iran", "es_ES": "Irán"}	\N	%(street)s\n%(street2)s\n%(city)s %(state_code)s %(zip)s\n%(country_name)s	f	t	2026-04-08 08:31:35.16841	2026-04-08 08:31:35.16841
108	\N	86	354	1	1	IS	before	{"en_US": "Iceland", "es_ES": "Islandia"}	\N	%(street)s\n%(street2)s\n%(city)s %(state_code)s %(zip)s\n%(country_name)s	f	t	2026-04-08 08:31:35.16841	2026-04-08 08:31:35.16841
109	\N	126	39	1	1	IT	before	{"en_US": "Italy", "es_ES": "Italia"}	{"en_US": "VAT", "es_ES": "NIF"}	%(street)s\n%(street2)s\n%(city)s %(state_code)s %(zip)s\n%(country_name)s	t	t	2026-04-08 08:31:35.16841	2026-04-08 08:31:35.16841
110	\N	144	44	1	1	JE	before	{"en_US": "Jersey", "es_ES": "Jersey"}	\N	%(street)s\n%(street2)s\n%(city)s %(state_code)s %(zip)s\n%(country_name)s	f	t	2026-04-08 08:31:35.16841	2026-04-08 08:31:35.16841
111	\N	90	1876	1	1	JM	before	{"en_US": "Jamaica", "es_ES": "Jamaica"}	\N	%(street)s\n%(street2)s\n%(city)s %(state_code)s %(zip)s\n%(country_name)s	f	t	2026-04-08 08:31:35.16841	2026-04-08 08:31:35.16841
112	\N	91	962	1	1	JO	before	{"en_US": "Jordan", "es_ES": "Jordania"}	\N	%(street)s\n%(street2)s\n%(city)s %(state_code)s %(zip)s\n%(country_name)s	f	t	2026-04-08 08:31:35.16841	2026-04-08 08:31:35.16841
113	\N	25	81	1	1	JP	after	{"en_US": "Japan", "es_ES": "Japón"}	\N	%(zip)s\n%(state_name)s %(city)s\n%(street)s\n%(street2)s\n%(country_name)s	t	t	2026-04-08 08:31:35.16841	2026-04-08 08:31:35.16841
114	\N	93	254	1	1	KE	before	{"en_US": "Kenya", "es_ES": "Kenia"}	\N	%(street)s\n%(street2)s\n%(city)s %(state_code)s %(zip)s\n%(country_name)s	f	t	2026-04-08 08:31:35.16841	2026-04-08 08:31:35.16841
115	\N	95	996	1	1	KG	before	{"en_US": "Kyrgyzstan", "es_ES": "Kirguistán"}	\N	%(street)s\n%(street2)s\n%(city)s %(state_code)s %(zip)s\n%(country_name)s	f	t	2026-04-08 08:31:35.16841	2026-04-08 08:31:35.16841
116	\N	66	855	1	1	KH	before	{"en_US": "Cambodia", "es_ES": "Camboya"}	\N	%(street)s\n%(street2)s\n%(city)s %(state_code)s %(zip)s\n%(country_name)s	f	t	2026-04-08 08:31:35.16841	2026-04-08 08:31:35.16841
117	\N	21	686	1	1	KI	before	{"en_US": "Kiribati", "es_ES": "Kiribati"}	\N	%(street)s\n%(street2)s\n%(city)s %(state_code)s %(zip)s\n%(country_name)s	f	t	2026-04-08 08:31:35.16841	2026-04-08 08:31:35.16841
118	\N	68	269	1	1	KM	before	{"en_US": "Comoros", "es_ES": "Comores"}	\N	%(street)s\n%(street2)s\n%(city)s %(state_code)s %(zip)s\n%(country_name)s	f	t	2026-04-08 08:31:35.16841	2026-04-08 08:31:35.16841
119	\N	49	1869	1	1	KN	before	{"en_US": "Saint Kitts and Nevis", "es_ES": "San Cristóbal y Nieves"}	\N	%(street)s\n%(street2)s\n%(city)s %(state_code)s %(zip)s\n%(country_name)s	f	t	2026-04-08 08:31:35.16841	2026-04-08 08:31:35.16841
120	\N	122	850	1	1	KP	before	{"en_US": "North Korea", "es_ES": "Corea del Norte"}	\N	%(street)s\n%(street2)s\n%(city)s %(state_code)s %(zip)s\n%(country_name)s	f	t	2026-04-08 08:31:35.16841	2026-04-08 08:31:35.16841
121	\N	32	82	1	1	KR	before	{"en_US": "South Korea", "es_ES": "Corea del Sur"}	\N	%(street)s\n%(street2)s\n%(city)s %(state_code)s %(zip)s\n%(country_name)s	f	t	2026-04-08 08:31:35.16841	2026-04-08 08:31:35.16841
122	\N	94	965	1	1	KW	before	{"en_US": "Kuwait", "es_ES": "Kuwait"}	\N	%(street)s\n%(street2)s\n%(city)s %(state_code)s %(zip)s\n%(country_name)s	f	t	2026-04-08 08:31:35.16841	2026-04-08 08:31:35.16841
123	\N	67	1345	1	1	KY	before	{"en_US": "Cayman Islands", "es_ES": "Islas Caimán"}	\N	%(street)s\n%(street2)s\n%(city)s %(state_code)s %(zip)s\n%(country_name)s	f	t	2026-04-08 08:31:35.16841	2026-04-08 08:31:35.16841
124	\N	92	7	1	1	KZ	before	{"en_US": "Kazakhstan", "es_ES": "Kazajstán"}	\N	%(street)s\n%(street2)s\n%(city)s %(state_code)s %(zip)s\n%(country_name)s	f	t	2026-04-08 08:31:35.16841	2026-04-08 08:31:35.16841
125	\N	96	856	1	1	LA	before	{"en_US": "Laos", "es_ES": "Laos"}	\N	%(street)s\n%(street2)s\n%(city)s %(state_code)s %(zip)s\n%(country_name)s	f	t	2026-04-08 08:31:35.16841	2026-04-08 08:31:35.16841
126	\N	97	961	1	1	LB	before	{"en_US": "Lebanon", "es_ES": "Líbano"}	\N	%(street)s\n%(street2)s\n%(city)s %(state_code)s %(zip)s\n%(country_name)s	f	t	2026-04-08 08:31:35.16841	2026-04-08 08:31:35.16841
127	\N	49	1758	1	1	LC	before	{"en_US": "Saint Lucia", "es_ES": "Santa Lucía"}	\N	%(street)s\n%(street2)s\n%(city)s %(state_code)s %(zip)s\n%(country_name)s	f	t	2026-04-08 08:31:35.16841	2026-04-08 08:31:35.16841
128	\N	4	423	1	1	LI	before	{"en_US": "Liechtenstein", "es_ES": "Liechtenstein"}	\N	%(street)s\n%(street2)s\n%(zip)s %(city)s\n%(country_name)s	f	t	2026-04-08 08:31:35.16841	2026-04-08 08:31:35.16841
129	\N	142	94	1	1	LK	before	{"en_US": "Sri Lanka", "es_ES": "Sri Lanka"}	\N	%(street)s\n%(street2)s\n%(city)s %(state_code)s %(zip)s\n%(country_name)s	f	t	2026-04-08 08:31:35.16841	2026-04-08 08:31:35.16841
130	\N	99	231	1	1	LR	before	{"en_US": "Liberia", "es_ES": "Liberia"}	\N	%(street)s\n%(street2)s\n%(city)s %(state_code)s %(zip)s\n%(country_name)s	f	t	2026-04-08 08:31:35.16841	2026-04-08 08:31:35.16841
131	\N	98	266	1	1	LS	before	{"en_US": "Lesotho", "es_ES": "Lesotho"}	\N	%(street)s\n%(street2)s\n%(city)s %(state_code)s %(zip)s\n%(country_name)s	f	t	2026-04-08 08:31:35.16841	2026-04-08 08:31:35.16841
132	\N	126	370	1	1	LT	before	{"en_US": "Lithuania", "es_ES": "Lituania"}	{"en_US": "VAT", "es_ES": "NIF"}	%(street)s\n%(street2)s\n%(city)s %(state_code)s %(zip)s\n%(country_name)s	f	t	2026-04-08 08:31:35.16841	2026-04-08 08:31:35.16841
133	\N	126	352	1	1	LU	before	{"en_US": "Luxembourg", "es_ES": "Luxemburgo"}	{"en_US": "VAT", "es_ES": "NIF"}	%(street)s\n%(street2)s\n%(zip)s %(city)s \n%(country_name)s	f	t	2026-04-08 08:31:35.16841	2026-04-08 08:31:35.16841
134	\N	126	371	1	1	LV	before	{"en_US": "Latvia", "es_ES": "Letonia"}	{"en_US": "VAT", "es_ES": "NIF"}	%(street)s\n%(street2)s\n%(city)s %(state_code)s %(zip)s\n%(country_name)s	f	t	2026-04-08 08:31:35.16841	2026-04-08 08:31:35.16841
135	\N	100	218	1	1	LY	before	{"en_US": "Libya", "es_ES": "Libia"}	\N	%(street)s\n%(street2)s\n%(city)s %(state_code)s %(zip)s\n%(country_name)s	f	t	2026-04-08 08:31:35.16841	2026-04-08 08:31:35.16841
136	\N	110	212	1	1	MA	before	{"en_US": "Morocco", "es_ES": "Marruecos"}	\N	%(street)s\n%(street2)s\n%(city)s %(state_code)s %(zip)s\n%(country_name)s	f	t	2026-04-08 08:31:35.16841	2026-04-08 08:31:35.16841
137	\N	126	377	1	1	MC	before	{"en_US": "Monaco", "es_ES": "Mónaco"}	\N	%(street)s\n%(street2)s\n%(city)s %(state_code)s %(zip)s\n%(country_name)s	f	t	2026-04-08 08:31:35.16841	2026-04-08 08:31:35.16841
138	\N	108	373	1	1	MD	before	{"en_US": "Moldova", "es_ES": "Moldavia"}	\N	%(street)s\n%(street2)s\n%(city)s %(state_code)s %(zip)s\n%(country_name)s	f	t	2026-04-08 08:31:35.16841	2026-04-08 08:31:35.16841
139	\N	126	382	1	1	ME	before	{"en_US": "Montenegro", "es_ES": "Montenegro"}	\N	%(street)s\n%(street2)s\n%(city)s %(state_code)s %(zip)s\n%(country_name)s	f	t	2026-04-08 08:31:35.16841	2026-04-08 08:31:35.16841
140	\N	126	590	1	1	MF	before	{"en_US": "Saint Martin (French part)", "es_ES": "San Martín (zona francesa)"}	\N	%(street)s\n%(street2)s\n%(city)s %(state_code)s %(zip)s\n%(country_name)s	f	t	2026-04-08 08:31:35.16841	2026-04-08 08:31:35.16841
141	\N	103	261	1	1	MG	before	{"en_US": "Madagascar", "es_ES": "Madagascar"}	\N	%(street)s\n%(street2)s\n%(city)s %(state_code)s %(zip)s\n%(country_name)s	f	t	2026-04-08 08:31:35.16841	2026-04-08 08:31:35.16841
142	\N	1	692	1	1	MH	before	{"en_US": "Marshall Islands", "es_ES": "Islas Marshall"}	\N	%(street)s\n%(street2)s\n%(city)s %(state_code)s %(zip)s\n%(country_name)s	f	t	2026-04-08 08:31:35.16841	2026-04-08 08:31:35.16841
143	\N	102	389	1	1	MK	before	{"en_US": "North Macedonia", "es_ES": "Macedonia del Norte"}	\N	%(street)s\n%(street2)s\n%(city)s %(state_code)s %(zip)s\n%(country_name)s	f	t	2026-04-08 08:31:35.16841	2026-04-08 08:31:35.16841
144	\N	41	223	1	1	ML	before	{"en_US": "Mali", "es_ES": "Mali"}	\N	%(street)s\n%(street2)s\n%(city)s %(state_code)s %(zip)s\n%(country_name)s	f	t	2026-04-08 08:31:35.16841	2026-04-08 08:31:35.16841
145	\N	116	95	1	1	MM	before	{"en_US": "Myanmar", "es_ES": "Birmania"}	\N	%(street)s\n%(street2)s\n%(city)s %(state_code)s %(zip)s\n%(country_name)s	f	t	2026-04-08 08:31:35.16841	2026-04-08 08:31:35.16841
146	\N	109	976	1	1	MN	before	{"en_US": "Mongolia", "es_ES": "Mongolia"}	\N	%(street)s\n%(street2)s\n%(city)s %(state_code)s %(zip)s\n%(country_name)s	f	t	2026-04-08 08:31:35.16841	2026-04-08 08:31:35.16841
147	\N	101	853	1	1	MO	before	{"en_US": "Macau", "es_ES": "Macao"}	\N	%(street)s\n%(street2)s\n%(city)s %(state_code)s %(zip)s\n%(country_name)s	f	f	2026-04-08 08:31:35.16841	2026-04-08 08:31:35.16841
148	\N	1	1670	1	1	MP	before	{"en_US": "Northern Mariana Islands", "es_ES": "Islas Marianas del Norte"}	\N	%(street)s\n%(street2)s\n%(city)s %(state_code)s %(zip)s\n%(country_name)s	f	t	2026-04-08 08:31:35.16841	2026-04-08 08:31:35.16841
149	\N	126	596	1	1	MQ	before	{"en_US": "Martinique", "es_ES": "Martinica"}	\N	%(street)s\n%(street2)s\n%(city)s %(state_code)s %(zip)s\n%(country_name)s	f	t	2026-04-08 08:31:35.16841	2026-04-08 08:31:35.16841
150	\N	107	222	1	1	MR	before	{"en_US": "Mauritania", "es_ES": "Mauritania"}	\N	%(street)s\n%(street2)s\n%(city)s %(state_code)s %(zip)s\n%(country_name)s	f	t	2026-04-08 08:31:35.16841	2026-04-08 08:31:35.16841
151	\N	49	1664	1	1	MS	before	{"en_US": "Montserrat", "es_ES": "Montserrat"}	\N	%(street)s\n%(street2)s\n%(city)s %(state_code)s %(zip)s\n%(country_name)s	f	t	2026-04-08 08:31:35.16841	2026-04-08 08:31:35.16841
152	\N	126	356	1	1	MT	before	{"en_US": "Malta", "es_ES": "Malta"}	{"en_US": "VAT", "es_ES": "NIF"}	%(street)s\n%(street2)s\n%(city)s %(state_code)s %(zip)s\n%(country_name)s	f	t	2026-04-08 08:31:35.16841	2026-04-08 08:31:35.16841
153	\N	40	230	1	1	MU	before	{"en_US": "Mauritius", "es_ES": "Mauricio"}	\N	%(street)s\n%(street2)s\n%(city)s %(state_code)s %(zip)s\n%(country_name)s	f	t	2026-04-08 08:31:35.16841	2026-04-08 08:31:35.16841
154	\N	105	960	1	1	MV	before	{"en_US": "Maldives", "es_ES": "Maldivas"}	\N	%(street)s\n%(street2)s\n%(city)s %(state_code)s %(zip)s\n%(country_name)s	f	t	2026-04-08 08:31:35.16841	2026-04-08 08:31:35.16841
155	\N	104	265	1	1	MW	before	{"en_US": "Malawi", "es_ES": "Malawi"}	\N	%(street)s\n%(street2)s\n%(city)s %(state_code)s %(zip)s\n%(country_name)s	f	t	2026-04-08 08:31:35.16841	2026-04-08 08:31:35.16841
156	\N	33	52	1	1	MX	before	{"en_US": "Mexico", "es_ES": "México"}	{"en_US": "RFC", "es_ES": "RFC"}	%(street)s\n%(street2)s\n%(zip)s %(city)s, %(state_code)s\n%(country_name)s	t	t	2026-04-08 08:31:35.16841	2026-04-08 08:31:35.16841
157	\N	34	60	1	1	MY	before	{"en_US": "Malaysia", "es_ES": "Malasia"}	\N	%(street)s\n%(street2)s\n%(city)s %(state_name)s %(zip)s\n%(country_name)s	f	t	2026-04-08 08:31:35.16841	2026-04-08 08:31:35.16841
158	\N	115	258	1	1	MZ	before	{"en_US": "Mozambique", "es_ES": "Mozambique"}	{"en_US": "NUIT"}	%(street)s\n%(street2)s\n%(city)s %(state_code)s %(zip)s\n%(country_name)s	f	t	2026-04-08 08:31:35.16841	2026-04-08 08:31:35.16841
159	\N	117	264	1	1	NA	before	{"en_US": "Namibia", "es_ES": "Namibia"}	\N	%(street)s\n%(street2)s\n%(city)s %(state_code)s %(zip)s\n%(country_name)s	f	t	2026-04-08 08:31:35.16841	2026-04-08 08:31:35.16841
160	\N	15	687	1	1	NC	before	{"en_US": "New Caledonia", "es_ES": "Nueva Caledonia"}	\N	%(street)s\n%(street2)s\n%(city)s %(state_code)s %(zip)s\n%(country_name)s	f	t	2026-04-08 08:31:35.16841	2026-04-08 08:31:35.16841
161	\N	41	227	1	1	NE	before	{"en_US": "Niger", "es_ES": "Níger"}	\N	%(street)s\n%(street2)s\n%(city)s %(state_code)s %(zip)s\n%(country_name)s	f	t	2026-04-08 08:31:35.16841	2026-04-08 08:31:35.16841
162	\N	21	672	1	1	NF	before	{"en_US": "Norfolk Island", "es_ES": "Isla Norfolk"}	\N	%(street)s\n%(street2)s\n%(city)s %(state_code)s %(zip)s\n%(country_name)s	f	t	2026-04-08 08:31:35.16841	2026-04-08 08:31:35.16841
163	\N	121	234	1	1	NG	before	{"en_US": "Nigeria", "es_ES": "Nigeria"}	\N	%(street)s\n%(street2)s\n%(city)s %(state_code)s %(zip)s\n%(country_name)s	f	t	2026-04-08 08:31:35.16841	2026-04-08 08:31:35.16841
164	\N	120	505	1	1	NI	before	{"en_US": "Nicaragua", "es_ES": "Nicaragua"}	\N	%(street)s\n%(street2)s\n%(city)s %(state_code)s %(zip)s\n%(country_name)s	f	t	2026-04-08 08:31:35.16841	2026-04-08 08:31:35.16841
165	\N	126	31	1	1	NL	before	{"en_US": "Netherlands", "es_ES": "Países Bajos"}	{"en_US": "VAT", "es_ES": "NIF"}	%(street)s\n%(street2)s\n%(zip)s %(city)s\n%(country_name)s	f	t	2026-04-08 08:31:35.16841	2026-04-08 08:31:35.16841
166	\N	14	47	1	1	NO	before	{"en_US": "Norway", "es_ES": "Noruega"}	\N	%(street)s\n%(street2)s\n%(zip)s %(city)s\n%(country_name)s	f	t	2026-04-08 08:31:35.16841	2026-04-08 08:31:35.16841
167	\N	118	977	1	1	NP	before	{"en_US": "Nepal", "es_ES": "Nepal"}	\N	%(street)s\n%(street2)s\n%(city)s %(state_code)s %(zip)s\n%(country_name)s	f	t	2026-04-08 08:31:35.16841	2026-04-08 08:31:35.16841
168	\N	21	674	1	1	NR	before	{"en_US": "Nauru", "es_ES": "Nauru"}	\N	%(street)s\n%(street2)s\n%(city)s %(state_code)s %(zip)s\n%(country_name)s	f	t	2026-04-08 08:31:35.16841	2026-04-08 08:31:35.16841
169	\N	35	683	1	1	NU	before	{"en_US": "Niue", "es_ES": "Niue"}	\N	%(street)s\n%(street2)s\n%(city)s %(state_code)s %(zip)s\n%(country_name)s	f	t	2026-04-08 08:31:35.16841	2026-04-08 08:31:35.16841
170	\N	35	64	1	1	NZ	before	{"en_US": "New Zealand", "es_ES": "Nueva Zelanda"}	{"en_US": "GST", "es_ES": "GST"}	%(street)s\n%(street2)s\n%(city)s %(state_code)s %(zip)s\n%(country_name)s	f	t	2026-04-08 08:31:35.16841	2026-04-08 08:31:35.16841
171	\N	161	968	1	1	OM	before	{"en_US": "Oman", "es_ES": "Omán"}	\N	%(street)s\n%(street2)s\n%(city)s %(state_name)s %(zip)s\n%(country_name)s	f	t	2026-04-08 08:31:35.16841	2026-04-08 08:31:35.16841
172	\N	16	507	1	1	PA	before	{"en_US": "Panama", "es_ES": "Panamá"}	{"en_US": "RUC", "es_ES": "RUC"}	%(street)s\n%(street2)s\n%(city)s %(state_name)s %(zip)s\n%(country_name)s	f	t	2026-04-08 08:31:35.16841	2026-04-08 08:31:35.16841
173	\N	157	51	1	1	PE	before	{"en_US": "Peru", "es_ES": "Perú"}	{"en_US": "RUC", "es_ES": "RUC"}	%(street)s\n%(street2)s\n%(city)s %(state_code)s %(zip)s\n%(country_name)s	f	f	2026-04-08 08:31:35.16841	2026-04-08 08:31:35.16841
174	\N	15	689	1	1	PF	before	{"en_US": "French Polynesia", "es_ES": "Polinesia Francesa"}	{"en_US": "N° Tahiti", "es_ES": "N° Tahiti"}	%(street)s\n%(street2)s\n%(city)s %(state_code)s %(zip)s\n%(country_name)s	f	t	2026-04-08 08:31:35.16841	2026-04-08 08:31:35.16841
175	\N	159	675	1	1	PG	before	{"en_US": "Papua New Guinea", "es_ES": "Papúa Nueva Guinea"}	\N	%(street)s\n%(street2)s\n%(city)s %(state_code)s %(zip)s\n%(country_name)s	f	t	2026-04-08 08:31:35.16841	2026-04-08 08:31:35.16841
176	\N	36	63	1	1	PH	before	{"en_US": "Philippines", "es_ES": "Filipinas"}	\N	%(street)s\n%(street2)s\n%(city)s %(state_code)s %(zip)s\n%(country_name)s	f	t	2026-04-08 08:31:35.16841	2026-04-08 08:31:35.16841
177	\N	160	92	1	1	PK	before	{"en_US": "Pakistan", "es_ES": "Pakistán"}	{"en_US": "NTN", "es_ES": "NTN"}	%(street)s\n%(street2)s\n%(city)s %(state_code)s %(zip)s\n%(country_name)s	f	t	2026-04-08 08:31:35.16841	2026-04-08 08:31:35.16841
178	\N	17	48	1	1	PL	before	{"en_US": "Poland", "es_ES": "Polonia"}	{"en_US": "VAT", "es_ES": "NIF"}	%(street)s\n%(street2)s\n%(zip)s %(city)s\n%(country_name)s	f	t	2026-04-08 08:31:35.16841	2026-04-08 08:31:35.16841
179	\N	126	508	1	1	PM	before	{"en_US": "Saint Pierre and Miquelon", "es_ES": "San Pierre y Miquelon"}	\N	%(street)s\n%(street2)s\n%(city)s %(state_code)s %(zip)s\n%(country_name)s	f	t	2026-04-08 08:31:35.16841	2026-04-08 08:31:35.16841
180	\N	35	64	1	1	PN	before	{"en_US": "Pitcairn Islands", "es_ES": "Islas Pitcairn"}	\N	%(street)s\n%(street2)s\n%(city)s %(state_code)s %(zip)s\n%(country_name)s	f	t	2026-04-08 08:31:35.16841	2026-04-08 08:31:35.16841
181	\N	1	1939	1	1	PR	before	{"en_US": "Puerto Rico", "es_ES": "Puerto Rico"}	\N	%(street)s\n%(street2)s\n%(city)s %(state_code)s %(zip)s\n%(country_name)s	f	t	2026-04-08 08:31:35.16841	2026-04-08 08:31:35.16841
182	\N	89	970	1	1	PS	before	{"en_US": "State of Palestine", "es_ES": "Estado de Palestina"}	\N	%(street)s\n%(street2)s\n%(city)s %(state_code)s %(zip)s\n%(country_name)s	f	t	2026-04-08 08:31:35.16841	2026-04-08 08:31:35.16841
183	\N	126	351	1	1	PT	before	{"en_US": "Portugal", "es_ES": "Portugal"}	{"en_US": "VAT", "es_ES": "NIF"}	%(street)s\n%(street2)s\n%(city)s %(state_code)s %(zip)s\n%(country_name)s	f	t	2026-04-08 08:31:35.16841	2026-04-08 08:31:35.16841
184	\N	1	680	1	1	PW	before	{"en_US": "Palau", "es_ES": "Palau"}	\N	%(street)s\n%(street2)s\n%(city)s %(state_code)s %(zip)s\n%(country_name)s	f	t	2026-04-08 08:31:35.16841	2026-04-08 08:31:35.16841
185	\N	158	595	1	1	PY	before	{"en_US": "Paraguay", "es_ES": "Paraguay"}	\N	%(street)s\n%(street2)s\n%(city)s %(state_code)s %(zip)s\n%(country_name)s	f	t	2026-04-08 08:31:35.16841	2026-04-08 08:31:35.16841
186	\N	156	974	1	1	QA	before	{"en_US": "Qatar", "es_ES": "Qatar"}	\N	%(street)s\n%(street2)s\n%(city)s %(state_code)s %(zip)s\n%(country_name)s	f	t	2026-04-08 08:31:35.16841	2026-04-08 08:31:35.16841
187	\N	126	262	1	1	RE	before	{"en_US": "Réunion", "es_ES": "Reunión"}	\N	%(street)s\n%(street2)s\n%(city)s %(state_code)s %(zip)s\n%(country_name)s	f	t	2026-04-08 08:31:35.16841	2026-04-08 08:31:35.16841
188	\N	28	40	1	1	RO	before	{"en_US": "Romania", "es_ES": "Rumania"}	{"en_US": "VAT", "es_ES": "NIF"}	%(street)s\n%(street2)s\n%(city)s %(state_code)s %(zip)s\n%(country_name)s	f	t	2026-04-08 08:31:35.16841	2026-04-08 08:31:35.16841
189	\N	150	381	1	1	RS	before	{"en_US": "Serbia", "es_ES": "Serbia"}	\N	%(street)s\n%(street2)s\n%(city)s %(state_code)s %(zip)s\n%(country_name)s	f	t	2026-04-08 08:31:35.16841	2026-04-08 08:31:35.16841
190	\N	30	7	1	1	RU	before	{"en_US": "Russian Federation", "es_ES": "Federación Rusa"}	\N	%(street)s\n%(street2)s\n%(city)s %(state_code)s %(zip)s\n%(country_name)s	f	t	2026-04-08 08:31:35.16841	2026-04-08 08:31:35.16841
191	\N	155	250	1	1	RW	before	{"en_US": "Rwanda", "es_ES": "Ruanda"}	\N	%(street)s\n%(street2)s\n%(city)s %(state_code)s %(zip)s\n%(country_name)s	f	t	2026-04-08 08:31:35.16841	2026-04-08 08:31:35.16841
192	\N	151	966	1	1	SA	before	{"en_US": "Saudi Arabia", "es_ES": "Arabia Saudita"}	\N	%(street)s\n%(street2)s\n%(city)s %(state_code)s %(zip)s\n%(country_name)s	f	t	2026-04-08 08:31:35.16841	2026-04-08 08:31:35.16841
193	\N	146	677	1	1	SB	before	{"en_US": "Solomon Islands", "es_ES": "Islas Salomón"}	\N	%(street)s\n%(street2)s\n%(city)s %(state_code)s %(zip)s\n%(country_name)s	f	t	2026-04-08 08:31:35.16841	2026-04-08 08:31:35.16841
194	\N	149	248	1	1	SC	before	{"en_US": "Seychelles", "es_ES": "Seychelles"}	\N	%(street)s\n%(street2)s\n%(city)s %(state_code)s %(zip)s\n%(country_name)s	f	t	2026-04-08 08:31:35.16841	2026-04-08 08:31:35.16841
195	\N	141	249	1	1	SD	before	{"en_US": "Sudan", "es_ES": "Sudán"}	\N	%(street)s\n%(street2)s\n%(city)s %(state_code)s %(zip)s\n%(country_name)s	f	t	2026-04-08 08:31:35.16841	2026-04-08 08:31:35.16841
196	\N	18	46	1	1	SE	before	{"en_US": "Sweden", "es_ES": "Suecia"}	{"en_US": "VAT", "es_ES": "NIF"}	%(street)s\n%(street2)s\n%(zip)s %(city)s\n%(country_name)s	f	t	2026-04-08 08:31:35.16841	2026-04-08 08:31:35.16841
197	\N	37	65	1	1	SG	before	{"en_US": "Singapore", "es_ES": "Singapur"}	{"en_US": "GST No.", "es_ES": "No. GST"}	%(street)s\n%(street2)s\n%(city)s %(state_code)s %(zip)s\n%(country_name)s	f	t	2026-04-08 08:31:35.16841	2026-04-08 08:31:35.16841
198	\N	154	290	1	1	SH	before	{"en_US": "Saint Helena, Ascension and Tristan da Cunha", "es_ES": "Santa Elena, Ascensión y Tristán de Acuña "}	\N	%(street)s\n%(street2)s\n%(city)s %(state_code)s %(zip)s\n%(country_name)s	f	t	2026-04-08 08:31:35.16841	2026-04-08 08:31:35.16841
199	\N	126	386	1	1	SI	before	{"en_US": "Slovenia", "es_ES": "Eslovenia"}	{"en_US": "VAT", "es_ES": "NIF"}	%(street)s\n%(street2)s\n%(city)s %(state_code)s %(zip)s\n%(country_name)s	f	t	2026-04-08 08:31:35.16841	2026-04-08 08:31:35.16841
200	\N	14	47	1	1	SJ	before	{"en_US": "Svalbard and Jan Mayen", "es_ES": "Svalbard y Jan Mayen"}	\N	%(street)s\n%(street2)s\n%(city)s %(state_code)s %(zip)s\n%(country_name)s	f	t	2026-04-08 08:31:35.16841	2026-04-08 08:31:35.16841
201	\N	126	421	1	1	SK	before	{"en_US": "Slovakia", "es_ES": "Eslovaquia"}	{"en_US": "VAT", "es_ES": "NIF"}	%(street)s\n%(street2)s\n%(city)s %(state_code)s %(zip)s\n%(country_name)s	f	t	2026-04-08 08:31:35.16841	2026-04-08 08:31:35.16841
202	\N	148	232	1	1	SL	before	{"en_US": "Sierra Leone", "es_ES": "Sierra Leona"}	\N	%(street)s\n%(street2)s\n%(city)s %(state_code)s %(zip)s\n%(country_name)s	f	t	2026-04-08 08:31:35.16841	2026-04-08 08:31:35.16841
203	\N	126	378	1	1	SM	before	{"en_US": "San Marino", "es_ES": "San Marino"}	\N	%(street)s\n%(street2)s\n%(city)s %(state_code)s %(zip)s\n%(country_name)s	f	t	2026-04-08 08:31:35.16841	2026-04-08 08:31:35.16841
204	\N	41	221	1	1	SN	before	{"en_US": "Senegal", "es_ES": "Senegal"}	\N	%(street)s\n%(street2)s\n%(city)s %(state_code)s %(zip)s\n%(country_name)s	f	t	2026-04-08 08:31:35.16841	2026-04-08 08:31:35.16841
205	\N	145	252	1	1	SO	before	{"en_US": "Somalia", "es_ES": "Somalia"}	\N	%(street)s\n%(street2)s\n%(city)s %(state_code)s %(zip)s\n%(country_name)s	f	t	2026-04-08 08:31:35.16841	2026-04-08 08:31:35.16841
206	\N	140	597	1	1	SR	before	{"en_US": "Suriname", "es_ES": "Surinam"}	\N	%(street)s\n%(street2)s\n%(city)s %(state_code)s %(zip)s\n%(country_name)s	f	t	2026-04-08 08:31:35.16841	2026-04-08 08:31:35.16841
207	\N	143	211	1	1	SS	before	{"en_US": "South Sudan", "es_ES": "Sudán del Sur"}	\N	%(street)s\n%(street2)s\n%(city)s %(state_code)s %(zip)s\n%(country_name)s	f	t	2026-04-08 08:31:35.16841	2026-04-08 08:31:35.16841
208	\N	152	239	1	1	ST	before	{"en_US": "São Tomé and Príncipe", "es_ES": "Santo Tomé y Príncipe"}	\N	%(street)s\n%(street2)s\n%(city)s %(state_code)s %(zip)s\n%(country_name)s	f	t	2026-04-08 08:31:35.16841	2026-04-08 08:31:35.16841
209	\N	76	503	1	1	SV	before	{"en_US": "El Salvador", "es_ES": "El Salvador"}	\N	%(street)s\n%(street2)s\n%(city)s %(state_code)s %(zip)s\n%(country_name)s	f	t	2026-04-08 08:31:35.16841	2026-04-08 08:31:35.16841
210	\N	72	1721	1	1	SX	before	{"en_US": "Sint Maarten (Dutch part)", "es_ES": "San Martín (parte holandesa)"}	\N	%(street)s\n%(street2)s\n%(city)s %(state_code)s %(zip)s\n%(country_name)s	f	t	2026-04-08 08:31:35.16841	2026-04-08 08:31:35.16841
211	\N	138	963	1	1	SY	before	{"en_US": "Syria", "es_ES": "Siria"}	\N	%(street)s\n%(street2)s\n%(city)s %(state_code)s %(zip)s\n%(country_name)s	f	t	2026-04-08 08:31:35.16841	2026-04-08 08:31:35.16841
212	\N	139	268	1	1	SZ	before	{"en_US": "Eswatini", "es_ES": "Suazilandia "}	\N	%(street)s\n%(street2)s\n%(city)s %(state_code)s %(zip)s\n%(country_name)s	f	t	2026-04-08 08:31:35.16841	2026-04-08 08:31:35.16841
213	\N	1	1649	1	1	TC	before	{"en_US": "Turks and Caicos Islands", "es_ES": "Islas Turcas y Caicos"}	\N	%(street)s\n%(street2)s\n%(city)s %(state_code)s %(zip)s\n%(country_name)s	f	t	2026-04-08 08:31:35.16841	2026-04-08 08:31:35.16841
214	\N	42	235	1	1	TD	before	{"en_US": "Chad", "es_ES": "Chad"}	\N	%(street)s\n%(street2)s\n%(city)s %(state_code)s %(zip)s\n%(country_name)s	f	t	2026-04-08 08:31:35.16841	2026-04-08 08:31:35.16841
215	\N	126	262	1	1	TF	before	{"en_US": "French Southern Territories", "es_ES": "Territorios franceses del sur"}	\N	%(street)s\n%(street2)s\n%(city)s %(state_code)s %(zip)s\n%(country_name)s	f	t	2026-04-08 08:31:35.16841	2026-04-08 08:31:35.16841
216	\N	41	228	1	1	TG	before	{"en_US": "Togo", "es_ES": "Togo"}	\N	%(street)s\n%(street2)s\n%(city)s %(state_code)s %(zip)s\n%(country_name)s	f	t	2026-04-08 08:31:35.16841	2026-04-08 08:31:35.16841
217	\N	134	66	1	1	TH	before	{"en_US": "Thailand", "es_ES": "Tailandia"}	\N	%(street)s\n%(street2)s\n%(city)s\n%(state_name)s %(zip)s\n%(country_name)s	f	t	2026-04-08 08:31:35.16841	2026-04-08 08:31:35.16841
218	\N	136	992	1	1	TJ	before	{"en_US": "Tajikistan", "es_ES": "Tajikistán"}	\N	%(street)s\n%(street2)s\n%(city)s %(state_code)s %(zip)s\n%(country_name)s	f	t	2026-04-08 08:31:35.16841	2026-04-08 08:31:35.16841
219	\N	35	690	1	1	TK	before	{"en_US": "Tokelau", "es_ES": "Tokelau"}	\N	%(street)s\n%(street2)s\n%(city)s %(state_code)s %(zip)s\n%(country_name)s	f	t	2026-04-08 08:31:35.16841	2026-04-08 08:31:35.16841
220	\N	130	993	1	1	TM	before	{"en_US": "Turkmenistan", "es_ES": "Turkmenistán"}	\N	%(street)s\n%(street2)s\n%(city)s %(state_code)s %(zip)s\n%(country_name)s	f	t	2026-04-08 08:31:35.16841	2026-04-08 08:31:35.16841
221	\N	131	216	1	1	TN	before	{"en_US": "Tunisia", "es_ES": "Túnez"}	\N	%(street)s\n%(street2)s\n%(city)s %(state_code)s %(zip)s\n%(country_name)s	f	t	2026-04-08 08:31:35.16841	2026-04-08 08:31:35.16841
222	\N	133	676	1	1	TO	before	{"en_US": "Tonga", "es_ES": "Tonga"}	\N	%(street)s\n%(street2)s\n%(city)s %(state_code)s %(zip)s\n%(country_name)s	f	t	2026-04-08 08:31:35.16841	2026-04-08 08:31:35.16841
223	\N	1	670	1	1	TL	before	{"en_US": "Timor-Leste", "es_ES": "Timor Oriental"}	\N	%(street)s\n%(street2)s\n%(city)s %(state_code)s %(zip)s\n%(country_name)s	f	t	2026-04-08 08:31:35.16841	2026-04-08 08:31:35.16841
3	\N	47	93	1	1	AF	before	{"en_US": "Afghanistan", "es_ES": "Afganistán"}	\N	%(street)s\n%(street2)s\n%(city)s %(state_code)s %(zip)s\n%(country_name)s	f	t	2026-04-08 08:31:35.16841	2026-04-08 08:31:35.16841
6	\N	119	355	1	1	AL	before	{"en_US": "Albania", "es_ES": "Albania"}	\N	%(street)s\n%(street2)s\n%(city)s %(state_code)s %(zip)s\n%(country_name)s	f	t	2026-04-08 08:31:35.16841	2026-04-08 08:31:35.16841
11	\N	1	1684	1	1	AS	before	{"en_US": "American Samoa", "es_ES": "Samoa Americana"}	\N	%(street)s\n%(street2)s\n%(city)s %(state_code)s %(zip)s\n%(country_name)s	f	t	2026-04-08 08:31:35.16841	2026-04-08 08:31:35.16841
62	\N	112	213	1	1	DZ	before	{"en_US": "Algeria", "es_ES": "Argelia"}	\N	%(street)s\n%(street2)s\n%(city)s %(state_code)s %(zip)s\n%(country_name)s	f	t	2026-04-08 08:31:35.16841	2026-04-08 08:31:35.16841
224	\N	31	90	1	1	TR	before	{"en_US": "Türkiye", "es_ES": "Turquía"}	\N	%(street)s\n%(street2)s\n%(city)s %(state_name)s %(zip)s\n%(country_name)s	f	t	2026-04-08 08:31:35.16841	2026-04-08 08:31:35.16841
225	\N	132	1868	1	1	TT	before	{"en_US": "Trinidad and Tobago", "es_ES": "Trinidad y Tobago"}	\N	%(street)s\n%(street2)s\n%(city)s %(state_code)s %(zip)s\n%(country_name)s	f	t	2026-04-08 08:31:35.16841	2026-04-08 08:31:35.16841
226	\N	21	688	1	1	TV	before	{"en_US": "Tuvalu", "es_ES": "Tuvalu"}	\N	%(street)s\n%(street2)s\n%(city)s %(state_code)s %(zip)s\n%(country_name)s	f	t	2026-04-08 08:31:35.16841	2026-04-08 08:31:35.16841
227	\N	137	886	1	1	TW	before	{"en_US": "Taiwan", "es_ES": "Taiwán"}	\N	%(street)s\n%(street2)s\n%(city)s %(state_code)s %(zip)s\n%(country_name)s	f	t	2026-04-08 08:31:35.16841	2026-04-08 08:31:35.16841
228	\N	135	255	1	1	TZ	before	{"en_US": "Tanzania", "es_ES": "Tanzania"}	\N	%(street)s\n%(street2)s\n%(city)s %(state_code)s %(zip)s\n%(country_name)s	f	t	2026-04-08 08:31:35.16841	2026-04-08 08:31:35.16841
229	\N	22	380	1	1	UA	before	{"en_US": "Ukraine", "es_ES": "Ucrania"}	\N	%(street)s\n%(street2)s\n%(city)s %(state_code)s %(zip)s\n%(country_name)s	f	t	2026-04-08 08:31:35.16841	2026-04-08 08:31:35.16841
230	\N	43	256	1	1	UG	before	{"en_US": "Uganda", "es_ES": "Uganda"}	{"en_US": "TIN", "es_ES": "TIN"}	%(street)s\n%(street2)s\n%(city)s %(state_code)s %(zip)s\n%(country_name)s	f	t	2026-04-08 08:31:35.16841	2026-04-08 08:31:35.16841
231	\N	144	44	1	1	GB	before	{"en_US": "United Kingdom", "es_ES": "Reino Unido"}	{"en_US": "VAT", "es_ES": "NIF"}	%(street)s\n%(street2)s\n%(city)s\n%(state_name)s\n%(zip)s\n%(country_name)s	f	t	2026-04-08 08:31:35.16841	2026-04-08 08:31:35.16841
232	\N	1	699	1	1	UM	before	{"en_US": "USA Minor Outlying Islands", "es_ES": "EE.UU. Islas Exteriores Menores"}	\N	%(street)s\n%(street2)s\n%(city)s %(state_code)s %(zip)s\n%(country_name)s	f	t	2026-04-08 08:31:35.16841	2026-04-08 08:31:35.16841
233	\N	1	1	1	1	US	before	{"en_US": "United States", "es_ES": "Estados Unidos"}	{"en_US": ""}	%(street)s\n%(street2)s\n%(city)s %(state_code)s %(zip)s\n%(country_name)s	t	t	2026-04-08 08:31:35.16841	2026-04-08 08:31:35.16841
234	\N	46	598	1	1	UY	before	{"en_US": "Uruguay", "es_ES": "Uruguay"}	{"en_US": "RUT", "es_ES": "RUT"}	%(street)s\n%(street2)s\n%(city)s %(state_code)s %(zip)s\n%(country_name)s	f	t	2026-04-08 08:31:35.16841	2026-04-08 08:31:35.16841
235	\N	128	998	1	1	UZ	before	{"en_US": "Uzbekistan", "es_ES": "Uzbekistán"}	\N	%(street)s\n%(street2)s\n%(city)s %(state_code)s %(zip)s\n%(country_name)s	f	t	2026-04-08 08:31:35.16841	2026-04-08 08:31:35.16841
236	\N	126	379	1	1	VA	before	{"en_US": "Holy See (Vatican City State)", "es_ES": "Santa Sede (Ciudad Estado del Vaticano)"}	\N	%(street)s\n%(street2)s\n%(city)s %(state_code)s %(zip)s\n%(country_name)s	f	t	2026-04-08 08:31:35.16841	2026-04-08 08:31:35.16841
237	\N	49	1784	1	1	VC	before	{"en_US": "Saint Vincent and the Grenadines", "es_ES": "San Vicente y las Granadinas"}	\N	%(street)s\n%(street2)s\n%(city)s %(state_code)s %(zip)s\n%(country_name)s	f	t	2026-04-08 08:31:35.16841	2026-04-08 08:31:35.16841
238	\N	2	58	1	1	VE	before	{"en_US": "Venezuela", "es_ES": "Venezuela"}	\N	%(street)s\n%(street2)s\n%(city)s %(state_code)s %(zip)s\n%(country_name)s	f	t	2026-04-08 08:31:35.16841	2026-04-08 08:31:35.16841
239	\N	1	1284	1	1	VG	before	{"en_US": "Virgin Islands (British)", "es_ES": "Islas Vírgenes (Británicas)"}	\N	%(street)s\n%(street2)s\n%(city)s %(state_code)s %(zip)s\n%(country_name)s	f	t	2026-04-08 08:31:35.16841	2026-04-08 08:31:35.16841
240	\N	1	1340	1	1	VI	before	{"en_US": "Virgin Islands (USA)", "es_ES": "Islas Vírgenes (EE.UU.)"}	\N	%(street)s\n%(street2)s\n%(city)s %(state_code)s %(zip)s\n%(country_name)s	f	t	2026-04-08 08:31:35.16841	2026-04-08 08:31:35.16841
241	\N	23	84	1	1	VN	before	{"en_US": "Vietnam", "es_ES": "Vietnam"}	\N	%(street)s\n%(street2)s\n%(city)s\n%(state_name)s %(country_name)s	f	f	2026-04-08 08:31:35.16841	2026-04-08 08:31:35.16841
242	\N	127	678	1	1	VU	before	{"en_US": "Vanuatu", "es_ES": "Vanuatu"}	\N	%(street)s\n%(street2)s\n%(city)s %(state_code)s %(zip)s\n%(country_name)s	f	t	2026-04-08 08:31:35.16841	2026-04-08 08:31:35.16841
243	\N	15	681	1	1	WF	before	{"en_US": "Wallis and Futuna", "es_ES": "Wallis y Futuna"}	\N	%(street)s\n%(street2)s\n%(city)s %(state_code)s %(zip)s\n%(country_name)s	f	t	2026-04-08 08:31:35.16841	2026-04-08 08:31:35.16841
244	\N	153	685	1	1	WS	before	{"en_US": "Samoa", "es_ES": "Samoa"}	\N	%(street)s\n%(street2)s\n%(city)s %(state_code)s %(zip)s\n%(country_name)s	f	t	2026-04-08 08:31:35.16841	2026-04-08 08:31:35.16841
245	\N	125	967	1	1	YE	before	{"en_US": "Yemen", "es_ES": "Yemen"}	\N	%(street)s\n%(street2)s\n%(city)s %(state_code)s %(zip)s\n%(country_name)s	f	t	2026-04-08 08:31:35.16841	2026-04-08 08:31:35.16841
246	\N	126	262	1	1	YT	before	{"en_US": "Mayotte", "es_ES": "Mayotte"}	\N	%(street)s\n%(street2)s\n%(city)s %(state_code)s %(zip)s\n%(country_name)s	f	t	2026-04-08 08:31:35.16841	2026-04-08 08:31:35.16841
247	\N	38	27	1	1	ZA	before	{"en_US": "South Africa", "es_ES": "Sudáfrica"}	\N	%(street)s\n%(street2)s\n%(city)s %(state_code)s %(zip)s\n%(country_name)s	f	t	2026-04-08 08:31:35.16841	2026-04-08 08:31:35.16841
248	\N	124	260	1	1	ZM	before	{"en_US": "Zambia", "es_ES": "Zambia"}	{"en_US": "TPIN", "es_ES": "TPIN"}	%(street)s\n%(street2)s\n%(city)s %(state_code)s %(zip)s\n%(country_name)s	f	t	2026-04-08 08:31:35.16841	2026-04-08 08:31:35.16841
249	\N	123	263	1	1	ZW	before	{"en_US": "Zimbabwe", "es_ES": "Zimbabwe"}	\N	%(street)s\n%(street2)s\n%(city)s %(state_code)s %(zip)s\n%(country_name)s	f	t	2026-04-08 08:31:35.16841	2026-04-08 08:31:35.16841
250	\N	126	383	1	1	XK	before	{"en_US": "Kosovo", "es_ES": "Kosovo"}	\N	%(street)s\n%(street2)s\n%(city)s %(state_code)s %(zip)s\n%(country_name)s	f	t	2026-04-08 08:31:35.16841	2026-04-08 08:31:35.16841
1	\N	126	376	1	1	AD	before	{"en_US": "Andorra", "es_ES": "Andorra"}	\N	%(street)s\n%(street2)s\n%(city)s %(state_code)s %(zip)s\n%(country_name)s	f	t	2026-04-08 08:31:35.16841	2026-04-08 08:31:35.16841
4	\N	49	1268	1	1	AG	before	{"en_US": "Antigua and Barbuda", "es_ES": "Antigua y Barbuda"}	\N	%(street)s\n%(street2)s\n%(city)s %(state_code)s %(zip)s\n%(country_name)s	f	t	2026-04-08 08:31:35.16841	2026-04-08 08:31:35.16841
5	\N	49	1264	1	1	AI	before	{"en_US": "Anguilla", "es_ES": "Anguilla"}	\N	%(street)s\n%(street2)s\n%(city)s %(state_code)s %(zip)s\n%(country_name)s	f	t	2026-04-08 08:31:35.16841	2026-04-08 08:31:35.16841
7	\N	50	374	1	1	AM	before	{"en_US": "Armenia", "es_ES": "Armenia"}	\N	%(street)s\n%(street2)s\n%(city)s %(state_code)s %(zip)s\n%(country_name)s	f	t	2026-04-08 08:31:35.16841	2026-04-08 08:31:35.16841
8	\N	48	244	1	1	AO	before	{"en_US": "Angola", "es_ES": "Angola"}	\N	%(street)s\n%(street2)s\n%(city)s %(state_code)s %(zip)s\n%(country_name)s	f	f	2026-04-08 08:31:35.16841	2026-04-08 08:31:35.16841
9	\N	49	672	1	1	AQ	before	{"en_US": "Antarctica", "es_ES": "Antártida"}	\N	%(street)s\n%(street2)s\n%(city)s %(state_code)s %(zip)s\n%(country_name)s	f	t	2026-04-08 08:31:35.16841	2026-04-08 08:31:35.16841
10	\N	19	54	1	1	AR	before	{"en_US": "Argentina", "es_ES": "Argentina"}	{"en_US": "CUIT", "es_ES": "CUIT"}	%(street)s\n%(street2)s\n%(city)s %(state_name)s %(zip)s\n%(country_name)s	t	t	2026-04-08 08:31:35.16841	2026-04-08 08:31:35.16841
12	\N	126	43	1	1	AT	before	{"en_US": "Austria", "es_ES": "Austria"}	{"en_US": "USt", "es_ES": "USt"}	%(street)s\n%(street2)s\n%(zip)s %(city)s\n%(country_name)s	f	t	2026-04-08 08:31:35.16841	2026-04-08 08:31:35.16841
13	\N	21	61	1	1	AU	before	{"en_US": "Australia", "es_ES": "Australia"}	{"en_US": "ABN", "es_ES": "ABN"}	%(street)s\n%(street2)s\n%(city)s %(state_code)s %(zip)s\n%(country_name)s	t	t	2026-04-08 08:31:35.16841	2026-04-08 08:31:35.16841
15	\N	126	358	1	1	AX	before	{"en_US": "Åland Islands", "es_ES": "Islas Åland"}	\N	%(street)s\n%(street2)s\n%(city)s %(state_code)s %(zip)s\n%(country_name)s	f	t	2026-04-08 08:31:35.16841	2026-04-08 08:31:35.16841
\.


--
-- Data for Name: res_country_group; Type: TABLE DATA; Schema: public; Owner: odoo
--

COPY public.res_country_group (id, create_uid, write_uid, name, create_date, write_date) FROM stdin;
1	1	1	{"en_US": "European Union", "es_ES": "Unión Europea"}	2026-04-08 08:31:35.16841	2026-04-08 08:31:35.16841
2	1	1	{"en_US": "South America", "es_ES": "América del Sur"}	2026-04-08 08:31:35.16841	2026-04-08 08:31:35.16841
3	1	1	{"en_US": "SEPA Countries", "es_ES": "Países SEPA"}	2026-04-08 08:31:35.16841	2026-04-08 08:31:35.16841
4	1	1	{"en_US": "Gulf Cooperation Council (GCC)", "es_ES": "Consejo de Cooperación para los Estados Árabes del Golfo (CCEAG)"}	2026-04-08 08:31:35.16841	2026-04-08 08:31:35.16841
5	1	1	{"en_US": "Eurasian Economic Union", "es_ES": "Unión Económica Euroasiática "}	2026-04-08 08:31:35.16841	2026-04-08 08:31:35.16841
6	1	1	{"en_US": "Switzerland and Liechtenstein", "es_ES": "Suiza y Liechtenstein"}	2026-04-08 08:31:35.16841	2026-04-08 08:31:35.16841
\.


--
-- Data for Name: res_country_group_pricelist_rel; Type: TABLE DATA; Schema: public; Owner: odoo
--

COPY public.res_country_group_pricelist_rel (pricelist_id, res_country_group_id) FROM stdin;
\.


--
-- Data for Name: res_country_res_country_group_rel; Type: TABLE DATA; Schema: public; Owner: odoo
--

COPY public.res_country_res_country_group_rel (res_country_id, res_country_group_id) FROM stdin;
12	1
20	1
22	1
97	1
55	1
56	1
59	1
64	1
70	1
75	1
57	1
88	1
99	1
101	1
109	1
134	1
132	1
133	1
152	1
165	1
178	1
183	1
188	1
201	1
199	1
68	1
196	1
10	2
29	2
31	2
46	2
49	2
63	2
72	2
89	2
79	2
93	2
185	2
173	2
206	2
234	2
238	2
1	3
12	3
15	3
20	3
22	3
26	3
43	3
55	3
56	3
57	3
59	3
64	3
68	3
70	3
75	3
231	3
79	3
82	3
81	3
86	3
88	3
97	3
99	3
101	3
103	3
108	3
109	3
110	3
128	3
132	3
133	3
134	3
137	3
140	3
149	3
152	3
165	3
166	3
178	3
179	3
183	3
187	3
188	3
196	3
199	3
201	3
203	3
236	3
246	3
192	4
2	4
23	4
171	4
186	4
122	4
190	5
36	5
7	5
115	5
124	5
43	6
128	6
\.


--
-- Data for Name: res_country_state; Type: TABLE DATA; Schema: public; Owner: odoo
--

COPY public.res_country_state (id, country_id, create_uid, write_uid, name, code, create_date, write_date) FROM stdin;
1	13	1	1	Australian Capital Territory	ACT	2026-04-08 08:31:35.16841	2026-04-08 08:31:35.16841
2	13	1	1	New South Wales	NSW	2026-04-08 08:31:35.16841	2026-04-08 08:31:35.16841
3	13	1	1	Northern Territory	NT	2026-04-08 08:31:35.16841	2026-04-08 08:31:35.16841
4	13	1	1	Queensland	QLD	2026-04-08 08:31:35.16841	2026-04-08 08:31:35.16841
5	13	1	1	South Australia	SA	2026-04-08 08:31:35.16841	2026-04-08 08:31:35.16841
6	13	1	1	Tasmania	TAS	2026-04-08 08:31:35.16841	2026-04-08 08:31:35.16841
7	13	1	1	Victoria	VIC	2026-04-08 08:31:35.16841	2026-04-08 08:31:35.16841
8	13	1	1	Western Australia	WA	2026-04-08 08:31:35.16841	2026-04-08 08:31:35.16841
9	233	1	1	Alabama	AL	2026-04-08 08:31:35.16841	2026-04-08 08:31:35.16841
10	233	1	1	Alaska	AK	2026-04-08 08:31:35.16841	2026-04-08 08:31:35.16841
11	233	1	1	Arizona	AZ	2026-04-08 08:31:35.16841	2026-04-08 08:31:35.16841
12	233	1	1	Arkansas	AR	2026-04-08 08:31:35.16841	2026-04-08 08:31:35.16841
13	233	1	1	California	CA	2026-04-08 08:31:35.16841	2026-04-08 08:31:35.16841
14	233	1	1	Colorado	CO	2026-04-08 08:31:35.16841	2026-04-08 08:31:35.16841
15	233	1	1	Connecticut	CT	2026-04-08 08:31:35.16841	2026-04-08 08:31:35.16841
16	233	1	1	Delaware	DE	2026-04-08 08:31:35.16841	2026-04-08 08:31:35.16841
17	233	1	1	District of Columbia	DC	2026-04-08 08:31:35.16841	2026-04-08 08:31:35.16841
18	233	1	1	Florida	FL	2026-04-08 08:31:35.16841	2026-04-08 08:31:35.16841
19	233	1	1	Georgia	GA	2026-04-08 08:31:35.16841	2026-04-08 08:31:35.16841
20	233	1	1	Hawaii	HI	2026-04-08 08:31:35.16841	2026-04-08 08:31:35.16841
21	233	1	1	Idaho	ID	2026-04-08 08:31:35.16841	2026-04-08 08:31:35.16841
22	233	1	1	Illinois	IL	2026-04-08 08:31:35.16841	2026-04-08 08:31:35.16841
23	233	1	1	Indiana	IN	2026-04-08 08:31:35.16841	2026-04-08 08:31:35.16841
24	233	1	1	Iowa	IA	2026-04-08 08:31:35.16841	2026-04-08 08:31:35.16841
25	233	1	1	Kansas	KS	2026-04-08 08:31:35.16841	2026-04-08 08:31:35.16841
26	233	1	1	Kentucky	KY	2026-04-08 08:31:35.16841	2026-04-08 08:31:35.16841
27	233	1	1	Louisiana	LA	2026-04-08 08:31:35.16841	2026-04-08 08:31:35.16841
28	233	1	1	Maine	ME	2026-04-08 08:31:35.16841	2026-04-08 08:31:35.16841
29	233	1	1	Montana	MT	2026-04-08 08:31:35.16841	2026-04-08 08:31:35.16841
30	233	1	1	Nebraska	NE	2026-04-08 08:31:35.16841	2026-04-08 08:31:35.16841
31	233	1	1	Nevada	NV	2026-04-08 08:31:35.16841	2026-04-08 08:31:35.16841
32	233	1	1	New Hampshire	NH	2026-04-08 08:31:35.16841	2026-04-08 08:31:35.16841
33	233	1	1	New Jersey	NJ	2026-04-08 08:31:35.16841	2026-04-08 08:31:35.16841
34	233	1	1	New Mexico	NM	2026-04-08 08:31:35.16841	2026-04-08 08:31:35.16841
35	233	1	1	New York	NY	2026-04-08 08:31:35.16841	2026-04-08 08:31:35.16841
36	233	1	1	North Carolina	NC	2026-04-08 08:31:35.16841	2026-04-08 08:31:35.16841
37	233	1	1	North Dakota	ND	2026-04-08 08:31:35.16841	2026-04-08 08:31:35.16841
38	233	1	1	Ohio	OH	2026-04-08 08:31:35.16841	2026-04-08 08:31:35.16841
39	233	1	1	Oklahoma	OK	2026-04-08 08:31:35.16841	2026-04-08 08:31:35.16841
40	233	1	1	Oregon	OR	2026-04-08 08:31:35.16841	2026-04-08 08:31:35.16841
41	233	1	1	Maryland	MD	2026-04-08 08:31:35.16841	2026-04-08 08:31:35.16841
42	233	1	1	Massachusetts	MA	2026-04-08 08:31:35.16841	2026-04-08 08:31:35.16841
43	233	1	1	Michigan	MI	2026-04-08 08:31:35.16841	2026-04-08 08:31:35.16841
44	233	1	1	Minnesota	MN	2026-04-08 08:31:35.16841	2026-04-08 08:31:35.16841
45	233	1	1	Mississippi	MS	2026-04-08 08:31:35.16841	2026-04-08 08:31:35.16841
46	233	1	1	Missouri	MO	2026-04-08 08:31:35.16841	2026-04-08 08:31:35.16841
47	233	1	1	Pennsylvania	PA	2026-04-08 08:31:35.16841	2026-04-08 08:31:35.16841
48	233	1	1	Rhode Island	RI	2026-04-08 08:31:35.16841	2026-04-08 08:31:35.16841
49	233	1	1	South Carolina	SC	2026-04-08 08:31:35.16841	2026-04-08 08:31:35.16841
50	233	1	1	South Dakota	SD	2026-04-08 08:31:35.16841	2026-04-08 08:31:35.16841
51	233	1	1	Tennessee	TN	2026-04-08 08:31:35.16841	2026-04-08 08:31:35.16841
52	233	1	1	Texas	TX	2026-04-08 08:31:35.16841	2026-04-08 08:31:35.16841
53	233	1	1	Utah	UT	2026-04-08 08:31:35.16841	2026-04-08 08:31:35.16841
54	233	1	1	Vermont	VT	2026-04-08 08:31:35.16841	2026-04-08 08:31:35.16841
55	233	1	1	Virginia	VA	2026-04-08 08:31:35.16841	2026-04-08 08:31:35.16841
56	233	1	1	Washington	WA	2026-04-08 08:31:35.16841	2026-04-08 08:31:35.16841
57	233	1	1	West Virginia	WV	2026-04-08 08:31:35.16841	2026-04-08 08:31:35.16841
58	233	1	1	Wisconsin	WI	2026-04-08 08:31:35.16841	2026-04-08 08:31:35.16841
59	233	1	1	Wyoming	WY	2026-04-08 08:31:35.16841	2026-04-08 08:31:35.16841
60	233	1	1	American Samoa	AS	2026-04-08 08:31:35.16841	2026-04-08 08:31:35.16841
61	233	1	1	Federated States of Micronesia	FM	2026-04-08 08:31:35.16841	2026-04-08 08:31:35.16841
62	233	1	1	Guam	GU	2026-04-08 08:31:35.16841	2026-04-08 08:31:35.16841
63	233	1	1	Marshall Islands	MH	2026-04-08 08:31:35.16841	2026-04-08 08:31:35.16841
64	233	1	1	Northern Mariana Islands	MP	2026-04-08 08:31:35.16841	2026-04-08 08:31:35.16841
65	233	1	1	Palau	PW	2026-04-08 08:31:35.16841	2026-04-08 08:31:35.16841
66	233	1	1	Puerto Rico	PR	2026-04-08 08:31:35.16841	2026-04-08 08:31:35.16841
67	233	1	1	Virgin Islands	VI	2026-04-08 08:31:35.16841	2026-04-08 08:31:35.16841
68	233	1	1	Armed Forces Americas	AA	2026-04-08 08:31:35.16841	2026-04-08 08:31:35.16841
69	233	1	1	Armed Forces Europe	AE	2026-04-08 08:31:35.16841	2026-04-08 08:31:35.16841
70	233	1	1	Armed Forces Pacific	AP	2026-04-08 08:31:35.16841	2026-04-08 08:31:35.16841
71	31	1	1	Acre	AC	2026-04-08 08:31:35.16841	2026-04-08 08:31:35.16841
72	31	1	1	Alagoas	AL	2026-04-08 08:31:35.16841	2026-04-08 08:31:35.16841
73	31	1	1	Amapá	AP	2026-04-08 08:31:35.16841	2026-04-08 08:31:35.16841
74	31	1	1	Amazonas	AM	2026-04-08 08:31:35.16841	2026-04-08 08:31:35.16841
75	31	1	1	Bahia	BA	2026-04-08 08:31:35.16841	2026-04-08 08:31:35.16841
76	31	1	1	Ceará	CE	2026-04-08 08:31:35.16841	2026-04-08 08:31:35.16841
77	31	1	1	Distrito Federal	DF	2026-04-08 08:31:35.16841	2026-04-08 08:31:35.16841
78	31	1	1	Espírito Santo	ES	2026-04-08 08:31:35.16841	2026-04-08 08:31:35.16841
79	31	1	1	Goiás	GO	2026-04-08 08:31:35.16841	2026-04-08 08:31:35.16841
80	31	1	1	Maranhão	MA	2026-04-08 08:31:35.16841	2026-04-08 08:31:35.16841
81	31	1	1	Mato Grosso	MT	2026-04-08 08:31:35.16841	2026-04-08 08:31:35.16841
82	31	1	1	Mato Grosso do Sul	MS	2026-04-08 08:31:35.16841	2026-04-08 08:31:35.16841
83	31	1	1	Minas Gerais	MG	2026-04-08 08:31:35.16841	2026-04-08 08:31:35.16841
84	31	1	1	Pará	PA	2026-04-08 08:31:35.16841	2026-04-08 08:31:35.16841
85	31	1	1	Paraíba	PB	2026-04-08 08:31:35.16841	2026-04-08 08:31:35.16841
86	31	1	1	Paraná	PR	2026-04-08 08:31:35.16841	2026-04-08 08:31:35.16841
87	31	1	1	Pernambuco	PE	2026-04-08 08:31:35.16841	2026-04-08 08:31:35.16841
88	31	1	1	Piauí	PI	2026-04-08 08:31:35.16841	2026-04-08 08:31:35.16841
89	31	1	1	Rio de Janeiro	RJ	2026-04-08 08:31:35.16841	2026-04-08 08:31:35.16841
90	31	1	1	Rio Grande do Norte	RN	2026-04-08 08:31:35.16841	2026-04-08 08:31:35.16841
91	31	1	1	Rio Grande do Sul	RS	2026-04-08 08:31:35.16841	2026-04-08 08:31:35.16841
92	31	1	1	Rondônia	RO	2026-04-08 08:31:35.16841	2026-04-08 08:31:35.16841
93	31	1	1	Roraima	RR	2026-04-08 08:31:35.16841	2026-04-08 08:31:35.16841
94	31	1	1	Santa Catarina	SC	2026-04-08 08:31:35.16841	2026-04-08 08:31:35.16841
95	31	1	1	São Paulo	SP	2026-04-08 08:31:35.16841	2026-04-08 08:31:35.16841
96	31	1	1	Sergipe	SE	2026-04-08 08:31:35.16841	2026-04-08 08:31:35.16841
97	31	1	1	Tocantins	TO	2026-04-08 08:31:35.16841	2026-04-08 08:31:35.16841
98	190	1	1	Republic of Adygeya	AD	2026-04-08 08:31:35.16841	2026-04-08 08:31:35.16841
99	190	1	1	Altai Republic	AL	2026-04-08 08:31:35.16841	2026-04-08 08:31:35.16841
100	190	1	1	Altai Krai	ALT	2026-04-08 08:31:35.16841	2026-04-08 08:31:35.16841
101	190	1	1	Amur Oblast	AMU	2026-04-08 08:31:35.16841	2026-04-08 08:31:35.16841
102	190	1	1	Arkhangelsk Oblast	ARK	2026-04-08 08:31:35.16841	2026-04-08 08:31:35.16841
103	190	1	1	Astrakhan Oblast	AST	2026-04-08 08:31:35.16841	2026-04-08 08:31:35.16841
104	190	1	1	Republic of Bashkortostan	BA	2026-04-08 08:31:35.16841	2026-04-08 08:31:35.16841
105	190	1	1	Belgorod Oblast	BEL	2026-04-08 08:31:35.16841	2026-04-08 08:31:35.16841
106	190	1	1	Bryansk Oblast	BRY	2026-04-08 08:31:35.16841	2026-04-08 08:31:35.16841
107	190	1	1	Republic of Buryatia	BU	2026-04-08 08:31:35.16841	2026-04-08 08:31:35.16841
108	190	1	1	Chechen Republic	CE	2026-04-08 08:31:35.16841	2026-04-08 08:31:35.16841
109	190	1	1	Chelyabinsk Oblast	CHE	2026-04-08 08:31:35.16841	2026-04-08 08:31:35.16841
110	190	1	1	Chukotka Autonomous Okrug	CHU	2026-04-08 08:31:35.16841	2026-04-08 08:31:35.16841
111	190	1	1	Chuvash Republic	CU	2026-04-08 08:31:35.16841	2026-04-08 08:31:35.16841
112	190	1	1	Republic of Dagestan	DA	2026-04-08 08:31:35.16841	2026-04-08 08:31:35.16841
113	190	1	1	Republic of Ingushetia	IN	2026-04-08 08:31:35.16841	2026-04-08 08:31:35.16841
114	190	1	1	Irkutsk Oblast	IRK	2026-04-08 08:31:35.16841	2026-04-08 08:31:35.16841
115	190	1	1	Ivanovo Oblast	IVA	2026-04-08 08:31:35.16841	2026-04-08 08:31:35.16841
116	190	1	1	Kamchatka Krai	KAM	2026-04-08 08:31:35.16841	2026-04-08 08:31:35.16841
117	190	1	1	Kabardino-Balkarian Republic	KB	2026-04-08 08:31:35.16841	2026-04-08 08:31:35.16841
118	190	1	1	Kaliningrad Oblast	KGD	2026-04-08 08:31:35.16841	2026-04-08 08:31:35.16841
119	190	1	1	Republic of Kalmykia	KL	2026-04-08 08:31:35.16841	2026-04-08 08:31:35.16841
120	190	1	1	Kaluga Oblast	KLU	2026-04-08 08:31:35.16841	2026-04-08 08:31:35.16841
121	190	1	1	Karachay–Cherkess Republic	KC	2026-04-08 08:31:35.16841	2026-04-08 08:31:35.16841
122	190	1	1	Republic of Karelia	KR	2026-04-08 08:31:35.16841	2026-04-08 08:31:35.16841
123	190	1	1	Kemerovo Oblast	KEM	2026-04-08 08:31:35.16841	2026-04-08 08:31:35.16841
124	190	1	1	Khabarovsk Krai	KHA	2026-04-08 08:31:35.16841	2026-04-08 08:31:35.16841
125	190	1	1	Republic of Khakassia	KK	2026-04-08 08:31:35.16841	2026-04-08 08:31:35.16841
126	190	1	1	Khanty-Mansi Autonomous Okrug	KHM	2026-04-08 08:31:35.16841	2026-04-08 08:31:35.16841
127	190	1	1	Kirov Oblast	KIR	2026-04-08 08:31:35.16841	2026-04-08 08:31:35.16841
128	190	1	1	Komi Republic	KO	2026-04-08 08:31:35.16841	2026-04-08 08:31:35.16841
129	190	1	1	Kostroma Oblast	KOS	2026-04-08 08:31:35.16841	2026-04-08 08:31:35.16841
130	190	1	1	Krasnodar Krai	KDA	2026-04-08 08:31:35.16841	2026-04-08 08:31:35.16841
131	190	1	1	Krasnoyarsk Krai	KYA	2026-04-08 08:31:35.16841	2026-04-08 08:31:35.16841
132	190	1	1	Kurgan Oblast	KGN	2026-04-08 08:31:35.16841	2026-04-08 08:31:35.16841
133	190	1	1	Kursk Oblast	KRS	2026-04-08 08:31:35.16841	2026-04-08 08:31:35.16841
134	190	1	1	Leningrad Oblast	LEN	2026-04-08 08:31:35.16841	2026-04-08 08:31:35.16841
135	190	1	1	Lipetsk Oblast	LIP	2026-04-08 08:31:35.16841	2026-04-08 08:31:35.16841
136	190	1	1	Magadan Oblast	MAG	2026-04-08 08:31:35.16841	2026-04-08 08:31:35.16841
137	190	1	1	Mari El Republic	ME	2026-04-08 08:31:35.16841	2026-04-08 08:31:35.16841
138	190	1	1	Republic of Mordovia	MO	2026-04-08 08:31:35.16841	2026-04-08 08:31:35.16841
139	190	1	1	Moscow Oblast	MOS	2026-04-08 08:31:35.16841	2026-04-08 08:31:35.16841
140	190	1	1	Moscow	MOW	2026-04-08 08:31:35.16841	2026-04-08 08:31:35.16841
141	190	1	1	Murmansk Oblast	MUR	2026-04-08 08:31:35.16841	2026-04-08 08:31:35.16841
142	190	1	1	Nizhny Novgorod Oblast	NIZ	2026-04-08 08:31:35.16841	2026-04-08 08:31:35.16841
143	190	1	1	Novgorod Oblast	NGR	2026-04-08 08:31:35.16841	2026-04-08 08:31:35.16841
144	190	1	1	Novosibirsk Oblast	NVS	2026-04-08 08:31:35.16841	2026-04-08 08:31:35.16841
145	190	1	1	Omsk Oblast	OMS	2026-04-08 08:31:35.16841	2026-04-08 08:31:35.16841
146	190	1	1	Orenburg Oblast	ORE	2026-04-08 08:31:35.16841	2026-04-08 08:31:35.16841
147	190	1	1	Oryol Oblast	ORL	2026-04-08 08:31:35.16841	2026-04-08 08:31:35.16841
148	190	1	1	Penza Oblast	PNZ	2026-04-08 08:31:35.16841	2026-04-08 08:31:35.16841
149	190	1	1	Perm Krai	PER	2026-04-08 08:31:35.16841	2026-04-08 08:31:35.16841
150	190	1	1	Primorsky Krai	PRI	2026-04-08 08:31:35.16841	2026-04-08 08:31:35.16841
151	190	1	1	Pskov Oblast	PSK	2026-04-08 08:31:35.16841	2026-04-08 08:31:35.16841
152	190	1	1	Rostov Oblast	ROS	2026-04-08 08:31:35.16841	2026-04-08 08:31:35.16841
153	190	1	1	Ryazan Oblast	RYA	2026-04-08 08:31:35.16841	2026-04-08 08:31:35.16841
154	190	1	1	Sakha Republic (Yakutia)	SA	2026-04-08 08:31:35.16841	2026-04-08 08:31:35.16841
155	190	1	1	Sakhalin Oblast	SAK	2026-04-08 08:31:35.16841	2026-04-08 08:31:35.16841
156	190	1	1	Samara Oblast	SAM	2026-04-08 08:31:35.16841	2026-04-08 08:31:35.16841
157	190	1	1	Saint Petersburg	SPE	2026-04-08 08:31:35.16841	2026-04-08 08:31:35.16841
158	190	1	1	Saratov Oblast	SAR	2026-04-08 08:31:35.16841	2026-04-08 08:31:35.16841
159	190	1	1	Republic of North Ossetia–Alania	SE	2026-04-08 08:31:35.16841	2026-04-08 08:31:35.16841
160	190	1	1	Smolensk Oblast	SMO	2026-04-08 08:31:35.16841	2026-04-08 08:31:35.16841
161	190	1	1	Stavropol Krai	STA	2026-04-08 08:31:35.16841	2026-04-08 08:31:35.16841
162	190	1	1	Sverdlovsk Oblast	SVE	2026-04-08 08:31:35.16841	2026-04-08 08:31:35.16841
163	190	1	1	Tambov Oblast	TAM	2026-04-08 08:31:35.16841	2026-04-08 08:31:35.16841
164	190	1	1	Republic of Tatarstan	TA	2026-04-08 08:31:35.16841	2026-04-08 08:31:35.16841
165	190	1	1	Tomsk Oblast	TOM	2026-04-08 08:31:35.16841	2026-04-08 08:31:35.16841
166	190	1	1	Tula Oblast	TUL	2026-04-08 08:31:35.16841	2026-04-08 08:31:35.16841
167	190	1	1	Tver Oblast	TVE	2026-04-08 08:31:35.16841	2026-04-08 08:31:35.16841
168	190	1	1	Tyumen Oblast	TYU	2026-04-08 08:31:35.16841	2026-04-08 08:31:35.16841
169	190	1	1	Tyva Republic	TY	2026-04-08 08:31:35.16841	2026-04-08 08:31:35.16841
170	190	1	1	Udmurtia	UD	2026-04-08 08:31:35.16841	2026-04-08 08:31:35.16841
171	190	1	1	Ulyanovsk Oblast	ULY	2026-04-08 08:31:35.16841	2026-04-08 08:31:35.16841
172	190	1	1	Vladimir Oblast	VLA	2026-04-08 08:31:35.16841	2026-04-08 08:31:35.16841
173	190	1	1	Volgograd Oblast	VGG	2026-04-08 08:31:35.16841	2026-04-08 08:31:35.16841
174	190	1	1	Vologda Oblast	VLG	2026-04-08 08:31:35.16841	2026-04-08 08:31:35.16841
175	190	1	1	Voronezh Oblast	VOR	2026-04-08 08:31:35.16841	2026-04-08 08:31:35.16841
176	190	1	1	Yamalo-Nenets Autonomous Okrug	YAN	2026-04-08 08:31:35.16841	2026-04-08 08:31:35.16841
177	190	1	1	Yaroslavl Oblast	YAR	2026-04-08 08:31:35.16841	2026-04-08 08:31:35.16841
178	190	1	1	Jewish Autonomous Oblast	YEV	2026-04-08 08:31:35.16841	2026-04-08 08:31:35.16841
179	90	1	1	Alta Verapaz	AVE	2026-04-08 08:31:35.16841	2026-04-08 08:31:35.16841
180	90	1	1	Baja Verapaz	BVE	2026-04-08 08:31:35.16841	2026-04-08 08:31:35.16841
181	90	1	1	Chimaltenango	CMT	2026-04-08 08:31:35.16841	2026-04-08 08:31:35.16841
182	90	1	1	Chiquimula	CQM	2026-04-08 08:31:35.16841	2026-04-08 08:31:35.16841
183	90	1	1	El Progreso	EPR	2026-04-08 08:31:35.16841	2026-04-08 08:31:35.16841
184	90	1	1	Escuintla	ESC	2026-04-08 08:31:35.16841	2026-04-08 08:31:35.16841
185	90	1	1	Guatemala	GUA	2026-04-08 08:31:35.16841	2026-04-08 08:31:35.16841
186	90	1	1	Huehuetenango	HUE	2026-04-08 08:31:35.16841	2026-04-08 08:31:35.16841
187	90	1	1	Izabal	IZA	2026-04-08 08:31:35.16841	2026-04-08 08:31:35.16841
188	90	1	1	Jalapa	JAL	2026-04-08 08:31:35.16841	2026-04-08 08:31:35.16841
189	90	1	1	Jutiapa	JUT	2026-04-08 08:31:35.16841	2026-04-08 08:31:35.16841
190	90	1	1	Petén	PET	2026-04-08 08:31:35.16841	2026-04-08 08:31:35.16841
191	90	1	1	Quetzaltenango	QUE	2026-04-08 08:31:35.16841	2026-04-08 08:31:35.16841
192	90	1	1	Quiché	QUI	2026-04-08 08:31:35.16841	2026-04-08 08:31:35.16841
193	90	1	1	Retalhuleu	RET	2026-04-08 08:31:35.16841	2026-04-08 08:31:35.16841
194	90	1	1	Sacatepéquez	SAC	2026-04-08 08:31:35.16841	2026-04-08 08:31:35.16841
195	90	1	1	San Marcos	SMA	2026-04-08 08:31:35.16841	2026-04-08 08:31:35.16841
196	90	1	1	Santa Rosa	SRO	2026-04-08 08:31:35.16841	2026-04-08 08:31:35.16841
197	90	1	1	Sololá	SOL	2026-04-08 08:31:35.16841	2026-04-08 08:31:35.16841
198	90	1	1	Suchitepéquez	SUC	2026-04-08 08:31:35.16841	2026-04-08 08:31:35.16841
199	90	1	1	Totonicapán	TOT	2026-04-08 08:31:35.16841	2026-04-08 08:31:35.16841
200	90	1	1	Zacapa	ZAC	2026-04-08 08:31:35.16841	2026-04-08 08:31:35.16841
201	113	1	1	愛知県	JP-23	2026-04-08 08:31:35.16841	2026-04-08 08:31:35.16841
202	113	1	1	秋田県	JP-05	2026-04-08 08:31:35.16841	2026-04-08 08:31:35.16841
203	113	1	1	青森県	JP-02	2026-04-08 08:31:35.16841	2026-04-08 08:31:35.16841
204	113	1	1	千葉県	JP-12	2026-04-08 08:31:35.16841	2026-04-08 08:31:35.16841
205	113	1	1	愛媛県	JP-38	2026-04-08 08:31:35.16841	2026-04-08 08:31:35.16841
206	113	1	1	福井県	JP-18	2026-04-08 08:31:35.16841	2026-04-08 08:31:35.16841
207	113	1	1	福岡県	JP-40	2026-04-08 08:31:35.16841	2026-04-08 08:31:35.16841
208	113	1	1	福島県	JP-07	2026-04-08 08:31:35.16841	2026-04-08 08:31:35.16841
209	113	1	1	岐阜県	JP-21	2026-04-08 08:31:35.16841	2026-04-08 08:31:35.16841
210	113	1	1	群馬県	JP-10	2026-04-08 08:31:35.16841	2026-04-08 08:31:35.16841
211	113	1	1	広島県	JP-34	2026-04-08 08:31:35.16841	2026-04-08 08:31:35.16841
212	113	1	1	北海道	JP-01	2026-04-08 08:31:35.16841	2026-04-08 08:31:35.16841
213	113	1	1	兵庫県	JP-28	2026-04-08 08:31:35.16841	2026-04-08 08:31:35.16841
214	113	1	1	茨城県	JP-08	2026-04-08 08:31:35.16841	2026-04-08 08:31:35.16841
215	113	1	1	石川県	JP-17	2026-04-08 08:31:35.16841	2026-04-08 08:31:35.16841
216	113	1	1	岩手県	JP-03	2026-04-08 08:31:35.16841	2026-04-08 08:31:35.16841
217	113	1	1	香川県	JP-37	2026-04-08 08:31:35.16841	2026-04-08 08:31:35.16841
218	113	1	1	鹿児島県	JP-46	2026-04-08 08:31:35.16841	2026-04-08 08:31:35.16841
219	113	1	1	神奈川県	JP-14	2026-04-08 08:31:35.16841	2026-04-08 08:31:35.16841
220	113	1	1	高知県	JP-39	2026-04-08 08:31:35.16841	2026-04-08 08:31:35.16841
221	113	1	1	熊本県	JP-43	2026-04-08 08:31:35.16841	2026-04-08 08:31:35.16841
222	113	1	1	京都府	JP-26	2026-04-08 08:31:35.16841	2026-04-08 08:31:35.16841
223	113	1	1	三重県	JP-24	2026-04-08 08:31:35.16841	2026-04-08 08:31:35.16841
224	113	1	1	宮城県	JP-04	2026-04-08 08:31:35.16841	2026-04-08 08:31:35.16841
225	113	1	1	宮崎県	JP-45	2026-04-08 08:31:35.16841	2026-04-08 08:31:35.16841
226	113	1	1	長野県	JP-20	2026-04-08 08:31:35.16841	2026-04-08 08:31:35.16841
227	113	1	1	長崎県	JP-42	2026-04-08 08:31:35.16841	2026-04-08 08:31:35.16841
228	113	1	1	奈良県	JP-29	2026-04-08 08:31:35.16841	2026-04-08 08:31:35.16841
229	113	1	1	新潟県	JP-15	2026-04-08 08:31:35.16841	2026-04-08 08:31:35.16841
230	113	1	1	大分県	JP-44	2026-04-08 08:31:35.16841	2026-04-08 08:31:35.16841
231	113	1	1	岡山県	JP-33	2026-04-08 08:31:35.16841	2026-04-08 08:31:35.16841
232	113	1	1	沖縄県	JP-47	2026-04-08 08:31:35.16841	2026-04-08 08:31:35.16841
233	113	1	1	大阪府	JP-27	2026-04-08 08:31:35.16841	2026-04-08 08:31:35.16841
234	113	1	1	佐賀県	JP-41	2026-04-08 08:31:35.16841	2026-04-08 08:31:35.16841
235	113	1	1	埼玉県	JP-11	2026-04-08 08:31:35.16841	2026-04-08 08:31:35.16841
236	113	1	1	滋賀県	JP-25	2026-04-08 08:31:35.16841	2026-04-08 08:31:35.16841
237	113	1	1	島根県	JP-32	2026-04-08 08:31:35.16841	2026-04-08 08:31:35.16841
238	113	1	1	静岡県	JP-22	2026-04-08 08:31:35.16841	2026-04-08 08:31:35.16841
239	113	1	1	栃木県	JP-09	2026-04-08 08:31:35.16841	2026-04-08 08:31:35.16841
240	113	1	1	徳島県	JP-36	2026-04-08 08:31:35.16841	2026-04-08 08:31:35.16841
241	113	1	1	鳥取県	JP-31	2026-04-08 08:31:35.16841	2026-04-08 08:31:35.16841
242	113	1	1	富山県	JP-16	2026-04-08 08:31:35.16841	2026-04-08 08:31:35.16841
243	113	1	1	東京都	JP-13	2026-04-08 08:31:35.16841	2026-04-08 08:31:35.16841
244	113	1	1	和歌山県	JP-30	2026-04-08 08:31:35.16841	2026-04-08 08:31:35.16841
245	113	1	1	山形県	JP-06	2026-04-08 08:31:35.16841	2026-04-08 08:31:35.16841
246	113	1	1	山口県	JP-35	2026-04-08 08:31:35.16841	2026-04-08 08:31:35.16841
247	113	1	1	山梨県	JP-19	2026-04-08 08:31:35.16841	2026-04-08 08:31:35.16841
248	183	1	1	Aveiro	01	2026-04-08 08:31:35.16841	2026-04-08 08:31:35.16841
249	183	1	1	Beja	02	2026-04-08 08:31:35.16841	2026-04-08 08:31:35.16841
250	183	1	1	Braga	03	2026-04-08 08:31:35.16841	2026-04-08 08:31:35.16841
251	183	1	1	Bragança	04	2026-04-08 08:31:35.16841	2026-04-08 08:31:35.16841
252	183	1	1	Castelo Branco	05	2026-04-08 08:31:35.16841	2026-04-08 08:31:35.16841
253	183	1	1	Coimbra	06	2026-04-08 08:31:35.16841	2026-04-08 08:31:35.16841
254	183	1	1	Évora	07	2026-04-08 08:31:35.16841	2026-04-08 08:31:35.16841
255	183	1	1	Faro	08	2026-04-08 08:31:35.16841	2026-04-08 08:31:35.16841
256	183	1	1	Guarda	09	2026-04-08 08:31:35.16841	2026-04-08 08:31:35.16841
257	183	1	1	Leiria	10	2026-04-08 08:31:35.16841	2026-04-08 08:31:35.16841
258	183	1	1	Lisboa	11	2026-04-08 08:31:35.16841	2026-04-08 08:31:35.16841
259	183	1	1	Portalegre	12	2026-04-08 08:31:35.16841	2026-04-08 08:31:35.16841
260	183	1	1	Porto	13	2026-04-08 08:31:35.16841	2026-04-08 08:31:35.16841
261	183	1	1	Santarém	14	2026-04-08 08:31:35.16841	2026-04-08 08:31:35.16841
262	183	1	1	Setúbal	15	2026-04-08 08:31:35.16841	2026-04-08 08:31:35.16841
263	183	1	1	Viana do Castelo	16	2026-04-08 08:31:35.16841	2026-04-08 08:31:35.16841
264	183	1	1	Vila Real	17	2026-04-08 08:31:35.16841	2026-04-08 08:31:35.16841
265	183	1	1	Viseu	18	2026-04-08 08:31:35.16841	2026-04-08 08:31:35.16841
266	183	1	1	Açores	20	2026-04-08 08:31:35.16841	2026-04-08 08:31:35.16841
267	183	1	1	Madeira	30	2026-04-08 08:31:35.16841	2026-04-08 08:31:35.16841
268	65	1	1	Dakahlia	DK	2026-04-08 08:31:35.16841	2026-04-08 08:31:35.16841
269	65	1	1	Red Sea	BA	2026-04-08 08:31:35.16841	2026-04-08 08:31:35.16841
270	65	1	1	Beheira	BH	2026-04-08 08:31:35.16841	2026-04-08 08:31:35.16841
271	65	1	1	Faiyum	FYM	2026-04-08 08:31:35.16841	2026-04-08 08:31:35.16841
272	65	1	1	Gharbia	GH	2026-04-08 08:31:35.16841	2026-04-08 08:31:35.16841
273	65	1	1	Alexandria	ALX	2026-04-08 08:31:35.16841	2026-04-08 08:31:35.16841
274	65	1	1	Ismailia	IS	2026-04-08 08:31:35.16841	2026-04-08 08:31:35.16841
275	65	1	1	Giza	GZ	2026-04-08 08:31:35.16841	2026-04-08 08:31:35.16841
276	65	1	1	Monufia	MNF	2026-04-08 08:31:35.16841	2026-04-08 08:31:35.16841
277	65	1	1	Minya	MN	2026-04-08 08:31:35.16841	2026-04-08 08:31:35.16841
278	65	1	1	Cairo	C	2026-04-08 08:31:35.16841	2026-04-08 08:31:35.16841
279	65	1	1	Qalyubia	KB	2026-04-08 08:31:35.16841	2026-04-08 08:31:35.16841
280	65	1	1	Luxor	LX	2026-04-08 08:31:35.16841	2026-04-08 08:31:35.16841
281	65	1	1	New Valley	WAD	2026-04-08 08:31:35.16841	2026-04-08 08:31:35.16841
282	65	1	1	Al Sharqia	SHR	2026-04-08 08:31:35.16841	2026-04-08 08:31:35.16841
283	65	1	1	6th of October	SU	2026-04-08 08:31:35.16841	2026-04-08 08:31:35.16841
284	65	1	1	Suez	SUZ	2026-04-08 08:31:35.16841	2026-04-08 08:31:35.16841
285	65	1	1	Aswan	ASN	2026-04-08 08:31:35.16841	2026-04-08 08:31:35.16841
286	65	1	1	Asyut	AST	2026-04-08 08:31:35.16841	2026-04-08 08:31:35.16841
287	65	1	1	Beni Suef	BNS	2026-04-08 08:31:35.16841	2026-04-08 08:31:35.16841
288	65	1	1	Port Said	PTS	2026-04-08 08:31:35.16841	2026-04-08 08:31:35.16841
289	65	1	1	Damietta	DT	2026-04-08 08:31:35.16841	2026-04-08 08:31:35.16841
290	65	1	1	Helwan	HU	2026-04-08 08:31:35.16841	2026-04-08 08:31:35.16841
291	65	1	1	South Sinai	JS	2026-04-08 08:31:35.16841	2026-04-08 08:31:35.16841
292	65	1	1	Kafr el-Sheikh	KFS	2026-04-08 08:31:35.16841	2026-04-08 08:31:35.16841
293	65	1	1	Matrouh	MT	2026-04-08 08:31:35.16841	2026-04-08 08:31:35.16841
294	65	1	1	Qena	KN	2026-04-08 08:31:35.16841	2026-04-08 08:31:35.16841
295	65	1	1	North Sinai	SIN	2026-04-08 08:31:35.16841	2026-04-08 08:31:35.16841
296	65	1	1	Sohag	SHG	2026-04-08 08:31:35.16841	2026-04-08 08:31:35.16841
297	247	1	1	Eastern Cape	EC	2026-04-08 08:31:35.16841	2026-04-08 08:31:35.16841
298	247	1	1	Free State	FS	2026-04-08 08:31:35.16841	2026-04-08 08:31:35.16841
299	247	1	1	Gauteng	GP	2026-04-08 08:31:35.16841	2026-04-08 08:31:35.16841
300	247	1	1	KwaZulu-Natal	KZN	2026-04-08 08:31:35.16841	2026-04-08 08:31:35.16841
301	247	1	1	Limpopo	LP	2026-04-08 08:31:35.16841	2026-04-08 08:31:35.16841
302	247	1	1	Mpumalanga	MP	2026-04-08 08:31:35.16841	2026-04-08 08:31:35.16841
303	247	1	1	Northern Cape	NC	2026-04-08 08:31:35.16841	2026-04-08 08:31:35.16841
304	247	1	1	North West	NW	2026-04-08 08:31:35.16841	2026-04-08 08:31:35.16841
305	247	1	1	Western Cape	WC	2026-04-08 08:31:35.16841	2026-04-08 08:31:35.16841
306	109	1	1	Agrigento	AG	2026-04-08 08:31:35.16841	2026-04-08 08:31:35.16841
307	109	1	1	Alessandria	AL	2026-04-08 08:31:35.16841	2026-04-08 08:31:35.16841
308	109	1	1	Ancona	AN	2026-04-08 08:31:35.16841	2026-04-08 08:31:35.16841
309	109	1	1	Aosta	AO	2026-04-08 08:31:35.16841	2026-04-08 08:31:35.16841
310	109	1	1	Arezzo	AR	2026-04-08 08:31:35.16841	2026-04-08 08:31:35.16841
311	109	1	1	Ascoli Piceno	AP	2026-04-08 08:31:35.16841	2026-04-08 08:31:35.16841
312	109	1	1	Asti	AT	2026-04-08 08:31:35.16841	2026-04-08 08:31:35.16841
313	109	1	1	Avellino	AV	2026-04-08 08:31:35.16841	2026-04-08 08:31:35.16841
314	109	1	1	Bari	BA	2026-04-08 08:31:35.16841	2026-04-08 08:31:35.16841
315	109	1	1	Barletta-Andria-Trani	BT	2026-04-08 08:31:35.16841	2026-04-08 08:31:35.16841
316	109	1	1	Belluno	BL	2026-04-08 08:31:35.16841	2026-04-08 08:31:35.16841
317	109	1	1	Benevento	BN	2026-04-08 08:31:35.16841	2026-04-08 08:31:35.16841
318	109	1	1	Bergamo	BG	2026-04-08 08:31:35.16841	2026-04-08 08:31:35.16841
319	109	1	1	Biella	BI	2026-04-08 08:31:35.16841	2026-04-08 08:31:35.16841
320	109	1	1	Bologna	BO	2026-04-08 08:31:35.16841	2026-04-08 08:31:35.16841
321	109	1	1	Bolzano	BZ	2026-04-08 08:31:35.16841	2026-04-08 08:31:35.16841
322	109	1	1	Brescia	BS	2026-04-08 08:31:35.16841	2026-04-08 08:31:35.16841
323	109	1	1	Brindisi	BR	2026-04-08 08:31:35.16841	2026-04-08 08:31:35.16841
324	109	1	1	Cagliari	CA	2026-04-08 08:31:35.16841	2026-04-08 08:31:35.16841
325	109	1	1	Caltanissetta	CL	2026-04-08 08:31:35.16841	2026-04-08 08:31:35.16841
326	109	1	1	Campobasso	CB	2026-04-08 08:31:35.16841	2026-04-08 08:31:35.16841
327	109	1	1	Carbonia-Iglesias	CI	2026-04-08 08:31:35.16841	2026-04-08 08:31:35.16841
328	109	1	1	Caserta	CE	2026-04-08 08:31:35.16841	2026-04-08 08:31:35.16841
329	109	1	1	Catania	CT	2026-04-08 08:31:35.16841	2026-04-08 08:31:35.16841
330	109	1	1	Catanzaro	CZ	2026-04-08 08:31:35.16841	2026-04-08 08:31:35.16841
331	109	1	1	Chieti	CH	2026-04-08 08:31:35.16841	2026-04-08 08:31:35.16841
332	109	1	1	Como	CO	2026-04-08 08:31:35.16841	2026-04-08 08:31:35.16841
333	109	1	1	Cosenza	CS	2026-04-08 08:31:35.16841	2026-04-08 08:31:35.16841
334	109	1	1	Cremona	CR	2026-04-08 08:31:35.16841	2026-04-08 08:31:35.16841
335	109	1	1	Crotone	KR	2026-04-08 08:31:35.16841	2026-04-08 08:31:35.16841
336	109	1	1	Cuneo	CN	2026-04-08 08:31:35.16841	2026-04-08 08:31:35.16841
337	109	1	1	Enna	EN	2026-04-08 08:31:35.16841	2026-04-08 08:31:35.16841
338	109	1	1	Fermo	FM	2026-04-08 08:31:35.16841	2026-04-08 08:31:35.16841
339	109	1	1	Ferrara	FE	2026-04-08 08:31:35.16841	2026-04-08 08:31:35.16841
340	109	1	1	Firenze	FI	2026-04-08 08:31:35.16841	2026-04-08 08:31:35.16841
341	109	1	1	Foggia	FG	2026-04-08 08:31:35.16841	2026-04-08 08:31:35.16841
342	109	1	1	Forlì-Cesena	FC	2026-04-08 08:31:35.16841	2026-04-08 08:31:35.16841
343	109	1	1	Frosinone	FR	2026-04-08 08:31:35.16841	2026-04-08 08:31:35.16841
344	109	1	1	Genova	GE	2026-04-08 08:31:35.16841	2026-04-08 08:31:35.16841
345	109	1	1	Gorizia	GO	2026-04-08 08:31:35.16841	2026-04-08 08:31:35.16841
346	109	1	1	Grosseto	GR	2026-04-08 08:31:35.16841	2026-04-08 08:31:35.16841
347	109	1	1	Imperia	IM	2026-04-08 08:31:35.16841	2026-04-08 08:31:35.16841
348	109	1	1	Isernia	IS	2026-04-08 08:31:35.16841	2026-04-08 08:31:35.16841
349	109	1	1	La Spezia	SP	2026-04-08 08:31:35.16841	2026-04-08 08:31:35.16841
350	109	1	1	L'Aquila	AQ	2026-04-08 08:31:35.16841	2026-04-08 08:31:35.16841
351	109	1	1	Latina	LT	2026-04-08 08:31:35.16841	2026-04-08 08:31:35.16841
352	109	1	1	Lecce	LE	2026-04-08 08:31:35.16841	2026-04-08 08:31:35.16841
353	109	1	1	Lecco	LC	2026-04-08 08:31:35.16841	2026-04-08 08:31:35.16841
354	109	1	1	Livorno	LI	2026-04-08 08:31:35.16841	2026-04-08 08:31:35.16841
355	109	1	1	Lodi	LO	2026-04-08 08:31:35.16841	2026-04-08 08:31:35.16841
356	109	1	1	Lucca	LU	2026-04-08 08:31:35.16841	2026-04-08 08:31:35.16841
357	109	1	1	Macerata	MC	2026-04-08 08:31:35.16841	2026-04-08 08:31:35.16841
358	109	1	1	Mantova	MN	2026-04-08 08:31:35.16841	2026-04-08 08:31:35.16841
359	109	1	1	Massa-Carrara	MS	2026-04-08 08:31:35.16841	2026-04-08 08:31:35.16841
360	109	1	1	Matera	MT	2026-04-08 08:31:35.16841	2026-04-08 08:31:35.16841
361	109	1	1	Medio Campidano	VS	2026-04-08 08:31:35.16841	2026-04-08 08:31:35.16841
362	109	1	1	Messina	ME	2026-04-08 08:31:35.16841	2026-04-08 08:31:35.16841
363	109	1	1	Milano	MI	2026-04-08 08:31:35.16841	2026-04-08 08:31:35.16841
364	109	1	1	Modena	MO	2026-04-08 08:31:35.16841	2026-04-08 08:31:35.16841
365	109	1	1	Monza e Brianza	MB	2026-04-08 08:31:35.16841	2026-04-08 08:31:35.16841
366	109	1	1	Napoli	NA	2026-04-08 08:31:35.16841	2026-04-08 08:31:35.16841
367	109	1	1	Novara	NO	2026-04-08 08:31:35.16841	2026-04-08 08:31:35.16841
368	109	1	1	Nuoro	NU	2026-04-08 08:31:35.16841	2026-04-08 08:31:35.16841
369	109	1	1	Ogliastra	OG	2026-04-08 08:31:35.16841	2026-04-08 08:31:35.16841
370	109	1	1	Olbia-Tempio	OT	2026-04-08 08:31:35.16841	2026-04-08 08:31:35.16841
371	109	1	1	Oristano	OR	2026-04-08 08:31:35.16841	2026-04-08 08:31:35.16841
372	109	1	1	Padova	PD	2026-04-08 08:31:35.16841	2026-04-08 08:31:35.16841
373	109	1	1	Palermo	PA	2026-04-08 08:31:35.16841	2026-04-08 08:31:35.16841
374	109	1	1	Parma	PR	2026-04-08 08:31:35.16841	2026-04-08 08:31:35.16841
375	109	1	1	Pavia	PV	2026-04-08 08:31:35.16841	2026-04-08 08:31:35.16841
376	109	1	1	Perugia	PG	2026-04-08 08:31:35.16841	2026-04-08 08:31:35.16841
377	109	1	1	Pesaro e Urbino	PU	2026-04-08 08:31:35.16841	2026-04-08 08:31:35.16841
378	109	1	1	Pescara	PE	2026-04-08 08:31:35.16841	2026-04-08 08:31:35.16841
379	109	1	1	Piacenza	PC	2026-04-08 08:31:35.16841	2026-04-08 08:31:35.16841
380	109	1	1	Pisa	PI	2026-04-08 08:31:35.16841	2026-04-08 08:31:35.16841
381	109	1	1	Pistoia	PT	2026-04-08 08:31:35.16841	2026-04-08 08:31:35.16841
382	109	1	1	Pordenone	PN	2026-04-08 08:31:35.16841	2026-04-08 08:31:35.16841
383	109	1	1	Potenza	PZ	2026-04-08 08:31:35.16841	2026-04-08 08:31:35.16841
384	109	1	1	Prato	PO	2026-04-08 08:31:35.16841	2026-04-08 08:31:35.16841
385	109	1	1	Ragusa	RG	2026-04-08 08:31:35.16841	2026-04-08 08:31:35.16841
386	109	1	1	Ravenna	RA	2026-04-08 08:31:35.16841	2026-04-08 08:31:35.16841
387	109	1	1	Reggio Calabria	RC	2026-04-08 08:31:35.16841	2026-04-08 08:31:35.16841
388	109	1	1	Reggio Emilia	RE	2026-04-08 08:31:35.16841	2026-04-08 08:31:35.16841
389	109	1	1	Rieti	RI	2026-04-08 08:31:35.16841	2026-04-08 08:31:35.16841
390	109	1	1	Rimini	RN	2026-04-08 08:31:35.16841	2026-04-08 08:31:35.16841
391	109	1	1	Roma	RM	2026-04-08 08:31:35.16841	2026-04-08 08:31:35.16841
392	109	1	1	Rovigo	RO	2026-04-08 08:31:35.16841	2026-04-08 08:31:35.16841
393	109	1	1	Salerno	SA	2026-04-08 08:31:35.16841	2026-04-08 08:31:35.16841
394	109	1	1	Sassari	SS	2026-04-08 08:31:35.16841	2026-04-08 08:31:35.16841
395	109	1	1	Savona	SV	2026-04-08 08:31:35.16841	2026-04-08 08:31:35.16841
396	109	1	1	Siena	SI	2026-04-08 08:31:35.16841	2026-04-08 08:31:35.16841
397	109	1	1	Siracusa	SR	2026-04-08 08:31:35.16841	2026-04-08 08:31:35.16841
398	109	1	1	Sondrio	SO	2026-04-08 08:31:35.16841	2026-04-08 08:31:35.16841
399	109	1	1	Sud Sardegna	SU	2026-04-08 08:31:35.16841	2026-04-08 08:31:35.16841
400	109	1	1	Taranto	TA	2026-04-08 08:31:35.16841	2026-04-08 08:31:35.16841
401	109	1	1	Teramo	TE	2026-04-08 08:31:35.16841	2026-04-08 08:31:35.16841
402	109	1	1	Terni	TR	2026-04-08 08:31:35.16841	2026-04-08 08:31:35.16841
403	109	1	1	Torino	TO	2026-04-08 08:31:35.16841	2026-04-08 08:31:35.16841
404	109	1	1	Trapani	TP	2026-04-08 08:31:35.16841	2026-04-08 08:31:35.16841
405	109	1	1	Trento	TN	2026-04-08 08:31:35.16841	2026-04-08 08:31:35.16841
406	109	1	1	Treviso	TV	2026-04-08 08:31:35.16841	2026-04-08 08:31:35.16841
407	109	1	1	Trieste	TS	2026-04-08 08:31:35.16841	2026-04-08 08:31:35.16841
408	109	1	1	Udine	UD	2026-04-08 08:31:35.16841	2026-04-08 08:31:35.16841
409	109	1	1	Varese	VA	2026-04-08 08:31:35.16841	2026-04-08 08:31:35.16841
410	109	1	1	Venezia	VE	2026-04-08 08:31:35.16841	2026-04-08 08:31:35.16841
411	109	1	1	Verbano-Cusio-Ossola	VB	2026-04-08 08:31:35.16841	2026-04-08 08:31:35.16841
412	109	1	1	Vercelli	VC	2026-04-08 08:31:35.16841	2026-04-08 08:31:35.16841
413	109	1	1	Verona	VR	2026-04-08 08:31:35.16841	2026-04-08 08:31:35.16841
414	109	1	1	Vibo Valentia	VV	2026-04-08 08:31:35.16841	2026-04-08 08:31:35.16841
415	109	1	1	Vicenza	VI	2026-04-08 08:31:35.16841	2026-04-08 08:31:35.16841
416	109	1	1	Viterbo	VT	2026-04-08 08:31:35.16841	2026-04-08 08:31:35.16841
417	68	1	1	A Coruña (La Coruña)	C	2026-04-08 08:31:35.16841	2026-04-08 08:31:35.16841
418	68	1	1	Araba/Álava	VI	2026-04-08 08:31:35.16841	2026-04-08 08:31:35.16841
419	68	1	1	Albacete	AB	2026-04-08 08:31:35.16841	2026-04-08 08:31:35.16841
420	68	1	1	Alacant (Alicante)	A	2026-04-08 08:31:35.16841	2026-04-08 08:31:35.16841
421	68	1	1	Almería	AL	2026-04-08 08:31:35.16841	2026-04-08 08:31:35.16841
422	68	1	1	Asturias	O	2026-04-08 08:31:35.16841	2026-04-08 08:31:35.16841
423	68	1	1	Ávila	AV	2026-04-08 08:31:35.16841	2026-04-08 08:31:35.16841
424	68	1	1	Badajoz	BA	2026-04-08 08:31:35.16841	2026-04-08 08:31:35.16841
425	68	1	1	Illes Balears (Islas Baleares)	PM	2026-04-08 08:31:35.16841	2026-04-08 08:31:35.16841
426	68	1	1	Barcelona	B	2026-04-08 08:31:35.16841	2026-04-08 08:31:35.16841
427	68	1	1	Burgos	BU	2026-04-08 08:31:35.16841	2026-04-08 08:31:35.16841
428	68	1	1	Cáceres	CC	2026-04-08 08:31:35.16841	2026-04-08 08:31:35.16841
429	68	1	1	Cádiz	CA	2026-04-08 08:31:35.16841	2026-04-08 08:31:35.16841
430	68	1	1	Cantabria	S	2026-04-08 08:31:35.16841	2026-04-08 08:31:35.16841
431	68	1	1	Castelló (Castellón)	CS	2026-04-08 08:31:35.16841	2026-04-08 08:31:35.16841
432	68	1	1	Ceuta	CE	2026-04-08 08:31:35.16841	2026-04-08 08:31:35.16841
433	68	1	1	Ciudad Real	CR	2026-04-08 08:31:35.16841	2026-04-08 08:31:35.16841
434	68	1	1	Córdoba	CO	2026-04-08 08:31:35.16841	2026-04-08 08:31:35.16841
435	68	1	1	Cuenca	CU	2026-04-08 08:31:35.16841	2026-04-08 08:31:35.16841
436	68	1	1	Girona (Gerona)	GI	2026-04-08 08:31:35.16841	2026-04-08 08:31:35.16841
437	68	1	1	Granada	GR	2026-04-08 08:31:35.16841	2026-04-08 08:31:35.16841
438	68	1	1	Guadalajara	GU	2026-04-08 08:31:35.16841	2026-04-08 08:31:35.16841
439	68	1	1	Gipuzkoa (Guipúzcoa)	SS	2026-04-08 08:31:35.16841	2026-04-08 08:31:35.16841
440	68	1	1	Huelva	H	2026-04-08 08:31:35.16841	2026-04-08 08:31:35.16841
441	68	1	1	Huesca	HU	2026-04-08 08:31:35.16841	2026-04-08 08:31:35.16841
442	68	1	1	Jaén	J	2026-04-08 08:31:35.16841	2026-04-08 08:31:35.16841
443	68	1	1	La Rioja	LO	2026-04-08 08:31:35.16841	2026-04-08 08:31:35.16841
444	68	1	1	Las Palmas	GC	2026-04-08 08:31:35.16841	2026-04-08 08:31:35.16841
445	68	1	1	León	LE	2026-04-08 08:31:35.16841	2026-04-08 08:31:35.16841
446	68	1	1	Lleida (Lérida)	L	2026-04-08 08:31:35.16841	2026-04-08 08:31:35.16841
447	68	1	1	Lugo	LU	2026-04-08 08:31:35.16841	2026-04-08 08:31:35.16841
448	68	1	1	Madrid	M	2026-04-08 08:31:35.16841	2026-04-08 08:31:35.16841
449	68	1	1	Málaga	MA	2026-04-08 08:31:35.16841	2026-04-08 08:31:35.16841
450	68	1	1	Melilla	ME	2026-04-08 08:31:35.16841	2026-04-08 08:31:35.16841
451	68	1	1	Murcia	MU	2026-04-08 08:31:35.16841	2026-04-08 08:31:35.16841
452	68	1	1	Navarra (Nafarroa)	NA	2026-04-08 08:31:35.16841	2026-04-08 08:31:35.16841
453	68	1	1	Ourense (Orense)	OR	2026-04-08 08:31:35.16841	2026-04-08 08:31:35.16841
454	68	1	1	Palencia	P	2026-04-08 08:31:35.16841	2026-04-08 08:31:35.16841
455	68	1	1	Pontevedra	PO	2026-04-08 08:31:35.16841	2026-04-08 08:31:35.16841
456	68	1	1	Salamanca	SA	2026-04-08 08:31:35.16841	2026-04-08 08:31:35.16841
457	68	1	1	Santa Cruz de Tenerife	TF	2026-04-08 08:31:35.16841	2026-04-08 08:31:35.16841
458	68	1	1	Segovia	SG	2026-04-08 08:31:35.16841	2026-04-08 08:31:35.16841
459	68	1	1	Sevilla	SE	2026-04-08 08:31:35.16841	2026-04-08 08:31:35.16841
460	68	1	1	Soria	SO	2026-04-08 08:31:35.16841	2026-04-08 08:31:35.16841
461	68	1	1	Tarragona	T	2026-04-08 08:31:35.16841	2026-04-08 08:31:35.16841
462	68	1	1	Teruel	TE	2026-04-08 08:31:35.16841	2026-04-08 08:31:35.16841
463	68	1	1	Toledo	TO	2026-04-08 08:31:35.16841	2026-04-08 08:31:35.16841
464	68	1	1	València (Valencia)	V	2026-04-08 08:31:35.16841	2026-04-08 08:31:35.16841
465	68	1	1	Valladolid	VA	2026-04-08 08:31:35.16841	2026-04-08 08:31:35.16841
466	68	1	1	Bizkaia (Vizcaya)	BI	2026-04-08 08:31:35.16841	2026-04-08 08:31:35.16841
467	68	1	1	Zamora	ZA	2026-04-08 08:31:35.16841	2026-04-08 08:31:35.16841
468	68	1	1	Zaragoza	Z	2026-04-08 08:31:35.16841	2026-04-08 08:31:35.16841
469	157	1	1	Johor	MY-01	2026-04-08 08:31:35.16841	2026-04-08 08:31:35.16841
470	157	1	1	Kedah	MY-02	2026-04-08 08:31:35.16841	2026-04-08 08:31:35.16841
471	157	1	1	Kelantan	MY-03	2026-04-08 08:31:35.16841	2026-04-08 08:31:35.16841
472	157	1	1	Kuala Lumpur	MY-14	2026-04-08 08:31:35.16841	2026-04-08 08:31:35.16841
473	157	1	1	Labuan	MY-15	2026-04-08 08:31:35.16841	2026-04-08 08:31:35.16841
474	157	1	1	Melaka	MY-04	2026-04-08 08:31:35.16841	2026-04-08 08:31:35.16841
475	157	1	1	Negeri Sembilan	MY-05	2026-04-08 08:31:35.16841	2026-04-08 08:31:35.16841
476	157	1	1	Pahang	MY-06	2026-04-08 08:31:35.16841	2026-04-08 08:31:35.16841
477	157	1	1	Perak	MY-08	2026-04-08 08:31:35.16841	2026-04-08 08:31:35.16841
478	157	1	1	Perlis	MY-09	2026-04-08 08:31:35.16841	2026-04-08 08:31:35.16841
479	157	1	1	Pulau Pinang	MY-07	2026-04-08 08:31:35.16841	2026-04-08 08:31:35.16841
480	157	1	1	Putrajaya	MY-16	2026-04-08 08:31:35.16841	2026-04-08 08:31:35.16841
481	157	1	1	Sabah	MY-12	2026-04-08 08:31:35.16841	2026-04-08 08:31:35.16841
482	157	1	1	Sarawak	MY-13	2026-04-08 08:31:35.16841	2026-04-08 08:31:35.16841
483	157	1	1	Selangor	MY-10	2026-04-08 08:31:35.16841	2026-04-08 08:31:35.16841
484	157	1	1	Terengganu	MY-11	2026-04-08 08:31:35.16841	2026-04-08 08:31:35.16841
485	156	1	1	Aguascalientes	AGU	2026-04-08 08:31:35.16841	2026-04-08 08:31:35.16841
486	156	1	1	Baja California	BCN	2026-04-08 08:31:35.16841	2026-04-08 08:31:35.16841
487	156	1	1	Baja California Sur	BCS	2026-04-08 08:31:35.16841	2026-04-08 08:31:35.16841
488	156	1	1	Chihuahua	CHH	2026-04-08 08:31:35.16841	2026-04-08 08:31:35.16841
489	156	1	1	Colima	COL	2026-04-08 08:31:35.16841	2026-04-08 08:31:35.16841
490	156	1	1	Campeche	CAM	2026-04-08 08:31:35.16841	2026-04-08 08:31:35.16841
491	156	1	1	Coahuila	COA	2026-04-08 08:31:35.16841	2026-04-08 08:31:35.16841
492	156	1	1	Chiapas	CHP	2026-04-08 08:31:35.16841	2026-04-08 08:31:35.16841
493	156	1	1	Ciudad de México	CMX	2026-04-08 08:31:35.16841	2026-04-08 08:31:35.16841
494	156	1	1	Durango	DUR	2026-04-08 08:31:35.16841	2026-04-08 08:31:35.16841
495	156	1	1	Guerrero	GRO	2026-04-08 08:31:35.16841	2026-04-08 08:31:35.16841
496	156	1	1	Guanajuato	GUA	2026-04-08 08:31:35.16841	2026-04-08 08:31:35.16841
497	156	1	1	Hidalgo	HID	2026-04-08 08:31:35.16841	2026-04-08 08:31:35.16841
498	156	1	1	Jalisco	JAL	2026-04-08 08:31:35.16841	2026-04-08 08:31:35.16841
499	156	1	1	Michoacán	MIC	2026-04-08 08:31:35.16841	2026-04-08 08:31:35.16841
500	156	1	1	Morelos	MOR	2026-04-08 08:31:35.16841	2026-04-08 08:31:35.16841
501	156	1	1	México	MEX	2026-04-08 08:31:35.16841	2026-04-08 08:31:35.16841
502	156	1	1	Nayarit	NAY	2026-04-08 08:31:35.16841	2026-04-08 08:31:35.16841
503	156	1	1	Nuevo León	NLE	2026-04-08 08:31:35.16841	2026-04-08 08:31:35.16841
504	156	1	1	Oaxaca	OAX	2026-04-08 08:31:35.16841	2026-04-08 08:31:35.16841
505	156	1	1	Puebla	PUE	2026-04-08 08:31:35.16841	2026-04-08 08:31:35.16841
506	156	1	1	Quintana Roo	ROO	2026-04-08 08:31:35.16841	2026-04-08 08:31:35.16841
507	156	1	1	Querétaro	QUE	2026-04-08 08:31:35.16841	2026-04-08 08:31:35.16841
508	156	1	1	Sinaloa	SIN	2026-04-08 08:31:35.16841	2026-04-08 08:31:35.16841
509	156	1	1	San Luis Potosí	SLP	2026-04-08 08:31:35.16841	2026-04-08 08:31:35.16841
510	156	1	1	Sonora	SON	2026-04-08 08:31:35.16841	2026-04-08 08:31:35.16841
511	156	1	1	Tabasco	TAB	2026-04-08 08:31:35.16841	2026-04-08 08:31:35.16841
512	156	1	1	Tlaxcala	TLA	2026-04-08 08:31:35.16841	2026-04-08 08:31:35.16841
513	156	1	1	Tamaulipas	TAM	2026-04-08 08:31:35.16841	2026-04-08 08:31:35.16841
514	156	1	1	Veracruz	VER	2026-04-08 08:31:35.16841	2026-04-08 08:31:35.16841
515	156	1	1	Yucatán	YUC	2026-04-08 08:31:35.16841	2026-04-08 08:31:35.16841
516	156	1	1	Zacatecas	ZAC	2026-04-08 08:31:35.16841	2026-04-08 08:31:35.16841
517	170	1	1	Auckland	AUK	2026-04-08 08:31:35.16841	2026-04-08 08:31:35.16841
518	170	1	1	Bay of Plenty	BOP	2026-04-08 08:31:35.16841	2026-04-08 08:31:35.16841
519	170	1	1	Canterbury	CAN	2026-04-08 08:31:35.16841	2026-04-08 08:31:35.16841
520	170	1	1	Gisborne	GIS	2026-04-08 08:31:35.16841	2026-04-08 08:31:35.16841
521	170	1	1	Hawke's Bay	HKB	2026-04-08 08:31:35.16841	2026-04-08 08:31:35.16841
522	170	1	1	Manawatu-Wanganui	MWT	2026-04-08 08:31:35.16841	2026-04-08 08:31:35.16841
523	170	1	1	Marlborough	MBH	2026-04-08 08:31:35.16841	2026-04-08 08:31:35.16841
524	170	1	1	Nelson	NSN	2026-04-08 08:31:35.16841	2026-04-08 08:31:35.16841
525	170	1	1	Northland	NTL	2026-04-08 08:31:35.16841	2026-04-08 08:31:35.16841
526	170	1	1	Otago	OTA	2026-04-08 08:31:35.16841	2026-04-08 08:31:35.16841
527	170	1	1	Southland	STL	2026-04-08 08:31:35.16841	2026-04-08 08:31:35.16841
528	170	1	1	Taranaki	TKI	2026-04-08 08:31:35.16841	2026-04-08 08:31:35.16841
529	170	1	1	Tasman	TAS	2026-04-08 08:31:35.16841	2026-04-08 08:31:35.16841
530	170	1	1	Waikato	WKO	2026-04-08 08:31:35.16841	2026-04-08 08:31:35.16841
531	170	1	1	Wellington	WGN	2026-04-08 08:31:35.16841	2026-04-08 08:31:35.16841
532	170	1	1	West Coast	WTC	2026-04-08 08:31:35.16841	2026-04-08 08:31:35.16841
533	38	1	1	Alberta	AB	2026-04-08 08:31:35.16841	2026-04-08 08:31:35.16841
534	38	1	1	British Columbia	BC	2026-04-08 08:31:35.16841	2026-04-08 08:31:35.16841
535	38	1	1	Manitoba	MB	2026-04-08 08:31:35.16841	2026-04-08 08:31:35.16841
536	38	1	1	New Brunswick	NB	2026-04-08 08:31:35.16841	2026-04-08 08:31:35.16841
537	38	1	1	Newfoundland and Labrador	NL	2026-04-08 08:31:35.16841	2026-04-08 08:31:35.16841
538	38	1	1	Northwest Territories	NT	2026-04-08 08:31:35.16841	2026-04-08 08:31:35.16841
539	38	1	1	Nova Scotia	NS	2026-04-08 08:31:35.16841	2026-04-08 08:31:35.16841
540	38	1	1	Nunavut	NU	2026-04-08 08:31:35.16841	2026-04-08 08:31:35.16841
541	38	1	1	Ontario	ON	2026-04-08 08:31:35.16841	2026-04-08 08:31:35.16841
542	38	1	1	Prince Edward Island	PE	2026-04-08 08:31:35.16841	2026-04-08 08:31:35.16841
543	38	1	1	Quebec	QC	2026-04-08 08:31:35.16841	2026-04-08 08:31:35.16841
544	38	1	1	Saskatchewan	SK	2026-04-08 08:31:35.16841	2026-04-08 08:31:35.16841
545	38	1	1	Yukon	YT	2026-04-08 08:31:35.16841	2026-04-08 08:31:35.16841
546	2	1	1	Abu Dhabi	AZ	2026-04-08 08:31:35.16841	2026-04-08 08:31:35.16841
547	2	1	1	Ajman	AJ	2026-04-08 08:31:35.16841	2026-04-08 08:31:35.16841
548	2	1	1	Dubai	DU	2026-04-08 08:31:35.16841	2026-04-08 08:31:35.16841
549	2	1	1	Fujairah	FU	2026-04-08 08:31:35.16841	2026-04-08 08:31:35.16841
550	2	1	1	Ras al-Khaimah	RK	2026-04-08 08:31:35.16841	2026-04-08 08:31:35.16841
551	2	1	1	Sharjah	SH	2026-04-08 08:31:35.16841	2026-04-08 08:31:35.16841
552	2	1	1	Umm al-Quwain	UQ	2026-04-08 08:31:35.16841	2026-04-08 08:31:35.16841
553	10	1	1	Ciudad Autónoma de Buenos Aires	C	2026-04-08 08:31:35.16841	2026-04-08 08:31:35.16841
554	10	1	1	Buenos Aires	B	2026-04-08 08:31:35.16841	2026-04-08 08:31:35.16841
555	10	1	1	Catamarca	K	2026-04-08 08:31:35.16841	2026-04-08 08:31:35.16841
556	10	1	1	Chaco	H	2026-04-08 08:31:35.16841	2026-04-08 08:31:35.16841
557	10	1	1	Chubut	U	2026-04-08 08:31:35.16841	2026-04-08 08:31:35.16841
558	10	1	1	Córdoba	X	2026-04-08 08:31:35.16841	2026-04-08 08:31:35.16841
559	10	1	1	Corrientes	W	2026-04-08 08:31:35.16841	2026-04-08 08:31:35.16841
560	10	1	1	Entre Ríos	E	2026-04-08 08:31:35.16841	2026-04-08 08:31:35.16841
561	10	1	1	Formosa	P	2026-04-08 08:31:35.16841	2026-04-08 08:31:35.16841
562	10	1	1	Jujuy	Y	2026-04-08 08:31:35.16841	2026-04-08 08:31:35.16841
563	10	1	1	La Pampa	L	2026-04-08 08:31:35.16841	2026-04-08 08:31:35.16841
564	10	1	1	La Rioja	F	2026-04-08 08:31:35.16841	2026-04-08 08:31:35.16841
565	10	1	1	Mendoza	M	2026-04-08 08:31:35.16841	2026-04-08 08:31:35.16841
566	10	1	1	Misiones	N	2026-04-08 08:31:35.16841	2026-04-08 08:31:35.16841
567	10	1	1	Neuquén	Q	2026-04-08 08:31:35.16841	2026-04-08 08:31:35.16841
568	10	1	1	Río Negro	R	2026-04-08 08:31:35.16841	2026-04-08 08:31:35.16841
569	10	1	1	Salta	A	2026-04-08 08:31:35.16841	2026-04-08 08:31:35.16841
570	10	1	1	San Juan	J	2026-04-08 08:31:35.16841	2026-04-08 08:31:35.16841
571	10	1	1	San Luis	D	2026-04-08 08:31:35.16841	2026-04-08 08:31:35.16841
572	10	1	1	Santa Cruz	Z	2026-04-08 08:31:35.16841	2026-04-08 08:31:35.16841
573	10	1	1	Santa Fe	S	2026-04-08 08:31:35.16841	2026-04-08 08:31:35.16841
574	10	1	1	Santiago Del Estero	G	2026-04-08 08:31:35.16841	2026-04-08 08:31:35.16841
575	10	1	1	Tierra del Fuego	V	2026-04-08 08:31:35.16841	2026-04-08 08:31:35.16841
576	10	1	1	Tucumán	T	2026-04-08 08:31:35.16841	2026-04-08 08:31:35.16841
577	104	1	1	Andaman and Nicobar	AN	2026-04-08 08:31:35.16841	2026-04-08 08:31:35.16841
578	104	1	1	Andhra Pradesh	AP	2026-04-08 08:31:35.16841	2026-04-08 08:31:35.16841
579	104	1	1	Arunachal Pradesh	AR	2026-04-08 08:31:35.16841	2026-04-08 08:31:35.16841
580	104	1	1	Assam	AS	2026-04-08 08:31:35.16841	2026-04-08 08:31:35.16841
581	104	1	1	Bihar	BR	2026-04-08 08:31:35.16841	2026-04-08 08:31:35.16841
582	104	1	1	Chandigarh	CH	2026-04-08 08:31:35.16841	2026-04-08 08:31:35.16841
583	104	1	1	Chattisgarh	CG	2026-04-08 08:31:35.16841	2026-04-08 08:31:35.16841
584	104	1	1	Dadra and Nagar Haveli	DN	2026-04-08 08:31:35.16841	2026-04-08 08:31:35.16841
585	104	1	1	Daman and Diu	DD	2026-04-08 08:31:35.16841	2026-04-08 08:31:35.16841
586	104	1	1	Delhi	DL	2026-04-08 08:31:35.16841	2026-04-08 08:31:35.16841
587	104	1	1	Goa	GA	2026-04-08 08:31:35.16841	2026-04-08 08:31:35.16841
588	104	1	1	Gujarat	GJ	2026-04-08 08:31:35.16841	2026-04-08 08:31:35.16841
589	104	1	1	Haryana	HR	2026-04-08 08:31:35.16841	2026-04-08 08:31:35.16841
590	104	1	1	Himachal Pradesh	HP	2026-04-08 08:31:35.16841	2026-04-08 08:31:35.16841
591	104	1	1	Jammu and Kashmir	JK	2026-04-08 08:31:35.16841	2026-04-08 08:31:35.16841
592	104	1	1	Jharkhand	JH	2026-04-08 08:31:35.16841	2026-04-08 08:31:35.16841
593	104	1	1	Karnataka	KA	2026-04-08 08:31:35.16841	2026-04-08 08:31:35.16841
594	104	1	1	Kerala	KL	2026-04-08 08:31:35.16841	2026-04-08 08:31:35.16841
595	104	1	1	Lakshadweep	LD	2026-04-08 08:31:35.16841	2026-04-08 08:31:35.16841
596	104	1	1	Madhya Pradesh	MP	2026-04-08 08:31:35.16841	2026-04-08 08:31:35.16841
597	104	1	1	Maharashtra	MH	2026-04-08 08:31:35.16841	2026-04-08 08:31:35.16841
598	104	1	1	Manipur	MN	2026-04-08 08:31:35.16841	2026-04-08 08:31:35.16841
599	104	1	1	Meghalaya	ML	2026-04-08 08:31:35.16841	2026-04-08 08:31:35.16841
600	104	1	1	Mizoram	MZ	2026-04-08 08:31:35.16841	2026-04-08 08:31:35.16841
601	104	1	1	Nagaland	NL	2026-04-08 08:31:35.16841	2026-04-08 08:31:35.16841
602	104	1	1	Odisha	OD	2026-04-08 08:31:35.16841	2026-04-08 08:31:35.16841
603	104	1	1	Puducherry	PY	2026-04-08 08:31:35.16841	2026-04-08 08:31:35.16841
604	104	1	1	Punjab	PB	2026-04-08 08:31:35.16841	2026-04-08 08:31:35.16841
605	104	1	1	Rajasthan	RJ	2026-04-08 08:31:35.16841	2026-04-08 08:31:35.16841
606	104	1	1	Sikkim	SK	2026-04-08 08:31:35.16841	2026-04-08 08:31:35.16841
607	104	1	1	Tamil Nadu	TN	2026-04-08 08:31:35.16841	2026-04-08 08:31:35.16841
608	104	1	1	Telangana	TS	2026-04-08 08:31:35.16841	2026-04-08 08:31:35.16841
609	104	1	1	Tripura	TR	2026-04-08 08:31:35.16841	2026-04-08 08:31:35.16841
610	104	1	1	Uttar Pradesh	UP	2026-04-08 08:31:35.16841	2026-04-08 08:31:35.16841
611	104	1	1	Uttarakhand	UK	2026-04-08 08:31:35.16841	2026-04-08 08:31:35.16841
612	104	1	1	West Bengal	WB	2026-04-08 08:31:35.16841	2026-04-08 08:31:35.16841
613	100	1	1	Aceh	AC	2026-04-08 08:31:35.16841	2026-04-08 08:31:35.16841
614	100	1	1	Bali	BA	2026-04-08 08:31:35.16841	2026-04-08 08:31:35.16841
615	100	1	1	Bangka Belitung	BB	2026-04-08 08:31:35.16841	2026-04-08 08:31:35.16841
616	100	1	1	Banten	BT	2026-04-08 08:31:35.16841	2026-04-08 08:31:35.16841
617	100	1	1	Bengkulu	BE	2026-04-08 08:31:35.16841	2026-04-08 08:31:35.16841
618	100	1	1	Gorontalo	GO	2026-04-08 08:31:35.16841	2026-04-08 08:31:35.16841
619	100	1	1	Jakarta	JK	2026-04-08 08:31:35.16841	2026-04-08 08:31:35.16841
620	100	1	1	Jambi	JA	2026-04-08 08:31:35.16841	2026-04-08 08:31:35.16841
621	100	1	1	Jawa Barat	JB	2026-04-08 08:31:35.16841	2026-04-08 08:31:35.16841
622	100	1	1	Jawa Tengah	JT	2026-04-08 08:31:35.16841	2026-04-08 08:31:35.16841
623	100	1	1	Jawa Timur	JI	2026-04-08 08:31:35.16841	2026-04-08 08:31:35.16841
624	100	1	1	Kalimantan Barat	KB	2026-04-08 08:31:35.16841	2026-04-08 08:31:35.16841
625	100	1	1	Kalimantan Selatan	KS	2026-04-08 08:31:35.16841	2026-04-08 08:31:35.16841
626	100	1	1	Kalimantan Tengah	KT	2026-04-08 08:31:35.16841	2026-04-08 08:31:35.16841
627	100	1	1	Kalimantan Timur	KI	2026-04-08 08:31:35.16841	2026-04-08 08:31:35.16841
628	100	1	1	Kalimantan Utara	KU	2026-04-08 08:31:35.16841	2026-04-08 08:31:35.16841
629	100	1	1	Kepulauan Riau	KR	2026-04-08 08:31:35.16841	2026-04-08 08:31:35.16841
630	100	1	1	Lampung	LA	2026-04-08 08:31:35.16841	2026-04-08 08:31:35.16841
631	100	1	1	Maluku	MA	2026-04-08 08:31:35.16841	2026-04-08 08:31:35.16841
632	100	1	1	Maluku Utara	MU	2026-04-08 08:31:35.16841	2026-04-08 08:31:35.16841
633	100	1	1	Nusa Tenggara Barat	NB	2026-04-08 08:31:35.16841	2026-04-08 08:31:35.16841
634	100	1	1	Nusa Tenggara Timur	NT	2026-04-08 08:31:35.16841	2026-04-08 08:31:35.16841
635	100	1	1	Papua	PA	2026-04-08 08:31:35.16841	2026-04-08 08:31:35.16841
636	100	1	1	Papua Barat	PB	2026-04-08 08:31:35.16841	2026-04-08 08:31:35.16841
637	100	1	1	Papua Barat Daya	PD	2026-04-08 08:31:35.16841	2026-04-08 08:31:35.16841
638	100	1	1	Papua Selatan	PS	2026-04-08 08:31:35.16841	2026-04-08 08:31:35.16841
639	100	1	1	Papua Tengah	PT	2026-04-08 08:31:35.16841	2026-04-08 08:31:35.16841
640	100	1	1	Papua Pegunungan	PE	2026-04-08 08:31:35.16841	2026-04-08 08:31:35.16841
641	100	1	1	Riau	RI	2026-04-08 08:31:35.16841	2026-04-08 08:31:35.16841
642	100	1	1	Sulawesi Barat	SR	2026-04-08 08:31:35.16841	2026-04-08 08:31:35.16841
643	100	1	1	Sulawesi Selatan	SN	2026-04-08 08:31:35.16841	2026-04-08 08:31:35.16841
644	100	1	1	Sulawesi Tengah	ST	2026-04-08 08:31:35.16841	2026-04-08 08:31:35.16841
645	100	1	1	Sulawesi Tenggara	SG	2026-04-08 08:31:35.16841	2026-04-08 08:31:35.16841
646	100	1	1	Sulawesi Utara	SA	2026-04-08 08:31:35.16841	2026-04-08 08:31:35.16841
647	100	1	1	Sumatra Barat	SB	2026-04-08 08:31:35.16841	2026-04-08 08:31:35.16841
648	100	1	1	Sumatra Selatan	SS	2026-04-08 08:31:35.16841	2026-04-08 08:31:35.16841
649	100	1	1	Sumatra Utara	SU	2026-04-08 08:31:35.16841	2026-04-08 08:31:35.16841
650	100	1	1	Yogyakarta	YO	2026-04-08 08:31:35.16841	2026-04-08 08:31:35.16841
651	49	1	1	Antioquia	ANT	2026-04-08 08:31:35.16841	2026-04-08 08:31:35.16841
652	49	1	1	Atlántico	ATL	2026-04-08 08:31:35.16841	2026-04-08 08:31:35.16841
653	49	1	1	Bogotá	DC	2026-04-08 08:31:35.16841	2026-04-08 08:31:35.16841
654	49	1	1	Bolívar	BOL	2026-04-08 08:31:35.16841	2026-04-08 08:31:35.16841
655	49	1	1	Boyacá	BOY	2026-04-08 08:31:35.16841	2026-04-08 08:31:35.16841
656	49	1	1	Caldas	CAL	2026-04-08 08:31:35.16841	2026-04-08 08:31:35.16841
657	49	1	1	Caquetá	CAQ	2026-04-08 08:31:35.16841	2026-04-08 08:31:35.16841
658	49	1	1	Cauca	CAU	2026-04-08 08:31:35.16841	2026-04-08 08:31:35.16841
659	49	1	1	Cesar	CES	2026-04-08 08:31:35.16841	2026-04-08 08:31:35.16841
660	49	1	1	Córdoba	COR	2026-04-08 08:31:35.16841	2026-04-08 08:31:35.16841
661	49	1	1	Cundinamarca	CUN	2026-04-08 08:31:35.16841	2026-04-08 08:31:35.16841
662	49	1	1	Chocó	CHO	2026-04-08 08:31:35.16841	2026-04-08 08:31:35.16841
663	49	1	1	Huila	HUI	2026-04-08 08:31:35.16841	2026-04-08 08:31:35.16841
664	49	1	1	La Guajira	LAG	2026-04-08 08:31:35.16841	2026-04-08 08:31:35.16841
665	49	1	1	Magdalena	MAG	2026-04-08 08:31:35.16841	2026-04-08 08:31:35.16841
666	49	1	1	Meta	MET	2026-04-08 08:31:35.16841	2026-04-08 08:31:35.16841
667	49	1	1	Nariño	NAR	2026-04-08 08:31:35.16841	2026-04-08 08:31:35.16841
668	49	1	1	Norte de Santander	NSA	2026-04-08 08:31:35.16841	2026-04-08 08:31:35.16841
669	49	1	1	Quindío	QUI	2026-04-08 08:31:35.16841	2026-04-08 08:31:35.16841
670	49	1	1	Risaralda	RIS	2026-04-08 08:31:35.16841	2026-04-08 08:31:35.16841
671	49	1	1	Santander	SAN	2026-04-08 08:31:35.16841	2026-04-08 08:31:35.16841
672	49	1	1	Sucre	SUC	2026-04-08 08:31:35.16841	2026-04-08 08:31:35.16841
673	49	1	1	Tolima	TOL	2026-04-08 08:31:35.16841	2026-04-08 08:31:35.16841
674	49	1	1	Valle del Cauca	VAC	2026-04-08 08:31:35.16841	2026-04-08 08:31:35.16841
675	49	1	1	Arauca	ARA	2026-04-08 08:31:35.16841	2026-04-08 08:31:35.16841
676	49	1	1	Casanare	CAS	2026-04-08 08:31:35.16841	2026-04-08 08:31:35.16841
677	49	1	1	Putumayo	PUT	2026-04-08 08:31:35.16841	2026-04-08 08:31:35.16841
678	49	1	1	San Andrés y Providencia	SAP	2026-04-08 08:31:35.16841	2026-04-08 08:31:35.16841
679	49	1	1	Amazonas	AMA	2026-04-08 08:31:35.16841	2026-04-08 08:31:35.16841
680	49	1	1	Guainía	GUA	2026-04-08 08:31:35.16841	2026-04-08 08:31:35.16841
681	49	1	1	Guaviare	GUV	2026-04-08 08:31:35.16841	2026-04-08 08:31:35.16841
682	49	1	1	Vaupés	VAU	2026-04-08 08:31:35.16841	2026-04-08 08:31:35.16841
683	49	1	1	Vichada	VID	2026-04-08 08:31:35.16841	2026-04-08 08:31:35.16841
684	146	1	1	Архангай	01	2026-04-08 08:31:35.16841	2026-04-08 08:31:35.16841
685	146	1	1	Баян-Өлгий	02	2026-04-08 08:31:35.16841	2026-04-08 08:31:35.16841
686	146	1	1	Баянхонгор	03	2026-04-08 08:31:35.16841	2026-04-08 08:31:35.16841
687	146	1	1	Булган	04	2026-04-08 08:31:35.16841	2026-04-08 08:31:35.16841
688	146	1	1	Говь-Алтай	05	2026-04-08 08:31:35.16841	2026-04-08 08:31:35.16841
689	146	1	1	Дорноговь	06	2026-04-08 08:31:35.16841	2026-04-08 08:31:35.16841
690	146	1	1	Дорнод	07	2026-04-08 08:31:35.16841	2026-04-08 08:31:35.16841
691	146	1	1	Дундговь	08	2026-04-08 08:31:35.16841	2026-04-08 08:31:35.16841
692	146	1	1	Завхан	09	2026-04-08 08:31:35.16841	2026-04-08 08:31:35.16841
693	146	1	1	Өвөрхангай	10	2026-04-08 08:31:35.16841	2026-04-08 08:31:35.16841
694	146	1	1	Өмнөговь	11	2026-04-08 08:31:35.16841	2026-04-08 08:31:35.16841
695	146	1	1	Сүхбаатар	12	2026-04-08 08:31:35.16841	2026-04-08 08:31:35.16841
696	146	1	1	Сэлэнгэ	13	2026-04-08 08:31:35.16841	2026-04-08 08:31:35.16841
697	146	1	1	Төв	14	2026-04-08 08:31:35.16841	2026-04-08 08:31:35.16841
698	146	1	1	Увс	15	2026-04-08 08:31:35.16841	2026-04-08 08:31:35.16841
699	146	1	1	Ховд	16	2026-04-08 08:31:35.16841	2026-04-08 08:31:35.16841
700	146	1	1	Хөвсгөл	17	2026-04-08 08:31:35.16841	2026-04-08 08:31:35.16841
701	146	1	1	Хэнтий	18	2026-04-08 08:31:35.16841	2026-04-08 08:31:35.16841
702	146	1	1	Дархан-Уул	19	2026-04-08 08:31:35.16841	2026-04-08 08:31:35.16841
703	146	1	1	Орхон	20	2026-04-08 08:31:35.16841	2026-04-08 08:31:35.16841
704	146	1	1	УБ - Хан Уул	23	2026-04-08 08:31:35.16841	2026-04-08 08:31:35.16841
705	146	1	1	УБ - Баянзүрх	24	2026-04-08 08:31:35.16841	2026-04-08 08:31:35.16841
706	146	1	1	УБ - Сүхбаатар	25	2026-04-08 08:31:35.16841	2026-04-08 08:31:35.16841
707	146	1	1	УБ - Баянгол	26	2026-04-08 08:31:35.16841	2026-04-08 08:31:35.16841
708	146	1	1	УБ - Багануур	27	2026-04-08 08:31:35.16841	2026-04-08 08:31:35.16841
709	146	1	1	УБ - Багахангай	28	2026-04-08 08:31:35.16841	2026-04-08 08:31:35.16841
710	146	1	1	УБ - Налайх	29	2026-04-08 08:31:35.16841	2026-04-08 08:31:35.16841
711	146	1	1	Говьсүмбэр	32	2026-04-08 08:31:35.16841	2026-04-08 08:31:35.16841
712	146	1	1	УБ - Сонгино Хайрхан	34	2026-04-08 08:31:35.16841	2026-04-08 08:31:35.16841
713	146	1	1	УБ - Чингэлтэй	35	2026-04-08 08:31:35.16841	2026-04-08 08:31:35.16841
714	231	1	1	Aberdeenshire	A1	2026-04-08 08:31:35.16841	2026-04-08 08:31:35.16841
715	231	1	1	Angus	A5	2026-04-08 08:31:35.16841	2026-04-08 08:31:35.16841
716	231	1	1	Argyll	A7	2026-04-08 08:31:35.16841	2026-04-08 08:31:35.16841
717	231	1	1	Avon	A9	2026-04-08 08:31:35.16841	2026-04-08 08:31:35.16841
718	231	1	1	Ayrshire	B1	2026-04-08 08:31:35.16841	2026-04-08 08:31:35.16841
719	231	1	1	Banffshire	B3	2026-04-08 08:31:35.16841	2026-04-08 08:31:35.16841
720	231	1	1	Bedfordshire	B5	2026-04-08 08:31:35.16841	2026-04-08 08:31:35.16841
721	231	1	1	Berkshire	B7	2026-04-08 08:31:35.16841	2026-04-08 08:31:35.16841
722	231	1	1	Berwickshire	B9	2026-04-08 08:31:35.16841	2026-04-08 08:31:35.16841
723	231	1	1	Buckinghamshire	C1	2026-04-08 08:31:35.16841	2026-04-08 08:31:35.16841
724	231	1	1	Caithness	C3	2026-04-08 08:31:35.16841	2026-04-08 08:31:35.16841
725	231	1	1	Cambridgeshire	C5	2026-04-08 08:31:35.16841	2026-04-08 08:31:35.16841
726	231	1	1	Channel Islands	C6	2026-04-08 08:31:35.16841	2026-04-08 08:31:35.16841
727	231	1	1	Cheshire	C7	2026-04-08 08:31:35.16841	2026-04-08 08:31:35.16841
728	231	1	1	Clackmannanshire	C9	2026-04-08 08:31:35.16841	2026-04-08 08:31:35.16841
729	231	1	1	Cleveland	D1	2026-04-08 08:31:35.16841	2026-04-08 08:31:35.16841
730	231	1	1	Clwyd	D3	2026-04-08 08:31:35.16841	2026-04-08 08:31:35.16841
731	231	1	1	County Antrim	D5	2026-04-08 08:31:35.16841	2026-04-08 08:31:35.16841
732	231	1	1	County Armagh	D7	2026-04-08 08:31:35.16841	2026-04-08 08:31:35.16841
733	231	1	1	County Down	D9	2026-04-08 08:31:35.16841	2026-04-08 08:31:35.16841
734	231	1	1	County Durham	E1	2026-04-08 08:31:35.16841	2026-04-08 08:31:35.16841
735	231	1	1	County Fermanagh	E3	2026-04-08 08:31:35.16841	2026-04-08 08:31:35.16841
736	231	1	1	County Londonderry	E5	2026-04-08 08:31:35.16841	2026-04-08 08:31:35.16841
737	231	1	1	County Tyrone	E7	2026-04-08 08:31:35.16841	2026-04-08 08:31:35.16841
738	231	1	1	Cornwall	E9	2026-04-08 08:31:35.16841	2026-04-08 08:31:35.16841
739	231	1	1	Cumbria	F1	2026-04-08 08:31:35.16841	2026-04-08 08:31:35.16841
740	231	1	1	Derbyshire	F3	2026-04-08 08:31:35.16841	2026-04-08 08:31:35.16841
741	231	1	1	Devon	F5	2026-04-08 08:31:35.16841	2026-04-08 08:31:35.16841
742	231	1	1	Dorset	F7	2026-04-08 08:31:35.16841	2026-04-08 08:31:35.16841
743	231	1	1	Dumfriesshire	F9	2026-04-08 08:31:35.16841	2026-04-08 08:31:35.16841
744	231	1	1	Dunbartonshire	G1	2026-04-08 08:31:35.16841	2026-04-08 08:31:35.16841
745	231	1	1	Dyfed	G3	2026-04-08 08:31:35.16841	2026-04-08 08:31:35.16841
746	231	1	1	East Lothian	G5	2026-04-08 08:31:35.16841	2026-04-08 08:31:35.16841
747	231	1	1	East Sussex	G7	2026-04-08 08:31:35.16841	2026-04-08 08:31:35.16841
748	231	1	1	Essex	G9	2026-04-08 08:31:35.16841	2026-04-08 08:31:35.16841
749	231	1	1	Fife	H1	2026-04-08 08:31:35.16841	2026-04-08 08:31:35.16841
750	231	1	1	Gloucestershire	H3	2026-04-08 08:31:35.16841	2026-04-08 08:31:35.16841
751	231	1	1	Gwent	H7	2026-04-08 08:31:35.16841	2026-04-08 08:31:35.16841
752	231	1	1	Gwynedd	H9	2026-04-08 08:31:35.16841	2026-04-08 08:31:35.16841
753	231	1	1	Hampshire	I1	2026-04-08 08:31:35.16841	2026-04-08 08:31:35.16841
754	231	1	1	Herefordshire	I3	2026-04-08 08:31:35.16841	2026-04-08 08:31:35.16841
755	231	1	1	Hertfordshire	I5	2026-04-08 08:31:35.16841	2026-04-08 08:31:35.16841
756	231	1	1	Inverness-Shire	I7	2026-04-08 08:31:35.16841	2026-04-08 08:31:35.16841
757	231	1	1	Isle of Arran	I9	2026-04-08 08:31:35.16841	2026-04-08 08:31:35.16841
758	231	1	1	Isle of Barra	J1	2026-04-08 08:31:35.16841	2026-04-08 08:31:35.16841
759	231	1	1	Isle of Benbecula	J3	2026-04-08 08:31:35.16841	2026-04-08 08:31:35.16841
760	231	1	1	Isle of Bute	J5	2026-04-08 08:31:35.16841	2026-04-08 08:31:35.16841
761	231	1	1	Isle of Canna	J7	2026-04-08 08:31:35.16841	2026-04-08 08:31:35.16841
762	231	1	1	Isle of Coll	J9	2026-04-08 08:31:35.16841	2026-04-08 08:31:35.16841
763	231	1	1	Isle of Colonsay	K1	2026-04-08 08:31:35.16841	2026-04-08 08:31:35.16841
764	231	1	1	Isle of Cumbrae	K3	2026-04-08 08:31:35.16841	2026-04-08 08:31:35.16841
765	231	1	1	Isle of Eigg	K5	2026-04-08 08:31:35.16841	2026-04-08 08:31:35.16841
766	231	1	1	Isle of Gigha	K7	2026-04-08 08:31:35.16841	2026-04-08 08:31:35.16841
767	231	1	1	Isle of Harris	K9	2026-04-08 08:31:35.16841	2026-04-08 08:31:35.16841
768	231	1	1	Isle of Iona	L1	2026-04-08 08:31:35.16841	2026-04-08 08:31:35.16841
769	231	1	1	Isle of Islay	L2	2026-04-08 08:31:35.16841	2026-04-08 08:31:35.16841
770	231	1	1	Isle of Jura	L5	2026-04-08 08:31:35.16841	2026-04-08 08:31:35.16841
771	231	1	1	Isle of Lewis	L7	2026-04-08 08:31:35.16841	2026-04-08 08:31:35.16841
772	231	1	1	Isle of Man	L9	2026-04-08 08:31:35.16841	2026-04-08 08:31:35.16841
773	231	1	1	Isle of Mull	M1	2026-04-08 08:31:35.16841	2026-04-08 08:31:35.16841
774	231	1	1	Isle of North Uist	M3	2026-04-08 08:31:35.16841	2026-04-08 08:31:35.16841
775	231	1	1	Isle of Rhum	M7	2026-04-08 08:31:35.16841	2026-04-08 08:31:35.16841
776	231	1	1	Isle of Scalpay	M9	2026-04-08 08:31:35.16841	2026-04-08 08:31:35.16841
777	231	1	1	Shetland Islands	N1	2026-04-08 08:31:35.16841	2026-04-08 08:31:35.16841
778	231	1	1	Isle of Skye	N3	2026-04-08 08:31:35.16841	2026-04-08 08:31:35.16841
779	231	1	1	Isle of South Uist	N5	2026-04-08 08:31:35.16841	2026-04-08 08:31:35.16841
780	231	1	1	Isle of Tiree	N7	2026-04-08 08:31:35.16841	2026-04-08 08:31:35.16841
781	231	1	1	Isle of Wight	N9	2026-04-08 08:31:35.16841	2026-04-08 08:31:35.16841
782	231	1	1	Kent	O5	2026-04-08 08:31:35.16841	2026-04-08 08:31:35.16841
783	231	1	1	Kincardineshire	O7	2026-04-08 08:31:35.16841	2026-04-08 08:31:35.16841
784	231	1	1	Kinross-Shire	O9	2026-04-08 08:31:35.16841	2026-04-08 08:31:35.16841
785	231	1	1	Kirkcudbrightshire	P1	2026-04-08 08:31:35.16841	2026-04-08 08:31:35.16841
786	231	1	1	Lancashire	P5	2026-04-08 08:31:35.16841	2026-04-08 08:31:35.16841
787	231	1	1	Leicestershire	P7	2026-04-08 08:31:35.16841	2026-04-08 08:31:35.16841
788	231	1	1	Lincolnshire	P9	2026-04-08 08:31:35.16841	2026-04-08 08:31:35.16841
789	231	1	1	Merseyside	Q3	2026-04-08 08:31:35.16841	2026-04-08 08:31:35.16841
790	231	1	1	Mid Glamorgan	Q5	2026-04-08 08:31:35.16841	2026-04-08 08:31:35.16841
791	231	1	1	Middlesex	Q9	2026-04-08 08:31:35.16841	2026-04-08 08:31:35.16841
792	231	1	1	Morayshire	R1	2026-04-08 08:31:35.16841	2026-04-08 08:31:35.16841
793	231	1	1	Nairnshire	R3	2026-04-08 08:31:35.16841	2026-04-08 08:31:35.16841
794	231	1	1	North Humberside	R7	2026-04-08 08:31:35.16841	2026-04-08 08:31:35.16841
795	231	1	1	North Yorkshire	R9	2026-04-08 08:31:35.16841	2026-04-08 08:31:35.16841
796	231	1	1	Northamptonshire	S1	2026-04-08 08:31:35.16841	2026-04-08 08:31:35.16841
797	231	1	1	Northumberland	S3	2026-04-08 08:31:35.16841	2026-04-08 08:31:35.16841
798	231	1	1	Nottinghamshire	S5	2026-04-08 08:31:35.16841	2026-04-08 08:31:35.16841
799	231	1	1	Oxfordshire	S7	2026-04-08 08:31:35.16841	2026-04-08 08:31:35.16841
800	231	1	1	Peeblesshire	S9	2026-04-08 08:31:35.16841	2026-04-08 08:31:35.16841
801	231	1	1	Perthshire	T1	2026-04-08 08:31:35.16841	2026-04-08 08:31:35.16841
802	231	1	1	Powys	T3	2026-04-08 08:31:35.16841	2026-04-08 08:31:35.16841
803	231	1	1	Renfrewshire	T5	2026-04-08 08:31:35.16841	2026-04-08 08:31:35.16841
804	231	1	1	Ross-Shire	T7	2026-04-08 08:31:35.16841	2026-04-08 08:31:35.16841
805	231	1	1	Roxburghshire	T9	2026-04-08 08:31:35.16841	2026-04-08 08:31:35.16841
806	231	1	1	Selkirkshire	U3	2026-04-08 08:31:35.16841	2026-04-08 08:31:35.16841
807	231	1	1	Shropshire	U5	2026-04-08 08:31:35.16841	2026-04-08 08:31:35.16841
808	231	1	1	Somerset	U7	2026-04-08 08:31:35.16841	2026-04-08 08:31:35.16841
809	231	1	1	South Glamorgan	U9	2026-04-08 08:31:35.16841	2026-04-08 08:31:35.16841
810	231	1	1	South Humberside	V1	2026-04-08 08:31:35.16841	2026-04-08 08:31:35.16841
811	231	1	1	South Yorkshire	V3	2026-04-08 08:31:35.16841	2026-04-08 08:31:35.16841
812	231	1	1	Staffordshire	V5	2026-04-08 08:31:35.16841	2026-04-08 08:31:35.16841
813	231	1	1	Stirlingshire	V7	2026-04-08 08:31:35.16841	2026-04-08 08:31:35.16841
814	231	1	1	Suffolk	V9	2026-04-08 08:31:35.16841	2026-04-08 08:31:35.16841
815	231	1	1	Surrey	W1	2026-04-08 08:31:35.16841	2026-04-08 08:31:35.16841
816	231	1	1	Sutherland	W3	2026-04-08 08:31:35.16841	2026-04-08 08:31:35.16841
817	231	1	1	Tyne and Wear	W5	2026-04-08 08:31:35.16841	2026-04-08 08:31:35.16841
818	231	1	1	Warwickshire	W7	2026-04-08 08:31:35.16841	2026-04-08 08:31:35.16841
819	231	1	1	West Glamorgan	W9	2026-04-08 08:31:35.16841	2026-04-08 08:31:35.16841
820	231	1	1	West Lothian	X1	2026-04-08 08:31:35.16841	2026-04-08 08:31:35.16841
821	231	1	1	West Midlands	X3	2026-04-08 08:31:35.16841	2026-04-08 08:31:35.16841
822	231	1	1	West Sussex	X5	2026-04-08 08:31:35.16841	2026-04-08 08:31:35.16841
823	231	1	1	West Yorkshire	X7	2026-04-08 08:31:35.16841	2026-04-08 08:31:35.16841
824	231	1	1	Wigtownshire	X9	2026-04-08 08:31:35.16841	2026-04-08 08:31:35.16841
825	231	1	1	Wiltshire	Y1	2026-04-08 08:31:35.16841	2026-04-08 08:31:35.16841
826	231	1	1	Worcestershire	Y3	2026-04-08 08:31:35.16841	2026-04-08 08:31:35.16841
827	231	1	1	Orkney	M5	2026-04-08 08:31:35.16841	2026-04-08 08:31:35.16841
828	231	1	1	Isles of Scilly	O1	2026-04-08 08:31:35.16841	2026-04-08 08:31:35.16841
829	231	1	1	Lanarkshire	P3	2026-04-08 08:31:35.16841	2026-04-08 08:31:35.16841
830	231	1	1	London	Q1	2026-04-08 08:31:35.16841	2026-04-08 08:31:35.16841
831	231	1	1	Midlothian	Q7	2026-04-08 08:31:35.16841	2026-04-08 08:31:35.16841
832	231	1	1	Norfolk	R5	2026-04-08 08:31:35.16841	2026-04-08 08:31:35.16841
833	188	1	1	Alba	AB	2026-04-08 08:31:35.16841	2026-04-08 08:31:35.16841
834	188	1	1	Argeș	AG	2026-04-08 08:31:35.16841	2026-04-08 08:31:35.16841
835	188	1	1	Arad	AR	2026-04-08 08:31:35.16841	2026-04-08 08:31:35.16841
836	188	1	1	București	B	2026-04-08 08:31:35.16841	2026-04-08 08:31:35.16841
837	188	1	1	Bacău	BC	2026-04-08 08:31:35.16841	2026-04-08 08:31:35.16841
838	188	1	1	Bihor	BH	2026-04-08 08:31:35.16841	2026-04-08 08:31:35.16841
839	188	1	1	Bistrița-Năsăud	BN	2026-04-08 08:31:35.16841	2026-04-08 08:31:35.16841
840	188	1	1	Brăila	BR	2026-04-08 08:31:35.16841	2026-04-08 08:31:35.16841
841	188	1	1	Botoșani	BT	2026-04-08 08:31:35.16841	2026-04-08 08:31:35.16841
842	188	1	1	Brașov	BV	2026-04-08 08:31:35.16841	2026-04-08 08:31:35.16841
843	188	1	1	Buzău	BZ	2026-04-08 08:31:35.16841	2026-04-08 08:31:35.16841
844	188	1	1	Cluj	CJ	2026-04-08 08:31:35.16841	2026-04-08 08:31:35.16841
845	188	1	1	Călărași	CL	2026-04-08 08:31:35.16841	2026-04-08 08:31:35.16841
846	188	1	1	Caraș Severin	CS	2026-04-08 08:31:35.16841	2026-04-08 08:31:35.16841
847	188	1	1	Constanța	CT	2026-04-08 08:31:35.16841	2026-04-08 08:31:35.16841
848	188	1	1	Covasna	CV	2026-04-08 08:31:35.16841	2026-04-08 08:31:35.16841
849	188	1	1	Dâmbovița	DB	2026-04-08 08:31:35.16841	2026-04-08 08:31:35.16841
850	188	1	1	Dolj	DJ	2026-04-08 08:31:35.16841	2026-04-08 08:31:35.16841
851	188	1	1	Gorj	GJ	2026-04-08 08:31:35.16841	2026-04-08 08:31:35.16841
852	188	1	1	Galați	GL	2026-04-08 08:31:35.16841	2026-04-08 08:31:35.16841
853	188	1	1	Giurgiu	GR	2026-04-08 08:31:35.16841	2026-04-08 08:31:35.16841
854	188	1	1	Hunedoara	HD	2026-04-08 08:31:35.16841	2026-04-08 08:31:35.16841
855	188	1	1	Harghita	HR	2026-04-08 08:31:35.16841	2026-04-08 08:31:35.16841
856	188	1	1	Ilfov	IF	2026-04-08 08:31:35.16841	2026-04-08 08:31:35.16841
857	188	1	1	Ialomița	IL	2026-04-08 08:31:35.16841	2026-04-08 08:31:35.16841
858	188	1	1	Iași	IS	2026-04-08 08:31:35.16841	2026-04-08 08:31:35.16841
859	188	1	1	Mehedinți	MH	2026-04-08 08:31:35.16841	2026-04-08 08:31:35.16841
860	188	1	1	Maramureș	MM	2026-04-08 08:31:35.16841	2026-04-08 08:31:35.16841
861	188	1	1	Mureș	MS	2026-04-08 08:31:35.16841	2026-04-08 08:31:35.16841
862	188	1	1	Neamț	NT	2026-04-08 08:31:35.16841	2026-04-08 08:31:35.16841
863	188	1	1	Olt	OT	2026-04-08 08:31:35.16841	2026-04-08 08:31:35.16841
864	188	1	1	Prahova	PH	2026-04-08 08:31:35.16841	2026-04-08 08:31:35.16841
865	188	1	1	Sibiu	SB	2026-04-08 08:31:35.16841	2026-04-08 08:31:35.16841
866	188	1	1	Sălaj	SJ	2026-04-08 08:31:35.16841	2026-04-08 08:31:35.16841
867	188	1	1	Satu Mare	SM	2026-04-08 08:31:35.16841	2026-04-08 08:31:35.16841
868	188	1	1	Suceava	SV	2026-04-08 08:31:35.16841	2026-04-08 08:31:35.16841
869	188	1	1	Tulcea	TL	2026-04-08 08:31:35.16841	2026-04-08 08:31:35.16841
870	188	1	1	Timiș	TM	2026-04-08 08:31:35.16841	2026-04-08 08:31:35.16841
871	188	1	1	Teleorman	TR	2026-04-08 08:31:35.16841	2026-04-08 08:31:35.16841
872	188	1	1	Vâlcea	VL	2026-04-08 08:31:35.16841	2026-04-08 08:31:35.16841
873	188	1	1	Vrancea	VN	2026-04-08 08:31:35.16841	2026-04-08 08:31:35.16841
874	188	1	1	Vaslui	VS	2026-04-08 08:31:35.16841	2026-04-08 08:31:35.16841
875	48	1	1	北京市	京	2026-04-08 08:31:35.16841	2026-04-08 08:31:35.16841
876	48	1	1	上海市	沪	2026-04-08 08:31:35.16841	2026-04-08 08:31:35.16841
877	48	1	1	浙江省	浙	2026-04-08 08:31:35.16841	2026-04-08 08:31:35.16841
878	48	1	1	天津市	津	2026-04-08 08:31:35.16841	2026-04-08 08:31:35.16841
879	48	1	1	安徽省	皖	2026-04-08 08:31:35.16841	2026-04-08 08:31:35.16841
880	48	1	1	福建省	闽	2026-04-08 08:31:35.16841	2026-04-08 08:31:35.16841
881	48	1	1	重庆市	渝	2026-04-08 08:31:35.16841	2026-04-08 08:31:35.16841
882	48	1	1	江西省	赣	2026-04-08 08:31:35.16841	2026-04-08 08:31:35.16841
883	48	1	1	山东省	鲁	2026-04-08 08:31:35.16841	2026-04-08 08:31:35.16841
884	48	1	1	河南省	豫	2026-04-08 08:31:35.16841	2026-04-08 08:31:35.16841
885	48	1	1	内蒙古自治区	蒙	2026-04-08 08:31:35.16841	2026-04-08 08:31:35.16841
886	48	1	1	湖北省	鄂	2026-04-08 08:31:35.16841	2026-04-08 08:31:35.16841
887	48	1	1	新疆维吾尔自治区	新	2026-04-08 08:31:35.16841	2026-04-08 08:31:35.16841
888	48	1	1	湖南省	湘	2026-04-08 08:31:35.16841	2026-04-08 08:31:35.16841
889	48	1	1	宁夏回族自治区	宁	2026-04-08 08:31:35.16841	2026-04-08 08:31:35.16841
890	48	1	1	广东省	粤	2026-04-08 08:31:35.16841	2026-04-08 08:31:35.16841
891	48	1	1	西藏自治区	藏	2026-04-08 08:31:35.16841	2026-04-08 08:31:35.16841
892	48	1	1	海南省	琼	2026-04-08 08:31:35.16841	2026-04-08 08:31:35.16841
893	48	1	1	广西壮族自治区	桂	2026-04-08 08:31:35.16841	2026-04-08 08:31:35.16841
894	48	1	1	四川省	蜀	2026-04-08 08:31:35.16841	2026-04-08 08:31:35.16841
895	48	1	1	河北省	冀	2026-04-08 08:31:35.16841	2026-04-08 08:31:35.16841
896	48	1	1	贵州省	黔	2026-04-08 08:31:35.16841	2026-04-08 08:31:35.16841
897	48	1	1	山西省	晋	2026-04-08 08:31:35.16841	2026-04-08 08:31:35.16841
898	48	1	1	云南省	滇	2026-04-08 08:31:35.16841	2026-04-08 08:31:35.16841
899	48	1	1	辽宁省	辽	2026-04-08 08:31:35.16841	2026-04-08 08:31:35.16841
900	48	1	1	陕西省	陕	2026-04-08 08:31:35.16841	2026-04-08 08:31:35.16841
901	48	1	1	吉林省	吉	2026-04-08 08:31:35.16841	2026-04-08 08:31:35.16841
902	48	1	1	甘肃省	甘	2026-04-08 08:31:35.16841	2026-04-08 08:31:35.16841
903	48	1	1	黑龙江省	黑	2026-04-08 08:31:35.16841	2026-04-08 08:31:35.16841
904	48	1	1	青海省	青	2026-04-08 08:31:35.16841	2026-04-08 08:31:35.16841
905	48	1	1	江苏省	苏	2026-04-08 08:31:35.16841	2026-04-08 08:31:35.16841
906	48	1	1	台湾省	台	2026-04-08 08:31:35.16841	2026-04-08 08:31:35.16841
907	48	1	1	香港特别行政区	港	2026-04-08 08:31:35.16841	2026-04-08 08:31:35.16841
908	48	1	1	澳门特别行政区	澳	2026-04-08 08:31:35.16841	2026-04-08 08:31:35.16841
909	69	1	1	Addis Ababa	AA	2026-04-08 08:31:35.16841	2026-04-08 08:31:35.16841
910	69	1	1	Afar	AF	2026-04-08 08:31:35.16841	2026-04-08 08:31:35.16841
911	69	1	1	Amhara	AM	2026-04-08 08:31:35.16841	2026-04-08 08:31:35.16841
912	69	1	1	Benishangul-Gumuz	BN	2026-04-08 08:31:35.16841	2026-04-08 08:31:35.16841
913	69	1	1	Dire Dawa	DR	2026-04-08 08:31:35.16841	2026-04-08 08:31:35.16841
914	69	1	1	Gambella Peoples	GM	2026-04-08 08:31:35.16841	2026-04-08 08:31:35.16841
915	69	1	1	Harrari Peoples	HR	2026-04-08 08:31:35.16841	2026-04-08 08:31:35.16841
916	69	1	1	Oromia	OR	2026-04-08 08:31:35.16841	2026-04-08 08:31:35.16841
917	69	1	1	Somali	SM	2026-04-08 08:31:35.16841	2026-04-08 08:31:35.16841
918	69	1	1	Southern Peoples, Nations, and Nationalities	SP	2026-04-08 08:31:35.16841	2026-04-08 08:31:35.16841
919	69	1	1	Tigray	TG	2026-04-08 08:31:35.16841	2026-04-08 08:31:35.16841
920	101	1	1	Carlow	CW	2026-04-08 08:31:35.16841	2026-04-08 08:31:35.16841
921	101	1	1	Cavan	CN	2026-04-08 08:31:35.16841	2026-04-08 08:31:35.16841
922	101	1	1	Clare	CE	2026-04-08 08:31:35.16841	2026-04-08 08:31:35.16841
923	101	1	1	Cork	C	2026-04-08 08:31:35.16841	2026-04-08 08:31:35.16841
924	101	1	1	Limerick	LK	2026-04-08 08:31:35.16841	2026-04-08 08:31:35.16841
925	101	1	1	Waterford	WD	2026-04-08 08:31:35.16841	2026-04-08 08:31:35.16841
926	101	1	1	Donegal	DL	2026-04-08 08:31:35.16841	2026-04-08 08:31:35.16841
927	101	1	1	Dublin	D	2026-04-08 08:31:35.16841	2026-04-08 08:31:35.16841
928	101	1	1	Galway	G	2026-04-08 08:31:35.16841	2026-04-08 08:31:35.16841
929	101	1	1	Kerry	KY	2026-04-08 08:31:35.16841	2026-04-08 08:31:35.16841
930	101	1	1	Kildare	KE	2026-04-08 08:31:35.16841	2026-04-08 08:31:35.16841
931	101	1	1	Kilkenny	KK	2026-04-08 08:31:35.16841	2026-04-08 08:31:35.16841
932	101	1	1	Laois	LS	2026-04-08 08:31:35.16841	2026-04-08 08:31:35.16841
933	101	1	1	Leitrim	LM	2026-04-08 08:31:35.16841	2026-04-08 08:31:35.16841
934	101	1	1	Longford	LD	2026-04-08 08:31:35.16841	2026-04-08 08:31:35.16841
935	101	1	1	Louth	LH	2026-04-08 08:31:35.16841	2026-04-08 08:31:35.16841
936	101	1	1	Mayo	MO	2026-04-08 08:31:35.16841	2026-04-08 08:31:35.16841
937	101	1	1	Meath	MH	2026-04-08 08:31:35.16841	2026-04-08 08:31:35.16841
938	101	1	1	Monaghan	MN	2026-04-08 08:31:35.16841	2026-04-08 08:31:35.16841
939	101	1	1	Offaly	OY	2026-04-08 08:31:35.16841	2026-04-08 08:31:35.16841
940	101	1	1	Roscommon	RN	2026-04-08 08:31:35.16841	2026-04-08 08:31:35.16841
941	101	1	1	Sligo	SO	2026-04-08 08:31:35.16841	2026-04-08 08:31:35.16841
942	101	1	1	Tipperary	TR	2026-04-08 08:31:35.16841	2026-04-08 08:31:35.16841
943	101	1	1	Westmeath	WH	2026-04-08 08:31:35.16841	2026-04-08 08:31:35.16841
944	101	1	1	Wexford	WX	2026-04-08 08:31:35.16841	2026-04-08 08:31:35.16841
945	101	1	1	Wicklow	WW	2026-04-08 08:31:35.16841	2026-04-08 08:31:35.16841
946	101	1	1	Antrim	AM	2026-04-08 08:31:35.16841	2026-04-08 08:31:35.16841
947	101	1	1	Armagh	AH	2026-04-08 08:31:35.16841	2026-04-08 08:31:35.16841
948	101	1	1	Down	DN	2026-04-08 08:31:35.16841	2026-04-08 08:31:35.16841
949	101	1	1	Fermanagh	FH	2026-04-08 08:31:35.16841	2026-04-08 08:31:35.16841
950	101	1	1	Londonderry	LY	2026-04-08 08:31:35.16841	2026-04-08 08:31:35.16841
951	101	1	1	Tyrone	TE	2026-04-08 08:31:35.16841	2026-04-08 08:31:35.16841
952	165	1	1	Drenthe	DR	2026-04-08 08:31:35.16841	2026-04-08 08:31:35.16841
953	165	1	1	Flevoland	FL	2026-04-08 08:31:35.16841	2026-04-08 08:31:35.16841
954	165	1	1	Friesland	FR	2026-04-08 08:31:35.16841	2026-04-08 08:31:35.16841
955	165	1	1	Gelderland	GE	2026-04-08 08:31:35.16841	2026-04-08 08:31:35.16841
956	165	1	1	Groningen	GR	2026-04-08 08:31:35.16841	2026-04-08 08:31:35.16841
957	165	1	1	Limburg	LI	2026-04-08 08:31:35.16841	2026-04-08 08:31:35.16841
958	165	1	1	Noord-Brabant	NB	2026-04-08 08:31:35.16841	2026-04-08 08:31:35.16841
959	165	1	1	Noord-Holland	NH	2026-04-08 08:31:35.16841	2026-04-08 08:31:35.16841
960	165	1	1	Overijssel	OV	2026-04-08 08:31:35.16841	2026-04-08 08:31:35.16841
961	165	1	1	Utrecht	UT	2026-04-08 08:31:35.16841	2026-04-08 08:31:35.16841
962	165	1	1	Zeeland	ZE	2026-04-08 08:31:35.16841	2026-04-08 08:31:35.16841
963	165	1	1	Zuid-Holland	ZH	2026-04-08 08:31:35.16841	2026-04-08 08:31:35.16841
964	165	1	1	Bonaire	BQ1	2026-04-08 08:31:35.16841	2026-04-08 08:31:35.16841
965	165	1	1	Saba	BQ2	2026-04-08 08:31:35.16841	2026-04-08 08:31:35.16841
966	165	1	1	Sint Eustatius	BQ3	2026-04-08 08:31:35.16841	2026-04-08 08:31:35.16841
967	224	1	1	Adana	01	2026-04-08 08:31:35.16841	2026-04-08 08:31:35.16841
968	224	1	1	Adıyaman	02	2026-04-08 08:31:35.16841	2026-04-08 08:31:35.16841
969	224	1	1	Afyonkarahisar	03	2026-04-08 08:31:35.16841	2026-04-08 08:31:35.16841
970	224	1	1	Ağrı	04	2026-04-08 08:31:35.16841	2026-04-08 08:31:35.16841
971	224	1	1	Amasya	05	2026-04-08 08:31:35.16841	2026-04-08 08:31:35.16841
972	224	1	1	Ankara	06	2026-04-08 08:31:35.16841	2026-04-08 08:31:35.16841
973	224	1	1	Antalya	07	2026-04-08 08:31:35.16841	2026-04-08 08:31:35.16841
974	224	1	1	Artvin	08	2026-04-08 08:31:35.16841	2026-04-08 08:31:35.16841
975	224	1	1	Aydın	09	2026-04-08 08:31:35.16841	2026-04-08 08:31:35.16841
976	224	1	1	Balıkesir	10	2026-04-08 08:31:35.16841	2026-04-08 08:31:35.16841
977	224	1	1	Bilecik	11	2026-04-08 08:31:35.16841	2026-04-08 08:31:35.16841
978	224	1	1	Bingöl	12	2026-04-08 08:31:35.16841	2026-04-08 08:31:35.16841
979	224	1	1	Bitlis	13	2026-04-08 08:31:35.16841	2026-04-08 08:31:35.16841
980	224	1	1	Bolu	14	2026-04-08 08:31:35.16841	2026-04-08 08:31:35.16841
981	224	1	1	Burdur	15	2026-04-08 08:31:35.16841	2026-04-08 08:31:35.16841
982	224	1	1	Bursa	16	2026-04-08 08:31:35.16841	2026-04-08 08:31:35.16841
983	224	1	1	Çanakkale	17	2026-04-08 08:31:35.16841	2026-04-08 08:31:35.16841
984	224	1	1	Çankırı	18	2026-04-08 08:31:35.16841	2026-04-08 08:31:35.16841
985	224	1	1	Çorum	19	2026-04-08 08:31:35.16841	2026-04-08 08:31:35.16841
986	224	1	1	Denizli	20	2026-04-08 08:31:35.16841	2026-04-08 08:31:35.16841
987	224	1	1	Diyarbakır	21	2026-04-08 08:31:35.16841	2026-04-08 08:31:35.16841
988	224	1	1	Edirne	22	2026-04-08 08:31:35.16841	2026-04-08 08:31:35.16841
989	224	1	1	Elazığ	23	2026-04-08 08:31:35.16841	2026-04-08 08:31:35.16841
990	224	1	1	Erzincan	24	2026-04-08 08:31:35.16841	2026-04-08 08:31:35.16841
991	224	1	1	Erzurum	25	2026-04-08 08:31:35.16841	2026-04-08 08:31:35.16841
992	224	1	1	Eskişehir	26	2026-04-08 08:31:35.16841	2026-04-08 08:31:35.16841
993	224	1	1	Gaziantep	27	2026-04-08 08:31:35.16841	2026-04-08 08:31:35.16841
994	224	1	1	Giresun	28	2026-04-08 08:31:35.16841	2026-04-08 08:31:35.16841
995	224	1	1	Gümüşhane	29	2026-04-08 08:31:35.16841	2026-04-08 08:31:35.16841
996	224	1	1	Hakkari	30	2026-04-08 08:31:35.16841	2026-04-08 08:31:35.16841
997	224	1	1	Hatay	31	2026-04-08 08:31:35.16841	2026-04-08 08:31:35.16841
998	224	1	1	Isparta	32	2026-04-08 08:31:35.16841	2026-04-08 08:31:35.16841
999	224	1	1	Mersin	33	2026-04-08 08:31:35.16841	2026-04-08 08:31:35.16841
1000	224	1	1	İstanbul	34	2026-04-08 08:31:35.16841	2026-04-08 08:31:35.16841
1001	224	1	1	İzmir	35	2026-04-08 08:31:35.16841	2026-04-08 08:31:35.16841
1002	224	1	1	Kars	36	2026-04-08 08:31:35.16841	2026-04-08 08:31:35.16841
1003	224	1	1	Kastamonu	37	2026-04-08 08:31:35.16841	2026-04-08 08:31:35.16841
1004	224	1	1	Kayseri	38	2026-04-08 08:31:35.16841	2026-04-08 08:31:35.16841
1005	224	1	1	Kırklareli	39	2026-04-08 08:31:35.16841	2026-04-08 08:31:35.16841
1006	224	1	1	Kırşehir	40	2026-04-08 08:31:35.16841	2026-04-08 08:31:35.16841
1007	224	1	1	Kocaeli	41	2026-04-08 08:31:35.16841	2026-04-08 08:31:35.16841
1008	224	1	1	Konya	42	2026-04-08 08:31:35.16841	2026-04-08 08:31:35.16841
1009	224	1	1	Kütahya	43	2026-04-08 08:31:35.16841	2026-04-08 08:31:35.16841
1010	224	1	1	Malatya	44	2026-04-08 08:31:35.16841	2026-04-08 08:31:35.16841
1011	224	1	1	Manisa	45	2026-04-08 08:31:35.16841	2026-04-08 08:31:35.16841
1012	224	1	1	Kahramanmaraş	46	2026-04-08 08:31:35.16841	2026-04-08 08:31:35.16841
1013	224	1	1	Mardin	47	2026-04-08 08:31:35.16841	2026-04-08 08:31:35.16841
1014	224	1	1	Muğla	48	2026-04-08 08:31:35.16841	2026-04-08 08:31:35.16841
1015	224	1	1	Muş	49	2026-04-08 08:31:35.16841	2026-04-08 08:31:35.16841
1016	224	1	1	Nevşehir	50	2026-04-08 08:31:35.16841	2026-04-08 08:31:35.16841
1017	224	1	1	Niğde	51	2026-04-08 08:31:35.16841	2026-04-08 08:31:35.16841
1018	224	1	1	Ordu	52	2026-04-08 08:31:35.16841	2026-04-08 08:31:35.16841
1019	224	1	1	Rize	53	2026-04-08 08:31:35.16841	2026-04-08 08:31:35.16841
1020	224	1	1	Sakarya	54	2026-04-08 08:31:35.16841	2026-04-08 08:31:35.16841
1021	224	1	1	Samsun	55	2026-04-08 08:31:35.16841	2026-04-08 08:31:35.16841
1022	224	1	1	Siirt	56	2026-04-08 08:31:35.16841	2026-04-08 08:31:35.16841
1023	224	1	1	Sinop	57	2026-04-08 08:31:35.16841	2026-04-08 08:31:35.16841
1024	224	1	1	Sivas	58	2026-04-08 08:31:35.16841	2026-04-08 08:31:35.16841
1025	224	1	1	Tekirdağ	59	2026-04-08 08:31:35.16841	2026-04-08 08:31:35.16841
1026	224	1	1	Tokat	60	2026-04-08 08:31:35.16841	2026-04-08 08:31:35.16841
1027	224	1	1	Trabzon	61	2026-04-08 08:31:35.16841	2026-04-08 08:31:35.16841
1028	224	1	1	Tunceli	62	2026-04-08 08:31:35.16841	2026-04-08 08:31:35.16841
1029	224	1	1	Şanlıurfa	63	2026-04-08 08:31:35.16841	2026-04-08 08:31:35.16841
1030	224	1	1	Uşak	64	2026-04-08 08:31:35.16841	2026-04-08 08:31:35.16841
1031	224	1	1	Van	65	2026-04-08 08:31:35.16841	2026-04-08 08:31:35.16841
1032	224	1	1	Yozgat	66	2026-04-08 08:31:35.16841	2026-04-08 08:31:35.16841
1033	224	1	1	Zonguldak	67	2026-04-08 08:31:35.16841	2026-04-08 08:31:35.16841
1034	224	1	1	Aksaray	68	2026-04-08 08:31:35.16841	2026-04-08 08:31:35.16841
1035	224	1	1	Bayburt	69	2026-04-08 08:31:35.16841	2026-04-08 08:31:35.16841
1036	224	1	1	Karaman	70	2026-04-08 08:31:35.16841	2026-04-08 08:31:35.16841
1037	224	1	1	Kırıkkale	71	2026-04-08 08:31:35.16841	2026-04-08 08:31:35.16841
1038	224	1	1	Batman	72	2026-04-08 08:31:35.16841	2026-04-08 08:31:35.16841
1039	224	1	1	Şırnak	73	2026-04-08 08:31:35.16841	2026-04-08 08:31:35.16841
1040	224	1	1	Bartın	74	2026-04-08 08:31:35.16841	2026-04-08 08:31:35.16841
1041	224	1	1	Ardahan	75	2026-04-08 08:31:35.16841	2026-04-08 08:31:35.16841
1042	224	1	1	Iğdır	76	2026-04-08 08:31:35.16841	2026-04-08 08:31:35.16841
1043	224	1	1	Yalova	77	2026-04-08 08:31:35.16841	2026-04-08 08:31:35.16841
1044	224	1	1	Karabük	78	2026-04-08 08:31:35.16841	2026-04-08 08:31:35.16841
1045	224	1	1	Kilis	79	2026-04-08 08:31:35.16841	2026-04-08 08:31:35.16841
1046	224	1	1	Osmaniye	80	2026-04-08 08:31:35.16841	2026-04-08 08:31:35.16841
1047	224	1	1	Düzce	81	2026-04-08 08:31:35.16841	2026-04-08 08:31:35.16841
1048	241	1	1	An Giang	VN-44	2026-04-08 08:31:35.16841	2026-04-08 08:31:35.16841
1049	241	1	1	Bình Dương	VN-57	2026-04-08 08:31:35.16841	2026-04-08 08:31:35.16841
1050	241	1	1	Bình Định	VN-31	2026-04-08 08:31:35.16841	2026-04-08 08:31:35.16841
1051	241	1	1	Bắc Giang	VN-54	2026-04-08 08:31:35.16841	2026-04-08 08:31:35.16841
1052	241	1	1	Bắc Kạn	VN-53	2026-04-08 08:31:35.16841	2026-04-08 08:31:35.16841
1053	241	1	1	Bạc Liêu	VN-55	2026-04-08 08:31:35.16841	2026-04-08 08:31:35.16841
1054	241	1	1	Bắc Ninh	VN-56	2026-04-08 08:31:35.16841	2026-04-08 08:31:35.16841
1055	241	1	1	Bình Phước	VN-58	2026-04-08 08:31:35.16841	2026-04-08 08:31:35.16841
1056	241	1	1	Bà Rịa - Vũng Tàu	VN-43	2026-04-08 08:31:35.16841	2026-04-08 08:31:35.16841
1057	241	1	1	Bình Thuận	VN-40	2026-04-08 08:31:35.16841	2026-04-08 08:31:35.16841
1058	241	1	1	Bến Tre	VN-50	2026-04-08 08:31:35.16841	2026-04-08 08:31:35.16841
1059	241	1	1	Cao Bằng	VN-04	2026-04-08 08:31:35.16841	2026-04-08 08:31:35.16841
1060	241	1	1	Cà Mau	VN-59	2026-04-08 08:31:35.16841	2026-04-08 08:31:35.16841
1061	241	1	1	TP Cần Thơ	VN-CT	2026-04-08 08:31:35.16841	2026-04-08 08:31:35.16841
1062	241	1	1	Điện Biên	VN-71	2026-04-08 08:31:35.16841	2026-04-08 08:31:35.16841
1063	241	1	1	Đắk Lắk	VN-33	2026-04-08 08:31:35.16841	2026-04-08 08:31:35.16841
1064	241	1	1	TP Đà Nẵng	VN-DN	2026-04-08 08:31:35.16841	2026-04-08 08:31:35.16841
1065	241	1	1	Đồng Nai	VN-39	2026-04-08 08:31:35.16841	2026-04-08 08:31:35.16841
1066	241	1	1	Đắk Nông	VN-72	2026-04-08 08:31:35.16841	2026-04-08 08:31:35.16841
1067	241	1	1	Đồng Tháp	VN-45	2026-04-08 08:31:35.16841	2026-04-08 08:31:35.16841
1068	241	1	1	Gia Lai	VN-30	2026-04-08 08:31:35.16841	2026-04-08 08:31:35.16841
1069	241	1	1	Hòa Bình	VN-14	2026-04-08 08:31:35.16841	2026-04-08 08:31:35.16841
1070	241	1	1	TP Hồ Chí Minh	VN-SG	2026-04-08 08:31:35.16841	2026-04-08 08:31:35.16841
1071	241	1	1	Hải Dương	VN-61	2026-04-08 08:31:35.16841	2026-04-08 08:31:35.16841
1072	241	1	1	Hậu Giang	VN-73	2026-04-08 08:31:35.16841	2026-04-08 08:31:35.16841
1073	241	1	1	Hà Giang	VN-03	2026-04-08 08:31:35.16841	2026-04-08 08:31:35.16841
1074	241	1	1	Hà Nội	VN-HN	2026-04-08 08:31:35.16841	2026-04-08 08:31:35.16841
1075	241	1	1	Hà Nam	VN-63	2026-04-08 08:31:35.16841	2026-04-08 08:31:35.16841
1076	241	1	1	TP Hải Phòng	VN-HP	2026-04-08 08:31:35.16841	2026-04-08 08:31:35.16841
1077	241	1	1	Hà Tĩnh	VN-23	2026-04-08 08:31:35.16841	2026-04-08 08:31:35.16841
1078	241	1	1	Hưng Yên	VN-66	2026-04-08 08:31:35.16841	2026-04-08 08:31:35.16841
1079	241	1	1	Kiên Giang	VN-47	2026-04-08 08:31:35.16841	2026-04-08 08:31:35.16841
1080	241	1	1	Khánh Hòa	VN-34	2026-04-08 08:31:35.16841	2026-04-08 08:31:35.16841
1081	241	1	1	Kon Tum	VN-28	2026-04-08 08:31:35.16841	2026-04-08 08:31:35.16841
1082	241	1	1	Long An	VN-41	2026-04-08 08:31:35.16841	2026-04-08 08:31:35.16841
1083	241	1	1	Lào Cai	VN-02	2026-04-08 08:31:35.16841	2026-04-08 08:31:35.16841
1084	241	1	1	Lai Châu	VN-01	2026-04-08 08:31:35.16841	2026-04-08 08:31:35.16841
1085	241	1	1	Lâm Đồng	VN-35	2026-04-08 08:31:35.16841	2026-04-08 08:31:35.16841
1086	241	1	1	Lạng Sơn	VN-09	2026-04-08 08:31:35.16841	2026-04-08 08:31:35.16841
1087	241	1	1	Nghệ An	VN-22	2026-04-08 08:31:35.16841	2026-04-08 08:31:35.16841
1088	241	1	1	Ninh Bình	VN-18	2026-04-08 08:31:35.16841	2026-04-08 08:31:35.16841
1089	241	1	1	Nam Định	VN-67	2026-04-08 08:31:35.16841	2026-04-08 08:31:35.16841
1090	241	1	1	Ninh Thuận	VN-36	2026-04-08 08:31:35.16841	2026-04-08 08:31:35.16841
1091	241	1	1	Phú Thọ	VN-68	2026-04-08 08:31:35.16841	2026-04-08 08:31:35.16841
1092	241	1	1	Phú Yên	VN-32	2026-04-08 08:31:35.16841	2026-04-08 08:31:35.16841
1093	241	1	1	Quảng Bình	VN-24	2026-04-08 08:31:35.16841	2026-04-08 08:31:35.16841
1094	241	1	1	Quảng Ninh	VN-13	2026-04-08 08:31:35.16841	2026-04-08 08:31:35.16841
1095	241	1	1	Quảng Nam	VN-27	2026-04-08 08:31:35.16841	2026-04-08 08:31:35.16841
1096	241	1	1	Quảng Ngãi	VN-29	2026-04-08 08:31:35.16841	2026-04-08 08:31:35.16841
1097	241	1	1	Quảng Trị	VN-25	2026-04-08 08:31:35.16841	2026-04-08 08:31:35.16841
1098	241	1	1	Sơn La	VN-05	2026-04-08 08:31:35.16841	2026-04-08 08:31:35.16841
1099	241	1	1	Sóc Trăng	VN-52	2026-04-08 08:31:35.16841	2026-04-08 08:31:35.16841
1100	241	1	1	Thái Bình	VN-20	2026-04-08 08:31:35.16841	2026-04-08 08:31:35.16841
1101	241	1	1	Tiền Giang	VN-46	2026-04-08 08:31:35.16841	2026-04-08 08:31:35.16841
1102	241	1	1	Thanh Hóa	VN-21	2026-04-08 08:31:35.16841	2026-04-08 08:31:35.16841
1103	241	1	1	Thái Nguyên	VN-69	2026-04-08 08:31:35.16841	2026-04-08 08:31:35.16841
1104	241	1	1	Tây Ninh	VN-37	2026-04-08 08:31:35.16841	2026-04-08 08:31:35.16841
1105	241	1	1	Tuyên Quang	VN-07	2026-04-08 08:31:35.16841	2026-04-08 08:31:35.16841
1106	241	1	1	Thừa Thiên - Huế	VN-26	2026-04-08 08:31:35.16841	2026-04-08 08:31:35.16841
1107	241	1	1	Trà Vinh	VN-51	2026-04-08 08:31:35.16841	2026-04-08 08:31:35.16841
1108	241	1	1	Vĩnh Long	VN-49	2026-04-08 08:31:35.16841	2026-04-08 08:31:35.16841
1109	241	1	1	Vĩnh Phúc	VN-70	2026-04-08 08:31:35.16841	2026-04-08 08:31:35.16841
1110	241	1	1	Yên Bái	VN-06	2026-04-08 08:31:35.16841	2026-04-08 08:31:35.16841
1111	50	1	1	San José	1	2026-04-08 08:31:35.16841	2026-04-08 08:31:35.16841
1112	50	1	1	Alajuela	2	2026-04-08 08:31:35.16841	2026-04-08 08:31:35.16841
1113	50	1	1	Heredia	4	2026-04-08 08:31:35.16841	2026-04-08 08:31:35.16841
1114	50	1	1	Cartago	3	2026-04-08 08:31:35.16841	2026-04-08 08:31:35.16841
1115	50	1	1	Puntarenas	6	2026-04-08 08:31:35.16841	2026-04-08 08:31:35.16841
1116	50	1	1	Guanacaste	5	2026-04-08 08:31:35.16841	2026-04-08 08:31:35.16841
1117	50	1	1	Limón	7	2026-04-08 08:31:35.16841	2026-04-08 08:31:35.16841
1118	61	1	1	Distrito Nacional	DN	2026-04-08 08:31:35.16841	2026-04-08 08:31:35.16841
1119	61	1	1	Azua	AZU	2026-04-08 08:31:35.16841	2026-04-08 08:31:35.16841
1120	61	1	1	Bahoruco	BAH	2026-04-08 08:31:35.16841	2026-04-08 08:31:35.16841
1121	61	1	1	Barahona	BAR	2026-04-08 08:31:35.16841	2026-04-08 08:31:35.16841
1122	61	1	1	Dajabón	DAJ	2026-04-08 08:31:35.16841	2026-04-08 08:31:35.16841
1123	61	1	1	Duarte	DUA	2026-04-08 08:31:35.16841	2026-04-08 08:31:35.16841
1124	61	1	1	Elías Piña	ELP	2026-04-08 08:31:35.16841	2026-04-08 08:31:35.16841
1125	61	1	1	El Seibo	ELS	2026-04-08 08:31:35.16841	2026-04-08 08:31:35.16841
1126	61	1	1	Espaillat	ESP	2026-04-08 08:31:35.16841	2026-04-08 08:31:35.16841
1127	61	1	1	Independencia	IND	2026-04-08 08:31:35.16841	2026-04-08 08:31:35.16841
1128	61	1	1	La Altagracia	LA	2026-04-08 08:31:35.16841	2026-04-08 08:31:35.16841
1129	61	1	1	La Romana	LR	2026-04-08 08:31:35.16841	2026-04-08 08:31:35.16841
1130	61	1	1	La Vega	LV	2026-04-08 08:31:35.16841	2026-04-08 08:31:35.16841
1131	61	1	1	María Trinidad Sánchez	MTS	2026-04-08 08:31:35.16841	2026-04-08 08:31:35.16841
1132	61	1	1	Monte Cristi	MC	2026-04-08 08:31:35.16841	2026-04-08 08:31:35.16841
1133	61	1	1	Pedernales	PED	2026-04-08 08:31:35.16841	2026-04-08 08:31:35.16841
1134	61	1	1	Peravia	PER	2026-04-08 08:31:35.16841	2026-04-08 08:31:35.16841
1135	61	1	1	Puerto Plata	PP	2026-04-08 08:31:35.16841	2026-04-08 08:31:35.16841
1136	61	1	1	Hermanas Mirabal	HEM	2026-04-08 08:31:35.16841	2026-04-08 08:31:35.16841
1137	61	1	1	Samaná	SAM	2026-04-08 08:31:35.16841	2026-04-08 08:31:35.16841
1138	61	1	1	San Cristóbal	SC	2026-04-08 08:31:35.16841	2026-04-08 08:31:35.16841
1139	61	1	1	San Juan	SJ	2026-04-08 08:31:35.16841	2026-04-08 08:31:35.16841
1140	61	1	1	San Pedro de Macorís	SPM	2026-04-08 08:31:35.16841	2026-04-08 08:31:35.16841
1141	61	1	1	Sánchez Ramírez	SRA	2026-04-08 08:31:35.16841	2026-04-08 08:31:35.16841
1142	61	1	1	Santiago	STGO	2026-04-08 08:31:35.16841	2026-04-08 08:31:35.16841
1143	61	1	1	Santiago Rodríguez	SRO	2026-04-08 08:31:35.16841	2026-04-08 08:31:35.16841
1144	61	1	1	Valverde	VAL	2026-04-08 08:31:35.16841	2026-04-08 08:31:35.16841
1145	61	1	1	Monseñor Nouel	MON	2026-04-08 08:31:35.16841	2026-04-08 08:31:35.16841
1146	61	1	1	Monte Plata	MP	2026-04-08 08:31:35.16841	2026-04-08 08:31:35.16841
1147	61	1	1	Hato Mayor	HAM	2026-04-08 08:31:35.16841	2026-04-08 08:31:35.16841
1148	61	1	1	San José de Ocoa	SJO	2026-04-08 08:31:35.16841	2026-04-08 08:31:35.16841
1149	61	1	1	Santo Domingo	SD	2026-04-08 08:31:35.16841	2026-04-08 08:31:35.16841
1150	173	1	1	Amazonas	01	2026-04-08 08:31:35.16841	2026-04-08 08:31:35.16841
1151	173	1	1	Áncash	02	2026-04-08 08:31:35.16841	2026-04-08 08:31:35.16841
1152	173	1	1	Apurímac	03	2026-04-08 08:31:35.16841	2026-04-08 08:31:35.16841
1153	173	1	1	Arequipa	04	2026-04-08 08:31:35.16841	2026-04-08 08:31:35.16841
1154	173	1	1	Ayacucho	05	2026-04-08 08:31:35.16841	2026-04-08 08:31:35.16841
1155	173	1	1	Cajamarca	06	2026-04-08 08:31:35.16841	2026-04-08 08:31:35.16841
1156	173	1	1	Callao	07	2026-04-08 08:31:35.16841	2026-04-08 08:31:35.16841
1157	173	1	1	Cusco	08	2026-04-08 08:31:35.16841	2026-04-08 08:31:35.16841
1158	173	1	1	Huancavelica	09	2026-04-08 08:31:35.16841	2026-04-08 08:31:35.16841
1159	173	1	1	Huánuco	10	2026-04-08 08:31:35.16841	2026-04-08 08:31:35.16841
1160	173	1	1	Ica	11	2026-04-08 08:31:35.16841	2026-04-08 08:31:35.16841
1161	173	1	1	Junin	12	2026-04-08 08:31:35.16841	2026-04-08 08:31:35.16841
1162	173	1	1	La Libertad	13	2026-04-08 08:31:35.16841	2026-04-08 08:31:35.16841
1163	173	1	1	Lambayeque	14	2026-04-08 08:31:35.16841	2026-04-08 08:31:35.16841
1164	173	1	1	Lima	15	2026-04-08 08:31:35.16841	2026-04-08 08:31:35.16841
1165	173	1	1	Loreto	16	2026-04-08 08:31:35.16841	2026-04-08 08:31:35.16841
1166	173	1	1	Madre de Dios	17	2026-04-08 08:31:35.16841	2026-04-08 08:31:35.16841
1167	173	1	1	Moquegua	18	2026-04-08 08:31:35.16841	2026-04-08 08:31:35.16841
1168	173	1	1	Pasco	19	2026-04-08 08:31:35.16841	2026-04-08 08:31:35.16841
1169	173	1	1	Piura	20	2026-04-08 08:31:35.16841	2026-04-08 08:31:35.16841
1170	173	1	1	Puno	21	2026-04-08 08:31:35.16841	2026-04-08 08:31:35.16841
1171	173	1	1	San Martín	22	2026-04-08 08:31:35.16841	2026-04-08 08:31:35.16841
1172	173	1	1	Tacna	23	2026-04-08 08:31:35.16841	2026-04-08 08:31:35.16841
1173	173	1	1	Tumbes	24	2026-04-08 08:31:35.16841	2026-04-08 08:31:35.16841
1174	173	1	1	Ucayali	25	2026-04-08 08:31:35.16841	2026-04-08 08:31:35.16841
1175	46	1	1	Tarapacá	CL-TA	2026-04-08 08:31:35.16841	2026-04-08 08:31:35.16841
1176	46	1	1	Antofagasta	CL-AN	2026-04-08 08:31:35.16841	2026-04-08 08:31:35.16841
1177	46	1	1	Atacama	CL-AT	2026-04-08 08:31:35.16841	2026-04-08 08:31:35.16841
1178	46	1	1	Coquimbo	CL-CO	2026-04-08 08:31:35.16841	2026-04-08 08:31:35.16841
1179	46	1	1	Valparaíso	CL-VS	2026-04-08 08:31:35.16841	2026-04-08 08:31:35.16841
1180	46	1	1	del Libertador Gral. Bernardo O'Higgins	CL-LI	2026-04-08 08:31:35.16841	2026-04-08 08:31:35.16841
1181	46	1	1	del Maule	CL-ML	2026-04-08 08:31:35.16841	2026-04-08 08:31:35.16841
1182	46	1	1	del BíoBio	CL-BI	2026-04-08 08:31:35.16841	2026-04-08 08:31:35.16841
1183	46	1	1	de la Araucania	CL-AR	2026-04-08 08:31:35.16841	2026-04-08 08:31:35.16841
1184	46	1	1	de los Lagos	CL-LL	2026-04-08 08:31:35.16841	2026-04-08 08:31:35.16841
1185	46	1	1	Aysén del Gral. Carlos Ibáñez del Campo	CL-AI	2026-04-08 08:31:35.16841	2026-04-08 08:31:35.16841
1186	46	1	1	Magallanes	CL-MA	2026-04-08 08:31:35.16841	2026-04-08 08:31:35.16841
1187	46	1	1	Metropolitana	CL-RM	2026-04-08 08:31:35.16841	2026-04-08 08:31:35.16841
1188	46	1	1	Los Ríos	CL-LR	2026-04-08 08:31:35.16841	2026-04-08 08:31:35.16841
1189	46	1	1	Arica y Parinacota	CL-AP	2026-04-08 08:31:35.16841	2026-04-08 08:31:35.16841
1190	46	1	1	del Ñuble	CL-NB	2026-04-08 08:31:35.16841	2026-04-08 08:31:35.16841
1191	64	1	1	Harjumaa	EE-37	2026-04-08 08:31:35.16841	2026-04-08 08:31:35.16841
1192	64	1	1	Hiiumaa	EE-39	2026-04-08 08:31:35.16841	2026-04-08 08:31:35.16841
1193	64	1	1	Ida-Virumaa	EE-44	2026-04-08 08:31:35.16841	2026-04-08 08:31:35.16841
1194	64	1	1	Jõgevamaa	EE-49	2026-04-08 08:31:35.16841	2026-04-08 08:31:35.16841
1195	64	1	1	Järvamaa	EE-51	2026-04-08 08:31:35.16841	2026-04-08 08:31:35.16841
1196	64	1	1	Läänemaa	EE-57	2026-04-08 08:31:35.16841	2026-04-08 08:31:35.16841
1197	64	1	1	Lääne-Virumaa	EE-59	2026-04-08 08:31:35.16841	2026-04-08 08:31:35.16841
1198	64	1	1	Põlvamaa	EE-65	2026-04-08 08:31:35.16841	2026-04-08 08:31:35.16841
1199	64	1	1	Pärnumaa	EE-67	2026-04-08 08:31:35.16841	2026-04-08 08:31:35.16841
1200	64	1	1	Raplamaa	EE-70	2026-04-08 08:31:35.16841	2026-04-08 08:31:35.16841
1201	64	1	1	Saaremaa	EE-74	2026-04-08 08:31:35.16841	2026-04-08 08:31:35.16841
1202	64	1	1	Tartumaa	EE-78	2026-04-08 08:31:35.16841	2026-04-08 08:31:35.16841
1203	64	1	1	Valgamaa	EE-82	2026-04-08 08:31:35.16841	2026-04-08 08:31:35.16841
1204	64	1	1	Viljandimaa	EE-84	2026-04-08 08:31:35.16841	2026-04-08 08:31:35.16841
1205	64	1	1	Võrumaa	EE-86	2026-04-08 08:31:35.16841	2026-04-08 08:31:35.16841
1206	134	1	1	Aglonas novads	LV-001	2026-04-08 08:31:35.16841	2026-04-08 08:31:35.16841
1207	134	1	1	Aizkraukles novads	LV-002	2026-04-08 08:31:35.16841	2026-04-08 08:31:35.16841
1208	134	1	1	Aizputes novads	LV-003	2026-04-08 08:31:35.16841	2026-04-08 08:31:35.16841
1209	134	1	1	Aknīstes novads	LV-004	2026-04-08 08:31:35.16841	2026-04-08 08:31:35.16841
1210	134	1	1	Alojas novads	LV-005	2026-04-08 08:31:35.16841	2026-04-08 08:31:35.16841
1211	134	1	1	Alsungas novads	LV-006	2026-04-08 08:31:35.16841	2026-04-08 08:31:35.16841
1212	134	1	1	Alūksnes novads	LV-007	2026-04-08 08:31:35.16841	2026-04-08 08:31:35.16841
1213	134	1	1	Amatas novads	LV-008	2026-04-08 08:31:35.16841	2026-04-08 08:31:35.16841
1214	134	1	1	Apes novads	LV-009	2026-04-08 08:31:35.16841	2026-04-08 08:31:35.16841
1215	134	1	1	Auces novads	LV-010	2026-04-08 08:31:35.16841	2026-04-08 08:31:35.16841
1216	134	1	1	Ādažu novads	LV-011	2026-04-08 08:31:35.16841	2026-04-08 08:31:35.16841
1217	134	1	1	Babītes novads	LV-012	2026-04-08 08:31:35.16841	2026-04-08 08:31:35.16841
1218	134	1	1	Baldones novads	LV-013	2026-04-08 08:31:35.16841	2026-04-08 08:31:35.16841
1219	134	1	1	Baltinavas novads	LV-014	2026-04-08 08:31:35.16841	2026-04-08 08:31:35.16841
1220	134	1	1	Balvu novads	LV-015	2026-04-08 08:31:35.16841	2026-04-08 08:31:35.16841
1221	134	1	1	Bauskas novads	LV-016	2026-04-08 08:31:35.16841	2026-04-08 08:31:35.16841
1222	134	1	1	Beverīnas novads	LV-017	2026-04-08 08:31:35.16841	2026-04-08 08:31:35.16841
1223	134	1	1	Brocēnu novads	LV-018	2026-04-08 08:31:35.16841	2026-04-08 08:31:35.16841
1224	134	1	1	Burtnieku novads	LV-019	2026-04-08 08:31:35.16841	2026-04-08 08:31:35.16841
1225	134	1	1	Carnikavas novads	LV-020	2026-04-08 08:31:35.16841	2026-04-08 08:31:35.16841
1226	134	1	1	Cesvaines novads	LV-021	2026-04-08 08:31:35.16841	2026-04-08 08:31:35.16841
1227	134	1	1	Cēsu novads	LV-022	2026-04-08 08:31:35.16841	2026-04-08 08:31:35.16841
1228	134	1	1	Ciblas novads	LV-023	2026-04-08 08:31:35.16841	2026-04-08 08:31:35.16841
1229	134	1	1	Dagdas novads	LV-024	2026-04-08 08:31:35.16841	2026-04-08 08:31:35.16841
1230	134	1	1	Daugavpils novads	LV-025	2026-04-08 08:31:35.16841	2026-04-08 08:31:35.16841
1231	134	1	1	Dobeles novads	LV-026	2026-04-08 08:31:35.16841	2026-04-08 08:31:35.16841
1232	134	1	1	Dundagas novads	LV-027	2026-04-08 08:31:35.16841	2026-04-08 08:31:35.16841
1233	134	1	1	Durbes novads	LV-028	2026-04-08 08:31:35.16841	2026-04-08 08:31:35.16841
1234	134	1	1	Engures novads	LV-029	2026-04-08 08:31:35.16841	2026-04-08 08:31:35.16841
1235	134	1	1	Ērgļu novads	LV-030	2026-04-08 08:31:35.16841	2026-04-08 08:31:35.16841
1236	134	1	1	Garkalnes novads	LV-031	2026-04-08 08:31:35.16841	2026-04-08 08:31:35.16841
1237	134	1	1	Grobiņas novads	LV-032	2026-04-08 08:31:35.16841	2026-04-08 08:31:35.16841
1238	134	1	1	Gulbenes novads	LV-033	2026-04-08 08:31:35.16841	2026-04-08 08:31:35.16841
1239	134	1	1	Iecavas novads	LV-034	2026-04-08 08:31:35.16841	2026-04-08 08:31:35.16841
1240	134	1	1	Ikšķiles novads	LV-035	2026-04-08 08:31:35.16841	2026-04-08 08:31:35.16841
1241	134	1	1	Ilūkstes novads	LV-036	2026-04-08 08:31:35.16841	2026-04-08 08:31:35.16841
1242	134	1	1	Inčukalna novads	LV-037	2026-04-08 08:31:35.16841	2026-04-08 08:31:35.16841
1243	134	1	1	Jaunjelgavas novads	LV-038	2026-04-08 08:31:35.16841	2026-04-08 08:31:35.16841
1244	134	1	1	Jaunpiebalgas novads	LV-039	2026-04-08 08:31:35.16841	2026-04-08 08:31:35.16841
1245	134	1	1	Jaunpils novads	LV-040	2026-04-08 08:31:35.16841	2026-04-08 08:31:35.16841
1246	134	1	1	Jelgavas novads	LV-041	2026-04-08 08:31:35.16841	2026-04-08 08:31:35.16841
1247	134	1	1	Jēkabpils novads	LV-042	2026-04-08 08:31:35.16841	2026-04-08 08:31:35.16841
1248	134	1	1	Kandavas novads	LV-043	2026-04-08 08:31:35.16841	2026-04-08 08:31:35.16841
1249	134	1	1	Kārsavas novads	LV-044	2026-04-08 08:31:35.16841	2026-04-08 08:31:35.16841
1250	134	1	1	Kocēnu novads	LV-045	2026-04-08 08:31:35.16841	2026-04-08 08:31:35.16841
1251	134	1	1	Kokneses novads	LV-046	2026-04-08 08:31:35.16841	2026-04-08 08:31:35.16841
1252	134	1	1	Krāslavas novads	LV-047	2026-04-08 08:31:35.16841	2026-04-08 08:31:35.16841
1253	134	1	1	Krimuldas novads	LV-048	2026-04-08 08:31:35.16841	2026-04-08 08:31:35.16841
1254	134	1	1	Krustpils novads	LV-049	2026-04-08 08:31:35.16841	2026-04-08 08:31:35.16841
1255	134	1	1	Kuldīgas novads	LV-050	2026-04-08 08:31:35.16841	2026-04-08 08:31:35.16841
1256	134	1	1	Ķeguma novads	LV-051	2026-04-08 08:31:35.16841	2026-04-08 08:31:35.16841
1257	134	1	1	Ķekavas novads	LV-052	2026-04-08 08:31:35.16841	2026-04-08 08:31:35.16841
1258	134	1	1	Lielvārdes novads	LV-053	2026-04-08 08:31:35.16841	2026-04-08 08:31:35.16841
1259	134	1	1	Limbažu novads	LV-054	2026-04-08 08:31:35.16841	2026-04-08 08:31:35.16841
1260	134	1	1	Līgatnes novads	LV-055	2026-04-08 08:31:35.16841	2026-04-08 08:31:35.16841
1261	134	1	1	Līvānu novads	LV-056	2026-04-08 08:31:35.16841	2026-04-08 08:31:35.16841
1262	134	1	1	Lubānas novads	LV-057	2026-04-08 08:31:35.16841	2026-04-08 08:31:35.16841
1263	134	1	1	Ludzas novads	LV-058	2026-04-08 08:31:35.16841	2026-04-08 08:31:35.16841
1264	134	1	1	Madonas novads	LV-059	2026-04-08 08:31:35.16841	2026-04-08 08:31:35.16841
1265	134	1	1	Mazsalacas novads	LV-060	2026-04-08 08:31:35.16841	2026-04-08 08:31:35.16841
1266	134	1	1	Mālpils novads	LV-061	2026-04-08 08:31:35.16841	2026-04-08 08:31:35.16841
1267	134	1	1	Mārupes novads	LV-062	2026-04-08 08:31:35.16841	2026-04-08 08:31:35.16841
1268	134	1	1	Mērsraga novads	LV-063	2026-04-08 08:31:35.16841	2026-04-08 08:31:35.16841
1269	134	1	1	Naukšēnu novads	LV-064	2026-04-08 08:31:35.16841	2026-04-08 08:31:35.16841
1270	134	1	1	Neretas novads	LV-065	2026-04-08 08:31:35.16841	2026-04-08 08:31:35.16841
1271	134	1	1	Nīcas novads	LV-066	2026-04-08 08:31:35.16841	2026-04-08 08:31:35.16841
1272	134	1	1	Ogres novads	LV-067	2026-04-08 08:31:35.16841	2026-04-08 08:31:35.16841
1273	134	1	1	Olaines novads	LV-068	2026-04-08 08:31:35.16841	2026-04-08 08:31:35.16841
1274	134	1	1	Ozolnieku novads	LV-069	2026-04-08 08:31:35.16841	2026-04-08 08:31:35.16841
1275	134	1	1	Pārgaujas novads	LV-070	2026-04-08 08:31:35.16841	2026-04-08 08:31:35.16841
1276	134	1	1	Pāvilostas novads	LV-071	2026-04-08 08:31:35.16841	2026-04-08 08:31:35.16841
1277	134	1	1	Pļaviņu novads	LV-072	2026-04-08 08:31:35.16841	2026-04-08 08:31:35.16841
1278	134	1	1	Preiļu novads	LV-073	2026-04-08 08:31:35.16841	2026-04-08 08:31:35.16841
1279	134	1	1	Priekules novads	LV-074	2026-04-08 08:31:35.16841	2026-04-08 08:31:35.16841
1280	134	1	1	Priekuļu novads	LV-075	2026-04-08 08:31:35.16841	2026-04-08 08:31:35.16841
1281	134	1	1	Raunas novads	LV-076	2026-04-08 08:31:35.16841	2026-04-08 08:31:35.16841
1282	134	1	1	Rēzeknes novads	LV-077	2026-04-08 08:31:35.16841	2026-04-08 08:31:35.16841
1283	134	1	1	Riebiņu novads	LV-078	2026-04-08 08:31:35.16841	2026-04-08 08:31:35.16841
1284	134	1	1	Rojas novads	LV-079	2026-04-08 08:31:35.16841	2026-04-08 08:31:35.16841
1285	134	1	1	Ropažu novads	LV-080	2026-04-08 08:31:35.16841	2026-04-08 08:31:35.16841
1286	134	1	1	Rucavas novads	LV-081	2026-04-08 08:31:35.16841	2026-04-08 08:31:35.16841
1287	134	1	1	Rugāju novads	LV-082	2026-04-08 08:31:35.16841	2026-04-08 08:31:35.16841
1288	134	1	1	Rundāles novads	LV-083	2026-04-08 08:31:35.16841	2026-04-08 08:31:35.16841
1289	134	1	1	Rūjienas novads	LV-084	2026-04-08 08:31:35.16841	2026-04-08 08:31:35.16841
1290	134	1	1	Salas novads	LV-085	2026-04-08 08:31:35.16841	2026-04-08 08:31:35.16841
1291	134	1	1	Salacgrīvas novads	LV-086	2026-04-08 08:31:35.16841	2026-04-08 08:31:35.16841
1292	134	1	1	Salaspils novads	LV-087	2026-04-08 08:31:35.16841	2026-04-08 08:31:35.16841
1293	134	1	1	Saldus novads	LV-088	2026-04-08 08:31:35.16841	2026-04-08 08:31:35.16841
1294	134	1	1	Saulkrastu novads	LV-089	2026-04-08 08:31:35.16841	2026-04-08 08:31:35.16841
1295	134	1	1	Sējas novads	LV-090	2026-04-08 08:31:35.16841	2026-04-08 08:31:35.16841
1296	134	1	1	Siguldas novads	LV-091	2026-04-08 08:31:35.16841	2026-04-08 08:31:35.16841
1297	134	1	1	Skrīveru novads	LV-092	2026-04-08 08:31:35.16841	2026-04-08 08:31:35.16841
1298	134	1	1	Skrundas novads	LV-093	2026-04-08 08:31:35.16841	2026-04-08 08:31:35.16841
1299	134	1	1	Smiltenes novads	LV-094	2026-04-08 08:31:35.16841	2026-04-08 08:31:35.16841
1300	134	1	1	Stopiņu novads	LV-095	2026-04-08 08:31:35.16841	2026-04-08 08:31:35.16841
1301	134	1	1	Strenču novads	LV-096	2026-04-08 08:31:35.16841	2026-04-08 08:31:35.16841
1302	134	1	1	Talsu novads	LV-097	2026-04-08 08:31:35.16841	2026-04-08 08:31:35.16841
1303	134	1	1	Tērvetes novads	LV-098	2026-04-08 08:31:35.16841	2026-04-08 08:31:35.16841
1304	134	1	1	Tukuma novads	LV-099	2026-04-08 08:31:35.16841	2026-04-08 08:31:35.16841
1305	134	1	1	Vaiņodes novads	LV-100	2026-04-08 08:31:35.16841	2026-04-08 08:31:35.16841
1306	134	1	1	Valkas novads	LV-101	2026-04-08 08:31:35.16841	2026-04-08 08:31:35.16841
1307	134	1	1	Varakļānu novads	LV-102	2026-04-08 08:31:35.16841	2026-04-08 08:31:35.16841
1308	134	1	1	Vārkavas novads	LV-103	2026-04-08 08:31:35.16841	2026-04-08 08:31:35.16841
1309	134	1	1	Vecpiebalgas novads	LV-104	2026-04-08 08:31:35.16841	2026-04-08 08:31:35.16841
1310	134	1	1	Vecumnieku novads	LV-105	2026-04-08 08:31:35.16841	2026-04-08 08:31:35.16841
1311	134	1	1	Ventspils novads	LV-106	2026-04-08 08:31:35.16841	2026-04-08 08:31:35.16841
1312	134	1	1	Viesītes novads	LV-107	2026-04-08 08:31:35.16841	2026-04-08 08:31:35.16841
1313	134	1	1	Viļakas novads	LV-108	2026-04-08 08:31:35.16841	2026-04-08 08:31:35.16841
1314	134	1	1	Viļānu novads	LV-109	2026-04-08 08:31:35.16841	2026-04-08 08:31:35.16841
1315	134	1	1	Zilupes novads	LV-110	2026-04-08 08:31:35.16841	2026-04-08 08:31:35.16841
1316	134	1	1	Daugavpils	LV-DGV	2026-04-08 08:31:35.16841	2026-04-08 08:31:35.16841
1317	134	1	1	Jelgava	LV-JEL	2026-04-08 08:31:35.16841	2026-04-08 08:31:35.16841
1318	134	1	1	Jēkabpils	LV-JKB	2026-04-08 08:31:35.16841	2026-04-08 08:31:35.16841
1319	134	1	1	Jūrmala	LV-JUR	2026-04-08 08:31:35.16841	2026-04-08 08:31:35.16841
1320	134	1	1	Liepāja	LV-LPX	2026-04-08 08:31:35.16841	2026-04-08 08:31:35.16841
1321	134	1	1	Rēzekne	LV-REZ	2026-04-08 08:31:35.16841	2026-04-08 08:31:35.16841
1322	134	1	1	Rīga	LV-RIX	2026-04-08 08:31:35.16841	2026-04-08 08:31:35.16841
1323	134	1	1	Valmiera	LV-VMR	2026-04-08 08:31:35.16841	2026-04-08 08:31:35.16841
1324	134	1	1	Ventspils	LV-VEN	2026-04-08 08:31:35.16841	2026-04-08 08:31:35.16841
1325	132	1	1	Alytaus apskritis	LT-AL	2026-04-08 08:31:35.16841	2026-04-08 08:31:35.16841
1326	132	1	1	Kauno apskritis	LT-KU	2026-04-08 08:31:35.16841	2026-04-08 08:31:35.16841
1327	132	1	1	Klaipėdos apskritis	LT-KL	2026-04-08 08:31:35.16841	2026-04-08 08:31:35.16841
1328	132	1	1	Marijampolės apskritis	LT-MR	2026-04-08 08:31:35.16841	2026-04-08 08:31:35.16841
1329	132	1	1	Panevėžio apskritis	LT-PN	2026-04-08 08:31:35.16841	2026-04-08 08:31:35.16841
1330	132	1	1	Šiaulių apskritis	LT-SA	2026-04-08 08:31:35.16841	2026-04-08 08:31:35.16841
1331	132	1	1	Tauragės apskritis	LT-TA	2026-04-08 08:31:35.16841	2026-04-08 08:31:35.16841
1332	132	1	1	Telšių apskritis	LT-TE	2026-04-08 08:31:35.16841	2026-04-08 08:31:35.16841
1333	132	1	1	Utenos apskritis	LT-UT	2026-04-08 08:31:35.16841	2026-04-08 08:31:35.16841
1334	132	1	1	Vilniaus apskritis	LT-VL	2026-04-08 08:31:35.16841	2026-04-08 08:31:35.16841
1335	70	1	1	Ahvenanmaa	FI-01	2026-04-08 08:31:35.16841	2026-04-08 08:31:35.16841
1336	70	1	1	Etelä-Karjala	FI-02	2026-04-08 08:31:35.16841	2026-04-08 08:31:35.16841
1337	70	1	1	Etelä-Pohjanmaa	FI-03	2026-04-08 08:31:35.16841	2026-04-08 08:31:35.16841
1338	70	1	1	Etelä-Savo	FI-04	2026-04-08 08:31:35.16841	2026-04-08 08:31:35.16841
1339	70	1	1	Kainuu	FI-05	2026-04-08 08:31:35.16841	2026-04-08 08:31:35.16841
1340	70	1	1	Kanta-Häme	FI-06	2026-04-08 08:31:35.16841	2026-04-08 08:31:35.16841
1341	70	1	1	Keski-Pohjanmaa	FI-07	2026-04-08 08:31:35.16841	2026-04-08 08:31:35.16841
1342	70	1	1	Keski-Suomi	FI-08	2026-04-08 08:31:35.16841	2026-04-08 08:31:35.16841
1343	70	1	1	Kymenlaakso	FI-09	2026-04-08 08:31:35.16841	2026-04-08 08:31:35.16841
1344	70	1	1	Lappi	FI-10	2026-04-08 08:31:35.16841	2026-04-08 08:31:35.16841
1345	70	1	1	Pirkanmaa	FI-11	2026-04-08 08:31:35.16841	2026-04-08 08:31:35.16841
1346	70	1	1	Pohjanmaa	FI-12	2026-04-08 08:31:35.16841	2026-04-08 08:31:35.16841
1347	70	1	1	Pohjois-Karjala	FI-13	2026-04-08 08:31:35.16841	2026-04-08 08:31:35.16841
1348	70	1	1	Pohjois-Pohjanmaa	FI-14	2026-04-08 08:31:35.16841	2026-04-08 08:31:35.16841
1349	70	1	1	Pohjois-Savo	FI-15	2026-04-08 08:31:35.16841	2026-04-08 08:31:35.16841
1350	70	1	1	Päijät-Häme	FI-16	2026-04-08 08:31:35.16841	2026-04-08 08:31:35.16841
1351	70	1	1	Satakunta	FI-17	2026-04-08 08:31:35.16841	2026-04-08 08:31:35.16841
1352	70	1	1	Uusimaa	FI-18	2026-04-08 08:31:35.16841	2026-04-08 08:31:35.16841
1353	70	1	1	Varsinais-Suomi	FI-19	2026-04-08 08:31:35.16841	2026-04-08 08:31:35.16841
1354	196	1	1	Blekinge län	SE-K	2026-04-08 08:31:35.16841	2026-04-08 08:31:35.16841
1355	196	1	1	Dalarnas län	SE-W	2026-04-08 08:31:35.16841	2026-04-08 08:31:35.16841
1356	196	1	1	Gotlands län	SE-I	2026-04-08 08:31:35.16841	2026-04-08 08:31:35.16841
1357	196	1	1	Gävleborgs län	SE-X	2026-04-08 08:31:35.16841	2026-04-08 08:31:35.16841
1358	196	1	1	Hallands län	SE-N	2026-04-08 08:31:35.16841	2026-04-08 08:31:35.16841
1359	196	1	1	Jämtlands län	SE-Z	2026-04-08 08:31:35.16841	2026-04-08 08:31:35.16841
1360	196	1	1	Jönköpings län	SE-F	2026-04-08 08:31:35.16841	2026-04-08 08:31:35.16841
1361	196	1	1	Kalmar län	SE-H	2026-04-08 08:31:35.16841	2026-04-08 08:31:35.16841
1362	196	1	1	Kronobergs län	SE-G	2026-04-08 08:31:35.16841	2026-04-08 08:31:35.16841
1363	196	1	1	Norrbottens län	SE-BD	2026-04-08 08:31:35.16841	2026-04-08 08:31:35.16841
1364	196	1	1	Skåne län	SE-M	2026-04-08 08:31:35.16841	2026-04-08 08:31:35.16841
1365	196	1	1	Stockholms län	SE-AB	2026-04-08 08:31:35.16841	2026-04-08 08:31:35.16841
1366	196	1	1	Södermanlands län	SE-D	2026-04-08 08:31:35.16841	2026-04-08 08:31:35.16841
1367	196	1	1	Uppsala län	SE-C	2026-04-08 08:31:35.16841	2026-04-08 08:31:35.16841
1368	196	1	1	Värmlands län	SE-S	2026-04-08 08:31:35.16841	2026-04-08 08:31:35.16841
1369	196	1	1	Västerbottens län	SE-AC	2026-04-08 08:31:35.16841	2026-04-08 08:31:35.16841
1370	196	1	1	Västernorrlands län	SE-Y	2026-04-08 08:31:35.16841	2026-04-08 08:31:35.16841
1371	196	1	1	Västmanlands län	SE-U	2026-04-08 08:31:35.16841	2026-04-08 08:31:35.16841
1372	196	1	1	Västra Götalands län	SE-O	2026-04-08 08:31:35.16841	2026-04-08 08:31:35.16841
1373	196	1	1	Örebro län	SE-T	2026-04-08 08:31:35.16841	2026-04-08 08:31:35.16841
1374	196	1	1	Östergötlands län	SE-E	2026-04-08 08:31:35.16841	2026-04-08 08:31:35.16841
1375	166	1	1	Agder	NO-42	2026-04-08 08:31:35.16841	2026-04-08 08:31:35.16841
1376	166	1	1	Innlandet	NO-34	2026-04-08 08:31:35.16841	2026-04-08 08:31:35.16841
1377	166	1	1	Møre og Romsdal	NO-15	2026-04-08 08:31:35.16841	2026-04-08 08:31:35.16841
1378	166	1	1	Nordland	NO-18	2026-04-08 08:31:35.16841	2026-04-08 08:31:35.16841
1379	166	1	1	Oslo	NO-03	2026-04-08 08:31:35.16841	2026-04-08 08:31:35.16841
1380	166	1	1	Rogaland	NO-11	2026-04-08 08:31:35.16841	2026-04-08 08:31:35.16841
1381	166	1	1	Troms og Finnmark / Romsa ja Finnmárku	NO-54	2026-04-08 08:31:35.16841	2026-04-08 08:31:35.16841
1382	166	1	1	Trøndelag	NO-50	2026-04-08 08:31:35.16841	2026-04-08 08:31:35.16841
1383	166	1	1	Vestfold og Telemark	NO-38	2026-04-08 08:31:35.16841	2026-04-08 08:31:35.16841
1384	166	1	1	Vestland	NO-46	2026-04-08 08:31:35.16841	2026-04-08 08:31:35.16841
1385	166	1	1	Viken	NO-30	2026-04-08 08:31:35.16841	2026-04-08 08:31:35.16841
1386	166	1	1	Jan Mayen	NO-22	2026-04-08 08:31:35.16841	2026-04-08 08:31:35.16841
1387	166	1	1	Svalbard	NO-21	2026-04-08 08:31:35.16841	2026-04-08 08:31:35.16841
1388	57	1	1	Baden-Württemberg	DE-BW	2026-04-08 08:31:35.16841	2026-04-08 08:31:35.16841
1389	57	1	1	Bayern	DE-BY	2026-04-08 08:31:35.16841	2026-04-08 08:31:35.16841
1390	57	1	1	Berlin	DE-BE	2026-04-08 08:31:35.16841	2026-04-08 08:31:35.16841
1391	57	1	1	Brandenburg	DE-BB	2026-04-08 08:31:35.16841	2026-04-08 08:31:35.16841
1392	57	1	1	Bremen	DE-HB	2026-04-08 08:31:35.16841	2026-04-08 08:31:35.16841
1393	57	1	1	Hamburg	DE-HH	2026-04-08 08:31:35.16841	2026-04-08 08:31:35.16841
1394	57	1	1	Hessen	DE-HE	2026-04-08 08:31:35.16841	2026-04-08 08:31:35.16841
1395	57	1	1	Mecklenburg-Vorpommern	DE-MV	2026-04-08 08:31:35.16841	2026-04-08 08:31:35.16841
1396	57	1	1	Niedersachsen	DE-NI	2026-04-08 08:31:35.16841	2026-04-08 08:31:35.16841
1397	57	1	1	Nordrhein-Westfalen	DE-NW	2026-04-08 08:31:35.16841	2026-04-08 08:31:35.16841
1398	57	1	1	Rheinland-Pfalz	DE-RP	2026-04-08 08:31:35.16841	2026-04-08 08:31:35.16841
1399	57	1	1	Saarland	DE-SL	2026-04-08 08:31:35.16841	2026-04-08 08:31:35.16841
1400	57	1	1	Sachsen	DE-SN	2026-04-08 08:31:35.16841	2026-04-08 08:31:35.16841
1401	57	1	1	Sachsen-Anhalt	DE-ST	2026-04-08 08:31:35.16841	2026-04-08 08:31:35.16841
1402	57	1	1	Schleswig-Holstein	DE-SH	2026-04-08 08:31:35.16841	2026-04-08 08:31:35.16841
1403	57	1	1	Thüringen	DE-TH	2026-04-08 08:31:35.16841	2026-04-08 08:31:35.16841
1404	63	1	1	Azuay	01	2026-04-08 08:31:35.16841	2026-04-08 08:31:35.16841
1405	63	1	1	Bolivar	02	2026-04-08 08:31:35.16841	2026-04-08 08:31:35.16841
1406	63	1	1	Canar	03	2026-04-08 08:31:35.16841	2026-04-08 08:31:35.16841
1407	63	1	1	Carchi	04	2026-04-08 08:31:35.16841	2026-04-08 08:31:35.16841
1408	63	1	1	Cotopaxi	05	2026-04-08 08:31:35.16841	2026-04-08 08:31:35.16841
1409	63	1	1	Chimborazo	06	2026-04-08 08:31:35.16841	2026-04-08 08:31:35.16841
1410	63	1	1	El Oro	07	2026-04-08 08:31:35.16841	2026-04-08 08:31:35.16841
1411	63	1	1	Esmeraldas	08	2026-04-08 08:31:35.16841	2026-04-08 08:31:35.16841
1412	63	1	1	Guayas	09	2026-04-08 08:31:35.16841	2026-04-08 08:31:35.16841
1413	63	1	1	Imbabura	10	2026-04-08 08:31:35.16841	2026-04-08 08:31:35.16841
1414	63	1	1	Loja	11	2026-04-08 08:31:35.16841	2026-04-08 08:31:35.16841
1415	63	1	1	Los Rios	12	2026-04-08 08:31:35.16841	2026-04-08 08:31:35.16841
1416	63	1	1	Manabi	13	2026-04-08 08:31:35.16841	2026-04-08 08:31:35.16841
1417	63	1	1	Morona Santiago	14	2026-04-08 08:31:35.16841	2026-04-08 08:31:35.16841
1418	63	1	1	Napo	15	2026-04-08 08:31:35.16841	2026-04-08 08:31:35.16841
1419	63	1	1	Pastaza	16	2026-04-08 08:31:35.16841	2026-04-08 08:31:35.16841
1420	63	1	1	Pichincha	17	2026-04-08 08:31:35.16841	2026-04-08 08:31:35.16841
1421	63	1	1	Tungurahua	18	2026-04-08 08:31:35.16841	2026-04-08 08:31:35.16841
1422	63	1	1	Zamora Chinchipe	19	2026-04-08 08:31:35.16841	2026-04-08 08:31:35.16841
1423	63	1	1	Galapagos	20	2026-04-08 08:31:35.16841	2026-04-08 08:31:35.16841
1424	63	1	1	Sucumbios	21	2026-04-08 08:31:35.16841	2026-04-08 08:31:35.16841
1425	63	1	1	Orellana	22	2026-04-08 08:31:35.16841	2026-04-08 08:31:35.16841
1426	63	1	1	Santo Domingo de los Tsachilas	23	2026-04-08 08:31:35.16841	2026-04-08 08:31:35.16841
1427	63	1	1	Santa Elena	24	2026-04-08 08:31:35.16841	2026-04-08 08:31:35.16841
1428	43	1	1	Zürich	ZH	2026-04-08 08:31:35.16841	2026-04-08 08:31:35.16841
1429	43	1	1	Zurigo	ZH-IT	2026-04-08 08:31:35.16841	2026-04-08 08:31:35.16841
1430	43	1	1	Zurich	ZH-FR	2026-04-08 08:31:35.16841	2026-04-08 08:31:35.16841
1431	43	1	1	Bern	BE	2026-04-08 08:31:35.16841	2026-04-08 08:31:35.16841
1432	43	1	1	Berna	BE-IT	2026-04-08 08:31:35.16841	2026-04-08 08:31:35.16841
1433	43	1	1	Berne	BE-FR	2026-04-08 08:31:35.16841	2026-04-08 08:31:35.16841
1434	43	1	1	Luzern	LU	2026-04-08 08:31:35.16841	2026-04-08 08:31:35.16841
1435	43	1	1	Lucerna	LU-IT	2026-04-08 08:31:35.16841	2026-04-08 08:31:35.16841
1436	43	1	1	Lucerne	LU-FR	2026-04-08 08:31:35.16841	2026-04-08 08:31:35.16841
1437	43	1	1	Uri	UR	2026-04-08 08:31:35.16841	2026-04-08 08:31:35.16841
1438	43	1	1	Schwyz	SZ	2026-04-08 08:31:35.16841	2026-04-08 08:31:35.16841
1439	43	1	1	Svitto	SZ-IT	2026-04-08 08:31:35.16841	2026-04-08 08:31:35.16841
1440	43	1	1	Obwalden	OW	2026-04-08 08:31:35.16841	2026-04-08 08:31:35.16841
1441	43	1	1	Obvaldo	OW-IT	2026-04-08 08:31:35.16841	2026-04-08 08:31:35.16841
1442	43	1	1	Obwald	OW-FR	2026-04-08 08:31:35.16841	2026-04-08 08:31:35.16841
1443	43	1	1	Nidwalden	NW	2026-04-08 08:31:35.16841	2026-04-08 08:31:35.16841
1444	43	1	1	Nidvaldo	NW-IT	2026-04-08 08:31:35.16841	2026-04-08 08:31:35.16841
1445	43	1	1	Nidwald	NW-FR	2026-04-08 08:31:35.16841	2026-04-08 08:31:35.16841
1446	43	1	1	Glarus	GL	2026-04-08 08:31:35.16841	2026-04-08 08:31:35.16841
1447	43	1	1	Glanora	GL-IT	2026-04-08 08:31:35.16841	2026-04-08 08:31:35.16841
1448	43	1	1	Glaris	GL-FR	2026-04-08 08:31:35.16841	2026-04-08 08:31:35.16841
1449	43	1	1	Zug	ZG	2026-04-08 08:31:35.16841	2026-04-08 08:31:35.16841
1450	43	1	1	Zugo	ZG-IT	2026-04-08 08:31:35.16841	2026-04-08 08:31:35.16841
1451	43	1	1	Zoug	ZG-FR	2026-04-08 08:31:35.16841	2026-04-08 08:31:35.16841
1452	43	1	1	Freiburg	FR	2026-04-08 08:31:35.16841	2026-04-08 08:31:35.16841
1453	43	1	1	Friburgo	FR-IT	2026-04-08 08:31:35.16841	2026-04-08 08:31:35.16841
1454	43	1	1	Fribourg	FR-FR	2026-04-08 08:31:35.16841	2026-04-08 08:31:35.16841
1455	43	1	1	Solothurn	SO	2026-04-08 08:31:35.16841	2026-04-08 08:31:35.16841
1456	43	1	1	Soletta	SO-IT	2026-04-08 08:31:35.16841	2026-04-08 08:31:35.16841
1457	43	1	1	Soleure	SO-FR	2026-04-08 08:31:35.16841	2026-04-08 08:31:35.16841
1458	43	1	1	Basel-Stadt	BS	2026-04-08 08:31:35.16841	2026-04-08 08:31:35.16841
1459	43	1	1	Basilea-Città	BS-IT	2026-04-08 08:31:35.16841	2026-04-08 08:31:35.16841
1460	43	1	1	Bâle-Ville	BS-FR	2026-04-08 08:31:35.16841	2026-04-08 08:31:35.16841
1461	43	1	1	Basel-Landschaft	BL	2026-04-08 08:31:35.16841	2026-04-08 08:31:35.16841
1462	43	1	1	Basilea-Campagna	BL-IT	2026-04-08 08:31:35.16841	2026-04-08 08:31:35.16841
1463	43	1	1	Bâle-Campagne	BL-FR	2026-04-08 08:31:35.16841	2026-04-08 08:31:35.16841
1464	43	1	1	Schaffhausen	SH	2026-04-08 08:31:35.16841	2026-04-08 08:31:35.16841
1465	43	1	1	Sciaffusa	SH-IT	2026-04-08 08:31:35.16841	2026-04-08 08:31:35.16841
1466	43	1	1	Schaffhouse	SH-FR	2026-04-08 08:31:35.16841	2026-04-08 08:31:35.16841
1467	43	1	1	Appenzell Ausserrhoden	AR	2026-04-08 08:31:35.16841	2026-04-08 08:31:35.16841
1468	43	1	1	Appenzello Esterno	AR-IT	2026-04-08 08:31:35.16841	2026-04-08 08:31:35.16841
1469	43	1	1	Appenzell Rhodes-Extérieures	AR-FR	2026-04-08 08:31:35.16841	2026-04-08 08:31:35.16841
1470	43	1	1	Appenzell Innerrhoden	AI	2026-04-08 08:31:35.16841	2026-04-08 08:31:35.16841
1471	43	1	1	Appenzello Interno	AI-IT	2026-04-08 08:31:35.16841	2026-04-08 08:31:35.16841
1472	43	1	1	Appenzell Rhodes-Intérieures	AI-FR	2026-04-08 08:31:35.16841	2026-04-08 08:31:35.16841
1473	43	1	1	St. Gallen	SG	2026-04-08 08:31:35.16841	2026-04-08 08:31:35.16841
1474	43	1	1	San Gallo	SG-IT	2026-04-08 08:31:35.16841	2026-04-08 08:31:35.16841
1475	43	1	1	Saint-Gall	SG-FR	2026-04-08 08:31:35.16841	2026-04-08 08:31:35.16841
1476	43	1	1	Graubünden	GR	2026-04-08 08:31:35.16841	2026-04-08 08:31:35.16841
1477	43	1	1	Grigioni	GR-IT	2026-04-08 08:31:35.16841	2026-04-08 08:31:35.16841
1478	43	1	1	Grisons	GR-FR	2026-04-08 08:31:35.16841	2026-04-08 08:31:35.16841
1479	43	1	1	Aargau	AG	2026-04-08 08:31:35.16841	2026-04-08 08:31:35.16841
1480	43	1	1	Argovia	AG-IT	2026-04-08 08:31:35.16841	2026-04-08 08:31:35.16841
1481	43	1	1	Argovie	AG-FR	2026-04-08 08:31:35.16841	2026-04-08 08:31:35.16841
1482	43	1	1	Thurgau	TG	2026-04-08 08:31:35.16841	2026-04-08 08:31:35.16841
1483	43	1	1	Turgovia	TG-IT	2026-04-08 08:31:35.16841	2026-04-08 08:31:35.16841
1484	43	1	1	Thurgovie	TG-FR	2026-04-08 08:31:35.16841	2026-04-08 08:31:35.16841
1485	43	1	1	Tessin	TI	2026-04-08 08:31:35.16841	2026-04-08 08:31:35.16841
1486	43	1	1	Ticino	TI-IT	2026-04-08 08:31:35.16841	2026-04-08 08:31:35.16841
1487	43	1	1	Waadt	VD	2026-04-08 08:31:35.16841	2026-04-08 08:31:35.16841
1488	43	1	1	Vaud	VD-FR	2026-04-08 08:31:35.16841	2026-04-08 08:31:35.16841
1489	43	1	1	Wallis	VS	2026-04-08 08:31:35.16841	2026-04-08 08:31:35.16841
1490	43	1	1	Vallese	VS-IT	2026-04-08 08:31:35.16841	2026-04-08 08:31:35.16841
1491	43	1	1	Valais	VS-FR	2026-04-08 08:31:35.16841	2026-04-08 08:31:35.16841
1492	43	1	1	Neuenburg	NE	2026-04-08 08:31:35.16841	2026-04-08 08:31:35.16841
1493	43	1	1	Neuchâtel	NE-FR	2026-04-08 08:31:35.16841	2026-04-08 08:31:35.16841
1494	43	1	1	Genf	GE	2026-04-08 08:31:35.16841	2026-04-08 08:31:35.16841
1495	43	1	1	Ginevra	GE-IT	2026-04-08 08:31:35.16841	2026-04-08 08:31:35.16841
1496	43	1	1	Genève	GE-FR	2026-04-08 08:31:35.16841	2026-04-08 08:31:35.16841
1497	43	1	1	Jura	JU	2026-04-08 08:31:35.16841	2026-04-08 08:31:35.16841
1498	43	1	1	Giura	JU-IT	2026-04-08 08:31:35.16841	2026-04-08 08:31:35.16841
1499	217	1	1	กรุงเทพมหานคร	TH-10	2026-04-08 08:31:35.16841	2026-04-08 08:31:35.16841
1500	217	1	1	อำนาจเจริญ	TH-37	2026-04-08 08:31:35.16841	2026-04-08 08:31:35.16841
1501	217	1	1	อ่างทอง	TH-15	2026-04-08 08:31:35.16841	2026-04-08 08:31:35.16841
1502	217	1	1	บึงกาฬ	TH-38	2026-04-08 08:31:35.16841	2026-04-08 08:31:35.16841
1503	217	1	1	บุรีรัมย์	TH-31	2026-04-08 08:31:35.16841	2026-04-08 08:31:35.16841
1504	217	1	1	ฉะเชิงเทรา	TH-24	2026-04-08 08:31:35.16841	2026-04-08 08:31:35.16841
1505	217	1	1	ชัยนาท	TH-18	2026-04-08 08:31:35.16841	2026-04-08 08:31:35.16841
1506	217	1	1	ชัยภูมิ	TH-36	2026-04-08 08:31:35.16841	2026-04-08 08:31:35.16841
1507	217	1	1	จันทบุรี	TH-22	2026-04-08 08:31:35.16841	2026-04-08 08:31:35.16841
1508	217	1	1	เชียงใหม่	TH-50	2026-04-08 08:31:35.16841	2026-04-08 08:31:35.16841
1509	217	1	1	เชียงราย	TH-57	2026-04-08 08:31:35.16841	2026-04-08 08:31:35.16841
1510	217	1	1	ชลบุรี	TH-20	2026-04-08 08:31:35.16841	2026-04-08 08:31:35.16841
1511	217	1	1	ชุมพร	TH-86	2026-04-08 08:31:35.16841	2026-04-08 08:31:35.16841
1512	217	1	1	กาฬสินธุ์	TH-46	2026-04-08 08:31:35.16841	2026-04-08 08:31:35.16841
1513	217	1	1	กำแพงเพชร	TH-62	2026-04-08 08:31:35.16841	2026-04-08 08:31:35.16841
1514	217	1	1	กาญจนบุรี	TH-71	2026-04-08 08:31:35.16841	2026-04-08 08:31:35.16841
1515	217	1	1	ขอนแก่น	TH-40	2026-04-08 08:31:35.16841	2026-04-08 08:31:35.16841
1516	217	1	1	กระบี่	TH-81	2026-04-08 08:31:35.16841	2026-04-08 08:31:35.16841
1517	217	1	1	ลำปาง	TH-52	2026-04-08 08:31:35.16841	2026-04-08 08:31:35.16841
1518	217	1	1	ลำพูน	TH-51	2026-04-08 08:31:35.16841	2026-04-08 08:31:35.16841
1519	217	1	1	เลย	TH-42	2026-04-08 08:31:35.16841	2026-04-08 08:31:35.16841
1520	217	1	1	ลพบุรี	TH-16	2026-04-08 08:31:35.16841	2026-04-08 08:31:35.16841
1521	217	1	1	แม่ฮ่องสอน	TH-58	2026-04-08 08:31:35.16841	2026-04-08 08:31:35.16841
1522	217	1	1	มหาสารคาม	TH-44	2026-04-08 08:31:35.16841	2026-04-08 08:31:35.16841
1523	217	1	1	มุกดาหาร	TH-49	2026-04-08 08:31:35.16841	2026-04-08 08:31:35.16841
1524	217	1	1	นครนายก	TH-26	2026-04-08 08:31:35.16841	2026-04-08 08:31:35.16841
1525	217	1	1	นครปฐม	TH-73	2026-04-08 08:31:35.16841	2026-04-08 08:31:35.16841
1526	217	1	1	นครพนม	TH-48	2026-04-08 08:31:35.16841	2026-04-08 08:31:35.16841
1527	217	1	1	นครราชสีมา	TH-30	2026-04-08 08:31:35.16841	2026-04-08 08:31:35.16841
1528	217	1	1	นครสวรรค์	TH-60	2026-04-08 08:31:35.16841	2026-04-08 08:31:35.16841
1529	217	1	1	นครศรีธรรมราช	TH-80	2026-04-08 08:31:35.16841	2026-04-08 08:31:35.16841
1530	217	1	1	น่าน	TH-55	2026-04-08 08:31:35.16841	2026-04-08 08:31:35.16841
1531	217	1	1	นราธิวาส	TH-96	2026-04-08 08:31:35.16841	2026-04-08 08:31:35.16841
1532	217	1	1	หนองบัวลำภู	TH-39	2026-04-08 08:31:35.16841	2026-04-08 08:31:35.16841
1533	217	1	1	หนองคาย	TH-43	2026-04-08 08:31:35.16841	2026-04-08 08:31:35.16841
1534	217	1	1	นนทบุรี	TH-12	2026-04-08 08:31:35.16841	2026-04-08 08:31:35.16841
1535	217	1	1	ปทุมธานี	TH-13	2026-04-08 08:31:35.16841	2026-04-08 08:31:35.16841
1536	217	1	1	ปัตตานี	TH-94	2026-04-08 08:31:35.16841	2026-04-08 08:31:35.16841
1537	217	1	1	พังงา	TH-82	2026-04-08 08:31:35.16841	2026-04-08 08:31:35.16841
1538	217	1	1	พัทลุง	TH-93	2026-04-08 08:31:35.16841	2026-04-08 08:31:35.16841
1539	217	1	1	พะเยา	TH-56	2026-04-08 08:31:35.16841	2026-04-08 08:31:35.16841
1540	217	1	1	เพชรบูรณ์	TH-67	2026-04-08 08:31:35.16841	2026-04-08 08:31:35.16841
1541	217	1	1	เพชรบุรี	TH-76	2026-04-08 08:31:35.16841	2026-04-08 08:31:35.16841
1542	217	1	1	พิจิตร	TH-66	2026-04-08 08:31:35.16841	2026-04-08 08:31:35.16841
1543	217	1	1	พิษณุโลก	TH-65	2026-04-08 08:31:35.16841	2026-04-08 08:31:35.16841
1544	217	1	1	พระนครศรีอยุธยา	TH-14	2026-04-08 08:31:35.16841	2026-04-08 08:31:35.16841
1545	217	1	1	แพร่	TH-54	2026-04-08 08:31:35.16841	2026-04-08 08:31:35.16841
1546	217	1	1	ภูเก็ต	TH-83	2026-04-08 08:31:35.16841	2026-04-08 08:31:35.16841
1547	217	1	1	ปราจีนบุรี	TH-25	2026-04-08 08:31:35.16841	2026-04-08 08:31:35.16841
1548	217	1	1	ประจวบคีรีขันธ์	TH-77	2026-04-08 08:31:35.16841	2026-04-08 08:31:35.16841
1549	217	1	1	ระนอง	TH-85	2026-04-08 08:31:35.16841	2026-04-08 08:31:35.16841
1550	217	1	1	ราชบุรี	TH-70	2026-04-08 08:31:35.16841	2026-04-08 08:31:35.16841
1551	217	1	1	ระยอง	TH-21	2026-04-08 08:31:35.16841	2026-04-08 08:31:35.16841
1552	217	1	1	ร้อยเอ็ด	TH-45	2026-04-08 08:31:35.16841	2026-04-08 08:31:35.16841
1553	217	1	1	สระแก้ว	TH-27	2026-04-08 08:31:35.16841	2026-04-08 08:31:35.16841
1554	217	1	1	สกลนคร	TH-47	2026-04-08 08:31:35.16841	2026-04-08 08:31:35.16841
1555	217	1	1	สมุทรปราการ	TH-11	2026-04-08 08:31:35.16841	2026-04-08 08:31:35.16841
1556	217	1	1	สมุทรสาคร	TH-74	2026-04-08 08:31:35.16841	2026-04-08 08:31:35.16841
1557	217	1	1	สมุทรสงคราม	TH-75	2026-04-08 08:31:35.16841	2026-04-08 08:31:35.16841
1558	217	1	1	สระบุรี	TH-19	2026-04-08 08:31:35.16841	2026-04-08 08:31:35.16841
1559	217	1	1	สตูล	TH-91	2026-04-08 08:31:35.16841	2026-04-08 08:31:35.16841
1560	217	1	1	สิงห์บุรี	TH-17	2026-04-08 08:31:35.16841	2026-04-08 08:31:35.16841
1561	217	1	1	ศรีสะเกษ	TH-33	2026-04-08 08:31:35.16841	2026-04-08 08:31:35.16841
1562	217	1	1	สงขลา	TH-90	2026-04-08 08:31:35.16841	2026-04-08 08:31:35.16841
1563	217	1	1	สุโขทัย	TH-64	2026-04-08 08:31:35.16841	2026-04-08 08:31:35.16841
1564	217	1	1	สุพรรณบุรี	TH-72	2026-04-08 08:31:35.16841	2026-04-08 08:31:35.16841
1565	217	1	1	สุราษฎร์ธานี	TH-84	2026-04-08 08:31:35.16841	2026-04-08 08:31:35.16841
1566	217	1	1	สุรินทร์	TH-32	2026-04-08 08:31:35.16841	2026-04-08 08:31:35.16841
1567	217	1	1	ตาก	TH-63	2026-04-08 08:31:35.16841	2026-04-08 08:31:35.16841
1568	217	1	1	ตรัง	TH-92	2026-04-08 08:31:35.16841	2026-04-08 08:31:35.16841
1569	217	1	1	ตราด	TH-23	2026-04-08 08:31:35.16841	2026-04-08 08:31:35.16841
1570	217	1	1	อุบลราชธานี	TH-34	2026-04-08 08:31:35.16841	2026-04-08 08:31:35.16841
1571	217	1	1	อุดรธานี	TH-41	2026-04-08 08:31:35.16841	2026-04-08 08:31:35.16841
1572	217	1	1	อุทัยธานี	TH-61	2026-04-08 08:31:35.16841	2026-04-08 08:31:35.16841
1573	217	1	1	อุตรดิตถ์	TH-53	2026-04-08 08:31:35.16841	2026-04-08 08:31:35.16841
1574	217	1	1	ยะลา	TH-95	2026-04-08 08:31:35.16841	2026-04-08 08:31:35.16841
1575	217	1	1	ยโสธร	TH-35	2026-04-08 08:31:35.16841	2026-04-08 08:31:35.16841
1576	192	1	1	Abha	AHB	2026-04-08 08:31:35.16841	2026-04-08 08:31:35.16841
1577	192	1	1	Abqaiq	ABQ	2026-04-08 08:31:35.16841	2026-04-08 08:31:35.16841
1578	192	1	1	Ad Dammam	DMM	2026-04-08 08:31:35.16841	2026-04-08 08:31:35.16841
1579	192	1	1	Ad Dawadami	DAW	2026-04-08 08:31:35.16841	2026-04-08 08:31:35.16841
1580	192	1	1	Al Baha	ABT	2026-04-08 08:31:35.16841	2026-04-08 08:31:35.16841
1581	192	1	1	Al Bahah	BAH	2026-04-08 08:31:35.16841	2026-04-08 08:31:35.16841
1582	192	1	1	Al Hada	AHA	2026-04-08 08:31:35.16841	2026-04-08 08:31:35.16841
1583	192	1	1	Al Hadithah	HAD	2026-04-08 08:31:35.16841	2026-04-08 08:31:35.16841
1584	192	1	1	Al Hasa	ALH	2026-04-08 08:31:35.16841	2026-04-08 08:31:35.16841
1585	192	1	1	Al Jawf	LJW	2026-04-08 08:31:35.16841	2026-04-08 08:31:35.16841
1586	192	1	1	Al Jubayl Industrial City	JBI	2026-04-08 08:31:35.16841	2026-04-08 08:31:35.16841
1587	192	1	1	Al Kharj	AKH	2026-04-08 08:31:35.16841	2026-04-08 08:31:35.16841
1588	192	1	1	Al Khobar	AQK	2026-04-08 08:31:35.16841	2026-04-08 08:31:35.16841
1589	192	1	1	Al Khobar	ALK	2026-04-08 08:31:35.16841	2026-04-08 08:31:35.16841
1590	192	1	1	Al Khuraibah	KHU	2026-04-08 08:31:35.16841	2026-04-08 08:31:35.16841
1591	192	1	1	Al Muajjiz	AMU	2026-04-08 08:31:35.16841	2026-04-08 08:31:35.16841
1592	192	1	1	Al Qahmah	QAH	2026-04-08 08:31:35.16841	2026-04-08 08:31:35.16841
1593	192	1	1	Al Qunfudah	QUN	2026-04-08 08:31:35.16841	2026-04-08 08:31:35.16841
1594	192	1	1	Al Qurainah	QRN	2026-04-08 08:31:35.16841	2026-04-08 08:31:35.16841
1595	192	1	1	Al Shuqaiq	ASQ	2026-04-08 08:31:35.16841	2026-04-08 08:31:35.16841
1596	192	1	1	Al 'Uthmaniyah	AUT	2026-04-08 08:31:35.16841	2026-04-08 08:31:35.16841
1597	192	1	1	Ar Rass	ARR	2026-04-08 08:31:35.16841	2026-04-08 08:31:35.16841
1598	192	1	1	Arar	RAE	2026-04-08 08:31:35.16841	2026-04-08 08:31:35.16841
1599	192	1	1	Asfan	ASF	2026-04-08 08:31:35.16841	2026-04-08 08:31:35.16841
1600	192	1	1	Badanah	BDN	2026-04-08 08:31:35.16841	2026-04-08 08:31:35.16841
1601	192	1	1	Bisha	BHH	2026-04-08 08:31:35.16841	2026-04-08 08:31:35.16841
1602	192	1	1	Buraydah	BRU	2026-04-08 08:31:35.16841	2026-04-08 08:31:35.16841
1603	192	1	1	Buraydah	BUR	2026-04-08 08:31:35.16841	2026-04-08 08:31:35.16841
1604	192	1	1	Dhahran	DHA	2026-04-08 08:31:35.16841	2026-04-08 08:31:35.16841
1605	192	1	1	Dhuba	DHU	2026-04-08 08:31:35.16841	2026-04-08 08:31:35.16841
1606	192	1	1	Fiji	FJJ	2026-04-08 08:31:35.16841	2026-04-08 08:31:35.16841
1607	192	1	1	Gassim	ELQ	2026-04-08 08:31:35.16841	2026-04-08 08:31:35.16841
1608	192	1	1	Gurayat	URY	2026-04-08 08:31:35.16841	2026-04-08 08:31:35.16841
1609	192	1	1	Hafar al Batin	HBT	2026-04-08 08:31:35.16841	2026-04-08 08:31:35.16841
1610	192	1	1	Hail	HAS	2026-04-08 08:31:35.16841	2026-04-08 08:31:35.16841
1611	192	1	1	Harad	RAD	2026-04-08 08:31:35.16841	2026-04-08 08:31:35.16841
1612	192	1	1	Hazm Al Jalamid	HZM	2026-04-08 08:31:35.16841	2026-04-08 08:31:35.16841
1613	192	1	1	Hofuf	HOF	2026-04-08 08:31:35.16841	2026-04-08 08:31:35.16841
1614	192	1	1	Jazan Economic City	JEC	2026-04-08 08:31:35.16841	2026-04-08 08:31:35.16841
1615	192	1	1	Jeddah	JED	2026-04-08 08:31:35.16841	2026-04-08 08:31:35.16841
1616	192	1	1	Jeddah Industrial City 2 & 3	JIC	2026-04-08 08:31:35.16841	2026-04-08 08:31:35.16841
1617	192	1	1	Jeddah Yachts Club Port	JYC	2026-04-08 08:31:35.16841	2026-04-08 08:31:35.16841
1618	192	1	1	Jizan	GIZ	2026-04-08 08:31:35.16841	2026-04-08 08:31:35.16841
1619	192	1	1	Jouf	AJF	2026-04-08 08:31:35.16841	2026-04-08 08:31:35.16841
1620	192	1	1	Juaymah Terminal	JUT	2026-04-08 08:31:35.16841	2026-04-08 08:31:35.16841
1621	192	1	1	Jubail	JUB	2026-04-08 08:31:35.16841	2026-04-08 08:31:35.16841
1622	192	1	1	Khamis Mushayt	KMX	2026-04-08 08:31:35.16841	2026-04-08 08:31:35.16841
1623	192	1	1	King Abdullah City	KAC	2026-04-08 08:31:35.16841	2026-04-08 08:31:35.16841
1624	192	1	1	King Fhad	KFH	2026-04-08 08:31:35.16841	2026-04-08 08:31:35.16841
1625	192	1	1	King Khalid	KKH	2026-04-08 08:31:35.16841	2026-04-08 08:31:35.16841
1626	192	1	1	Lith	LIT	2026-04-08 08:31:35.16841	2026-04-08 08:31:35.16841
1627	192	1	1	Madinah	MED	2026-04-08 08:31:35.16841	2026-04-08 08:31:35.16841
1628	192	1	1	Majma	MJH	2026-04-08 08:31:35.16841	2026-04-08 08:31:35.16841
1629	192	1	1	Makkah	MAK	2026-04-08 08:31:35.16841	2026-04-08 08:31:35.16841
1630	192	1	1	Manailih	MAN	2026-04-08 08:31:35.16841	2026-04-08 08:31:35.16841
1631	192	1	1	Manfouha	MUF	2026-04-08 08:31:35.16841	2026-04-08 08:31:35.16841
1632	192	1	1	Muhayil	MHY	2026-04-08 08:31:35.16841	2026-04-08 08:31:35.16841
1633	192	1	1	Najran	NJN	2026-04-08 08:31:35.16841	2026-04-08 08:31:35.16841
1634	192	1	1	Nejran	EAM	2026-04-08 08:31:35.16841	2026-04-08 08:31:35.16841
1635	192	1	1	Qaisumah	AQI	2026-04-08 08:31:35.16841	2026-04-08 08:31:35.16841
1636	192	1	1	Qalsn	QAL	2026-04-08 08:31:35.16841	2026-04-08 08:31:35.16841
1637	192	1	1	Qatif	QTF	2026-04-08 08:31:35.16841	2026-04-08 08:31:35.16841
1638	192	1	1	Qurayyah	QUR	2026-04-08 08:31:35.16841	2026-04-08 08:31:35.16841
1639	192	1	1	Rabigh	RAB	2026-04-08 08:31:35.16841	2026-04-08 08:31:35.16841
1640	192	1	1	Rafha	RAH	2026-04-08 08:31:35.16841	2026-04-08 08:31:35.16841
1641	192	1	1	Ras al Khafji	RAR	2026-04-08 08:31:35.16841	2026-04-08 08:31:35.16841
1642	192	1	1	Ras al Mishab	RAM	2026-04-08 08:31:35.16841	2026-04-08 08:31:35.16841
1643	192	1	1	Ras Al-Khair	RAZ	2026-04-08 08:31:35.16841	2026-04-08 08:31:35.16841
1644	192	1	1	Ras Tanura	RTA	2026-04-08 08:31:35.16841	2026-04-08 08:31:35.16841
1645	192	1	1	Riyadh	RUH	2026-04-08 08:31:35.16841	2026-04-08 08:31:35.16841
1646	192	1	1	Riyadh Dry Port	RYP	2026-04-08 08:31:35.16841	2026-04-08 08:31:35.16841
1647	192	1	1	Safaniya	SAF	2026-04-08 08:31:35.16841	2026-04-08 08:31:35.16841
1648	192	1	1	Salboukh	SUH	2026-04-08 08:31:35.16841	2026-04-08 08:31:35.16841
1649	192	1	1	Salwá	SAL	2026-04-08 08:31:35.16841	2026-04-08 08:31:35.16841
1650	192	1	1	Sayhat	SAY	2026-04-08 08:31:35.16841	2026-04-08 08:31:35.16841
1651	192	1	1	Shadqam	SHD	2026-04-08 08:31:35.16841	2026-04-08 08:31:35.16841
1652	192	1	1	Sharurah	SHW	2026-04-08 08:31:35.16841	2026-04-08 08:31:35.16841
1653	192	1	1	Shuaibah	SHU	2026-04-08 08:31:35.16841	2026-04-08 08:31:35.16841
1654	192	1	1	Sulayel	SLF	2026-04-08 08:31:35.16841	2026-04-08 08:31:35.16841
1655	192	1	1	Tabuk	TUU	2026-04-08 08:31:35.16841	2026-04-08 08:31:35.16841
1656	192	1	1	Taif	TIF	2026-04-08 08:31:35.16841	2026-04-08 08:31:35.16841
1657	192	1	1	Turaif	TUI	2026-04-08 08:31:35.16841	2026-04-08 08:31:35.16841
1658	192	1	1	Tusdeer Free Zone	TFZ	2026-04-08 08:31:35.16841	2026-04-08 08:31:35.16841
1659	192	1	1	Udhailiyah	UDH	2026-04-08 08:31:35.16841	2026-04-08 08:31:35.16841
1660	192	1	1	Umm Lajj	VLA	2026-04-08 08:31:35.16841	2026-04-08 08:31:35.16841
1661	192	1	1	Unayzah	UZH	2026-04-08 08:31:35.16841	2026-04-08 08:31:35.16841
1662	192	1	1	Wadi ad Dawasir	WAE	2026-04-08 08:31:35.16841	2026-04-08 08:31:35.16841
1663	192	1	1	Waisumah	AWI	2026-04-08 08:31:35.16841	2026-04-08 08:31:35.16841
1664	192	1	1	Wedjh	EJH	2026-04-08 08:31:35.16841	2026-04-08 08:31:35.16841
1665	192	1	1	Yanbu commercial city	YNB	2026-04-08 08:31:35.16841	2026-04-08 08:31:35.16841
1666	192	1	1	Yanbu Industrial City	YBI	2026-04-08 08:31:35.16841	2026-04-08 08:31:35.16841
1667	192	1	1	Zilfi	ZUL	2026-04-08 08:31:35.16841	2026-04-08 08:31:35.16841
1668	192	1	1	Zulayfayn	ZUY	2026-04-08 08:31:35.16841	2026-04-08 08:31:35.16841
1669	234	1	1	Artigas	AR	2026-04-08 08:31:35.16841	2026-04-08 08:31:35.16841
1670	234	1	1	Canelones	CA	2026-04-08 08:31:35.16841	2026-04-08 08:31:35.16841
1671	234	1	1	Cerro Largo	CL	2026-04-08 08:31:35.16841	2026-04-08 08:31:35.16841
1672	234	1	1	Colonia	CO	2026-04-08 08:31:35.16841	2026-04-08 08:31:35.16841
1673	234	1	1	Durazno	DU	2026-04-08 08:31:35.16841	2026-04-08 08:31:35.16841
1674	234	1	1	Flores	FS	2026-04-08 08:31:35.16841	2026-04-08 08:31:35.16841
1675	234	1	1	Florida	FD	2026-04-08 08:31:35.16841	2026-04-08 08:31:35.16841
1676	234	1	1	Lavalleja	LA	2026-04-08 08:31:35.16841	2026-04-08 08:31:35.16841
1677	234	1	1	Maldonado	MA	2026-04-08 08:31:35.16841	2026-04-08 08:31:35.16841
1678	234	1	1	Montevideo	MO	2026-04-08 08:31:35.16841	2026-04-08 08:31:35.16841
1679	234	1	1	Paysandú	PA	2026-04-08 08:31:35.16841	2026-04-08 08:31:35.16841
1680	234	1	1	Río Negro	RN	2026-04-08 08:31:35.16841	2026-04-08 08:31:35.16841
1681	234	1	1	Rivera	RV	2026-04-08 08:31:35.16841	2026-04-08 08:31:35.16841
1682	234	1	1	Rocha	RO	2026-04-08 08:31:35.16841	2026-04-08 08:31:35.16841
1683	234	1	1	Salto	SA	2026-04-08 08:31:35.16841	2026-04-08 08:31:35.16841
1684	234	1	1	San José	SJ	2026-04-08 08:31:35.16841	2026-04-08 08:31:35.16841
1685	234	1	1	Soriano	SO	2026-04-08 08:31:35.16841	2026-04-08 08:31:35.16841
1686	234	1	1	Tacuarembó	TA	2026-04-08 08:31:35.16841	2026-04-08 08:31:35.16841
1687	234	1	1	Treinta y Tres	TT	2026-04-08 08:31:35.16841	2026-04-08 08:31:35.16841
1688	94	1	1	Hong Kong Island	HK	2026-04-08 08:31:35.16841	2026-04-08 08:31:35.16841
1689	94	1	1	Kowloon	KLN	2026-04-08 08:31:35.16841	2026-04-08 08:31:35.16841
1690	94	1	1	New Territories	NT	2026-04-08 08:31:35.16841	2026-04-08 08:31:35.16841
1691	114	1	1	Baringo	KE-01	2026-04-08 08:31:35.16841	2026-04-08 08:31:35.16841
1692	114	1	1	Bomet	KE-02	2026-04-08 08:31:35.16841	2026-04-08 08:31:35.16841
1693	114	1	1	Bungoma	KE-03	2026-04-08 08:31:35.16841	2026-04-08 08:31:35.16841
1694	114	1	1	Busia	KE-04	2026-04-08 08:31:35.16841	2026-04-08 08:31:35.16841
1695	114	1	1	Elgeyo/Marakwet	KE-05	2026-04-08 08:31:35.16841	2026-04-08 08:31:35.16841
1696	114	1	1	Embu	KE-06	2026-04-08 08:31:35.16841	2026-04-08 08:31:35.16841
1697	114	1	1	Garissa	KE-07	2026-04-08 08:31:35.16841	2026-04-08 08:31:35.16841
1698	114	1	1	Homa Bay	KE-08	2026-04-08 08:31:35.16841	2026-04-08 08:31:35.16841
1699	114	1	1	Isiolo	KE-09	2026-04-08 08:31:35.16841	2026-04-08 08:31:35.16841
1700	114	1	1	Kajiado	KE-10	2026-04-08 08:31:35.16841	2026-04-08 08:31:35.16841
1701	114	1	1	Kakamega	KE-11	2026-04-08 08:31:35.16841	2026-04-08 08:31:35.16841
1702	114	1	1	Kericho	KE-12	2026-04-08 08:31:35.16841	2026-04-08 08:31:35.16841
1703	114	1	1	Kiambu	KE-13	2026-04-08 08:31:35.16841	2026-04-08 08:31:35.16841
1704	114	1	1	Kilifi	KE-14	2026-04-08 08:31:35.16841	2026-04-08 08:31:35.16841
1705	114	1	1	Kirinyaga	KE-15	2026-04-08 08:31:35.16841	2026-04-08 08:31:35.16841
1706	114	1	1	Kisii	KE-16	2026-04-08 08:31:35.16841	2026-04-08 08:31:35.16841
1707	114	1	1	Kisumu	KE-17	2026-04-08 08:31:35.16841	2026-04-08 08:31:35.16841
1708	114	1	1	Kitui	KE-18	2026-04-08 08:31:35.16841	2026-04-08 08:31:35.16841
1709	114	1	1	Kwale	KE-19	2026-04-08 08:31:35.16841	2026-04-08 08:31:35.16841
1710	114	1	1	Laikipia	KE-20	2026-04-08 08:31:35.16841	2026-04-08 08:31:35.16841
1711	114	1	1	Lamu	KE-21	2026-04-08 08:31:35.16841	2026-04-08 08:31:35.16841
1712	114	1	1	Machakos	KE-22	2026-04-08 08:31:35.16841	2026-04-08 08:31:35.16841
1713	114	1	1	Makueni	KE-23	2026-04-08 08:31:35.16841	2026-04-08 08:31:35.16841
1714	114	1	1	Mandera	KE-24	2026-04-08 08:31:35.16841	2026-04-08 08:31:35.16841
1715	114	1	1	Marsabit	KE-25	2026-04-08 08:31:35.16841	2026-04-08 08:31:35.16841
1716	114	1	1	Meru	KE-26	2026-04-08 08:31:35.16841	2026-04-08 08:31:35.16841
1717	114	1	1	Migori	KE-27	2026-04-08 08:31:35.16841	2026-04-08 08:31:35.16841
1718	114	1	1	Mombasa	KE-28	2026-04-08 08:31:35.16841	2026-04-08 08:31:35.16841
1719	114	1	1	Murang'a	KE-29	2026-04-08 08:31:35.16841	2026-04-08 08:31:35.16841
1720	114	1	1	Nairobi City	KE-30	2026-04-08 08:31:35.16841	2026-04-08 08:31:35.16841
1721	114	1	1	Nakuru	KE-31	2026-04-08 08:31:35.16841	2026-04-08 08:31:35.16841
1722	114	1	1	Nandi	KE-32	2026-04-08 08:31:35.16841	2026-04-08 08:31:35.16841
1723	114	1	1	Narok	KE-33	2026-04-08 08:31:35.16841	2026-04-08 08:31:35.16841
1724	114	1	1	Nyamira	KE-34	2026-04-08 08:31:35.16841	2026-04-08 08:31:35.16841
1725	114	1	1	Nyandarua	KE-35	2026-04-08 08:31:35.16841	2026-04-08 08:31:35.16841
1726	114	1	1	Nyeri	KE-36	2026-04-08 08:31:35.16841	2026-04-08 08:31:35.16841
1727	114	1	1	Samburu	KE-37	2026-04-08 08:31:35.16841	2026-04-08 08:31:35.16841
1728	114	1	1	Siaya	KE-38	2026-04-08 08:31:35.16841	2026-04-08 08:31:35.16841
1729	114	1	1	Taita/Taveta	KE-39	2026-04-08 08:31:35.16841	2026-04-08 08:31:35.16841
1730	114	1	1	Tana River	KE-40	2026-04-08 08:31:35.16841	2026-04-08 08:31:35.16841
1731	114	1	1	Tharaka-Nithi	KE-41	2026-04-08 08:31:35.16841	2026-04-08 08:31:35.16841
1732	114	1	1	Trans Nzoia	KE-42	2026-04-08 08:31:35.16841	2026-04-08 08:31:35.16841
1733	114	1	1	Turkana	KE-43	2026-04-08 08:31:35.16841	2026-04-08 08:31:35.16841
1734	114	1	1	Uasin Gishu	KE-44	2026-04-08 08:31:35.16841	2026-04-08 08:31:35.16841
1735	114	1	1	Vihiga	KE-45	2026-04-08 08:31:35.16841	2026-04-08 08:31:35.16841
1736	114	1	1	Wajir	KE-46	2026-04-08 08:31:35.16841	2026-04-08 08:31:35.16841
1737	114	1	1	West Pokot	KE-47	2026-04-08 08:31:35.16841	2026-04-08 08:31:35.16841
1738	112	1	1	Ajloun	JO-AJ	2026-04-08 08:31:35.16841	2026-04-08 08:31:35.16841
1739	112	1	1	Amman	JO-AM	2026-04-08 08:31:35.16841	2026-04-08 08:31:35.16841
1740	112	1	1	Aqaba	JO-AQ	2026-04-08 08:31:35.16841	2026-04-08 08:31:35.16841
1741	112	1	1	Tafileh	JO-AT	2026-04-08 08:31:35.16841	2026-04-08 08:31:35.16841
1742	112	1	1	Zarqa	JO-AZ	2026-04-08 08:31:35.16841	2026-04-08 08:31:35.16841
1743	112	1	1	Balqa	JO-BA	2026-04-08 08:31:35.16841	2026-04-08 08:31:35.16841
1744	112	1	1	Irbid	JO-IR	2026-04-08 08:31:35.16841	2026-04-08 08:31:35.16841
1745	112	1	1	Jerash	JO-JA	2026-04-08 08:31:35.16841	2026-04-08 08:31:35.16841
1746	112	1	1	Karak	JO-KA	2026-04-08 08:31:35.16841	2026-04-08 08:31:35.16841
1747	112	1	1	Mafraq	JO-MA	2026-04-08 08:31:35.16841	2026-04-08 08:31:35.16841
1748	112	1	1	Madaba	JO-MD	2026-04-08 08:31:35.16841	2026-04-08 08:31:35.16841
1749	112	1	1	Maan	JO-MN	2026-04-08 08:31:35.16841	2026-04-08 08:31:35.16841
1750	121	1	1	서울특별시	KR-11	2026-04-08 08:31:35.16841	2026-04-08 08:31:35.16841
1751	121	1	1	부산광역시	KR-26	2026-04-08 08:31:35.16841	2026-04-08 08:31:35.16841
1752	121	1	1	대구광역시	KR-27	2026-04-08 08:31:35.16841	2026-04-08 08:31:35.16841
1753	121	1	1	인천광역시	KR-28	2026-04-08 08:31:35.16841	2026-04-08 08:31:35.16841
1754	121	1	1	광주광역시	KR-29	2026-04-08 08:31:35.16841	2026-04-08 08:31:35.16841
1755	121	1	1	대전광역시	KR-30	2026-04-08 08:31:35.16841	2026-04-08 08:31:35.16841
1756	121	1	1	울산광역시	KR-31	2026-04-08 08:31:35.16841	2026-04-08 08:31:35.16841
1757	121	1	1	경기도	KR-41	2026-04-08 08:31:35.16841	2026-04-08 08:31:35.16841
1758	121	1	1	강원도	KR-42	2026-04-08 08:31:35.16841	2026-04-08 08:31:35.16841
1759	121	1	1	충청북도	KR-43	2026-04-08 08:31:35.16841	2026-04-08 08:31:35.16841
1760	121	1	1	충청남도	KR-44	2026-04-08 08:31:35.16841	2026-04-08 08:31:35.16841
1761	121	1	1	전라북도	KR-45	2026-04-08 08:31:35.16841	2026-04-08 08:31:35.16841
1762	121	1	1	전라남도	KR-46	2026-04-08 08:31:35.16841	2026-04-08 08:31:35.16841
1763	121	1	1	경상북도	KR-47	2026-04-08 08:31:35.16841	2026-04-08 08:31:35.16841
1764	121	1	1	경상남도	KR-48	2026-04-08 08:31:35.16841	2026-04-08 08:31:35.16841
1765	121	1	1	제주특별자치도	KR-49	2026-04-08 08:31:35.16841	2026-04-08 08:31:35.16841
1766	121	1	1	세종특별자치시	KR-50	2026-04-08 08:31:35.16841	2026-04-08 08:31:35.16841
1767	20	1	1	Antwerp	VAN	2026-04-08 08:31:35.16841	2026-04-08 08:31:35.16841
1768	20	1	1	Limburg	VLI	2026-04-08 08:31:35.16841	2026-04-08 08:31:35.16841
1769	20	1	1	East Flanders	VOV	2026-04-08 08:31:35.16841	2026-04-08 08:31:35.16841
1770	20	1	1	Flemish Brabant	VBR	2026-04-08 08:31:35.16841	2026-04-08 08:31:35.16841
1771	20	1	1	West Flanders	VWV	2026-04-08 08:31:35.16841	2026-04-08 08:31:35.16841
1772	20	1	1	Walloon Brabant	WBR	2026-04-08 08:31:35.16841	2026-04-08 08:31:35.16841
1773	20	1	1	Hainaut	WHT	2026-04-08 08:31:35.16841	2026-04-08 08:31:35.16841
1774	20	1	1	Liège	WLG	2026-04-08 08:31:35.16841	2026-04-08 08:31:35.16841
1775	20	1	1	Luxembourg	WLX	2026-04-08 08:31:35.16841	2026-04-08 08:31:35.16841
1776	20	1	1	Namur	WNA	2026-04-08 08:31:35.16841	2026-04-08 08:31:35.16841
1777	28	1	1	Brunei-Muara	B	2026-04-08 08:31:35.16841	2026-04-08 08:31:35.16841
1778	28	1	1	Belait	K	2026-04-08 08:31:35.16841	2026-04-08 08:31:35.16841
1779	28	1	1	Tutong	T	2026-04-08 08:31:35.16841	2026-04-08 08:31:35.16841
1780	28	1	1	Temburong	P	2026-04-08 08:31:35.16841	2026-04-08 08:31:35.16841
\.


--
