[encoded data, 32108 characters]
\.


--
-- Data for Name: base_import_mapping; Type: TABLE DATA; Schema: public; Owner: odoo
--

COPY public.base_import_mapping (id, create_uid, write_uid, res_model, column_name, field_name, create_date, write_date) FROM stdin;
1	2	2	res.partner	name	name	2026-05-05 10:32:37.266526	2026-05-05 10:32:37.266526
2	2	2	res.partner	company_type	company_type	2026-05-05 10:32:37.266526	2026-05-05 10:32:37.266526
3	2	2	res.partner	customer_rank	customer_rank	2026-05-05 10:32:37.266526	2026-05-05 10:32:37.266526
4	2	2	res.partner	supplier_rank	supplier_rank	2026-05-05 10:32:37.266526	2026-05-05 10:32:37.266526
5	2	2	res.partner	email	email	2026-05-05 10:32:37.266526	2026-05-05 10:32:37.266526
6	2	2	res.partner	lang	lang	2026-05-05 10:32:37.266526	2026-05-05 10:32:37.266526
9	17	17	stock.picking	albarán	id	2026-05-05 11:07:45.263817	2026-05-05 11:07:45.263817
10	17	17	stock.picking	fecha albarán	\N	2026-05-05 11:07:45.263817	2026-05-05 11:07:45.263817
11	17	17	stock.picking	cliente	\N	2026-05-05 11:07:45.263817	2026-05-05 11:07:45.263817
12	17	17	stock.picking	factura	\N	2026-05-05 11:07:45.263817	2026-05-05 11:07:45.263817
13	17	17	stock.picking	pedido	\N	2026-05-05 11:07:45.263817	2026-05-05 11:07:45.263817
14	17	17	stock.picking	planta	\N	2026-05-05 11:07:45.263817	2026-05-05 11:07:45.263817
15	17	17	stock.picking	marca	\N	2026-05-05 11:07:45.263817	2026-05-05 11:07:45.263817
16	17	17	stock.picking	tipo	\N	2026-05-05 11:07:45.263817	2026-05-05 11:07:45.263817
17	17	17	stock.picking	número	\N	2026-05-05 11:07:45.263817	2026-05-05 11:07:45.263817
18	17	17	stock.picking	orden de trabajo	\N	2026-05-05 11:07:45.263817	2026-05-05 11:07:45.263817
19	17	17	stock.picking	comentarios	\N	2026-05-05 11:07:45.263817	2026-05-05 11:07:45.263817
20	17	17	stock.picking	ppto	\N	2026-05-05 11:07:45.263817	2026-05-05 11:07:45.263817
7	2	2	res.partner	country_id/name	country_id	2026-05-05 10:32:37.266526	2026-05-05 11:10:04.864036
8	2	2	res.partner	parent_id/name	parent_id	2026-05-05 10:32:37.266526	2026-05-05 11:10:04.864036
21	17	17	stock.picking	fecha programada	scheduled_date	2026-05-05 11:43:26.261312	2026-05-05 11:43:26.261312
22	17	17	stock.picking	documento de origen	origin	2026-05-05 11:43:26.261312	2026-05-05 11:43:26.261312
23	17	17	stock.picking	notas	note	2026-05-05 11:43:26.261312	2026-05-05 11:43:26.261312
24	2	2	sale.order	name	name	2026-05-07 08:06:51.867257	2026-05-07 08:06:51.867257
25	2	2	sale.order	partner_id	partner_id	2026-05-07 08:06:51.867257	2026-05-07 08:06:51.867257
26	2	2	sale.order	date_order	date_order	2026-05-07 08:06:51.867257	2026-05-07 08:06:51.867257
27	2	2	sale.order	validity_date	validity_date	2026-05-07 08:06:51.867257	2026-05-07 08:06:51.867257
28	2	2	sale.order	client_order_ref	client_order_ref	2026-05-07 08:06:51.867257	2026-05-07 08:06:51.867257
29	2	2	sale.order	note	note	2026-05-07 08:06:51.867257	2026-05-07 08:06:51.867257
30	2	2	sale.order	order_line/name	order_line/name	2026-05-07 08:06:51.867257	2026-05-07 08:06:51.867257
31	2	2	sale.order	order_line/product_uom_qty	order_line/product_uom_qty	2026-05-07 08:06:51.867257	2026-05-07 08:06:51.867257
32	2	2	sale.order	order_line/price_unit	order_line/price_unit	2026-05-07 08:06:51.867257	2026-05-07 08:06:51.867257
33	2	2	purchase.order	order reference	name	2026-05-07 10:15:59.546142	2026-05-07 10:15:59.546142
34	2	2	purchase.order	vendor	partner_id	2026-05-07 10:15:59.546142	2026-05-07 10:15:59.546142
35	2	2	purchase.order	order date	\N	2026-05-07 10:15:59.546142	2026-05-07 10:15:59.546142
36	2	2	purchase.order	vendor reference	partner_ref	2026-05-07 10:15:59.546142	2026-05-07 10:15:59.546142
37	2	2	purchase.order	source document	origin	2026-05-07 10:15:59.546142	2026-05-07 10:15:59.546142
38	2	2	purchase.order	order lines/product	order_line/product_id	2026-05-07 10:15:59.546142	2026-05-07 10:15:59.546142
39	2	2	purchase.order	order lines/description	order_line/name	2026-05-07 10:15:59.546142	2026-05-07 10:15:59.546142
40	2	2	purchase.order	order lines/quantity	order_line/product_qty	2026-05-07 10:15:59.546142	2026-05-07 10:15:59.546142
41	2	2	purchase.order	order lines/unit price	order_line/price_unit	2026-05-07 10:15:59.546142	2026-05-07 10:15:59.546142
42	2	2	purchase.order	order lines/scheduled date	\N	2026-05-07 10:15:59.546142	2026-05-07 10:15:59.546142
43	2	2	purchase.order	date_order	date_order	2026-05-07 10:18:12.424117	2026-05-07 10:18:12.424117
44	2	2	purchase.order	order_line/date_planned	order_line/date_planned	2026-05-07 10:18:12.424117	2026-05-07 10:18:12.424117
45	2	2	sale.order	state	x_estado_importado	2026-05-07 11:56:29.785032	2026-05-07 11:56:29.785032
46	2	2	sale.order	x_ot	x_ot	2026-05-07 11:56:29.785032	2026-05-07 11:56:29.785032
47	2	2	sale.order	x_planta	x_planta	2026-05-07 11:56:29.785032	2026-05-07 11:56:29.785032
48	2	2	sale.order	x_albaran	x_albaran	2026-05-07 11:56:29.785032	2026-05-07 11:56:29.785032
49	2	2	sale.order	x_marca	x_marca	2026-05-07 11:56:29.785032	2026-05-07 11:56:29.785032
50	2	2	sale.order	x_n_serie	x_n_serie	2026-05-07 11:56:29.785032	2026-05-07 11:56:29.785032
51	2	2	sale.order	x_contacto_nombre	x_contacto_nombre	2026-05-07 11:56:29.785032	2026-05-07 11:56:29.785032
52	2	2	sale.order	x_contacto_email	x_contacto_email	2026-05-07 11:56:29.785032	2026-05-07 11:56:29.785032
53	2	2	sale.order	order_line/product_id	order_line/product_id	2026-05-07 11:56:29.785032	2026-05-07 11:56:29.785032
\.


--
-- Data for Name: base_import_module; Type: TABLE DATA; Schema: public; Owner: odoo
--

COPY public.base_import_module (id, create_uid, write_uid, state, import_message, modules_dependencies, force, with_demo, create_date, write_date, module_file) FROM stdin;
\.


--
-- Data for Name: base_language_export; Type: TABLE DATA; Schema: public; Owner: odoo
--

COPY public.base_language_export (id, model_id, create_uid, write_uid, name, lang, format, export_type, domain, state, create_date, write_date, data) FROM stdin;
\.


--
-- Data for Name: base_language_import; Type: TABLE DATA; Schema: public; Owner: odoo
--

COPY public.base_language_import (id, create_uid, write_uid, name, code, filename, overwrite, create_date, write_date, data) FROM stdin;
\.


--
-- Data for Name: base_language_install; Type: TABLE DATA; Schema: public; Owner: odoo
--

COPY public.base_language_install (id, create_uid, write_uid, overwrite, create_date, write_date) FROM stdin;
2	2	2	f	2026-05-07 08:27:39.13033	2026-05-07 08:27:39.13033
\.


--
-- Data for Name: base_language_install_website_rel; Type: TABLE DATA; Schema: public; Owner: odoo
--

COPY public.base_language_install_website_rel (base_language_install_id, website_id) FROM stdin;
\.


--
-- Data for Name: base_module_install_request; Type: TABLE DATA; Schema: public; Owner: odoo
--

COPY public.base_module_install_request (id, module_id, user_id, create_uid, write_uid, body_html, create_date, write_date) FROM stdin;
\.


--
-- Data for Name: base_module_install_review; Type: TABLE DATA; Schema: public; Owner: odoo
--

COPY public.base_module_install_review (id, module_id, create_uid, write_uid, create_date, write_date) FROM stdin;
\.


--
-- Data for Name: base_module_uninstall; Type: TABLE DATA; Schema: public; Owner: odoo
--

COPY public.base_module_uninstall (id, module_id, create_uid, write_uid, show_all, create_date, write_date) FROM stdin;
\.


--
-- Data for Name: base_module_update; Type: TABLE DATA; Schema: public; Owner: odoo
--

COPY public.base_module_update (id, updated, added, create_uid, write_uid, state, create_date, write_date) FROM stdin;
\.


--
-- Data for Name: base_module_upgrade; Type: TABLE DATA; Schema: public; Owner: odoo
--

COPY public.base_module_upgrade (id, create_uid, write_uid, module_info, create_date, write_date) FROM stdin;
\.


--
-- Data for Name: base_partner_merge_automatic_wizard; Type: TABLE DATA; Schema: public; Owner: odoo
--

COPY public.base_partner_merge_automatic_wizard (id, number_group, current_line_id, dst_partner_id, maximum_group, create_uid, write_uid, state, group_by_email, group_by_name, group_by_is_company, group_by_vat, group_by_parent_id, exclude_contact, exclude_journal_item, create_date, write_date) FROM stdin;
1	\N	\N	2873	0	23	23	finished	f	f	f	f	f	f	f	2026-05-07 11:39:06.228383	2026-05-07 11:39:06.269765
2	\N	\N	2848	0	23	23	finished	f	f	f	f	f	f	f	2026-05-07 11:39:51.606922	2026-05-07 11:39:51.678012
3	\N	\N	2837	0	23	23	finished	f	f	f	f	f	f	f	2026-05-07 11:40:14.300383	2026-05-07 11:40:14.335996
4	\N	\N	2904	0	23	23	finished	f	f	f	f	f	f	f	2026-05-07 11:40:41.912092	2026-05-07 11:40:41.947867
5	\N	\N	2927	0	23	23	finished	f	f	f	f	f	f	f	2026-05-07 11:41:05.184772	2026-05-07 11:41:05.218279
6	\N	\N	2829	0	23	23	finished	f	f	f	f	f	f	f	2026-05-07 11:41:45.265169	2026-05-07 11:41:45.300825
7	\N	\N	2964	0	23	23	finished	f	f	f	f	f	f	f	2026-05-07 11:42:28.73669	2026-05-07 11:42:28.773913
8	\N	\N	2961	0	23	23	finished	f	f	f	f	f	f	f	2026-05-07 11:42:49.646435	2026-05-07 11:42:49.687226
9	\N	\N	2856	0	23	23	finished	f	f	f	f	f	f	f	2026-05-07 11:43:32.114173	2026-05-07 11:43:32.150084
10	\N	\N	3045	0	23	23	finished	f	f	f	f	f	f	f	2026-05-07 11:45:48.025125	2026-05-07 11:45:48.071103
11	\N	\N	3029	0	23	23	finished	f	f	f	f	f	f	f	2026-05-07 11:46:23.223741	2026-05-07 11:46:23.259101
13	\N	\N	2850	0	23	23	finished	f	f	f	f	f	f	f	2026-05-07 11:47:10.441505	2026-05-07 11:47:10.478502
14	\N	\N	2827	0	23	23	finished	f	f	f	f	f	f	f	2026-05-07 11:47:35.886126	2026-05-07 11:47:35.923714
15	\N	\N	3120	0	23	23	finished	f	f	f	f	f	f	f	2026-05-07 11:48:06.382293	2026-05-07 11:48:06.427804
16	\N	\N	2975	0	23	23	finished	f	f	f	f	f	f	f	2026-05-07 11:48:45.434251	2026-05-07 11:48:45.47132
17	\N	\N	2854	0	23	23	finished	f	f	f	f	f	f	f	2026-05-07 11:48:57.463137	2026-05-07 11:48:57.508261
18	\N	\N	3154	0	23	23	finished	f	f	f	f	f	f	f	2026-05-07 11:49:17.290383	2026-05-07 11:49:17.324589
19	\N	\N	2938	0	23	23	finished	f	f	f	f	f	f	f	2026-05-07 11:49:29.918671	2026-05-07 11:49:29.955283
20	\N	\N	3151	0	23	23	finished	f	f	f	f	f	f	f	2026-05-07 11:50:28.03825	2026-05-07 11:50:28.072587
21	\N	\N	2842	0	23	23	finished	f	f	f	f	f	f	f	2026-05-07 11:50:44.507482	2026-05-07 11:50:44.540699
22	\N	\N	3140	0	23	23	finished	f	f	f	f	f	f	f	2026-05-07 11:51:03.141274	2026-05-07 11:51:03.174611
23	\N	\N	2997	0	23	23	finished	f	f	f	f	f	f	f	2026-05-07 11:51:13.842111	2026-05-07 11:51:13.884044
24	\N	\N	3133	0	23	23	finished	f	f	f	f	f	f	f	2026-05-07 11:51:36.036684	2026-05-07 11:51:36.080786
25	\N	\N	2956	0	23	23	finished	f	f	f	f	f	f	f	2026-05-07 11:51:50.476334	2026-05-07 11:51:50.516767
26	\N	\N	3110	0	23	23	finished	f	f	f	f	f	f	f	2026-05-07 11:52:06.840751	2026-05-07 11:52:06.880817
27	\N	\N	3238	0	23	23	finished	f	f	f	f	f	f	f	2026-05-07 11:52:23.218651	2026-05-07 11:52:23.254746
28	\N	\N	3112	0	23	23	finished	f	f	f	f	f	f	f	2026-05-07 11:52:48.36238	2026-05-07 11:52:48.399665
29	\N	\N	2912	0	23	23	finished	f	f	f	f	f	f	f	2026-05-07 11:52:58.313475	2026-05-07 11:52:58.357982
30	\N	\N	3009	0	2	2	finished	f	f	f	f	f	f	f	2026-05-07 11:53:04.424997	2026-05-07 11:53:04.459046
31	\N	\N	3203	0	23	23	finished	f	f	f	f	f	f	f	2026-05-07 11:53:11.556289	2026-05-07 11:53:11.591668
32	0	\N	\N	0	2	2	finished	t	t	t	t	t	t	f	2026-05-07 11:53:22.080794	2026-05-07 11:53:40.017664
33	\N	\N	3089	0	23	23	finished	f	f	f	f	f	f	f	2026-05-07 11:53:57.68612	2026-05-07 11:53:57.724813
34	\N	\N	3297	0	2	2	finished	f	f	f	f	f	f	f	2026-05-07 11:54:01.417008	2026-05-07 11:54:01.4551
12	\N	\N	\N	0	23	23	finished	f	f	f	f	f	f	f	2026-05-07 11:46:36.026058	2026-05-07 11:46:36.065461
35	56	\N	2858	0	2	2	finished	f	t	f	f	f	f	f	2026-05-07 11:54:14.897959	2026-05-07 11:54:43.505853
\.


--
-- Data for Name: base_partner_merge_automatic_wizard_res_partner_rel; Type: TABLE DATA; Schema: public; Owner: odoo
--

COPY public.base_partner_merge_automatic_wizard_res_partner_rel (base_partner_merge_automatic_wizard_id, res_partner_id) FROM stdin;
1	2873
2	2848
3	2837
4	2904
5	2927
6	2829
7	2964
8	2961
9	2856
10	3045
11	3029
13	2850
14	2827
15	3120
16	2975
17	2854
18	3154
19	2938
20	3151
21	2842
22	3140
23	2997
24	3133
25	2956
26	3110
27	3238
28	3112
29	2912
30	3009
31	3203
33	3089
34	3297
35	2858
\.


--
-- Data for Name: base_partner_merge_line; Type: TABLE DATA; Schema: public; Owner: odoo
--

COPY public.base_partner_merge_line (id, wizard_id, min_id, create_uid, write_uid, aggr_ids, create_date, write_date) FROM stdin;
\.


--
-- Data for Name: bill_to_po_wizard; Type: TABLE DATA; Schema: public; Owner: odoo
--

COPY public.bill_to_po_wizard (id, purchase_order_id, partner_id, create_uid, write_uid, create_date, write_date) FROM stdin;
\.


--
-- Data for Name: bus_bus; Type: TABLE DATA; Schema: public; Owner: odoo
--

COPY public.bus_bus (id, create_uid, write_uid, channel, message, create_date, write_date) FROM stdin;
2316	25	25	["RELSUM_DB","res.partner",32,"presence"]	{"type":"bus.bus/im_status_updated","payload":{"presence_status":"away","im_status":"away","partner_id":32}}	2026-05-07 07:02:30.622686	2026-05-07 07:02:30.622686
2317	11	11	["RELSUM_DB","res.partner",13,"presence"]	{"type":"bus.bus/im_status_updated","payload":{"presence_status":"online","im_status":"online","partner_id":13}}	2026-05-07 07:05:26.508951	2026-05-07 07:05:26.508951
2318	11	11	["RELSUM_DB","res.partner",13,"presence"]	{"type":"bus.bus/im_status_updated","payload":{"presence_status":"offline","im_status":"offline","partner_id":13}}	2026-05-07 07:05:57.55718	2026-05-07 07:05:57.55718
2319	11	11	["RELSUM_DB","res.partner",13,"presence"]	{"type":"bus.bus/im_status_updated","payload":{"presence_status":"online","im_status":"online","partner_id":13}}	2026-05-07 07:06:29.648653	2026-05-07 07:06:29.648653
2320	25	25	["RELSUM_DB","res.partner",32,"presence"]	{"type":"bus.bus/im_status_updated","payload":{"presence_status":"offline","im_status":"offline","partner_id":32}}	2026-05-07 07:07:18.159698	2026-05-07 07:07:18.159698
2321	2	2	["RELSUM_DB","res.partner",3,"presence"]	{"type":"bus.bus/im_status_updated","payload":{"presence_status":"offline","im_status":"offline","partner_id":3}}	2026-05-07 07:07:40.315518	2026-05-07 07:07:40.315518
2322	2	2	["RELSUM_DB","res.partner",3,"presence"]	{"type":"bus.bus/im_status_updated","payload":{"presence_status":"online","im_status":"online","partner_id":3}}	2026-05-07 07:07:41.041849	2026-05-07 07:07:41.041849
2323	11	11	["RELSUM_DB","res.partner",28]	{"type":"mail.message/delete","payload":{"message_ids":[780,238,214]}}	2026-05-07 07:08:03.751535	2026-05-07 07:08:03.751535
2324	11	11	["RELSUM_DB","res.partner",7]	{"type":"mail.message/delete","payload":{"message_ids":[780,779,778,756,755,754,238,237,236,225,224,223,214]}}	2026-05-07 07:08:03.751535	2026-05-07 07:08:03.751535
2325	11	11	["RELSUM_DB","res.partner",13]	{"type":"mail.message/delete","payload":{"message_ids":[779,778,756,755,754,237,236,225,224,223]}}	2026-05-07 07:08:03.751535	2026-05-07 07:08:03.751535
2326	11	11	["RELSUM_DB","res.partner",13]	{"type":"mail.activity/updated","payload":{"activity_deleted":true,"count_diff":-5}}	2026-05-07 07:08:03.751535	2026-05-07 07:08:03.751535
2327	11	11	["RELSUM_DB","res.partner",28]	{"type":"mail.activity/updated","payload":{"activity_deleted":true,"count_diff":-1}}	2026-05-07 07:08:03.751535	2026-05-07 07:08:03.751535
2328	2	2	["RELSUM_DB","res.partner",19]	{"type":"mail.message/delete","payload":{"message_ids":[748]}}	2026-05-07 07:10:06.373686	2026-05-07 07:10:06.373686
2329	2	2	["RELSUM_DB","res.partner",20]	{"type":"mail.message/delete","payload":{"message_ids":[748]}}	2026-05-07 07:10:06.373686	2026-05-07 07:10:06.373686
2330	27	27	["RELSUM_DB","res.partner",35,"presence"]	{"type":"bus.bus/im_status_updated","payload":{"presence_status":"online","im_status":"online","partner_id":35}}	2026-05-07 07:11:21.638128	2026-05-07 07:11:21.638128
2331	27	27	["RELSUM_DB","res.partner",35,"presence"]	{"type":"bus.bus/im_status_updated","payload":{"presence_status":"offline","im_status":"offline","partner_id":35}}	2026-05-07 07:13:32.780318	2026-05-07 07:13:32.780318
2332	11	11	["RELSUM_DB","res.partner",13,"presence"]	{"type":"bus.bus/im_status_updated","payload":{"presence_status":"away","im_status":"away","partner_id":13}}	2026-05-07 07:38:20.258877	2026-05-07 07:38:20.258877
2333	6	6	["RELSUM_DB","res.partner",7,"presence"]	{"type":"bus.bus/im_status_updated","payload":{"presence_status":"online","im_status":"online","partner_id":7}}	2026-05-07 07:40:27.673779	2026-05-07 07:40:27.673779
2334	25	25	["RELSUM_DB","res.partner",32,"presence"]	{"type":"bus.bus/im_status_updated","payload":{"presence_status":"away","im_status":"away","partner_id":32}}	2026-05-07 07:40:49.515807	2026-05-07 07:40:49.515807
2335	6	6	["RELSUM_DB","res.partner",7,"presence"]	{"type":"bus.bus/im_status_updated","payload":{"presence_status":"away","im_status":"away","partner_id":7}}	2026-05-07 07:42:15.640647	2026-05-07 07:42:15.640647
2336	6	6	["RELSUM_DB","res.partner",7,"presence"]	{"type":"bus.bus/im_status_updated","payload":{"presence_status":"online","im_status":"online","partner_id":7}}	2026-05-07 07:42:15.996265	2026-05-07 07:42:15.996265
2337	25	25	["RELSUM_DB","res.partner",32,"presence"]	{"type":"bus.bus/im_status_updated","payload":{"presence_status":"online","im_status":"online","partner_id":32}}	2026-05-07 07:43:02.85692	2026-05-07 07:43:02.85692
2340	2	2	["RELSUM_DB","res.partner",3,"presence"]	{"type":"bus.bus/im_status_updated","payload":{"presence_status":"offline","im_status":"offline","partner_id":3}}	2026-05-07 07:47:34.523226	2026-05-07 07:47:34.523226
2342	17	17	["RELSUM_DB","res.partner",19,"presence"]	{"type":"bus.bus/im_status_updated","payload":{"presence_status":"online","im_status":"online","partner_id":19}}	2026-05-07 07:49:42.468819	2026-05-07 07:49:42.468819
2343	15	15	["RELSUM_DB","res.partner",17,"presence"]	{"type":"bus.bus/im_status_updated","payload":{"presence_status":"away","im_status":"away","partner_id":17}}	2026-05-07 07:49:50.152643	2026-05-07 07:49:50.152643
2344	19	19	["RELSUM_DB","res.partner",21,"presence"]	{"type":"bus.bus/im_status_updated","payload":{"presence_status":"online","im_status":"online","partner_id":21}}	2026-05-07 07:52:33.287694	2026-05-07 07:52:33.287694
2345	15	15	["RELSUM_DB","res.partner",17,"presence"]	{"type":"bus.bus/im_status_updated","payload":{"presence_status":"online","im_status":"online","partner_id":17}}	2026-05-07 07:53:19.140956	2026-05-07 07:53:19.140956
2346	8	8	["RELSUM_DB","res.partner",10,"presence"]	{"type":"bus.bus/im_status_updated","payload":{"presence_status":"away","im_status":"away","partner_id":10}}	2026-05-07 07:57:38.540118	2026-05-07 07:57:38.540118
2349	18	18	["RELSUM_DB","res.partner",20,"presence"]	{"type":"bus.bus/im_status_updated","payload":{"presence_status":"away","im_status":"away","partner_id":20}}	2026-05-07 08:04:31.051588	2026-05-07 08:04:31.051588
2350	48	48	["RELSUM_DB","res.partner",61]	{"type":"bus.bus/im_status_updated","payload":{"presence_status":"online","im_status":"online","partner_id":61}}	2026-05-07 08:04:34.017977	2026-05-07 08:04:34.017977
2351	18	18	["RELSUM_DB","res.partner",20,"presence"]	{"type":"bus.bus/im_status_updated","payload":{"presence_status":"online","im_status":"online","partner_id":20}}	2026-05-07 08:04:44.76536	2026-05-07 08:04:44.76536
2352	48	48	["RELSUM_DB","res.partner",61]	{"type":"mail.activity/updated","payload":{"activity_deleted":true,"count_diff":-1}}	2026-05-07 08:05:07.743504	2026-05-07 08:05:07.743504
2353	48	48	["RELSUM_DB","res.partner",32]	{"type":"mail.activity/updated","payload":{"activity_deleted":true,"count_diff":-1}}	2026-05-07 08:05:10.976326	2026-05-07 08:05:10.976326
2354	48	48	["RELSUM_DB","res.partner",32]	{"type":"mail.activity/updated","payload":{"activity_deleted":true,"count_diff":-1}}	2026-05-07 08:05:12.711822	2026-05-07 08:05:12.711822
2355	27	27	["RELSUM_DB","res.partner",35,"presence"]	{"type":"bus.bus/im_status_updated","payload":{"presence_status":"away","im_status":"away","partner_id":35}}	2026-05-07 08:05:19.445235	2026-05-07 08:05:19.445235
2356	27	27	["RELSUM_DB","res.partner",35,"presence"]	{"type":"bus.bus/im_status_updated","payload":{"presence_status":"online","im_status":"online","partner_id":35}}	2026-05-07 08:05:24.039905	2026-05-07 08:05:24.039905
2357	14	14	["RELSUM_DB","res.partner",16,"presence"]	{"type":"bus.bus/im_status_updated","payload":{"presence_status":"away","im_status":"away","partner_id":16}}	2026-05-07 08:09:50.719266	2026-05-07 08:09:50.719266
2358	14	14	["RELSUM_DB","res.partner",16,"presence"]	{"type":"bus.bus/im_status_updated","payload":{"presence_status":"online","im_status":"online","partner_id":16}}	2026-05-07 08:09:53.70612	2026-05-07 08:09:53.70612
2359	6	6	["RELSUM_DB","res.partner",7,"presence"]	{"type":"bus.bus/im_status_updated","payload":{"presence_status":"away","im_status":"away","partner_id":7}}	2026-05-07 08:10:33.320375	2026-05-07 08:10:33.320375
2360	20	20	["RELSUM_DB","res.partner",22,"presence"]	{"type":"bus.bus/im_status_updated","payload":{"presence_status":"away","im_status":"away","partner_id":22}}	2026-05-07 08:15:41.413638	2026-05-07 08:15:41.413638
2338	6	6	["RELSUM_DB","res.partner",7,"presence"]	{"type":"bus.bus/im_status_updated","payload":{"presence_status":"offline","im_status":"offline","partner_id":7}}	2026-05-07 07:44:32.387898	2026-05-07 07:44:32.387898
2339	6	6	["RELSUM_DB","res.partner",7,"presence"]	{"type":"bus.bus/im_status_updated","payload":{"presence_status":"online","im_status":"online","partner_id":7}}	2026-05-07 07:44:32.787955	2026-05-07 07:44:32.787955
2578	19	19	["RELSUM_DB","res.partner",21,"presence"]	{"type":"bus.bus/im_status_updated","payload":{"presence_status":"away","im_status":"away","partner_id":21}}	2026-05-07 11:40:53.922525	2026-05-07 11:40:53.922525
2579	2	2	["RELSUM_DB","res.partner",3]	{"type":"mail.message/delete","payload":{"message_ids":[361]}}	2026-05-07 11:41:31.812765	2026-05-07 11:41:31.812765
2580	2	2	["RELSUM_DB","res.partner",21]	{"type":"mail.message/delete","payload":{"message_ids":[361]}}	2026-05-07 11:41:31.812765	2026-05-07 11:41:31.812765
2581	18	18	["RELSUM_DB","res.partner",20,"presence"]	{"type":"bus.bus/im_status_updated","payload":{"presence_status":"away","im_status":"away","partner_id":20}}	2026-05-07 11:45:12.947806	2026-05-07 11:45:12.947806
2582	18	18	["RELSUM_DB","res.partner",20,"presence"]	{"type":"bus.bus/im_status_updated","payload":{"presence_status":"online","im_status":"online","partner_id":20}}	2026-05-07 11:47:49.677835	2026-05-07 11:47:49.677835
2583	14	14	["RELSUM_DB","res.partner",16,"presence"]	{"type":"bus.bus/im_status_updated","payload":{"presence_status":"offline","im_status":"offline","partner_id":16}}	2026-05-07 11:52:26.258855	2026-05-07 11:52:26.258855
2584	23	23	["RELSUM_DB","res.partner",28,"presence"]	{"type":"bus.bus/im_status_updated","payload":{"presence_status":"offline","im_status":"offline","partner_id":28}}	2026-05-07 11:54:51.825546	2026-05-07 11:54:51.825546
2585	23	23	["RELSUM_DB","res.partner",28,"presence"]	{"type":"bus.bus/im_status_updated","payload":{"presence_status":"away","im_status":"away","partner_id":28}}	2026-05-07 11:54:52.178535	2026-05-07 11:54:52.178535
2586	23	23	["RELSUM_DB","res.partner",28]	{"type":"bus.bus/im_status_updated","payload":{"presence_status":"away","im_status":"away","partner_id":28}}	2026-05-07 11:54:53.042618	2026-05-07 11:54:53.042618
2587	23	23	["RELSUM_DB","res.partner",28,"presence"]	{"type":"bus.bus/im_status_updated","payload":{"presence_status":"online","im_status":"online","partner_id":28}}	2026-05-07 11:54:53.086118	2026-05-07 11:54:53.086118
2588	19	19	["RELSUM_DB","res.partner",21,"presence"]	{"type":"bus.bus/im_status_updated","payload":{"presence_status":"offline","im_status":"offline","partner_id":21}}	2026-05-07 11:55:08.093106	2026-05-07 11:55:08.093106
2589	19	19	["RELSUM_DB","res.partner",21,"presence"]	{"type":"bus.bus/im_status_updated","payload":{"presence_status":"away","im_status":"away","partner_id":21}}	2026-05-07 11:55:08.516471	2026-05-07 11:55:08.516471
2341	2	2	["RELSUM_DB","res.partner",3,"presence"]	{"type":"bus.bus/im_status_updated","payload":{"presence_status":"online","im_status":"online","partner_id":3}}	2026-05-07 07:47:35.176669	2026-05-07 07:47:35.176669
2347	48	48	["RELSUM_DB","res.partner",61,"presence"]	{"type":"bus.bus/im_status_updated","payload":{"presence_status":"away","im_status":"away","partner_id":61}}	2026-05-07 08:04:13.772957	2026-05-07 08:04:13.772957
2348	48	48	["RELSUM_DB","res.partner",61,"presence"]	{"type":"bus.bus/im_status_updated","payload":{"presence_status":"online","im_status":"online","partner_id":61}}	2026-05-07 08:04:16.810695	2026-05-07 08:04:16.810695
2361	20	20	["RELSUM_DB","res.partner",22,"presence"]	{"type":"bus.bus/im_status_updated","payload":{"presence_status":"online","im_status":"online","partner_id":22}}	2026-05-07 08:16:31.724422	2026-05-07 08:16:31.724422
2362	20	20	["RELSUM_DB","res.partner",22,"presence"]	{"type":"bus.bus/im_status_updated","payload":{"presence_status":"offline","im_status":"offline","partner_id":22}}	2026-05-07 08:16:56.740783	2026-05-07 08:16:56.740783
2363	20	20	["RELSUM_DB","res.partner",22,"presence"]	{"type":"bus.bus/im_status_updated","payload":{"presence_status":"online","im_status":"online","partner_id":22}}	2026-05-07 08:17:44.982804	2026-05-07 08:17:44.982804
2364	11	11	["RELSUM_DB","res.partner",13,"presence"]	{"type":"bus.bus/im_status_updated","payload":{"presence_status":"offline","im_status":"offline","partner_id":13}}	2026-05-07 08:21:35.362434	2026-05-07 08:21:35.362434
2365	11	11	["RELSUM_DB","res.partner",13,"presence"]	{"type":"bus.bus/im_status_updated","payload":{"presence_status":"away","im_status":"away","partner_id":13}}	2026-05-07 08:21:36.301256	2026-05-07 08:21:36.301256
2366	25	25	["RELSUM_DB","res.partner",32,"presence"]	{"type":"bus.bus/im_status_updated","payload":{"presence_status":"away","im_status":"away","partner_id":32}}	2026-05-07 08:21:52.420612	2026-05-07 08:21:52.420612
2367	22	22	["RELSUM_DB","res.partner",27,"presence"]	{"type":"bus.bus/im_status_updated","payload":{"presence_status":"away","im_status":"away","partner_id":27}}	2026-05-07 08:22:02.357683	2026-05-07 08:22:02.357683
2368	22	22	["RELSUM_DB","res.partner",27,"presence"]	{"type":"bus.bus/im_status_updated","payload":{"presence_status":"online","im_status":"online","partner_id":27}}	2026-05-07 08:22:04.99273	2026-05-07 08:22:04.99273
2369	25	25	["RELSUM_DB","res.partner",32,"presence"]	{"type":"bus.bus/im_status_updated","payload":{"presence_status":"offline","im_status":"offline","partner_id":32}}	2026-05-07 08:22:12.444873	2026-05-07 08:22:12.444873
2370	19	19	["RELSUM_DB","res.partner",21,"presence"]	{"type":"bus.bus/im_status_updated","payload":{"presence_status":"away","im_status":"away","partner_id":21}}	2026-05-07 08:22:33.168439	2026-05-07 08:22:33.168439
2371	2	2	["RELSUM_DB","res.partner",3,"presence"]	{"type":"bus.bus/im_status_updated","payload":{"presence_status":"offline","im_status":"offline","partner_id":3}}	2026-05-07 08:27:43.433887	2026-05-07 08:27:43.433887
2374	22	22	["RELSUM_DB","res.partner",27,"presence"]	{"type":"bus.bus/im_status_updated","payload":{"presence_status":"online","im_status":"online","partner_id":27}}	2026-05-07 08:31:08.74017	2026-05-07 08:31:08.74017
2375	15	15	["RELSUM_DB","res.partner",17,"presence"]	{"type":"bus.bus/im_status_updated","payload":{"presence_status":"away","im_status":"away","partner_id":17}}	2026-05-07 08:31:17.881171	2026-05-07 08:31:17.881171
2376	15	15	["RELSUM_DB","res.partner",17,"presence"]	{"type":"bus.bus/im_status_updated","payload":{"presence_status":"online","im_status":"online","partner_id":17}}	2026-05-07 08:31:18.28711	2026-05-07 08:31:18.28711
2377	18	18	["RELSUM_DB","discuss.channel",5]	{"type":"mail.record/insert","payload":{"discuss.channel.member":[{"id":30,"persona":{"id":20,"type":"partner"},"seen_message_id":357,"thread":{"id":5,"model":"discuss.channel"}}],"res.partner":[{"id":20,"name":"CAMACHO VARGAS ADRI\\u00c1N"}]}}	2026-05-07 08:36:11.66818	2026-05-07 08:36:11.66818
2378	18	18	["RELSUM_DB","res.partner",20]	{"type":"mail.record/insert","payload":{"discuss.channel.member":[{"id":30,"message_unread_counter":0,"message_unread_counter_bus_id":2376,"new_message_separator":358,"persona":{"id":20,"type":"partner"},"syncUnread":false,"thread":{"id":5,"model":"discuss.channel"}}],"res.partner":[{"id":20,"name":"CAMACHO VARGAS ADRI\\u00c1N"}]}}	2026-05-07 08:36:11.66818	2026-05-07 08:36:11.66818
2379	13	13	["RELSUM_DB","res.partner",15,"presence"]	{"type":"bus.bus/im_status_updated","payload":{"presence_status":"online","im_status":"online","partner_id":15}}	2026-05-07 08:36:44.506617	2026-05-07 08:36:44.506617
2380	23	23	["RELSUM_DB","res.partner",28,"presence"]	{"type":"bus.bus/im_status_updated","payload":{"presence_status":"online","im_status":"online","partner_id":28}}	2026-05-07 08:36:53.683594	2026-05-07 08:36:53.683594
2381	2	2	["RELSUM_DB","res.groups",4]	{"type":"mail.record/insert","payload":{"discuss.channel":[{"allow_public_upload":false,"authorizedGroupFullName":"Administration / Settings","avatarCacheKey":"19f40f56c0e7fc65ac49bbbc5947f759158352fa6b910909fd4acd9c59f1d232ea26856c2c5d31d9e51d6ebb3441effac4bd2aeeda594606ace5dfd0b0c85d54","channel_type":"channel","create_uid":1,"defaultDisplayMode":false,"description":"General channel for administrators.","group_based_subscription":true,"id":2,"is_pinned":true,"last_interest_dt":false,"memberCount":7,"name":"Administrators","uuid":"wxWtPdGwbg"}]}}	2026-05-07 08:37:37.065713	2026-05-07 08:37:37.065713
2382	23	23	["RELSUM_DB","res.partner",28,"presence"]	{"type":"bus.bus/im_status_updated","payload":{"presence_status":"offline","im_status":"offline","partner_id":28}}	2026-05-07 08:37:40.975012	2026-05-07 08:37:40.975012
2383	23	23	["RELSUM_DB","res.partner",28,"presence"]	{"type":"bus.bus/im_status_updated","payload":{"presence_status":"online","im_status":"online","partner_id":28}}	2026-05-07 08:37:41.915764	2026-05-07 08:37:41.915764
2372	2	2	["RELSUM_DB","res.partner",3,"presence"]	{"type":"bus.bus/im_status_updated","payload":{"presence_status":"online","im_status":"online","partner_id":3}}	2026-05-07 08:27:44.234609	2026-05-07 08:27:44.234609
2373	22	22	["RELSUM_DB","res.partner",27,"presence"]	{"type":"bus.bus/im_status_updated","payload":{"presence_status":"offline","im_status":"offline","partner_id":27}}	2026-05-07 08:30:32.957068	2026-05-07 08:30:32.957068
2384	2	2	["RELSUM_DB","res.partner",3,"presence"]	{"type":"bus.bus/im_status_updated","payload":{"presence_status":"offline","im_status":"offline","partner_id":3}}	2026-05-07 08:38:03.077065	2026-05-07 08:38:03.077065
2415	13	13	["RELSUM_DB","res.partner",15,"presence"]	{"type":"bus.bus/im_status_updated","payload":{"presence_status":"offline","im_status":"offline","partner_id":15}}	2026-05-07 08:55:58.640878	2026-05-07 08:55:58.640878
2385	23	23	["RELSUM_DB","res.partner",28,"presence"]	{"type":"bus.bus/im_status_updated","payload":{"presence_status":"offline","im_status":"offline","partner_id":28}}	2026-05-07 08:38:03.706505	2026-05-07 08:38:03.706505
2388	23	23	["RELSUM_DB","res.partner",28,"presence"]	{"type":"bus.bus/im_status_updated","payload":{"presence_status":"online","im_status":"online","partner_id":28}}	2026-05-07 08:38:09.993737	2026-05-07 08:38:09.993737
2389	48	48	["RELSUM_DB","res.partner",61,"presence"]	{"type":"bus.bus/im_status_updated","payload":{"presence_status":"offline","im_status":"offline","partner_id":61}}	2026-05-07 08:38:31.565708	2026-05-07 08:38:31.565708
2390	48	48	["RELSUM_DB","res.partner",61,"presence"]	{"type":"bus.bus/im_status_updated","payload":{"presence_status":"online","im_status":"online","partner_id":61}}	2026-05-07 08:38:33.407034	2026-05-07 08:38:33.407034
2391	24	24	["RELSUM_DB","res.partner",29,"presence"]	{"type":"bus.bus/im_status_updated","payload":{"presence_status":"away","im_status":"away","partner_id":29}}	2026-05-07 08:38:34.38974	2026-05-07 08:38:34.38974
2393	8	8	["RELSUM_DB","res.partner",10,"presence"]	{"type":"bus.bus/im_status_updated","payload":{"presence_status":"offline","im_status":"offline","partner_id":10}}	2026-05-07 08:38:47.119866	2026-05-07 08:38:47.119866
2394	24	24	["RELSUM_DB","res.partner",29]	{"type":"mail.activity/updated","payload":{"activity_deleted":true,"count_diff":-1}}	2026-05-07 08:38:58.835676	2026-05-07 08:38:58.835676
2395	2	2	["RELSUM_DB","res.partner",3,"presence"]	{"type":"bus.bus/im_status_updated","payload":{"presence_status":"online","im_status":"online","partner_id":3}}	2026-05-07 08:38:59.177642	2026-05-07 08:38:59.177642
2396	24	24	["RELSUM_DB","res.partner",15]	{"type":"mail.activity/updated","payload":{"activity_deleted":true,"count_diff":-1}}	2026-05-07 08:39:02.436449	2026-05-07 08:39:02.436449
2397	24	24	["RELSUM_DB","res.partner",15]	{"type":"mail.activity/updated","payload":{"activity_deleted":true,"count_diff":-1}}	2026-05-07 08:39:04.699496	2026-05-07 08:39:04.699496
2398	24	24	["RELSUM_DB","res.partner",15]	{"type":"mail.activity/updated","payload":{"activity_deleted":true,"count_diff":-1}}	2026-05-07 08:39:07.828387	2026-05-07 08:39:07.828387
2399	24	24	["RELSUM_DB","res.partner",15]	{"type":"mail.activity/updated","payload":{"activity_deleted":true,"count_diff":-1}}	2026-05-07 08:39:10.084298	2026-05-07 08:39:10.084298
2400	24	24	["RELSUM_DB","res.partner",29]	{"type":"mail.activity/updated","payload":{"activity_deleted":true,"count_diff":-1}}	2026-05-07 08:39:14.580221	2026-05-07 08:39:14.580221
2401	2	2	["RELSUM_DB","res.partner",3,"presence"]	{"type":"bus.bus/im_status_updated","payload":{"presence_status":"offline","im_status":"offline","partner_id":3}}	2026-05-07 08:39:15.242703	2026-05-07 08:39:15.242703
2402	14	14	["RELSUM_DB","res.partner",16,"presence"]	{"type":"bus.bus/im_status_updated","payload":{"presence_status":"away","im_status":"away","partner_id":16}}	2026-05-07 08:40:01.591514	2026-05-07 08:40:01.591514
2403	2	2	["RELSUM_DB","res.partner",3,"presence"]	{"type":"bus.bus/im_status_updated","payload":{"presence_status":"online","im_status":"online","partner_id":3}}	2026-05-07 08:48:39.503057	2026-05-07 08:48:39.503057
2404	27	27	["RELSUM_DB","res.partner",35,"presence"]	{"type":"bus.bus/im_status_updated","payload":{"presence_status":"away","im_status":"away","partner_id":35}}	2026-05-07 08:49:09.643843	2026-05-07 08:49:09.643843
2405	11	11	["RELSUM_DB","res.partner",13,"presence"]	{"type":"bus.bus/im_status_updated","payload":{"presence_status":"online","im_status":"online","partner_id":13}}	2026-05-07 08:50:10.413854	2026-05-07 08:50:10.413854
2406	22	22	["RELSUM_DB","res.partner",27,"presence"]	{"type":"bus.bus/im_status_updated","payload":{"presence_status":"offline","im_status":"offline","partner_id":27}}	2026-05-07 08:50:16.699158	2026-05-07 08:50:16.699158
2407	22	22	["RELSUM_DB","res.partner",27,"presence"]	{"type":"bus.bus/im_status_updated","payload":{"presence_status":"online","im_status":"online","partner_id":27}}	2026-05-07 08:50:41.340646	2026-05-07 08:50:41.340646
2408	48	48	["RELSUM_DB","res.partner",61,"presence"]	{"type":"bus.bus/im_status_updated","payload":{"presence_status":"offline","im_status":"offline","partner_id":61}}	2026-05-07 08:53:24.988795	2026-05-07 08:53:24.988795
2410	48	48	["RELSUM_DB","res.partner",61,"presence"]	{"type":"bus.bus/im_status_updated","payload":{"presence_status":"online","im_status":"online","partner_id":61}}	2026-05-07 08:53:25.88621	2026-05-07 08:53:25.88621
2412	2	2	["RELSUM_DB","res.partner",3,"presence"]	{"type":"bus.bus/im_status_updated","payload":{"presence_status":"offline","im_status":"offline","partner_id":3}}	2026-05-07 08:54:34.558138	2026-05-07 08:54:34.558138
2414	23	23	["RELSUM_DB","res.partner",28,"presence"]	{"type":"bus.bus/im_status_updated","payload":{"presence_status":"offline","im_status":"offline","partner_id":28}}	2026-05-07 08:55:58.63312	2026-05-07 08:55:58.63312
2386	23	23	["RELSUM_DB","broadcast"]	{"type":"bundle_changed","payload":{"server_version":"18.0-20260505"}}	2026-05-07 08:38:03.715765	2026-05-07 08:38:03.715765
2392	24	24	["RELSUM_DB","res.partner",29,"presence"]	{"type":"bus.bus/im_status_updated","payload":{"presence_status":"online","im_status":"online","partner_id":29}}	2026-05-07 08:38:37.461142	2026-05-07 08:38:37.461142
2409	23	23	["RELSUM_DB","res.partner",28,"presence"]	{"type":"bus.bus/im_status_updated","payload":{"presence_status":"offline","im_status":"offline","partner_id":28}}	2026-05-07 08:53:25.852018	2026-05-07 08:53:25.852018
2411	23	23	["RELSUM_DB","res.partner",28,"presence"]	{"type":"bus.bus/im_status_updated","payload":{"presence_status":"online","im_status":"online","partner_id":28}}	2026-05-07 08:53:26.832332	2026-05-07 08:53:26.832332
2413	48	48	["RELSUM_DB","res.partner",61,"presence"]	{"type":"bus.bus/im_status_updated","payload":{"presence_status":"offline","im_status":"offline","partner_id":61}}	2026-05-07 08:55:58.634702	2026-05-07 08:55:58.634702
2387	23	23	["RELSUM_DB","broadcast"]	{"type":"bundle_changed","payload":{"server_version":"18.0-20260505"}}	2026-05-07 08:38:03.717001	2026-05-07 08:38:03.717001
2417	20	20	["RELSUM_DB","res.partner",22,"presence"]	{"type":"bus.bus/im_status_updated","payload":{"presence_status":"offline","im_status":"offline","partner_id":22}}	2026-05-07 08:55:58.636389	2026-05-07 08:55:58.636389
2416	15	15	["RELSUM_DB","res.partner",17,"presence"]	{"type":"bus.bus/im_status_updated","payload":{"presence_status":"offline","im_status":"offline","partner_id":17}}	2026-05-07 08:55:58.650522	2026-05-07 08:55:58.650522
2418	14	14	["RELSUM_DB","res.partner",16,"presence"]	{"type":"bus.bus/im_status_updated","payload":{"presence_status":"offline","im_status":"offline","partner_id":16}}	2026-05-07 08:55:58.667402	2026-05-07 08:55:58.667402
2419	24	24	["RELSUM_DB","res.partner",29,"presence"]	{"type":"bus.bus/im_status_updated","payload":{"presence_status":"offline","im_status":"offline","partner_id":29}}	2026-05-07 08:55:58.76297	2026-05-07 08:55:58.76297
2420	6	6	["RELSUM_DB","res.partner",7,"presence"]	{"type":"bus.bus/im_status_updated","payload":{"presence_status":"offline","im_status":"offline","partner_id":7}}	2026-05-07 08:55:58.744764	2026-05-07 08:55:58.744764
2421	27	27	["RELSUM_DB","res.partner",35,"presence"]	{"type":"bus.bus/im_status_updated","payload":{"presence_status":"offline","im_status":"offline","partner_id":35}}	2026-05-07 08:55:58.720846	2026-05-07 08:55:58.720846
2422	19	19	["RELSUM_DB","res.partner",21,"presence"]	{"type":"bus.bus/im_status_updated","payload":{"presence_status":"offline","im_status":"offline","partner_id":21}}	2026-05-07 08:55:58.78642	2026-05-07 08:55:58.78642
2423	18	18	["RELSUM_DB","res.partner",20,"presence"]	{"type":"bus.bus/im_status_updated","payload":{"presence_status":"offline","im_status":"offline","partner_id":20}}	2026-05-07 08:55:58.800211	2026-05-07 08:55:58.800211
2424	11	11	["RELSUM_DB","res.partner",13,"presence"]	{"type":"bus.bus/im_status_updated","payload":{"presence_status":"offline","im_status":"offline","partner_id":13}}	2026-05-07 08:55:58.822702	2026-05-07 08:55:58.822702
2425	22	22	["RELSUM_DB","res.partner",27,"presence"]	{"type":"bus.bus/im_status_updated","payload":{"presence_status":"offline","im_status":"offline","partner_id":27}}	2026-05-07 08:55:58.839433	2026-05-07 08:55:58.839433
2426	17	17	["RELSUM_DB","res.partner",19,"presence"]	{"type":"bus.bus/im_status_updated","payload":{"presence_status":"offline","im_status":"offline","partner_id":19}}	2026-05-07 08:55:58.85475	2026-05-07 08:55:58.85475
2427	14	14	["RELSUM_DB","res.partner",16,"presence"]	{"type":"bus.bus/im_status_updated","payload":{"presence_status":"away","im_status":"away","partner_id":16}}	2026-05-07 08:56:02.988082	2026-05-07 08:56:02.988082
2428	23	23	["RELSUM_DB","res.partner",28,"presence"]	{"type":"bus.bus/im_status_updated","payload":{"presence_status":"online","im_status":"online","partner_id":28}}	2026-05-07 08:56:03.055706	2026-05-07 08:56:03.055706
2429	18	18	["RELSUM_DB","res.partner",20,"presence"]	{"type":"bus.bus/im_status_updated","payload":{"presence_status":"online","im_status":"online","partner_id":20}}	2026-05-07 08:56:02.991474	2026-05-07 08:56:02.991474
2430	11	11	["RELSUM_DB","res.partner",13,"presence"]	{"type":"bus.bus/im_status_updated","payload":{"presence_status":"online","im_status":"online","partner_id":13}}	2026-05-07 08:56:03.328063	2026-05-07 08:56:03.328063
2431	17	17	["RELSUM_DB","res.partner",19,"presence"]	{"type":"bus.bus/im_status_updated","payload":{"presence_status":"online","im_status":"online","partner_id":19}}	2026-05-07 08:56:03.329462	2026-05-07 08:56:03.329462
2432	15	15	["RELSUM_DB","res.partner",17,"presence"]	{"type":"bus.bus/im_status_updated","payload":{"presence_status":"online","im_status":"online","partner_id":17}}	2026-05-07 08:56:03.330896	2026-05-07 08:56:03.330896
2433	13	13	["RELSUM_DB","res.partner",15,"presence"]	{"type":"bus.bus/im_status_updated","payload":{"presence_status":"online","im_status":"online","partner_id":15}}	2026-05-07 08:56:03.332978	2026-05-07 08:56:03.332978
2434	22	22	["RELSUM_DB","res.partner",27,"presence"]	{"type":"bus.bus/im_status_updated","payload":{"presence_status":"online","im_status":"online","partner_id":27}}	2026-05-07 08:56:03.349658	2026-05-07 08:56:03.349658
2435	48	48	["RELSUM_DB","res.partner",61,"presence"]	{"type":"bus.bus/im_status_updated","payload":{"presence_status":"online","im_status":"online","partner_id":61}}	2026-05-07 08:56:03.355287	2026-05-07 08:56:03.355287
2436	19	19	["RELSUM_DB","res.partner",21,"presence"]	{"type":"bus.bus/im_status_updated","payload":{"presence_status":"away","im_status":"away","partner_id":21}}	2026-05-07 08:56:03.345063	2026-05-07 08:56:03.345063
2437	20	20	["RELSUM_DB","res.partner",22,"presence"]	{"type":"bus.bus/im_status_updated","payload":{"presence_status":"online","im_status":"online","partner_id":22}}	2026-05-07 08:56:03.382473	2026-05-07 08:56:03.382473
2438	24	24	["RELSUM_DB","res.partner",29,"presence"]	{"type":"bus.bus/im_status_updated","payload":{"presence_status":"online","im_status":"online","partner_id":29}}	2026-05-07 08:56:03.417572	2026-05-07 08:56:03.417572
2439	6	6	["RELSUM_DB","res.partner",7,"presence"]	{"type":"bus.bus/im_status_updated","payload":{"presence_status":"away","im_status":"away","partner_id":7}}	2026-05-07 08:56:03.357173	2026-05-07 08:56:03.357173
2440	27	27	["RELSUM_DB","res.partner",35,"presence"]	{"type":"bus.bus/im_status_updated","payload":{"presence_status":"away","im_status":"away","partner_id":35}}	2026-05-07 08:56:03.423871	2026-05-07 08:56:03.423871
2441	23	23	["RELSUM_DB","res.partner",28,"presence"]	{"type":"bus.bus/im_status_updated","payload":{"presence_status":"offline","im_status":"offline","partner_id":28}}	2026-05-07 08:57:09.861582	2026-05-07 08:57:09.861582
2442	23	23	["RELSUM_DB","res.partner",28,"presence"]	{"type":"bus.bus/im_status_updated","payload":{"presence_status":"online","im_status":"online","partner_id":28}}	2026-05-07 08:57:10.862283	2026-05-07 08:57:10.862283
2443	15	15	["RELSUM_DB","res.partner",17,"presence"]	{"type":"bus.bus/im_status_updated","payload":{"presence_status":"offline","im_status":"offline","partner_id":17}}	2026-05-07 08:57:23.646904	2026-05-07 08:57:23.646904
2444	15	15	["RELSUM_DB","res.partner",17,"presence"]	{"type":"bus.bus/im_status_updated","payload":{"presence_status":"away","im_status":"away","partner_id":17}}	2026-05-07 08:57:24.025273	2026-05-07 08:57:24.025273
2445	23	23	["RELSUM_DB","res.partner",28,"presence"]	{"type":"bus.bus/im_status_updated","payload":{"presence_status":"offline","im_status":"offline","partner_id":28}}	2026-05-07 08:58:04.456631	2026-05-07 08:58:04.456631
2446	23	23	["RELSUM_DB","res.partner",28,"presence"]	{"type":"bus.bus/im_status_updated","payload":{"presence_status":"online","im_status":"online","partner_id":28}}	2026-05-07 08:58:05.234192	2026-05-07 08:58:05.234192
2447	20	20	["RELSUM_DB","res.partner",22,"presence"]	{"type":"bus.bus/im_status_updated","payload":{"presence_status":"away","im_status":"away","partner_id":22}}	2026-05-07 08:58:22.978174	2026-05-07 08:58:22.978174
2448	15	15	["RELSUM_DB","res.partner",17,"presence"]	{"type":"bus.bus/im_status_updated","payload":{"presence_status":"online","im_status":"online","partner_id":17}}	2026-05-07 08:58:23.679946	2026-05-07 08:58:23.679946
2449	22	22	["RELSUM_DB","res.partner",27,"presence"]	{"type":"bus.bus/im_status_updated","payload":{"presence_status":"offline","im_status":"offline","partner_id":27}}	2026-05-07 08:58:54.955584	2026-05-07 08:58:54.955584
2450	22	22	["RELSUM_DB","res.partner",27,"presence"]	{"type":"bus.bus/im_status_updated","payload":{"presence_status":"online","im_status":"online","partner_id":27}}	2026-05-07 08:59:43.494997	2026-05-07 08:59:43.494997
2451	21	21	["RELSUM_DB","res.partner",23,"presence"]	{"type":"bus.bus/im_status_updated","payload":{"presence_status":"online","im_status":"online","partner_id":23}}	2026-05-07 09:03:37.111974	2026-05-07 09:03:37.111974
2452	18	18	["RELSUM_DB","res.partner",20,"presence"]	{"type":"bus.bus/im_status_updated","payload":{"presence_status":"away","im_status":"away","partner_id":20}}	2026-05-07 09:09:01.458042	2026-05-07 09:09:01.458042
2453	21	21	["RELSUM_DB","res.partner",23,"presence"]	{"type":"bus.bus/im_status_updated","payload":{"presence_status":"offline","im_status":"offline","partner_id":23}}	2026-05-07 09:17:38.379843	2026-05-07 09:17:38.379843
2454	20	20	["RELSUM_DB","res.partner",22,"presence"]	{"type":"bus.bus/im_status_updated","payload":{"presence_status":"online","im_status":"online","partner_id":22}}	2026-05-07 09:21:00.065691	2026-05-07 09:21:00.065691
2455	48	48	["RELSUM_DB","res.partner",61,"presence"]	{"type":"bus.bus/im_status_updated","payload":{"presence_status":"away","im_status":"away","partner_id":61}}	2026-05-07 09:23:38.318101	2026-05-07 09:23:38.318101
2456	21	21	["RELSUM_DB","res.partner",23,"presence"]	{"type":"bus.bus/im_status_updated","payload":{"presence_status":"online","im_status":"online","partner_id":23}}	2026-05-07 09:24:16.423102	2026-05-07 09:24:16.423102
2457	2	2	["RELSUM_DB","res.partner",3,"presence"]	{"type":"bus.bus/im_status_updated","payload":{"presence_status":"online","im_status":"online","partner_id":3}}	2026-05-07 09:26:45.485875	2026-05-07 09:26:45.485875
2458	24	24	["RELSUM_DB","res.partner",29,"presence"]	{"type":"bus.bus/im_status_updated","payload":{"presence_status":"away","im_status":"away","partner_id":29}}	2026-05-07 09:26:57.530444	2026-05-07 09:26:57.530444
2459	23	23	["RELSUM_DB","res.partner",28,"presence"]	{"type":"bus.bus/im_status_updated","payload":{"presence_status":"away","im_status":"away","partner_id":28}}	2026-05-07 09:28:05.017235	2026-05-07 09:28:05.017235
2460	22	22	["RELSUM_DB","res.partner",27,"presence"]	{"type":"bus.bus/im_status_updated","payload":{"presence_status":"away","im_status":"away","partner_id":27}}	2026-05-07 09:29:03.19274	2026-05-07 09:29:03.19274
2461	48	48	["RELSUM_DB","res.partner",61,"presence"]	{"type":"bus.bus/im_status_updated","payload":{"presence_status":"offline","im_status":"offline","partner_id":61}}	2026-05-07 09:35:33.326983	2026-05-07 09:35:33.326983
2462	48	48	["RELSUM_DB","res.partner",61,"presence"]	{"type":"bus.bus/im_status_updated","payload":{"presence_status":"away","im_status":"away","partner_id":61}}	2026-05-07 09:37:07.403986	2026-05-07 09:37:07.403986
2463	19	19	["RELSUM_DB","res.partner",21,"presence"]	{"type":"bus.bus/im_status_updated","payload":{"presence_status":"offline","im_status":"offline","partner_id":21}}	2026-05-07 09:38:15.461206	2026-05-07 09:38:15.461206
2464	27	27	["RELSUM_DB","res.partner",35,"presence"]	{"type":"bus.bus/im_status_updated","payload":{"presence_status":"offline","im_status":"offline","partner_id":35}}	2026-05-07 09:38:23.587455	2026-05-07 09:38:23.587455
2465	24	24	["RELSUM_DB","res.partner",29,"presence"]	{"type":"bus.bus/im_status_updated","payload":{"presence_status":"offline","im_status":"offline","partner_id":29}}	2026-05-07 09:39:06.01891	2026-05-07 09:39:06.01891
2466	19	19	["RELSUM_DB","res.partner",21,"presence"]	{"type":"bus.bus/im_status_updated","payload":{"presence_status":"away","im_status":"away","partner_id":21}}	2026-05-07 09:39:08.018993	2026-05-07 09:39:08.018993
2467	22	22	["RELSUM_DB","res.partner",27,"presence"]	{"type":"bus.bus/im_status_updated","payload":{"presence_status":"offline","im_status":"offline","partner_id":27}}	2026-05-07 09:43:09.567986	2026-05-07 09:43:09.567986
2468	24	24	["RELSUM_DB","res.partner",29,"presence"]	{"type":"bus.bus/im_status_updated","payload":{"presence_status":"away","im_status":"away","partner_id":29}}	2026-05-07 09:52:50.088425	2026-05-07 09:52:50.088425
2469	27	27	["RELSUM_DB","res.partner",35,"presence"]	{"type":"bus.bus/im_status_updated","payload":{"presence_status":"away","im_status":"away","partner_id":35}}	2026-05-07 09:53:35.145097	2026-05-07 09:53:35.145097
2470	48	48	["RELSUM_DB","res.partner",61,"presence"]	{"type":"bus.bus/im_status_updated","payload":{"presence_status":"online","im_status":"online","partner_id":61}}	2026-05-07 09:56:33.32417	2026-05-07 09:56:33.32417
2471	6	6	["RELSUM_DB","res.partner",7,"presence"]	{"type":"bus.bus/im_status_updated","payload":{"presence_status":"offline","im_status":"offline","partner_id":7}}	2026-05-07 09:57:14.839052	2026-05-07 09:57:14.839052
2472	8	8	["RELSUM_DB","res.partner",10,"presence"]	{"type":"bus.bus/im_status_updated","payload":{"presence_status":"away","im_status":"away","partner_id":10}}	2026-05-07 09:58:55.592386	2026-05-07 09:58:55.592386
2473	8	8	["RELSUM_DB","res.partner",10,"presence"]	{"type":"bus.bus/im_status_updated","payload":{"presence_status":"online","im_status":"online","partner_id":10}}	2026-05-07 09:59:16.790123	2026-05-07 09:59:16.790123
2474	6	6	["RELSUM_DB","res.partner",7,"presence"]	{"type":"bus.bus/im_status_updated","payload":{"presence_status":"away","im_status":"away","partner_id":7}}	2026-05-07 09:59:33.021147	2026-05-07 09:59:33.021147
2475	8	8	["RELSUM_DB","res.partner",10,"presence"]	{"type":"bus.bus/im_status_updated","payload":{"presence_status":"offline","im_status":"offline","partner_id":10}}	2026-05-07 09:59:53.050189	2026-05-07 09:59:53.050189
2476	19	19	["RELSUM_DB","res.partner",21,"presence"]	{"type":"bus.bus/im_status_updated","payload":{"presence_status":"online","im_status":"online","partner_id":21}}	2026-05-07 09:59:53.640205	2026-05-07 09:59:53.640205
2477	11	11	["RELSUM_DB","res.partner",13,"presence"]	{"type":"bus.bus/im_status_updated","payload":{"presence_status":"offline","im_status":"offline","partner_id":13}}	2026-05-07 10:00:27.605415	2026-05-07 10:00:27.605415
2478	11	11	["RELSUM_DB","res.partner",13,"presence"]	{"type":"bus.bus/im_status_updated","payload":{"presence_status":"away","im_status":"away","partner_id":13}}	2026-05-07 10:00:28.570346	2026-05-07 10:00:28.570346
2479	48	48	["RELSUM_DB","res.partner",61,"presence"]	{"type":"bus.bus/im_status_updated","payload":{"presence_status":"offline","im_status":"offline","partner_id":61}}	2026-05-07 10:02:31.341684	2026-05-07 10:02:31.341684
2480	17	17	["RELSUM_DB","res.partner",19,"presence"]	{"type":"bus.bus/im_status_updated","payload":{"presence_status":"offline","im_status":"offline","partner_id":19}}	2026-05-07 10:02:54.720831	2026-05-07 10:02:54.720831
2481	17	17	["RELSUM_DB","res.partner",19,"presence"]	{"type":"bus.bus/im_status_updated","payload":{"presence_status":"online","im_status":"online","partner_id":19}}	2026-05-07 10:02:55.688229	2026-05-07 10:02:55.688229
2482	19	19	["RELSUM_DB","res.partner",21,"presence"]	{"type":"bus.bus/im_status_updated","payload":{"presence_status":"offline","im_status":"offline","partner_id":21}}	2026-05-07 10:03:35.71715	2026-05-07 10:03:35.71715
2483	19	19	["RELSUM_DB","res.partner",21,"presence"]	{"type":"bus.bus/im_status_updated","payload":{"presence_status":"away","im_status":"away","partner_id":21}}	2026-05-07 10:03:36.187014	2026-05-07 10:03:36.187014
2484	23	23	["RELSUM_DB","res.partner",28,"presence"]	{"type":"bus.bus/im_status_updated","payload":{"presence_status":"offline","im_status":"offline","partner_id":28}}	2026-05-07 10:04:37.744547	2026-05-07 10:04:37.744547
2485	23	23	["RELSUM_DB","res.partner",28,"presence"]	{"type":"bus.bus/im_status_updated","payload":{"presence_status":"away","im_status":"away","partner_id":28}}	2026-05-07 10:04:39.381041	2026-05-07 10:04:39.381041
2486	19	19	["RELSUM_DB","res.partner",21,"presence"]	{"type":"bus.bus/im_status_updated","payload":{"presence_status":"online","im_status":"online","partner_id":21}}	2026-05-07 10:05:16.232521	2026-05-07 10:05:16.232521
2487	13	13	["RELSUM_DB","res.partner",15,"presence"]	{"type":"bus.bus/im_status_updated","payload":{"presence_status":"offline","im_status":"offline","partner_id":15}}	2026-05-07 10:07:16.291983	2026-05-07 10:07:16.291983
2488	13	13	["RELSUM_DB","res.partner",15,"presence"]	{"type":"bus.bus/im_status_updated","payload":{"presence_status":"online","im_status":"online","partner_id":15}}	2026-05-07 10:07:17.273583	2026-05-07 10:07:17.273583
2489	15	15	["RELSUM_DB","res.partner",17,"presence"]	{"type":"bus.bus/im_status_updated","payload":{"presence_status":"offline","im_status":"offline","partner_id":17}}	2026-05-07 10:07:20.810153	2026-05-07 10:07:20.810153
2490	15	15	["RELSUM_DB","res.partner",17,"presence"]	{"type":"bus.bus/im_status_updated","payload":{"presence_status":"online","im_status":"online","partner_id":17}}	2026-05-07 10:07:21.952485	2026-05-07 10:07:21.952485
2491	15	15	["RELSUM_DB","res.partner",17,"presence"]	{"type":"bus.bus/im_status_updated","payload":{"presence_status":"away","im_status":"away","partner_id":17}}	2026-05-07 10:09:50.774981	2026-05-07 10:09:50.774981
2493	25	25	["RELSUM_DB","res.partner",32,"presence"]	{"type":"bus.bus/im_status_updated","payload":{"presence_status":"offline","im_status":"offline","partner_id":32}}	2026-05-07 10:11:45.962656	2026-05-07 10:11:45.962656
2494	25	25	["RELSUM_DB","res.partner",32,"presence"]	{"type":"bus.bus/im_status_updated","payload":{"presence_status":"online","im_status":"online","partner_id":32}}	2026-05-07 10:11:47.52911	2026-05-07 10:11:47.52911
2495	2	2	["RELSUM_DB","res.partner",3,"presence"]	{"type":"bus.bus/im_status_updated","payload":{"presence_status":"offline","im_status":"offline","partner_id":3}}	2026-05-07 10:12:37.298483	2026-05-07 10:12:37.298483
2496	2	2	["RELSUM_DB","res.partner",3,"presence"]	{"type":"bus.bus/im_status_updated","payload":{"presence_status":"online","im_status":"online","partner_id":3}}	2026-05-07 10:12:37.868469	2026-05-07 10:12:37.868469
2497	23	23	["RELSUM_DB","res.partner",28,"presence"]	{"type":"bus.bus/im_status_updated","payload":{"presence_status":"online","im_status":"online","partner_id":28}}	2026-05-07 10:14:20.724376	2026-05-07 10:14:20.724376
2499	18	18	["RELSUM_DB","res.partner",20,"presence"]	{"type":"bus.bus/im_status_updated","payload":{"presence_status":"offline","im_status":"offline","partner_id":20}}	2026-05-07 10:14:46.610389	2026-05-07 10:14:46.610389
2500	18	18	["RELSUM_DB","res.partner",20,"presence"]	{"type":"bus.bus/im_status_updated","payload":{"presence_status":"away","im_status":"away","partner_id":20}}	2026-05-07 10:14:48.104681	2026-05-07 10:14:48.104681
2501	20	20	["RELSUM_DB","res.partner",22,"presence"]	{"type":"bus.bus/im_status_updated","payload":{"presence_status":"offline","im_status":"offline","partner_id":22}}	2026-05-07 10:14:49.800975	2026-05-07 10:14:49.800975
2502	20	20	["RELSUM_DB","res.partner",22,"presence"]	{"type":"bus.bus/im_status_updated","payload":{"presence_status":"online","im_status":"online","partner_id":22}}	2026-05-07 10:14:51.03029	2026-05-07 10:14:51.03029
2503	14	14	["RELSUM_DB","res.partner",16,"presence"]	{"type":"bus.bus/im_status_updated","payload":{"presence_status":"offline","im_status":"offline","partner_id":16}}	2026-05-07 10:17:18.656018	2026-05-07 10:17:18.656018
2504	14	14	["RELSUM_DB","res.partner",16,"presence"]	{"type":"bus.bus/im_status_updated","payload":{"presence_status":"away","im_status":"away","partner_id":16}}	2026-05-07 10:17:19.342244	2026-05-07 10:17:19.342244
2505	2	2	["RELSUM_DB","res.partner",3,"presence"]	{"type":"bus.bus/im_status_updated","payload":{"presence_status":"offline","im_status":"offline","partner_id":3}}	2026-05-07 10:20:26.396397	2026-05-07 10:20:26.396397
2506	2	2	["RELSUM_DB","res.partner",3,"presence"]	{"type":"bus.bus/im_status_updated","payload":{"presence_status":"online","im_status":"online","partner_id":3}}	2026-05-07 10:20:27.166127	2026-05-07 10:20:27.166127
2492	25	25	["RELSUM_DB","res.partner",32,"presence"]	{"type":"bus.bus/im_status_updated","payload":{"presence_status":"online","im_status":"online","partner_id":32}}	2026-05-07 10:10:09.288841	2026-05-07 10:10:09.288841
2498	23	23	["RELSUM_DB","res.partner",28]	{"type":"bus.bus/im_status_updated","payload":{"presence_status":"online","im_status":"online","partner_id":28}}	2026-05-07 10:14:35.510863	2026-05-07 10:14:35.510863
2507	16	16	["RELSUM_DB","res.partner",18,"presence"]	{"type":"bus.bus/im_status_updated","payload":{"presence_status":"away","im_status":"away","partner_id":18}}	2026-05-07 10:25:51.372712	2026-05-07 10:25:51.372712
2508	16	16	["RELSUM_DB","res.partner",18,"presence"]	{"type":"bus.bus/im_status_updated","payload":{"presence_status":"online","im_status":"online","partner_id":18}}	2026-05-07 10:25:54.304814	2026-05-07 10:25:54.304814
2509	16	16	["RELSUM_DB","res.partner",18,"presence"]	{"type":"bus.bus/im_status_updated","payload":{"presence_status":"offline","im_status":"offline","partner_id":18}}	2026-05-07 10:29:10.207832	2026-05-07 10:29:10.207832
2510	21	21	["RELSUM_DB","res.partner",23,"presence"]	{"type":"bus.bus/im_status_updated","payload":{"presence_status":"offline","im_status":"offline","partner_id":23}}	2026-05-07 10:35:46.691031	2026-05-07 10:35:46.691031
2511	21	21	["RELSUM_DB","res.partner",23,"presence"]	{"type":"bus.bus/im_status_updated","payload":{"presence_status":"online","im_status":"online","partner_id":23}}	2026-05-07 10:35:48.005336	2026-05-07 10:35:48.005336
2513	19	19	["RELSUM_DB","res.partner",21,"presence"]	{"type":"bus.bus/im_status_updated","payload":{"presence_status":"offline","im_status":"offline","partner_id":21}}	2026-05-07 10:50:31.280061	2026-05-07 10:50:31.280061
2514	19	19	["RELSUM_DB","res.partner",21,"presence"]	{"type":"bus.bus/im_status_updated","payload":{"presence_status":"online","im_status":"online","partner_id":21}}	2026-05-07 10:50:31.688805	2026-05-07 10:50:31.688805
2515	19	19	["RELSUM_DB","res.partner",21]	{"type":"bus.bus/im_status_updated","payload":{"presence_status":"online","im_status":"online","partner_id":21}}	2026-05-07 10:50:32.558603	2026-05-07 10:50:32.558603
2516	19	19	["RELSUM_DB","res.partner",21,"presence"]	{"type":"bus.bus/im_status_updated","payload":{"presence_status":"away","im_status":"away","partner_id":21}}	2026-05-07 10:50:32.922619	2026-05-07 10:50:32.922619
2517	19	19	["RELSUM_DB","res.partner",21,"presence"]	{"type":"bus.bus/im_status_updated","payload":{"presence_status":"online","im_status":"online","partner_id":21}}	2026-05-07 10:50:33.269511	2026-05-07 10:50:33.269511
2518	23	23	["RELSUM_DB","res.partner",28,"presence"]	{"type":"bus.bus/im_status_updated","payload":{"presence_status":"away","im_status":"away","partner_id":28}}	2026-05-07 10:54:07.243695	2026-05-07 10:54:07.243695
2519	23	23	["RELSUM_DB","res.partner",28,"presence"]	{"type":"bus.bus/im_status_updated","payload":{"presence_status":"online","im_status":"online","partner_id":28}}	2026-05-07 10:58:55.202248	2026-05-07 10:58:55.202248
2520	27	27	["RELSUM_DB","res.partner",35,"presence"]	{"type":"bus.bus/im_status_updated","payload":{"presence_status":"offline","im_status":"offline","partner_id":35}}	2026-05-07 10:59:20.206399	2026-05-07 10:59:20.206399
2521	27	27	["RELSUM_DB","res.partner",35,"presence"]	{"type":"bus.bus/im_status_updated","payload":{"presence_status":"away","im_status":"away","partner_id":35}}	2026-05-07 10:59:21.022831	2026-05-07 10:59:21.022831
2522	48	48	["RELSUM_DB","res.partner",61,"presence"]	{"type":"bus.bus/im_status_updated","payload":{"presence_status":"away","im_status":"away","partner_id":61}}	2026-05-07 11:01:29.068525	2026-05-07 11:01:29.068525
2523	48	48	["RELSUM_DB","res.partner",61,"presence"]	{"type":"bus.bus/im_status_updated","payload":{"presence_status":"online","im_status":"online","partner_id":61}}	2026-05-07 11:01:40.443746	2026-05-07 11:01:40.443746
2524	11	11	["RELSUM_DB","res.partner",13,"presence"]	{"type":"bus.bus/im_status_updated","payload":{"presence_status":"offline","im_status":"offline","partner_id":13}}	2026-05-07 11:02:43.653382	2026-05-07 11:02:43.653382
2525	11	11	["RELSUM_DB","res.partner",13,"presence"]	{"type":"bus.bus/im_status_updated","payload":{"presence_status":"online","im_status":"online","partner_id":13}}	2026-05-07 11:02:45.198896	2026-05-07 11:02:45.198896
2526	21	21	["RELSUM_DB","res.partner",23,"presence"]	{"type":"bus.bus/im_status_updated","payload":{"presence_status":"offline","im_status":"offline","partner_id":23}}	2026-05-07 11:05:49.155338	2026-05-07 11:05:49.155338
2527	6	6	["RELSUM_DB","res.partner",7,"presence"]	{"type":"bus.bus/im_status_updated","payload":{"presence_status":"online","im_status":"online","partner_id":7}}	2026-05-07 11:05:59.493447	2026-05-07 11:05:59.493447
2528	6	6	["RELSUM_DB","res.partner",7]	{"type":"bus.bus/im_status_updated","payload":{"presence_status":"online","im_status":"online","partner_id":7}}	2026-05-07 11:06:12.85128	2026-05-07 11:06:12.85128
2529	2	2	["RELSUM_DB","res.partner",3,"presence"]	{"type":"bus.bus/im_status_updated","payload":{"presence_status":"offline","im_status":"offline","partner_id":3}}	2026-05-07 11:06:46.619705	2026-05-07 11:06:46.619705
2530	17	17	["RELSUM_DB","res.partner",19,"presence"]	{"type":"bus.bus/im_status_updated","payload":{"presence_status":"offline","im_status":"offline","partner_id":19}}	2026-05-07 11:07:13.353279	2026-05-07 11:07:13.353279
2531	17	17	["RELSUM_DB","res.partner",19,"presence"]	{"type":"bus.bus/im_status_updated","payload":{"presence_status":"online","im_status":"online","partner_id":19}}	2026-05-07 11:07:14.861028	2026-05-07 11:07:14.861028
2532	23	23	["RELSUM_DB","res.partner",28,"presence"]	{"type":"bus.bus/im_status_updated","payload":{"presence_status":"offline","im_status":"offline","partner_id":28}}	2026-05-07 11:07:42.493204	2026-05-07 11:07:42.493204
2533	23	23	["RELSUM_DB","res.partner",28,"presence"]	{"type":"bus.bus/im_status_updated","payload":{"presence_status":"online","im_status":"online","partner_id":28}}	2026-05-07 11:07:42.842383	2026-05-07 11:07:42.842383
2534	23	23	["RELSUM_DB","res.partner",28]	{"type":"bus.bus/im_status_updated","payload":{"presence_status":"online","im_status":"online","partner_id":28}}	2026-05-07 11:07:43.481066	2026-05-07 11:07:43.481066
2535	19	19	["RELSUM_DB","res.partner",21,"presence"]	{"type":"bus.bus/im_status_updated","payload":{"presence_status":"offline","im_status":"offline","partner_id":21}}	2026-05-07 11:07:46.681105	2026-05-07 11:07:46.681105
2536	19	19	["RELSUM_DB","res.partner",21,"presence"]	{"type":"bus.bus/im_status_updated","payload":{"presence_status":"away","im_status":"away","partner_id":21}}	2026-05-07 11:07:47.064356	2026-05-07 11:07:47.064356
2537	19	19	["RELSUM_DB","res.partner",21]	{"type":"bus.bus/im_status_updated","payload":{"presence_status":"away","im_status":"away","partner_id":21}}	2026-05-07 11:07:47.933955	2026-05-07 11:07:47.933955
2538	19	19	["RELSUM_DB","res.partner",21,"presence"]	{"type":"bus.bus/im_status_updated","payload":{"presence_status":"online","im_status":"online","partner_id":21}}	2026-05-07 11:07:48.30916	2026-05-07 11:07:48.30916
2539	6	6	["RELSUM_DB","res.partner",7,"presence"]	{"type":"bus.bus/im_status_updated","payload":{"presence_status":"offline","im_status":"offline","partner_id":7}}	2026-05-07 11:08:12.926602	2026-05-07 11:08:12.926602
2540	6	6	["RELSUM_DB","res.partner",7,"presence"]	{"type":"bus.bus/im_status_updated","payload":{"presence_status":"online","im_status":"online","partner_id":7}}	2026-05-07 11:08:13.314946	2026-05-07 11:08:13.314946
2541	6	6	["RELSUM_DB","res.partner",7]	{"type":"bus.bus/im_status_updated","payload":{"presence_status":"online","im_status":"online","partner_id":7}}	2026-05-07 11:08:13.873429	2026-05-07 11:08:13.873429
2542	6	6	["RELSUM_DB","res.partner",7,"presence"]	{"type":"bus.bus/im_status_updated","payload":{"presence_status":"away","im_status":"away","partner_id":7}}	2026-05-07 11:08:14.226656	2026-05-07 11:08:14.226656
2544	2	2	["RELSUM_DB","res.partner",3,"presence"]	{"type":"bus.bus/im_status_updated","payload":{"presence_status":"online","im_status":"online","partner_id":3}}	2026-05-07 11:11:19.208779	2026-05-07 11:11:19.208779
2545	23	23	["RELSUM_DB","res.partner",28,"presence"]	{"type":"bus.bus/im_status_updated","payload":{"presence_status":"offline","im_status":"offline","partner_id":28}}	2026-05-07 11:11:43.770049	2026-05-07 11:11:43.770049
2546	23	23	["RELSUM_DB","res.partner",28,"presence"]	{"type":"bus.bus/im_status_updated","payload":{"presence_status":"online","im_status":"online","partner_id":28}}	2026-05-07 11:11:44.162022	2026-05-07 11:11:44.162022
2512	24	24	["RELSUM_DB","res.partner",29,"presence"]	{"type":"bus.bus/im_status_updated","payload":{"presence_status":"online","im_status":"online","partner_id":29}}	2026-05-07 10:42:41.658814	2026-05-07 10:42:41.658814
2543	6	6	["RELSUM_DB","res.partner",7,"presence"]	{"type":"bus.bus/im_status_updated","payload":{"presence_status":"online","im_status":"online","partner_id":7}}	2026-05-07 11:08:14.700451	2026-05-07 11:08:14.700451
2547	23	23	["RELSUM_DB","res.partner",28]	{"type":"bus.bus/im_status_updated","payload":{"presence_status":"online","im_status":"online","partner_id":28}}	2026-05-07 11:11:44.608745	2026-05-07 11:11:44.608745
2548	17	17	["RELSUM_DB","res.partner",19,"presence"]	{"type":"bus.bus/im_status_updated","payload":{"presence_status":"away","im_status":"away","partner_id":19}}	2026-05-07 11:11:52.328009	2026-05-07 11:11:52.328009
2549	48	48	["RELSUM_DB","res.partner",61,"presence"]	{"type":"bus.bus/im_status_updated","payload":{"presence_status":"offline","im_status":"offline","partner_id":61}}	2026-05-07 11:14:50.173685	2026-05-07 11:14:50.173685
2550	2	2	["RELSUM_DB","res.partner",3,"presence"]	{"type":"bus.bus/im_status_updated","payload":{"presence_status":"offline","im_status":"offline","partner_id":3}}	2026-05-07 11:15:43.908648	2026-05-07 11:15:43.908648
2551	2	2	["RELSUM_DB","res.partner",3,"presence"]	{"type":"bus.bus/im_status_updated","payload":{"presence_status":"online","im_status":"online","partner_id":3}}	2026-05-07 11:15:44.485333	2026-05-07 11:15:44.485333
2552	20	20	["RELSUM_DB","res.partner",22,"presence"]	{"type":"bus.bus/im_status_updated","payload":{"presence_status":"offline","im_status":"offline","partner_id":22}}	2026-05-07 11:17:34.377374	2026-05-07 11:17:34.377374
2553	20	20	["RELSUM_DB","res.partner",22,"presence"]	{"type":"bus.bus/im_status_updated","payload":{"presence_status":"online","im_status":"online","partner_id":22}}	2026-05-07 11:17:36.076066	2026-05-07 11:17:36.076066
2554	24	24	["RELSUM_DB","res.partner",29,"presence"]	{"type":"bus.bus/im_status_updated","payload":{"presence_status":"offline","im_status":"offline","partner_id":29}}	2026-05-07 11:17:59.789207	2026-05-07 11:17:59.789207
2555	24	24	["RELSUM_DB","res.partner",29,"presence"]	{"type":"bus.bus/im_status_updated","payload":{"presence_status":"online","im_status":"online","partner_id":29}}	2026-05-07 11:18:00.547807	2026-05-07 11:18:00.547807
2556	15	15	["RELSUM_DB","res.partner",17,"presence"]	{"type":"bus.bus/im_status_updated","payload":{"presence_status":"offline","im_status":"offline","partner_id":17}}	2026-05-07 11:21:05.796705	2026-05-07 11:21:05.796705
2557	13	13	["RELSUM_DB","res.partner",15,"presence"]	{"type":"bus.bus/im_status_updated","payload":{"presence_status":"offline","im_status":"offline","partner_id":15}}	2026-05-07 11:23:14.565308	2026-05-07 11:23:14.565308
2558	13	13	["RELSUM_DB","res.partner",15,"presence"]	{"type":"bus.bus/im_status_updated","payload":{"presence_status":"online","im_status":"online","partner_id":15}}	2026-05-07 11:23:15.895635	2026-05-07 11:23:15.895635
2559	25	25	["RELSUM_DB","res.partner",32,"presence"]	{"type":"bus.bus/im_status_updated","payload":{"presence_status":"away","im_status":"away","partner_id":32}}	2026-05-07 11:24:37.636017	2026-05-07 11:24:37.636017
2560	17	17	["RELSUM_DB","res.partner",19,"presence"]	{"type":"bus.bus/im_status_updated","payload":{"presence_status":"offline","im_status":"offline","partner_id":19}}	2026-05-07 11:26:53.465041	2026-05-07 11:26:53.465041
2561	17	17	["RELSUM_DB","res.partner",19,"presence"]	{"type":"bus.bus/im_status_updated","payload":{"presence_status":"away","im_status":"away","partner_id":19}}	2026-05-07 11:27:30.200389	2026-05-07 11:27:30.200389
2562	23	23	["RELSUM_DB","res.partner",28,"presence"]	{"type":"bus.bus/im_status_updated","payload":{"presence_status":"away","im_status":"away","partner_id":28}}	2026-05-07 11:28:55.957179	2026-05-07 11:28:55.957179
2563	23	23	["RELSUM_DB","res.partner",28,"presence"]	{"type":"bus.bus/im_status_updated","payload":{"presence_status":"online","im_status":"online","partner_id":28}}	2026-05-07 11:28:56.316	2026-05-07 11:28:56.316
2564	25	25	["RELSUM_DB","res.partner",32,"presence"]	{"type":"bus.bus/im_status_updated","payload":{"presence_status":"offline","im_status":"offline","partner_id":32}}	2026-05-07 11:30:07.775898	2026-05-07 11:30:07.775898
2565	25	25	["RELSUM_DB","res.partner",32,"presence"]	{"type":"bus.bus/im_status_updated","payload":{"presence_status":"away","im_status":"away","partner_id":32}}	2026-05-07 11:30:08.479202	2026-05-07 11:30:08.479202
2566	13	13	["RELSUM_DB","res.partner",15,"presence"]	{"type":"bus.bus/im_status_updated","payload":{"presence_status":"away","im_status":"away","partner_id":15}}	2026-05-07 11:33:22.513687	2026-05-07 11:33:22.513687
2567	24	24	["RELSUM_DB","res.partner",29,"presence"]	{"type":"bus.bus/im_status_updated","payload":{"presence_status":"away","im_status":"away","partner_id":29}}	2026-05-07 11:34:24.233459	2026-05-07 11:34:24.233459
2568	18	18	["RELSUM_DB","res.partner",20,"presence"]	{"type":"bus.bus/im_status_updated","payload":{"presence_status":"offline","im_status":"offline","partner_id":20}}	2026-05-07 11:36:49.232329	2026-05-07 11:36:49.232329
2569	6	6	["RELSUM_DB","res.partner",7,"presence"]	{"type":"bus.bus/im_status_updated","payload":{"presence_status":"away","im_status":"away","partner_id":7}}	2026-05-07 11:36:50.342247	2026-05-07 11:36:50.342247
2570	22	22	["RELSUM_DB","res.partner",27,"presence"]	{"type":"bus.bus/im_status_updated","payload":{"presence_status":"away","im_status":"away","partner_id":27}}	2026-05-07 11:36:58.637268	2026-05-07 11:36:58.637268
2571	23	23	["RELSUM_DB","res.partner",28,"presence"]	{"type":"bus.bus/im_status_updated","payload":{"presence_status":"offline","im_status":"offline","partner_id":28}}	2026-05-07 11:37:49.427046	2026-05-07 11:37:49.427046
2299	2	2	["RELSUM_DB","res.partner",3,"presence"]	{"type":"bus.bus/im_status_updated","payload":{"presence_status":"away","im_status":"away","partner_id":3}}	2026-05-07 06:55:46.72707	2026-05-07 06:55:46.72707
2300	1	1	["RELSUM_DB","res.partner",7,"presence"]	{"type":"bus.bus/im_status_updated","payload":{"presence_status":"offline","im_status":"offline","partner_id":7}}	2026-05-07 06:55:52.062659	2026-05-07 06:55:52.062659
2301	1	1	["RELSUM_DB","res.partner",28,"presence"]	{"type":"bus.bus/im_status_updated","payload":{"presence_status":"offline","im_status":"offline","partner_id":28}}	2026-05-07 06:55:52.062659	2026-05-07 06:55:52.062659
2302	1	1	["RELSUM_DB","res.partner",15,"presence"]	{"type":"bus.bus/im_status_updated","payload":{"presence_status":"offline","im_status":"offline","partner_id":15}}	2026-05-07 06:55:52.062659	2026-05-07 06:55:52.062659
2303	1	1	["RELSUM_DB","res.partner",29,"presence"]	{"type":"bus.bus/im_status_updated","payload":{"presence_status":"offline","im_status":"offline","partner_id":29}}	2026-05-07 06:55:52.062659	2026-05-07 06:55:52.062659
2304	1	1	["RELSUM_DB","res.partner",20,"presence"]	{"type":"bus.bus/im_status_updated","payload":{"presence_status":"offline","im_status":"offline","partner_id":20}}	2026-05-07 06:55:52.062659	2026-05-07 06:55:52.062659
2305	1	1	["RELSUM_DB","res.partner",32,"presence"]	{"type":"bus.bus/im_status_updated","payload":{"presence_status":"offline","im_status":"offline","partner_id":32}}	2026-05-07 06:55:52.062659	2026-05-07 06:55:52.062659
2306	1	1	["RELSUM_DB","res.partner",35,"presence"]	{"type":"bus.bus/im_status_updated","payload":{"presence_status":"offline","im_status":"offline","partner_id":35}}	2026-05-07 06:55:52.062659	2026-05-07 06:55:52.062659
2307	1	1	["RELSUM_DB","res.partner",55,"presence"]	{"type":"bus.bus/im_status_updated","payload":{"presence_status":"offline","im_status":"offline","partner_id":55}}	2026-05-07 06:55:52.062659	2026-05-07 06:55:52.062659
2308	1	1	["RELSUM_DB","res.partner",10,"presence"]	{"type":"bus.bus/im_status_updated","payload":{"presence_status":"offline","im_status":"offline","partner_id":10}}	2026-05-07 06:55:52.062659	2026-05-07 06:55:52.062659
2309	1	1	["RELSUM_DB","res.partner",21,"presence"]	{"type":"bus.bus/im_status_updated","payload":{"presence_status":"offline","im_status":"offline","partner_id":21}}	2026-05-07 06:55:52.062659	2026-05-07 06:55:52.062659
2315	2	2	["RELSUM_DB","res.partner",3,"presence"]	{"type":"bus.bus/im_status_updated","payload":{"presence_status":"online","im_status":"online","partner_id":3}}	2026-05-07 06:55:53.68851	2026-05-07 06:55:53.68851
2310	1	1	["RELSUM_DB","res.partner",16,"presence"]	{"type":"bus.bus/im_status_updated","payload":{"presence_status":"offline","im_status":"offline","partner_id":16}}	2026-05-07 06:55:52.062659	2026-05-07 06:55:52.062659
2311	1	1	["RELSUM_DB","res.partner",18,"presence"]	{"type":"bus.bus/im_status_updated","payload":{"presence_status":"offline","im_status":"offline","partner_id":18}}	2026-05-07 06:55:52.062659	2026-05-07 06:55:52.062659
2312	1	1	["RELSUM_DB","res.partner",19,"presence"]	{"type":"bus.bus/im_status_updated","payload":{"presence_status":"offline","im_status":"offline","partner_id":19}}	2026-05-07 06:55:52.062659	2026-05-07 06:55:52.062659
2313	1	1	["RELSUM_DB","res.partner",61,"presence"]	{"type":"bus.bus/im_status_updated","payload":{"presence_status":"offline","im_status":"offline","partner_id":61}}	2026-05-07 06:55:52.062659	2026-05-07 06:55:52.062659
2314	1	1	["RELSUM_DB","res.partner",22,"presence"]	{"type":"bus.bus/im_status_updated","payload":{"presence_status":"offline","im_status":"offline","partner_id":22}}	2026-05-07 06:55:52.062659	2026-05-07 06:55:52.062659
2572	23	23	["RELSUM_DB","res.partner",28,"presence"]	{"type":"bus.bus/im_status_updated","payload":{"presence_status":"away","im_status":"away","partner_id":28}}	2026-05-07 11:37:49.772504	2026-05-07 11:37:49.772504
2573	23	23	["RELSUM_DB","res.partner",28]	{"type":"bus.bus/im_status_updated","payload":{"presence_status":"away","im_status":"away","partner_id":28}}	2026-05-07 11:37:50.57258	2026-05-07 11:37:50.57258
2574	23	23	["RELSUM_DB","res.partner",28,"presence"]	{"type":"bus.bus/im_status_updated","payload":{"presence_status":"online","im_status":"online","partner_id":28}}	2026-05-07 11:37:50.644583	2026-05-07 11:37:50.644583
2575	20	20	["RELSUM_DB","res.partner",22,"presence"]	{"type":"bus.bus/im_status_updated","payload":{"presence_status":"away","im_status":"away","partner_id":22}}	2026-05-07 11:39:34.937766	2026-05-07 11:39:34.937766
2576	14	14	["RELSUM_DB","res.partner",16,"presence"]	{"type":"bus.bus/im_status_updated","payload":{"presence_status":"offline","im_status":"offline","partner_id":16}}	2026-05-07 11:40:49.436368	2026-05-07 11:40:49.436368
2577	14	14	["RELSUM_DB","res.partner",16,"presence"]	{"type":"bus.bus/im_status_updated","payload":{"presence_status":"away","im_status":"away","partner_id":16}}	2026-05-07 11:40:50.277105	2026-05-07 11:40:50.277105
\.


--
-- Data for Name: bus_presence; Type: TABLE DATA; Schema: public; Owner: odoo
--

COPY public.bus_presence (id, user_id, status, last_poll, last_presence, guest_id) FROM stdin;
81	25	away	2026-05-07 11:30:08	2026-05-07 10:54:36.939	\N
94	13	away	2026-05-07 11:33:22	2026-05-07 11:03:21.33	\N
97	21	offline	2026-05-07 11:05:47	2026-05-07 11:05:47	\N
96	24	away	2026-05-07 11:34:24	2026-05-07 11:04:23.341	\N
84	6	away	2026-05-07 11:36:50	2026-05-07 11:06:49.963	\N
93	22	away	2026-05-07 11:36:58	2026-05-07 08:59:02.101	\N
59	2	online	2026-05-07 11:37:40	2026-05-07 11:37:39.999	\N
92	20	away	2026-05-07 11:39:34	2026-05-07 11:09:33.442	\N
98	16	offline	2026-05-07 10:28:32	2026-05-07 10:28:31.999	\N
90	18	online	2026-05-07 11:48:02	2026-05-07 11:48:01.999	\N
91	14	offline	2026-05-07 11:40:50	2026-05-07 08:10:00.66	\N
82	11	online	2026-05-07 11:10:05	2026-05-07 10:40:05	\N
95	23	online	2026-05-07 11:54:53	2026-05-07 11:54:52.21	\N
87	19	away	2026-05-07 11:55:08	2026-05-07 11:10:53.109	\N
89	48	offline	2026-05-07 11:01:48	2026-05-07 11:01:47.999	\N
88	8	offline	2026-05-07 09:59:21	2026-05-07 09:59:20.999	\N
86	15	offline	2026-05-07 10:09:50	2026-05-07 09:39:48.997	\N
83	27	away	2026-05-07 10:59:21	2026-05-07 08:19:08.812	\N
85	17	away	2026-05-07 11:27:30	2026-05-07 10:41:51.263	\N
\.


--
-- Data for Name: calendar_alarm; Type: TABLE DATA; Schema: public; Owner: odoo
--

COPY public.calendar_alarm (id, duration, duration_minutes, mail_template_id, create_uid, write_uid, alarm_type, "interval", name, body, create_date, write_date, sms_template_id, sms_notify_responsible) FROM stdin;
1	15	15	\N	1	1	notification	minutes	{"en_US": "Notification - 15 Minutes", "es_ES": "Notificación - 15 minutos"}	\N	2026-04-08 08:38:54.40235	2026-04-08 08:38:56.871515	\N	\N
2	30	30	\N	1	1	notification	minutes	{"en_US": "Notification - 30 Minutes", "es_ES": "Notificación - 30 minutos"}	\N	2026-04-08 08:38:54.40235	2026-04-08 08:38:56.871515	\N	\N
3	1	60	\N	1	1	notification	hours	{"en_US": "Notification - 1 Hours", "es_ES": "Notificación - 1 hora"}	\N	2026-04-08 08:38:54.40235	2026-04-08 08:38:56.871515	\N	\N
4	2	120	\N	1	1	notification	hours	{"en_US": "Notification - 2 Hours", "es_ES": "Notificación - 2 horas"}	\N	2026-04-08 08:38:54.40235	2026-04-08 08:38:56.871515	\N	\N
5	1	1440	\N	1	1	notification	days	{"en_US": "Notification - 1 Days", "es_ES": "Notificación - 1 día"}	\N	2026-04-08 08:38:54.40235	2026-04-08 08:38:56.871515	\N	\N
6	3	180	26	1	1	email	hours	{"en_US": "Email - 3 Hours", "es_ES": "Correo electrónico - 3 Horas"}	\N	2026-04-08 08:38:54.40235	2026-04-08 08:38:56.871515	\N	\N
7	6	360	26	1	1	email	hours	{"en_US": "Email - 6 Hours", "es_ES": "Correo electrónico - 6 Horas"}	\N	2026-04-08 08:38:54.40235	2026-04-08 08:38:56.871515	\N	\N
\.


--
-- Data for Name: calendar_alarm_calendar_event_rel; Type: TABLE DATA; Schema: public; Owner: odoo
--

COPY public.calendar_alarm_calendar_event_rel (calendar_event_id, calendar_alarm_id) FROM stdin;
\.


--
-- Data for Name: calendar_attendee; Type: TABLE DATA; Schema: public; Owner: odoo
--

COPY public.calendar_attendee (id, event_id, partner_id, create_uid, write_uid, common_name, access_token, state, availability, create_date, write_date) FROM stdin;
\.


--
-- Data for Name: calendar_event; Type: TABLE DATA; Schema: public; Owner: odoo
--

COPY public.calendar_event (id, user_id, videocall_channel_id, res_id, res_model_id, recurrence_id, create_uid, write_uid, name, location, videocall_location, access_token, privacy, show_as, res_model, start_date, stop_date, description, active, allday, recurrency, follow_recurrence, start, stop, create_date, write_date, duration, opportunity_id) FROM stdin;
\.


--
-- Data for Name: calendar_event_res_partner_rel; Type: TABLE DATA; Schema: public; Owner: odoo
--

COPY public.calendar_event_res_partner_rel (res_partner_id, calendar_event_id) FROM stdin;
\.


--
-- Data for Name: calendar_event_type; Type: TABLE DATA; Schema: public; Owner: odoo
--

COPY public.calendar_event_type (id, color, create_uid, write_uid, name, create_date, write_date) FROM stdin;
\.


--
-- Data for Name: calendar_filters; Type: TABLE DATA; Schema: public; Owner: odoo
--

COPY public.calendar_filters (id, user_id, partner_id, create_uid, write_uid, active, partner_checked, create_date, write_date) FROM stdin;
\.


--
-- Data for Name: calendar_popover_delete_wizard; Type: TABLE DATA; Schema: public; Owner: odoo
--

COPY public.calendar_popover_delete_wizard (id, record, create_uid, write_uid, delete, create_date, write_date) FROM stdin;
\.


--
-- Data for Name: calendar_provider_config; Type: TABLE DATA; Schema: public; Owner: odoo
--

COPY public.calendar_provider_config (id, create_uid, write_uid, external_calendar_provider, cal_client_id, cal_client_secret, microsoft_outlook_client_identifier, microsoft_outlook_client_secret, cal_sync_paused, microsoft_outlook_sync_paused, create_date, write_date) FROM stdin;
\.


--
-- Data for Name: calendar_recurrence; Type: TABLE DATA; Schema: public; Owner: odoo
--

COPY public.calendar_recurrence (id, base_event_id, "interval", count, day, trigger_id, create_uid, write_uid, name, event_tz, rrule, rrule_type, end_type, month_by, weekday, byday, until, mon, tue, wed, thu, fri, sat, sun, create_date, write_date) FROM stdin;
\.


--
-- Data for Name: certificate_certificate; Type: TABLE DATA; Schema: public; Owner: odoo
--

COPY public.certificate_certificate (id, private_key_id, public_key_id, company_id, create_uid, write_uid, name, pkcs12_password, scope, content_format, subject_common_name, serial_number, loading_error, active, date_start, date_end, create_date, write_date) FROM stdin;
\.


--
-- Data for Name: certificate_key; Type: TABLE DATA; Schema: public; Owner: odoo
--

COPY public.certificate_key (id, company_id, create_uid, write_uid, name, password, loading_error, public, active, create_date, write_date) FROM stdin;
\.


--
-- Data for Name: change_password_own; Type: TABLE DATA; Schema: public; Owner: odoo
--

COPY public.change_password_own (id, create_uid, write_uid, new_password, confirm_password, create_date, write_date) FROM stdin;
\.


--
-- Data for Name: change_password_user; Type: TABLE DATA; Schema: public; Owner: odoo
--

COPY public.change_password_user (id, wizard_id, user_id, create_uid, write_uid, user_login, new_passwd, create_date, write_date) FROM stdin;
\.


--
-- Data for Name: change_password_wizard; Type: TABLE DATA; Schema: public; Owner: odoo
--

COPY public.change_password_wizard (id, create_uid, write_uid, create_date, write_date) FROM stdin;
\.


--
-- Data for Name: change_production_qty; Type: TABLE DATA; Schema: public; Owner: odoo
--

COPY public.change_production_qty (id, mo_id, create_uid, write_uid, product_qty, create_date, write_date) FROM stdin;
\.


--
-- Data for Name: confirm_stock_sms; Type: TABLE DATA; Schema: public; Owner: odoo
--

COPY public.confirm_stock_sms (id, create_uid, write_uid, create_date, write_date) FROM stdin;
\.


--
-- Data for Name: crm_convert_lead_mass_lead_rel; Type: TABLE DATA; Schema: public; Owner: odoo
--

COPY public.crm_convert_lead_mass_lead_rel (crm_lead2opportunity_partner_mass_id, crm_lead_id) FROM stdin;
\.


--
-- Data for Name: crm_iap_lead_helpers; Type: TABLE DATA; Schema: public; Owner: odoo
--

COPY public.crm_iap_lead_helpers (id, create_uid, write_uid, create_date, write_date) FROM stdin;
\.


--
-- Data for Name: crm_iap_lead_industry; Type: TABLE DATA; Schema: public; Owner: odoo
--

COPY public.crm_iap_lead_industry (id, color, sequence, create_uid, write_uid, reveal_ids, name, create_date, write_date) FROM stdin;
22	\N	18	1	1	238	{"en_US": "Automobiles & Components", "es_ES": "Automóviles y componentes"}	2026-04-08 08:39:01.400782	2026-04-08 08:39:01.400782
3	\N	2	1	1	69,157	{"en_US": "Banks & Insurance", "es_ES": "Bancos y seguro"}	2026-04-08 08:39:01.400782	2026-04-08 08:39:01.400782
16	\N	6	1	1	162	{"en_US": "Capital Goods", "es_ES": "Bienes de equipo"}	2026-04-08 08:39:01.400782	2026-04-08 08:39:01.400782
17	\N	5	1	1	163	{"en_US": "Commercial & Professional Services", "es_ES": "Servicios comerciales y profesionales"}	2026-04-08 08:39:01.400782	2026-04-08 08:39:01.400782
20	\N	23	1	1	167	{"en_US": "Construction Materials", "es_ES": "Materiales de construcción"}	2026-04-08 08:39:01.400782	2026-04-08 08:39:01.400782
1	\N	1	1	1	30,155	{"en_US": "Consumer Discretionary", "es_ES": "Discrecional del consumidor"}	2026-04-08 08:39:01.400782	2026-04-08 08:39:01.400782
23	\N	10	1	1	239	{"en_US": "Consumer Durables & Apparel", "es_ES": "Bienes de consumo duraderos y ropa"}	2026-04-08 08:39:01.400782	2026-04-08 08:39:01.400782
10	\N	9	1	1	150,151	{"en_US": "Consumer Services", "es_ES": "Servicios al consumidor"}	2026-04-08 08:39:01.400782	2026-04-08 08:39:01.400782
2	\N	4	1	1	33	{"en_US": "Consumer Staples", "es_ES": "Artículos básicos de consumo"}	2026-04-08 08:39:01.400782	2026-04-08 08:39:01.400782
13	\N	15	1	1	158,159	{"en_US": "Diversified Financials & Financial Services", "es_ES": "Finanzas diversificadas y servicios financieros"}	2026-04-08 08:39:01.400782	2026-04-08 08:39:01.400782
7	\N	22	1	1	138	{"en_US": "Energy & Utilities ", "es_ES": "Energía y utilidades"}	2026-04-08 08:39:01.400782	2026-04-08 08:39:01.400782
12	\N	12	1	1	153,154	{"en_US": "Food, Beverage & Tobacco", "es_ES": "Alimentos, bebidas y tabaco"}	2026-04-08 08:39:01.400782	2026-04-08 08:39:01.400782
14	\N	11	1	1	160	{"en_US": "Health Care Equipment & Services", "es_ES": "equipos y servicios de atención médica"}	2026-04-08 08:39:01.400782	2026-04-08 08:39:01.400782
21	\N	14	1	1	168	{"en_US": "Independent Power and Renewable Electricity Producers", "es_ES": "Productores independientes de energía y electricidad renovable"}	2026-04-08 08:39:01.400782	2026-04-08 08:39:01.400782
8	\N	17	1	1	148	{"en_US": "Materials", "es_ES": "Materiales"}	2026-04-08 08:39:01.400782	2026-04-08 08:39:01.400782
4	\N	7	1	1	86	{"en_US": "Media", "es_ES": "Medios"}	2026-04-08 08:39:01.400782	2026-04-08 08:39:01.400782
15	\N	13	1	1	161	{"en_US": "Pharmaceuticals, Biotechnology & Life Sciences", "es_ES": "Productos farmacéuticos, biotecnología y ciencias de la vida"}	2026-04-08 08:39:01.400782	2026-04-08 08:39:01.400782
5	\N	21	1	1	114	{"en_US": "Real Estate", "es_ES": "Inmuebles"}	2026-04-08 08:39:01.400782	2026-04-08 08:39:01.400782
11	\N	3	1	1	152	{"en_US": "Retailing", "es_ES": "Venta minorista"}	2026-04-08 08:39:01.400782	2026-04-08 08:39:01.400782
18	\N	8	1	1	165	{"en_US": "Software & Services", "es_ES": "Software y servicios"}	2026-04-08 08:39:01.400782	2026-04-08 08:39:01.400782
19	\N	19	1	1	166	{"en_US": "Technology Hardware & Equipment", "es_ES": "Tecnología, hardware y equipo"}	2026-04-08 08:39:01.400782	2026-04-08 08:39:01.400782
9	\N	20	1	1	149	{"en_US": "Telecommunication Services", "es_ES": "Servicios de telecomunicaciones"}	2026-04-08 08:39:01.400782	2026-04-08 08:39:01.400782
6	\N	16	1	1	136	{"en_US": "Transportation", "es_ES": "Transportación"}	2026-04-08 08:39:01.400782	2026-04-08 08:39:01.400782
\.


--
-- Data for Name: crm_iap_lead_industry_crm_iap_lead_mining_request_rel; Type: TABLE DATA; Schema: public; Owner: odoo
--

COPY public.crm_iap_lead_industry_crm_iap_lead_mining_request_rel (crm_iap_lead_mining_request_id, crm_iap_lead_industry_id) FROM stdin;
\.


--
-- Data for Name: crm_iap_lead_mining_request; Type: TABLE DATA; Schema: public; Owner: odoo
--

COPY public.crm_iap_lead_mining_request (id, lead_number, team_id, user_id, company_size_min, company_size_max, contact_number, preferred_role_id, seniority_id, create_uid, write_uid, name, state, search_type, error_type, lead_type, contact_filter_type, filter_on_size, create_date, write_date) FROM stdin;
\.


--
-- Data for Name: crm_iap_lead_mining_request_crm_iap_lead_role_rel; Type: TABLE DATA; Schema: public; Owner: odoo
--

COPY public.crm_iap_lead_mining_request_crm_iap_lead_role_rel (crm_iap_lead_mining_request_id, crm_iap_lead_role_id) FROM stdin;
\.


--
-- Data for Name: crm_iap_lead_mining_request_crm_tag_rel; Type: TABLE DATA; Schema: public; Owner: odoo
--

COPY public.crm_iap_lead_mining_request_crm_tag_rel (crm_iap_lead_mining_request_id, crm_tag_id) FROM stdin;
\.


--
-- Data for Name: crm_iap_lead_mining_request_res_country_rel; Type: TABLE DATA; Schema: public; Owner: odoo
--

COPY public.crm_iap_lead_mining_request_res_country_rel (crm_iap_lead_mining_request_id, res_country_id) FROM stdin;
\.


--
-- Data for Name: crm_iap_lead_mining_request_res_country_state_rel; Type: TABLE DATA; Schema: public; Owner: odoo
--

COPY public.crm_iap_lead_mining_request_res_country_state_rel (crm_iap_lead_mining_request_id, res_country_state_id) FROM stdin;
\.


--
-- Data for Name: crm_iap_lead_role; Type: TABLE DATA; Schema: public; Owner: odoo
--

COPY public.crm_iap_lead_role (id, color, create_uid, write_uid, reveal_id, name, create_date, write_date) FROM stdin;
1	\N	1	1	CEO	{"en_US": "CEO", "es_ES": "Director ejecutivo"}	2026-04-08 08:39:01.400782	2026-04-08 08:39:01.400782
2	\N	1	1	communications	{"en_US": "Communications", "es_ES": "Comunicaciones"}	2026-04-08 08:39:01.400782	2026-04-08 08:39:01.400782
3	\N	1	1	consulting	{"en_US": "Consulting", "es_ES": "Consultoría"}	2026-04-08 08:39:01.400782	2026-04-08 08:39:01.400782
4	\N	1	1	customer_service	{"en_US": "Customer Service", "es_ES": "Servicio al cliente"}	2026-04-08 08:39:01.400782	2026-04-08 08:39:01.400782
5	\N	1	1	education	{"en_US": "Education", "es_ES": "Educación"}	2026-04-08 08:39:01.400782	2026-04-08 08:39:01.400782
6	\N	1	1	engineering	{"en_US": "Engineering", "es_ES": "Ingeniería"}	2026-04-08 08:39:01.400782	2026-04-08 08:39:01.400782
7	\N	1	1	finance	{"en_US": "Finance", "es_ES": "Finanzas"}	2026-04-08 08:39:01.400782	2026-04-08 08:39:01.400782
8	\N	1	1	founder	{"en_US": "Founder", "es_ES": "Fundador "}	2026-04-08 08:39:01.400782	2026-04-08 08:39:01.400782
9	\N	1	1	health_professional	{"en_US": "Health Professional", "es_ES": "Profesional de la salud "}	2026-04-08 08:39:01.400782	2026-04-08 08:39:01.400782
10	\N	1	1	human_resources	{"en_US": "Human Resources", "es_ES": "Recursos humanos"}	2026-04-08 08:39:01.400782	2026-04-08 08:39:01.400782
11	\N	1	1	information_technology	{"en_US": "Information Technology", "es_ES": "Tecnologías de la Información "}	2026-04-08 08:39:01.400782	2026-04-08 08:39:01.400782
12	\N	1	1	legal	{"en_US": "Legal", "es_ES": "Legal"}	2026-04-08 08:39:01.400782	2026-04-08 08:39:01.400782
13	\N	1	1	marketing	{"en_US": "Marketing", "es_ES": "Marketing"}	2026-04-08 08:39:01.400782	2026-04-08 08:39:01.400782
14	\N	1	1	operations	{"en_US": "Operations", "es_ES": "Operaciones"}	2026-04-08 08:39:01.400782	2026-04-08 08:39:01.400782
15	\N	1	1	owner	{"en_US": "Owner", "es_ES": "Propietario"}	2026-04-08 08:39:01.400782	2026-04-08 08:39:01.400782
16	\N	1	1	president	{"en_US": "President", "es_ES": "Presidente "}	2026-04-08 08:39:01.400782	2026-04-08 08:39:01.400782
17	\N	1	1	product	{"en_US": "Product", "es_ES": "Producto"}	2026-04-08 08:39:01.400782	2026-04-08 08:39:01.400782
18	\N	1	1	public_relations	{"en_US": "Public Relations", "es_ES": "Relaciones públicas"}	2026-04-08 08:39:01.400782	2026-04-08 08:39:01.400782
19	\N	1	1	real_estate	{"en_US": "Real Estate", "es_ES": "Inmuebles"}	2026-04-08 08:39:01.400782	2026-04-08 08:39:01.400782
20	\N	1	1	recruiting	{"en_US": "Recruiting", "es_ES": "Reclutando"}	2026-04-08 08:39:01.400782	2026-04-08 08:39:01.400782
21	\N	1	1	research	{"en_US": "Research", "es_ES": "Investigación"}	2026-04-08 08:39:01.400782	2026-04-08 08:39:01.400782
22	\N	1	1	sale	{"en_US": "Sale", "es_ES": "Venta"}	2026-04-08 08:39:01.400782	2026-04-08 08:39:01.400782
\.


--
-- Data for Name: crm_iap_lead_seniority; Type: TABLE DATA; Schema: public; Owner: odoo
--

COPY public.crm_iap_lead_seniority (id, create_uid, write_uid, reveal_id, name, create_date, write_date) FROM stdin;
1	1	1	director	{"en_US": "director", "es_ES": "director"}	2026-04-08 08:39:01.400782	2026-04-08 08:39:01.400782
2	1	1	executive	{"en_US": "executive", "es_ES": "directivo"}	2026-04-08 08:39:01.400782	2026-04-08 08:39:01.400782
3	1	1	manager	{"en_US": "manager", "es_ES": "gerente"}	2026-04-08 08:39:01.400782	2026-04-08 08:39:01.400782
\.


--
-- Data for Name: crm_lead; Type: TABLE DATA; Schema: public; Owner: odoo
--

COPY public.crm_lead (id, campaign_id, source_id, medium_id, message_bounce, user_id, team_id, company_id, stage_id, color, recurring_plan, partner_id, title, lang_id, state_id, country_id, lost_reason_id, create_uid, write_uid, phone_sanitized, email_normalized, email_cc, name, referred, type, priority, contact_name, partner_name, function, email_from, email_domain_criterion, phone, mobile, phone_state, email_state, website, street, street2, zip, city, date_deadline, lead_properties, description, expected_revenue, prorated_revenue, recurring_revenue, recurring_revenue_monthly, recurring_revenue_monthly_prorated, recurring_revenue_prorated, active, date_closed, date_automation_last, date_open, date_last_stage_update, date_conversion, create_date, write_date, day_open, day_close, probability, automated_probability, reveal_id, iap_enrich_done, lead_mining_request_id) FROM stdin;
\.


--
-- Data for Name: crm_lead2opportunity_partner; Type: TABLE DATA; Schema: public; Owner: odoo
--

COPY public.crm_lead2opportunity_partner (id, lead_id, partner_id, user_id, team_id, create_uid, write_uid, name, action, force_assignment, create_date, write_date) FROM stdin;
\.


--
-- Data for Name: crm_lead2opportunity_partner_mass; Type: TABLE DATA; Schema: public; Owner: odoo
--

COPY public.crm_lead2opportunity_partner_mass (id, lead_id, partner_id, user_id, team_id, create_uid, write_uid, name, action, force_assignment, deduplicate, create_date, write_date) FROM stdin;
\.


--
-- Data for Name: crm_lead2opportunity_partner_mass_res_users_rel; Type: TABLE DATA; Schema: public; Owner: odoo
--

COPY public.crm_lead2opportunity_partner_mass_res_users_rel (crm_lead2opportunity_partner_mass_id, res_users_id) FROM stdin;
\.


--
-- Data for Name: crm_lead_crm_lead2opportunity_partner_mass_rel; Type: TABLE DATA; Schema: public; Owner: odoo
--

COPY public.crm_lead_crm_lead2opportunity_partner_mass_rel (crm_lead2opportunity_partner_mass_id, crm_lead_id) FROM stdin;
\.


--
-- Data for Name: crm_lead_crm_lead2opportunity_partner_rel; Type: TABLE DATA; Schema: public; Owner: odoo
--

COPY public.crm_lead_crm_lead2opportunity_partner_rel (crm_lead2opportunity_partner_id, crm_lead_id) FROM stdin;
\.


--
-- Data for Name: crm_lead_crm_lead_lost_rel; Type: TABLE DATA; Schema: public; Owner: odoo
--

COPY public.crm_lead_crm_lead_lost_rel (crm_lead_lost_id, crm_lead_id) FROM stdin;
\.


--
-- Data for Name: crm_lead_lost; Type: TABLE DATA; Schema: public; Owner: odoo
--

COPY public.crm_lead_lost (id, lost_reason_id, create_uid, write_uid, lost_feedback, create_date, write_date) FROM stdin;
\.


--
-- Data for Name: crm_lead_pls_update; Type: TABLE DATA; Schema: public; Owner: odoo
--

COPY public.crm_lead_pls_update (id, create_uid, write_uid, pls_start_date, create_date, write_date) FROM stdin;
\.


--
-- Data for Name: crm_lead_pls_update_crm_lead_scoring_frequency_field_rel; Type: TABLE DATA; Schema: public; Owner: odoo
--

COPY public.crm_lead_pls_update_crm_lead_scoring_frequency_field_rel (crm_lead_pls_update_id, crm_lead_scoring_frequency_field_id) FROM stdin;
\.


--
-- Data for Name: crm_lead_scoring_frequency; Type: TABLE DATA; Schema: public; Owner: odoo
--

COPY public.crm_lead_scoring_frequency (id, team_id, create_uid, write_uid, variable, value, won_count, lost_count, create_date, write_date) FROM stdin;
\.


--
-- Data for Name: crm_lead_scoring_frequency_field; Type: TABLE DATA; Schema: public; Owner: odoo
--

COPY public.crm_lead_scoring_frequency_field (id, field_id, create_uid, write_uid, create_date, write_date) FROM stdin;
1	9112	1	1	2026-04-08 08:38:57.179101	2026-04-08 08:38:57.179101
2	9113	1	1	2026-04-08 08:38:57.179101	2026-04-08 08:38:57.179101
3	9102	1	1	2026-04-08 08:38:57.179101	2026-04-08 08:38:57.179101
4	9103	1	1	2026-04-08 08:38:57.179101	2026-04-08 08:38:57.179101
5	9027	1	1	2026-04-08 08:38:57.179101	2026-04-08 08:38:57.179101
6	9105	1	1	2026-04-08 08:38:57.179101	2026-04-08 08:38:57.179101
7	9074	1	1	2026-04-08 08:38:57.179101	2026-04-08 08:38:57.179101
\.


--
-- Data for Name: crm_lead_website_visitor_rel; Type: TABLE DATA; Schema: public; Owner: odoo
--

COPY public.crm_lead_website_visitor_rel (crm_lead_id, website_visitor_id) FROM stdin;
\.


--
-- Data for Name: crm_lost_reason; Type: TABLE DATA; Schema: public; Owner: odoo
--

COPY public.crm_lost_reason (id, create_uid, write_uid, name, active, create_date, write_date) FROM stdin;
1	1	1	{"en_US": "Too expensive", "es_ES": "Demasiado caro"}	t	2026-04-08 08:38:57.179101	2026-04-08 08:38:57.179101
2	1	1	{"en_US": "We don't have people/skills", "es_ES": "No tenemos gente/habilidades"}	t	2026-04-08 08:38:57.179101	2026-04-08 08:38:57.179101
3	1	1	{"en_US": "Not enough stock", "es_ES": "No hay suficiente stock"}	t	2026-04-08 08:38:57.179101	2026-04-08 08:38:57.179101
\.


--
-- Data for Name: crm_merge_opportunity; Type: TABLE DATA; Schema: public; Owner: odoo
--

COPY public.crm_merge_opportunity (id, user_id, team_id, create_uid, write_uid, create_date, write_date) FROM stdin;
\.


--
-- Data for Name: crm_quotation_partner; Type: TABLE DATA; Schema: public; Owner: odoo
--

COPY public.crm_quotation_partner (id, lead_id, partner_id, create_uid, write_uid, action, create_date, write_date) FROM stdin;
\.


--
-- Data for Name: crm_recurring_plan; Type: TABLE DATA; Schema: public; Owner: odoo
--

COPY public.crm_recurring_plan (id, number_of_months, sequence, create_uid, write_uid, name, active, create_date, write_date) FROM stdin;
1	1	10	1	1	{"en_US": "Monthly", "es_ES": "Mensualmente"}	t	2026-04-08 08:38:57.179101	2026-04-08 08:38:57.179101
2	12	10	1	1	{"en_US": "Yearly", "es_ES": "Anualmente"}	t	2026-04-08 08:38:57.179101	2026-04-08 08:38:57.179101
3	36	10	1	1	{"en_US": "Over 3 years", "es_ES": "Más de 3 años "}	t	2026-04-08 08:38:57.179101	2026-04-08 08:38:57.179101
4	60	10	1	1	{"en_US": "Over 5 years ", "es_ES": "Más de 5 años"}	t	2026-04-08 08:38:57.179101	2026-04-08 08:38:57.179101
\.


--
-- Data for Name: crm_stage; Type: TABLE DATA; Schema: public; Owner: odoo
--

COPY public.crm_stage (id, sequence, team_id, create_uid, write_uid, name, requirements, is_won, fold, create_date, write_date) FROM stdin;
1	1	\N	1	1	{"en_US": "New", "es_ES": "Nuevo"}	\N	\N	\N	2026-04-08 08:38:57.179101	2026-04-08 08:38:57.179101
2	2	\N	1	1	{"en_US": "Qualified", "es_ES": "Calificado"}	\N	\N	\N	2026-04-08 08:38:57.179101	2026-04-08 08:38:57.179101
3	3	\N	1	1	{"en_US": "Proposition", "es_ES": "Propuesta"}	\N	\N	\N	2026-04-08 08:38:57.179101	2026-04-08 08:38:57.179101
4	70	\N	1	1	{"en_US": "Won", "es_ES": "Ganado"}	\N	t	f	2026-04-08 08:38:57.179101	2026-04-08 08:38:57.179101
\.


--
-- Data for Name: crm_tag; Type: TABLE DATA; Schema: public; Owner: odoo
--

COPY public.crm_tag (id, color, create_uid, write_uid, name, create_date, write_date) FROM stdin;
\.


--
-- Data for Name: crm_tag_rel; Type: TABLE DATA; Schema: public; Owner: odoo
--

COPY public.crm_tag_rel (lead_id, tag_id) FROM stdin;
\.


--
-- Data for Name: crm_team; Type: TABLE DATA; Schema: public; Owner: odoo
--

COPY public.crm_team (id, sequence, company_id, user_id, color, create_uid, write_uid, name, active, create_date, write_date, invoiced_target, alias_id, assignment_domain, lead_properties_definition, use_leads, use_opportunities, assignment_optout) FROM stdin;
1	0	\N	\N	\N	1	1	{"en_US": "Sales", "es_ES": "Ventas"}	t	2026-04-08 08:34:38.229338	2026-04-08 08:38:57.179101	\N	3	\N	\N	\N	t	\N
3	10	\N	\N	\N	1	1	{"en_US": "Point of Sale", "es_ES": "Punto de venta"}	f	2026-04-08 08:34:38.229338	2026-04-08 08:38:57.179101	\N	4	\N	\N	\N	f	\N
2	10	\N	\N	\N	1	1	{"en_US": "Website", "es_ES": "Sitio web"}	f	2026-04-08 08:34:38.229338	2026-04-08 08:38:57.179101	\N	5	\N	\N	\N	f	\N
\.


--
-- Data for Name: crm_team_member; Type: TABLE DATA; Schema: public; Owner: odoo
--

COPY public.crm_team_member (id, crm_team_id, user_id, create_uid, write_uid, active, create_date, write_date, assignment_max, assignment_domain, assignment_optout) FROM stdin;
1	1	2	1	1	t	2026-04-08 08:34:38.229338	2026-04-08 08:34:38.229338	30	\N	\N
\.


--
-- Data for Name: decimal_precision; Type: TABLE DATA; Schema: public; Owner: odoo
--

COPY public.decimal_precision (id, digits, create_uid, write_uid, name, create_date, write_date) FROM stdin;
1	2	1	1	Percentage Analytic	2026-04-08 08:34:32.743761	2026-04-08 08:34:32.743761
2	2	1	1	Product Price	2026-04-08 08:34:36.29858	2026-04-08 08:34:36.29858
3	2	1	1	Discount	2026-04-08 08:34:36.29858	2026-04-08 08:34:36.29858
4	2	1	1	Stock Weight	2026-04-08 08:34:36.29858	2026-04-08 08:34:36.29858
5	2	1	1	Volume	2026-04-08 08:34:36.29858	2026-04-08 08:34:36.29858
6	2	1	1	Product Unit of Measure	2026-04-08 08:34:36.29858	2026-04-08 08:34:36.29858
7	6	1	1	Payment Terms	2026-04-08 08:34:46.340378	2026-04-08 08:34:46.340378
\.


--
-- Data for Name: digest_digest; Type: TABLE DATA; Schema: public; Owner: odoo
--

COPY public.digest_digest (id, company_id, create_uid, write_uid, periodicity, state, next_run_date, name, kpi_res_users_connected, kpi_mail_message_total, create_date, write_date, kpi_account_total_revenue, kpi_all_sale_total, kpi_project_task_opened, kpi_crm_lead_created, kpi_crm_opportunities_won) FROM stdin;
1	1	1	6	weekly	activated	2026-05-08	{"en_US": "Your Odoo Periodic Digest", "es_ES": "Su resumen periódico de Odoo"}	t	t	2026-04-08 08:34:42.757453	2026-05-04 10:22:25.018913	t	t	t	t	t
\.


--
-- Data for Name: digest_digest_res_users_rel; Type: TABLE DATA; Schema: public; Owner: odoo
--

COPY public.digest_digest_res_users_rel (digest_digest_id, res_users_id) FROM stdin;
1	2
1	7
1	8
1	11
1	13
1	14
1	15
1	16
1	17
1	18
1	19
1	20
1	21
1	22
1	23
1	24
1	25
1	27
1	46
1	47
1	48
\.


--
-- Data for Name: digest_tip; Type: TABLE DATA; Schema: public; Owner: odoo
--

COPY public.digest_tip (id, sequence, group_id, create_uid, write_uid, name, tip_description, create_date, write_date) FROM stdin;
4	2400	1	1	1	{"en_US": "Tip: How to ping users in internal notes?", "es_ES": "Consejo: ¿Cómo notificar usuarios en las notas internas?"}	{"en_US": "<div>\\n    <p class=\\"tip_title\\">Tip: How to ping users in internal notes?</p>\\n    <p class=\\"tip_content\\">Type \\"@\\" to notify someone in a message, or \\"#\\" to link to a channel. Try to notify @OdooBot to test the feature.</p>\\n    <img src=\\"https://download.odoocdn.com/digests/digest/static/src/img/milk-notifications.png\\" width=\\"540\\" class=\\"illustration_border\\">\\n</div>\\n            ", "es_ES": "<div>\\n    <p class=\\"tip_title\\">Consejo: ¿Cómo notificar usuarios en las notas internas?</p>\\n    <p class=\\"tip_content\\">Escriba \\"@\\" para enviar una notificación a alguien por medio de un mensaje, o \\"#\\" para vincular un canal. Intente enviar una notificación a @OdooBot para probar esta función.</p>\\n    <img src=\\"https://download.odoocdn.com/digests/digest/static/src/img/milk-notifications.png\\" width=\\"540\\" class=\\"illustration_border\\">\\n</div>\\n            "}	2026-04-08 08:34:42.757453	2026-04-08 08:34:42.757453
5	2500	1	1	1	{"en_US": "Tip: Knowledge is power", "es_ES": "Consejo: el conocimiento es poder"}	{"en_US": "<div>\\n    <p class=\\"tip_title\\">Tip: Knowledge is power</p>\\n    <p class=\\"tip_content\\">When following documents, use the pencil icon to fine-tune the information you want to receive.\\nFollow a project / sales team to keep track of this project's tasks / this team's opportunities.</p>\\n    <img src=\\"https://download.odoocdn.com/digests/digest/static/src/img/milk-following.png\\" width=\\"540\\" class=\\"illustration_border\\">\\n</div>\\n            ", "es_ES": "<div>\\n    <p class=\\"tip_title\\">Consejo: el conocimiento es poder</p>\\n    <p class=\\"tip_content\\">Cuando siga documentos, use el icono de lápiz para ajustar la información que desea recibir.\\nSiga un proyecto o un equipo de ventas para llevar el seguimiento de las tareas de este proyecto o las oportunidades de este equipo.</p>\\n    <img src=\\"https://download.odoocdn.com/digests/digest/static/src/img/milk-following.png\\" width=\\"540\\" class=\\"illustration_border\\">\\n</div>\\n            "}	2026-04-08 08:34:42.757453	2026-04-08 08:34:42.757453
3	2300	1	1	1	{"en_US": "Tip: A calculator in Odoo", "es_ES": "Consejo: una calculadora en Odoo"}	{"en_US": "<div>\\n    <p class=\\"tip_title\\">Tip: A calculator in Odoo</p>\\n    <p class=\\"tip_content\\">When editing a number, you can use formulae by typing the `=` character. This is useful when computing a margin or a discount on a quotation, sale order or invoice.</p>\\n    <img src=\\"https://download.odoocdn.com/digests/digest/static/src/img/milk-calculator.gif\\" width=\\"540\\" class=\\"illustration_border\\">\\n</div>\\n            ", "es_ES": "<div>\\n    <p class=\\"tip_title\\">Consejo: una calculadora en Odoo</p>\\n    <p class=\\"tip_content\\">Cuando edite un número, puede utilizar fórmulas al escribir el carácter `=`. Esto es útil cuando calcula un margen o un descuento en un presupuesto, pedido de venta o factura.</p>\\n    <img src=\\"https://download.odoocdn.com/digests/digest/static/src/img/milk-calculator.gif\\" width=\\"540\\" class=\\"illustration_border\\">\\n</div>\\n            "}	2026-04-08 08:34:42.757453	2026-05-01 10:35:07.370498
2	2100	1	1	1	{"en_US": "Tip: Click on an avatar to chat with a user", "es_ES": "Consejo: Haga clic en un avatar para chatear con el usuario"}	{"en_US": "<div>\\n    <p class=\\"tip_title\\">Tip: Click on an avatar to chat with a user</p>\\n    <p class=\\"tip_content\\">Have a question about a document? Click on the responsible user's picture to start a conversation. If his avatar has a green dot, he is online.</p>\\n    <img src=\\"https://download.odoocdn.com/digests/digest/static/src/img/milk-avatar.gif\\" width=\\"540\\" class=\\"illustration_border\\">\\n</div>\\n            ", "es_ES": "<div>\\n    <p class=\\"tip_title\\">Consejo: Haga clic en un avatar para chatear con un usuario</p>\\n    <p class=\\"tip_content\\">¿Tienes una pregunta sobre el documento? Haga clic en la fotografía del usuario responsable para iniciar una conversación. Si el avatar tiene un punto verde, está en línea.</p>\\n    <img src=\\"https://download.odoocdn.com/digests/digest/static/src/img/milk-avatar.gif\\" width=\\"540\\" class=\\"illustration_border\\">\\n</div>\\n            "}	2026-04-08 08:34:42.757453	2026-05-01 10:35:07.370498
6	3300	1	1	1	{"en_US": "Tip: Join the Dark Side", "es_ES": "Consejo: únase al lado oscuro"}	{"en_US": "<div>\\n    <p class=\\"tip_title\\">Tip: Join the Dark Side</p>\\n    <p class=\\"tip_content\\">Feeling eye strain? Give your eyes a break by switching to Dark Mode.</p>\\n    <img src=\\"https://download.odoocdn.com/digests/digest/static/src/img/18-web-dark-theme.gif\\" width=\\"540\\" class=\\"illustration_border\\">\\n</div>\\n            ", "es_ES": "<div>\\n    <p class=\\"tip_title\\">Consejo: únase al lado oscuro</p>\\n    <p class=\\"tip_content\\">¿Necesita descansar su vista? Use el modo oscuro.</p>\\n    <img src=\\"https://download.odoocdn.com/digests/digest/static/src/img/18-web-dark-theme.gif\\" width=\\"540\\" class=\\"illustration_border\\">\\n</div>\\n            "}	2026-04-08 08:34:42.757453	2026-04-08 08:34:42.757453
7	3800	1	1	1	{"en_US": "Tip: Personalize your Home Menu", "es_ES": "Consejo: personalice su menú principal"}	{"en_US": "<div>\\n    <p class=\\"tip_title\\">Tip: Personalize your Home Menu</p>\\n    <p class=\\"tip_content\\">Click and hold on a Menu Item to reorder your Apps to your liking.</p>\\n    <img src=\\"https://download.odoocdn.com/digests/digest/static/src/img/18-web-app-order.gif\\" width=\\"540\\" class=\\"illustration_border\\">\\n</div>\\n            ", "es_ES": "<div>\\n    <p class=\\"tip_title\\">Consejo: personalice su menú principal</p>\\n    <p class=\\"tip_content\\">Haga clic y mantenga presionado un elemento del menú para reordenar sus aplicaciones a su gusto.</p>\\n    <img src=\\"https://download.odoocdn.com/digests/digest/static/src/img/18-web-app-order.gif\\" width=\\"540\\" class=\\"illustration_border\\">\\n</div>\\n            "}	2026-04-08 08:34:42.757453	2026-04-08 08:34:42.757453
8	700	26	1	1	{"en_US": "Tip: No need to print, put in an envelop and post your invoices", "es_ES": "Consejo: no es necesario que imprima, ponga en un sobre y envíe sus facturas"}	{"en_US": "<div>\\n    <p class=\\"tip_title\\">Tip: No need to print, put in an envelop and post your invoices</p>\\n    <p class=\\"tip_content\\">Use the “<i>Send by Post</i>” option to post invoices automatically. For the cost of a local stamp, we do all the manual work: your invoice will be printed in the right country, put in an envelop and sent by snail mail. Use this feature from the list view to post hundreds of invoices in bulk.</p>\\n    <img src=\\"https://download.odoocdn.com/digests/account/static/src/img/invoice-stamps.png\\" width=\\"540\\" class=\\"illustration_border\\">\\n</div>\\n            ", "es_ES": "<div>\\n    <p class=\\"tip_title\\">Consejo: no es necesario que imprima, ponga en un sobre y envíe sus facturas</p>\\n    <p class=\\"tip_content\\">Utilice la opción \\"<i>Enviar por correo electrónico</i>\\" para registrar facturas automáticamente. Por el coste de un sello local, hacemos todo el trabajo manual: su factura se imprimirá en el país correcto, se colocará en un sobre y se enviará por correo postal. Utilice esta función de la vista de lista para registrar cientos de facturas de forma masiva.</p>\\n    <img src=\\"https://download.odoocdn.com/digests/account/static/src/img/invoice-stamps.png\\" width=\\"540\\" class=\\"illustration_border\\">\\n</div>\\n            "}	2026-04-08 08:34:46.340378	2026-04-10 10:35:10.35607
9	3100	26	1	1	{"en_US": "Tip: Stop chasing the Documents you need", "es_ES": "Consejo: deje de buscar los documentos que necesita"}	{"en_US": "<div>\\n    <p class=\\"tip_title\\">Tip: Stop chasing the Documents you need</p>\\n    <p class=\\"tip_content\\">Missing a document for a banking statement? Use the Documents apps to request it and let the owner upload it at the right place.</p>\\n    <img src=\\"https://download.odoocdn.com/digests/account/static/src/img/18-invoice-request-document.gif\\" width=\\"540\\" class=\\"illustration_border\\">\\n</div>\\n            ", "es_ES": "<div>\\n    <p class=\\"tip_title\\">Consejo: deje de buscar los documentos que necesita</p>\\n    <p class=\\"tip_content\\">¿Falta un documento para un extracto bancario? Use la aplicación Documentos para solicitarlo y permita que el propietario lo suba al lugar correcto.</p>\\n    <img src=\\"https://download.odoocdn.com/digests/account/static/src/img/18-invoice-request-document.gif\\" width=\\"540\\" class=\\"illustration_border\\">\\n</div>\\n            "}	2026-04-08 08:34:46.340378	2026-04-08 08:34:46.340378
10	2200	23	1	1	{"en_US": "Tip: Odoo supports configurable products", "es_ES": "Consejo: Odoo admite productos configurables"}	{"en_US": "<div>\\n    <p class=\\"tip_title\\">Tip: Odoo supports configurable products</p>\\n    <p class=\\"tip_content\\">Struggling with a complex product catalog? Try out the Product Configurator to help sales configure a product with different options: colors, size, capacity, etc. Make sale orders encoding easier and error-proof.</p>\\n    <img src=\\"https://download.odoocdn.com/digests/sale_management/static/src/img/milk-Sales-configure-products.gif\\" width=\\"540\\" class=\\"illustration_border\\">\\n</div>\\n            ", "es_ES": "<div>\\n    <p class=\\"tip_title\\">Consejo: Odoo admite productos configurables</p>\\n    <p class=\\"tip_content\\">¿Tiene problemas con un catálogo de productos complejo? Pruebe el Configurador de productos para ayudar a las ventas a configurar un producto con diferentes opciones: colores, tamaño, capacidad, etc. Haga que la codificación de los pedidos de venta sea más fácil y sin errores.</p>\\n    <img src=\\"https://download.odoocdn.com/digests/sale_management/static/src/img/milk-Sales-configure-products.gif\\" width=\\"540\\" class=\\"illustration_border\\">\\n</div>\\n            "}	2026-04-08 08:35:05.349582	2026-04-08 08:35:05.349582
11	2700	23	1	1	{"en_US": "Tip: Sell or buy products in bulk with matrixes", "es_ES": "Consejo: Vender o comprar productos al por mayor con matrices"}	{"en_US": "<div>\\n    <p class=\\"tip_title\\">Tip: Sell or buy products in bulk with matrixes</p>\\n    <p class=\\"tip_content\\">Selling the same product in different sizes or colors? Try the product grid and populate your orders with multiple quantities of each variant. This feature also exists in the Purchase application.</p>\\n    <img src=\\"https://download.odoocdn.com/digests/sale_management/static/src/img/milk-t-shirts.png\\" width=\\"540\\" class=\\"illustration_border\\">\\n</div>\\n            ", "es_ES": "<div>\\n    <p class=\\"tip_title\\">Consejo: Vender o comprar productos al por mayor con matrices</p>\\n    <p class=\\"tip_content\\">¿Vender el mismo producto en diferentes tamaños o colores? Pruebe la tabla de productos y cree pedidos con diversas variantes. Esta función también existe en la aplicación de Compras.</p>\\n    <img src=\\"https://download.odoocdn.com/digests/sale_management/static/src/img/milk-t-shirts.png\\" width=\\"540\\" class=\\"illustration_border\\">\\n</div>\\n            "}	2026-04-08 08:35:05.349582	2026-04-08 08:35:05.349582
15	3200	48	1	1	{"en_US": "Tip: Your Own Personal Kanban", "es_ES": "Consejo: use su propia vista de kanban"}	{"en_US": "<div>\\n    <p class=\\"tip_title\\">Tip: Your Own Personal Kanban</p>\\n    <p class=\\"tip_content\\">Use personal stages to organize your tasks and create your own workflow.</p>\\n    <img src=\\"https://download.odoocdn.com/digests/project/static/src/img/18-project-personal-stages.gif\\" width=\\"540\\" class=\\"illustration_border\\">\\n</div>\\n            ", "es_ES": "<div>\\n    <p class=\\"tip_title\\">Consejo: use su propia vista de kanban</p>\\n    <p class=\\"tip_content\\">Utilice etapas personales para organizar sus tareas y crear su propio flujo de trabajo.</p>\\n    <img src=\\"https://download.odoocdn.com/digests/project/static/src/img/18-project-personal-stages.gif\\" width=\\"540\\" class=\\"illustration_border\\">\\n</div>\\n            "}	2026-04-08 08:35:22.624638	2026-04-08 08:35:22.624638
14	1300	48	1	1	{"en_US": "Tip: Create tasks from incoming emails", "es_ES": "Consejo: cree tareas desde sus correos electrónicos"}	{"en_US": "<div>\\n    <t t-set=\\"project_record\\" t-value=\\"object.env['project.project'].search([('alias_name', '!=', False), ('alias_domain_id', '!=', False)], limit=1, order='sequence asc')\\"></t>\\n    <p class=\\"tip_title\\">Tip: Create tasks from incoming emails</p>\\n    <t t-if=\\"project_record.alias_email\\">\\n        <p class=\\"tip_content\\">Emails sent to <a t-attf-href=\\"mailto:{{project_record.alias_email}}\\" target=\\"_blank\\" style=\\"color: #714B67; text-decoration: none;\\"><t t-out=\\"project_record.alias_email\\"></t></a> will generate tasks in your <t t-out=\\"project_record.name\\"></t> project.</p>\\n    </t>\\n    <t t-else=\\"\\">\\n        <p class=\\"tip_content\\">Create tasks by sending an email to the email address of your project.</p>\\n    </t>\\n</div>\\n            ", "es_ES": "<div>\\n    <t t-set=\\"project_record\\" t-value=\\"object.env['project.project'].search([('alias_name', '!=', False), ('alias_domain_id', '!=', False)], limit=1, order='sequence asc')\\"></t>\\n    <p class=\\"tip_title\\">Consejo: cree tareas desde sus correos electrónicos</p>\\n    <t t-if=\\"project_record.alias_email\\">\\n        <p class=\\"tip_content\\">Correos electrónicos enviados a <a t-attf-href=\\"mailto:{{project_record.alias_email}}\\" target=\\"_blank\\" style=\\"color: #714B67; text-decoration: none;\\"><t t-out=\\"project_record.alias_email\\"></t></a> generarán tareas en su proyecto <t t-out=\\"project_record.name\\"></t> .</p>\\n    </t>\\n    <t t-else=\\"\\">\\n        <p class=\\"tip_content\\">Cree tareas al enviar un correo electrónico a la dirección de correo electrónico de su proyecto.</p>\\n    </t>\\n</div>\\n            "}	2026-04-08 08:35:22.624638	2026-04-08 08:35:22.624638
16	3900	49	1	1	{"en_US": "Tip: Project-Specific Fields", "es_ES": "Consejo: campos específicos para sus proyectos"}	{"en_US": "<div>\\n    <p class=\\"tip_title\\">Tip: Project-Specific Fields</p>\\n    <p class=\\"tip_content\\">Add project-specific property fields on tasks to customize your project management process.</p>\\n    <img src=\\"https://download.odoocdn.com/digests/project/static/src/img/18-project-property-fields.gif\\" width=\\"540\\" class=\\"illustration_border\\">\\n</div>\\n            ", "es_ES": "<div>\\n    <p class=\\"tip_title\\">Consejo: campos específicos para sus proyectos</p>\\n    <p class=\\"tip_content\\">Añada campos de propiedad específicos al proyecto a las tareas para personalizar su proceso de gestión de proyectos.</p>\\n    <img src=\\"https://download.odoocdn.com/digests/project/static/src/img/18-project-property-fields.gif\\" width=\\"540\\" class=\\"illustration_border\\">\\n</div>\\n            "}	2026-04-08 08:35:22.624638	2026-04-08 08:35:22.624638
13	1200	48	1	1	{"en_US": "Tip: Use task states to keep track of your tasks' progression", "es_ES": "Consejo: use los estados en las tareas para llevar seguimiento del avance de sus tareas"}	{"en_US": "<div>\\n                <p class=\\"tip_title\\">Tip: Use task states to keep track of your tasks' progression</p>\\n                <p class=\\"tip_content\\">\\n                Quickly check the status of tasks for approvals or change requests and identify those on hold until dependencies are resolved with the hourglass icon.\\n                </p>\\n                <img src=\\"https://download.odoocdn.com/digests/project/static/src/img/task-state-img.png\\" width=\\"720\\" class=\\"illustration_border\\">\\n            </div>\\n            ", "es_ES": "<div>\\n                <p class=\\"tip_title\\">Consejo: use los estados en las tareas para llevar seguimiento del avance de sus tareas</p>\\n                <p class=\\"tip_content\\">\\n                Revise el estado de las tareas para aprobarlas o cambiar sus solicitudes. Con el icono de reloj de arena puede identificar las que están en pausa hasta que se resuelvan las dependencias.\\n                </p>\\n                <img src=\\"https://download.odoocdn.com/digests/project/static/src/img/task-state-img.png\\" width=\\"720\\" class=\\"illustration_border\\">\\n            </div>\\n            "}	2026-04-08 08:35:22.624638	2026-05-01 10:35:07.370498
23	3600	21	1	1	{"en_US": "Tip: Identify Bottlenecks at a glance", "es_ES": "Consejo: identifique bloqueos de un solo vistazo"}	{"en_US": "<div>\\n    <p class=\\"tip_title\\">Tip: Identify Bottlenecks at a glance</p>\\n    <p class=\\"tip_content\\">Check the Stage Tracker of Leads to identify bottlenecks in your Sales process.</p>\\n    <img src=\\"https://download.odoocdn.com/digests/crm/static/src/img/18-lead-stage-bottleneck.png\\" width=\\"540\\" class=\\"illustration_border\\">\\n</div>\\n            ", "es_ES": "<div>\\n    <p class=\\"tip_title\\">Consejo: identifique bloqueos de un solo vistazo</p>\\n    <p class=\\"tip_content\\">Consulte el rastreador de etapas de los leads para identificar aquellos que retrasen su proceso de ventas.</p>\\n    <img src=\\"https://download.odoocdn.com/digests/crm/static/src/img/18-lead-stage-bottleneck.png\\" width=\\"540\\" class=\\"illustration_border\\">\\n</div>\\n            "}	2026-04-08 08:38:57.179101	2026-04-08 08:38:57.179101
24	4400	21	1	1	{"en_US": "Tip: Turn Sales Forecasting into Child's Play", "es_ES": "Consejo: facilite el proceso de pronóstico de ventas"}	{"en_US": "<div>\\n    <p class=\\"tip_title\\">Tip: Turn Sales Forecasting into Child's Play</p>\\n    <p class=\\"tip_content\\">Use the CRM Forecast Kanban to easily define when Opportunities are expected to be won.</p>\\n    <img src=\\"https://download.odoocdn.com/digests/crm/static/src/img/18-opportunity-forecast.gif\\" width=\\"540\\" class=\\"illustration_border\\">\\n</div>\\n            ", "es_ES": "<div>\\n    <p class=\\"tip_title\\">Consejo: facilite el proceso de pronóstico de ventas</p>\\n    <p class=\\"tip_content\\">Utilice la vista de kanban para sus pronósticos en CRM y defina con facilidad cuándo espera ganar las oportunidades.</p>\\n    <img src=\\"https://download.odoocdn.com/digests/crm/static/src/img/18-opportunity-forecast.gif\\" width=\\"540\\" class=\\"illustration_border\\">\\n</div>\\n            "}	2026-04-08 08:38:57.179101	2026-04-08 08:38:57.179101
22	3000	22	1	1	{"en_US": "Tip: Turn a selection of opportunities into a map", "es_ES": "Consejo: convierta una selección de oportunidades en un mapa"}	{"en_US": "<div>\\n    <p class=\\"tip_title\\">Tip: Turn a selection of opportunities into a map</p>\\n    <p class=\\"tip_content\\">Did you know you can turn a list of opportunities into a map view, using the top-right map icon? A lot of screens in Odoo can be turned into a map: tasks, contacts, delivery orders, etc.</p>\\n    <img src=\\"https://download.odoocdn.com/digests/crm/static/src/img/milk-mapview-toggle.gif\\" width=\\"540\\" class=\\"illustration_border\\">\\n</div>\\n            ", "es_ES": "<div>\\n    <p class=\\"tip_title\\">Consejo: convierta una selección de oportunidades en un mapa</p>\\n    <p class=\\"tip_content\\">¿Sabía que puede convertir una lista de oportunidades en una vista de mapa con el icono de mapa en la esquina superior derecha? Muchas pantallas en Odoo pueden convertirse en mapas: tareas, contactos, órdenes de entrega, etc.</p>\\n    <img src=\\"https://download.odoocdn.com/digests/crm/static/src/img/milk-mapview-toggle.gif\\" width=\\"540\\" class=\\"illustration_border\\">\\n</div>\\n            "}	2026-04-08 08:38:57.179101	2026-04-08 08:38:57.179101
20	2600	22	1	1	{"en_US": "Tip: Manage your pipeline", "es_ES": "Consejo: Gestione su flujo"}	{"en_US": "<div>\\n    <p class=\\"tip_title\\">Tip: Manage your pipeline</p>\\n    <p class=\\"tip_content\\">A great tip to boost sales efficiency is to always define a next step on each opportunity. To manage ongoing activities, click on any status of the progress bar to filter opportunities based on their next activities' status. Click on the grey area of the progress bar to see all opportunities that have no next activity.</p>\\n    <img src=\\"https://download.odoocdn.com/digests/crm/static/src/img/milk-pipeline-progress.gif\\" width=\\"540\\" class=\\"illustration_border\\">\\n</div>\\n            ", "es_ES": "<div>\\n    <p class=\\"tip_title\\">Consejo: Gestione su flujo</p>\\n    <p class=\\"tip_content\\">Un gran consejo para impulsar sus ventas es siempre definir un siguiente paso en cada oportunidad. Si desea gestionar actividades en curso, haga clic en cualquier estado de la barra de progreso para filtrar oportunidades según el estado de su siguiente actividad. Haga clic en el área gris de la barra de progreso para ver todas las oportunidades que no tienen siguiente actividad.</p>\\n    <img src=\\"https://download.odoocdn.com/digests/crm/static/src/img/milk-pipeline-progress.gif\\" width=\\"540\\" class=\\"illustration_border\\">\\n</div>\\n            "}	2026-04-08 08:38:57.179101	2026-04-08 08:38:57.179101
21	2800	22	1	1	{"en_US": "Tip: Do not waste time recording customers' data", "es_ES": "Consejo: no pierda tiempo registrando los datos de los clientes"}	{"en_US": "<div>\\n    <p class=\\"tip_title\\">Tip: Do not waste time recording customers' data</p>\\n    <p class=\\"tip_content\\">Did you know you can search a company by name or VAT number to instantly fill in all its data? Odoo autocompletes everything for you: logo, address, company size, business information, social media accounts, etc.</p>\\n    <img src=\\"https://download.odoocdn.com/digests/crm/static/src/img/milk-autofill.gif\\" width=\\"540\\" class=\\"illustration_border\\">\\n</div>\\n            ", "es_ES": "<div>\\n    <p class=\\"tip_title\\">Consejo: no pierda tiempo registrando los datos de los clientes</p>\\n    <p class=\\"tip_content\\">¿Sabía que puede buscar una empresa por su nombre o Número de Identificación Fiscal para completar todos sus datos de forma instantánea? Odoo autocompleta todo por usted: logo, dirección, tamaño de empresa, información empresarial, cuentas en redes sociales, etc.</p>\\n    <img src=\\"https://download.odoocdn.com/digests/crm/static/src/img/milk-autofill.gif\\" width=\\"540\\" class=\\"illustration_border\\">\\n</div>\\n            "}	2026-04-08 08:38:57.179101	2026-04-08 08:38:57.179101
1	800	1	1	1	{"en_US": "Tip: Speed up your workflow with shortcuts", "es_ES": "Consejo: acelere su flujo de trabajo con accesos rápidos"}	{"en_US": "<div>\\n    <p class=\\"tip_title\\">Tip: Speed up your workflow with shortcuts</p>\\n    <p class=\\"tip_content\\">Press ALT in any screen to highlight shortcuts for every button in the screen. It is useful to process multiple documents in batch.</p>\\n    <img src=\\"https://download.odoocdn.com/digests/digest/static/src/img/milk-alt-shortcuts.gif\\" width=\\"540\\" class=\\"illustration_border\\">\\n</div>\\n            ", "es_ES": "<div>\\n    <p class=\\"tip_title\\">Consejo: acelere su flujo de trabajo con accesos rápidos</p>\\n    <p class=\\"tip_content\\">Presiona ALT en cualquier pantalla para resaltar accesos rápidos para cada botón en la pantalla. Es útil para procesar múltiples documentos en lote. </p>\\n    <img src=\\"https://download.odoocdn.com/digests/digest/static/src/img/milk-alt-shortcuts.gif\\" width=\\"540\\" class=\\"illustration_border\\">\\n</div>\\n            "}	2026-04-08 08:34:42.757453	2026-05-01 10:35:07.370498
25	1000	60	1	1	{"en_US": "Tip: Speed up inventory operations with barcodes", "es_ES": "Consejo: acelere las operaciones de inventario con códigos de barras"}	{"en_US": "<div>\\n    <p class=\\"tip_title\\">Tip: Speed up inventory operations with barcodes</p>\\n    <table class=\\"tip_twocol\\">\\n        <tr>\\n            <td class=\\"tip_twocol_left\\" style=\\"width: 45%;\\">\\n                <img src=\\"https://download.odoocdn.com/digests/stock/static/src/img/barcode.gif\\" class=\\"tip_twocol_img\\" width=\\"240\\">\\n            </td>\\n            <td style=\\"width: 55%;\\">\\n                <p class=\\"tip_content\\" style=\\"margin: 0;\\">Enjoy a quick-paced experience with the Odoo barcode app. It is blazing fast and works even without a stable internet connection. It supports all flows: inventory adjustments, batch picking, moving lots or pallets, low inventory checks, etc. Go to the \\"Apps\\" menu to activate the barcode interface.</p>\\n            </td>\\n        </tr>\\n    </table>\\n    <div style=\\"clear: both;\\"></div>\\n</div>\\n            ", "es_ES": "<div>\\n    <p class=\\"tip_title\\">Consejo: acelere las operaciones de inventario con códigos de barras</p>\\n    <table class=\\"tip_twocol\\">\\n        <tr>\\n            <td class=\\"tip_twocol_left\\" style=\\"width: 45%;\\">\\n                <img src=\\"https://download.odoocdn.com/digests/stock/static/src/img/barcode.gif\\" class=\\"tip_twocol_img\\" width=\\"240\\">\\n            </td>\\n            <td style=\\"width: 55%;\\">\\n                <p class=\\"tip_content\\" style=\\"margin: 0;\\">Disfrute de una experiencia de ritmo rápido con la aplicación de código de barras Odoo. Es increíblemente rápido y funciona incluso sin una conexión a Internet estable. Admite todos los flujos: ajustes de inventario, picking por lotes, mover lotes o paletas, controles de inventario bajo, etc. Vaya al menú \\"Aplicaciones\\" para activar la interfaz de código de barras.</p>\\n            </td>\\n        </tr>\\n    </table>\\n    <div style=\\"clear: both;\\"></div>\\n</div>\\n            "}	2026-04-08 08:46:08.412603	2026-05-01 10:35:07.370498
26	4000	60	1	1	{"en_US": "Tip: Monitor Lot details", "es_ES": "Consejo: supervise los detalles del lote"}	{"en_US": "<div>\\n    <p class=\\"tip_title\\">Tip: Monitor Lot details</p>\\n    <p class=\\"tip_content\\">Store and retrieve information regarding every Lot/Serial Number (condition, product info, ...).</p>\\n    <img src=\\"https://download.odoocdn.com/digests/stock/static/src/img/18-stock-property-fields.gif\\" width=\\"540\\" class=\\"illustration_border\\">\\n</div>\\n            ", "es_ES": "<div>\\n    <p class=\\"tip_title\\">Consejo: supervise los detalles del lote</p>\\n    <p class=\\"tip_content\\">Almacene y consulte la información relacionada con el número de serie o lote (condición, información del producto...)</p>\\n    <img src=\\"https://download.odoocdn.com/digests/stock/static/src/img/18-stock-property-fields.gif\\" width=\\"540\\" class=\\"illustration_border\\">\\n</div>\\n            "}	2026-04-08 08:46:08.412603	2026-04-08 08:46:08.412603
27	3500	74	1	1	{"en_US": "Tip: Where's Bryan?", "es_ES": "Consejo: ¿Dónde está Brian?"}	{"en_US": "<div>\\n    <p class=\\"tip_title\\">Tip: Where's Bryan?</p>\\n    <p class=\\"tip_content\\">Activate Remote Work to let Employees specify where they are working from.</p>\\n    <img src=\\"https://download.odoocdn.com/digests/hr/static/src/img/18-hr-work-location.gif\\" width=\\"540\\" class=\\"illustration_border\\">\\n</div>\\n            ", "es_ES": "<div>\\n    <p class=\\"tip_title\\">Consejo: ¿Dónde está Brian?</p>\\n    <p class=\\"tip_content\\">Habilite la función de teletrabajo para permitir que los empleados especifiquen desde dónde están trabajando.</p>\\n    <img src=\\"https://download.odoocdn.com/digests/hr/static/src/img/18-hr-work-location.gif\\" width=\\"540\\" class=\\"illustration_border\\">\\n</div>\\n            "}	2026-04-08 08:50:55.821924	2026-04-08 08:50:55.821924
17	200	22	1	1	{"en_US": "Tip: Convert incoming emails into opportunities", "es_ES": "Consejo: convierta correos electrónicos entrantes en oportunidades"}	{"en_US": "<div>\\n    <t t-set=\\"record\\" t-value=\\"object.env['crm.team'].search([('alias_name', '!=', 'False')], limit=1)\\"></t>\\n    <p class=\\"tip_title\\">Tip: Convert incoming emails into opportunities</p>\\n    <t t-if=\\"record.alias_email\\">\\n        <p class=\\"tip_content\\">Did you know emails sent to <t t-out=\\"record.alias_email\\"></t> generate opportunities in your pipeline?<br>\\n        <a t-attf-href=\\"mailto:{{record.alias_email}}\\" target=\\"_blank\\">Try sending an email</a> to your CRM. This email address is configurable by sales team members.</p>\\n    </t>\\n    <t t-else=\\"\\">\\n        <p class=\\"tip_content\\">Did you know emails sent to a Sales Team alias generate opportunities in your pipeline?</p>\\n    </t>\\n</div>\\n            ", "es_ES": "<div>\\n    <t t-set=\\"record\\" t-value=\\"object.env['crm.team'].search([('alias_name', '!=', 'False')], limit=1)\\"></t>\\n    <p class=\\"tip_title\\">Consejo: convierta correos electrónicos entrantes en oportunidades</p>\\n    <t t-if=\\"record.alias_email\\">\\n        <p class=\\"tip_content\\">¿Sabía que los correos electrónicos enviados <t t-out=\\"record.alias_email\\"></t> generan oportunidades en su flujo?<br>\\n        <a t-attf-href=\\"mailto:{{record.alias_email}}\\" target=\\"_blank\\">Prueba enviar un correo electrónico</a> a su CRM. Los miembros del equipo de ventas pueden configurar este correo electrónico.</p>\\n    </t>\\n    <t t-else=\\"\\">\\n        <p class=\\"tip_content\\">¿Sabía que los correos electrónicos enviados al alias del equipo de ventas generan oportunidades en su flujo?</p>\\n    </t>\\n</div>\\n            "}	2026-04-08 08:38:57.179101	2026-04-24 06:52:20.713829
30	2000	82	1	1	{"en_US": "Tip: Never miss a purchase order", "es_ES": "Consejo: Nunca pierda un pedido de compra"}	{"en_US": "<div>\\n    <p class=\\"tip_title\\">Tip: Never miss a purchase order</p>\\n    <p class=\\"tip_content\\">When sending a purchase order by email, Odoo asks the vendor to acknowledge the reception of the order. When the vendor acknowledges the order by clicking on a button in the email, the information is added on the purchase order. Use filters to track orders that have not been acknowledged.</p>\\n</div>\\n            ", "es_ES": "<div>\\n    <p class=\\"tip_title\\">Consejo: Nunca pierda un pedido de compra</p>\\n    <p class=\\"tip_content\\">Al enviar un pedido de compra por correo electrónico, Odoo le pide al proveedor que reconozca la recepción del mismo. Cuando el proveedor reconoce el pedido haciendo clic en un botón en el correo electrónico, la información se añade en el pedido de compra. Utilice filtros para realizar un seguimiento de los pedidos que no han sido confirmados.</p>\\n</div>\\n            "}	2026-04-14 08:54:03.289914	2026-04-24 06:52:20.713829
28	600	75	1	1	{"en_US": "Tip: Use tablets in the shop to control manufacturing", "es_ES": "Consejo: utilice tabletas electrónicas en el taller para controlar la fabricación"}	{"en_US": "<div>\\n    <p class=\\"tip_title\\">Tip: Use tablets in the shop to control manufacturing</p>\\n    <p class=\\"tip_content\\">With the Odoo work center control panel, your worker can start work orders in the shop and follow instructions of the worksheet. Quality tests are perfectly integrated into the process. Workers can trigger feedback loops, maintenance alerts, scrap products, etc.</p>\\n    <img src=\\"https://download.odoocdn.com/digests/mrp/static/src/img/milk-mrp-tablet.png\\" width=\\"540\\" class=\\"illustration_border\\">\\n</div>\\n            ", "es_ES": "<div>\\n    <p class=\\"tip_title\\">Consejo: utilice tabletas electrónicas en el taller para controlar la fabricación</p>\\n    <p class=\\"tip_content\\">Con el panel de control del centro de trabajo de Odoo, su trabajador puede iniciar órdenes de trabajo en el taller y seguir instrucciones en las hojas de trabajo. Las pruebas de calidad están perfectamente integradas en el proceso. Los trabajadores pueden activar bucles de comentarios, alertas de mantenimiento, productos desechados, etc.</p>\\n    <img src=\\"https://download.odoocdn.com/digests/mrp/static/src/img/milk-mrp-tablet.png\\" width=\\"540\\" class=\\"illustration_border\\">\\n</div>\\n            "}	2026-04-08 09:11:55.219689	2026-05-01 10:35:07.370498
29	100	82	1	1	{"en_US": "Tip: How to keep late receipts under control?", "es_ES": "Consejo: ¿Cómo mantener bajo control los recibos atrasados?"}	{"en_US": "<div>\\n    <p class=\\"tip_title\\">Tip: How to keep late receipts under control?</p>\\n    <p class=\\"tip_content\\">When creating a purchase order, have a look at the vendor's <i>On Time Delivery</i> rate: the percentage of products shipped on time. If it is too low, activate the <i>automated reminders</i>. A few days before the due shipment, Odoo will send the vendor an email to ask confirmation of shipment dates and keep you informed in case of any delays. To get the vendor's performance statistics, click on the OTD rate.</p>\\n    <img src=\\"https://download.odoocdn.com/digests/purchase/static/src/img/milk-OTDPurchase.gif\\" width=\\"540\\" class=\\"illustration_border\\">\\n</div>\\n            ", "es_ES": "<div>\\n    <p class=\\"tip_title\\">Consejo: ¿Cómo mantener bajo control los recibos atrasados?</p>\\n    <p class=\\"tip_content\\">Al crear un pedido de compra, observe la tasa de <i>entrega a tiempo</i> del proveedor, la cual muestra el porcentaje de productos que este proveedor ha entregado a tiempo. Si es demasiado bajo, active los <i>recordatorios automáticos</i> . Unos días antes del vencimiento del envío, Odoo enviará al proveedor un correo electrónico para solicitar la confirmación de las fechas de envío y mantenerlo informado en caso de retrasos. Para obtener las estadísticas de rendimiento del proveedor, haga clic en la tasa de entrega justo a tiempo.</p>\\n    <img src=\\"https://download.odoocdn.com/digests/purchase/static/src/img/milk-OTDPurchase.gif\\" width=\\"540\\" class=\\"illustration_border\\">\\n</div>\\n            "}	2026-04-14 08:54:03.289914	2026-04-17 10:35:13.718474
19	1700	22	1	1	{"en_US": "Tip: Opportunity win rate is predicted with AI", "es_ES": "Consejo: la tasa de ganancia de oportunidades se predice con IA"}	{"en_US": "<div>\\n    <p class=\\"tip_title\\">Tip: Opportunity win rate is predicted with AI</p>\\n    <p class=\\"tip_content\\">Odoo's artificial intelligence engine predicts the success rate of each opportunity based on your history. You can always update the success rate manually, but if you let Odoo do the job the score is updated while the opportunity moves forward in your sales cycle.</p>\\n    <img src=\\"https://download.odoocdn.com/digests/crm/static/src/img/milk-probability-rate.gif\\" width=\\"540\\" class=\\"illustration_border\\">\\n</div>\\n            ", "es_ES": "<div>\\n    <p class=\\"tip_title\\">Consejo: la tasa de ganancia de oportunidades se predice con IA</p>\\n    <p class=\\"tip_content\\">El motor de inteligencia artificial de Odoo predice la tasa de éxito de cada oportunidad según su historial. Siempre puede actualizar la tasa de éxito de forma manual, pero si deja que Odoo lo haga, se actualiza cuando su oportunidad avanza en su ciclo de ventas.</p>\\n    <img src=\\"https://download.odoocdn.com/digests/crm/static/src/img/milk-probability-rate.gif\\" width=\\"540\\" class=\\"illustration_border\\">\\n</div>\\n            "}	2026-04-08 08:38:57.179101	2026-05-01 10:35:07.370498
18	1500	22	1	1	{"en_US": "Tip: Did you know Odoo has built-in lead mining?", "es_ES": "Consejo: ¿Sabía que Odoo tiene minería de leads integrada?"}	{"en_US": "<div>\\n    <p class=\\"tip_title\\">Tip: Did you know Odoo has built-in lead mining?</p>\\n    <p class=\\"tip_content\\">For a sales team, there is nothing worse than being dry on leads. Fortunately, in just a few clicks, you can generate leads specifically targeted to your needs: company size, industry, etc. To help you test the feature, we offer you 20 credits for free.</p>\\n    <img src=\\"https://download.odoocdn.com/digests/crm/static/src/img/milk-generate-leads.gif\\" width=\\"540\\" class=\\"illustration_border\\">\\n</div>\\n            ", "es_ES": "<div>\\n    <p class=\\"tip_title\\">Consejo: ¿Sabía que Odoo tiene minería de leads integrada?</p>\\n    <p class=\\"tip_content\\">Para un equipo de ventas, no hay nada peor que quedarse sin leads. Por suerte, con solo unos clics puedes generar leads adaptados a tus necesidades: tamaño de la empresa, sector, etc. Para ayudarte a probar la funcionalidad, te ofrecemos 20 créditos gratuitos.</p>\\n    <img src=\\"https://download.odoocdn.com/digests/crm/static/src/img/milk-generate-leads.gif\\" width=\\"540\\" class=\\"illustration_border\\">\\n</div>\\n            "}	2026-04-08 08:38:57.179101	2026-05-01 10:35:07.370498
31	1500	87	1	1	{"en_US": "Tip: Engage with visitors to convert them into leads", "es_ES": "Consejo: interactúe con sus visitantes para convertirlos en leads"}	{"en_US": "<div>\\n    <p class=\\"tip_title\\">Tip: Engage with visitors to convert them into leads</p>\\n    <p class=\\"tip_content\\">Monitor your visitors while they are browsing your website with the Odoo Social app. Engage with them in just a click using a live chat request or a push notification. If they have completed one of your forms, you can send them an SMS, or call them right away while they are browsing your website.</p>\\n    <img src=\\"https://download.odoocdn.com/digests/website/static/src/img/milk-website-visitors.gif\\" width=\\"540\\" class=\\"illustration_border\\">\\n</div>\\n            ", "es_ES": "<div>\\n    <p class=\\"tip_title\\">Consejo: interactúe con sus visitantes para convertirlos en leads</p>\\n    <p class=\\"tip_content\\">Supervise a sus visitantes mientras navegan en su sitio web con la aplicación Marketing social de Odoo. Interactúe con ellos con solo un clic gracias al chat en directo o con una notificación emergente. Si han completado uno de sus formularios, también puede enviarles un SMS o llamarles mientras navegan por su sitio web.</p>\\n    <img src=\\"https://download.odoocdn.com/digests/website/static/src/img/milk-website-visitors.gif\\" width=\\"540\\" class=\\"illustration_border\\">\\n</div>\\n            "}	2026-05-07 08:37:45.432206	2026-05-07 08:37:45.432206
35	400	87	1	1	{"en_US": "Tip: Add shapes to energize your Website", "es_ES": "Consejo: añada formas para energizar su sitio web"}	{"en_US": "<div>\\n    <p class=\\"tip_title\\">Tip: Add shapes to energize your Website</p>\\n    <p class=\\"tip_content\\">More than 90 shapes exist and their colors are picked to match your Theme.</p>\\n    <img src=\\"https://download.odoocdn.com/digests/website/static/src/img/milk-website-shapes.gif\\" width=\\"540\\" class=\\"illustration_border\\">\\n</div>\\n            ", "es_ES": "<div>\\n    <p class=\\"tip_title\\">Consejo: añada formas para energizar su sitio web</p>\\n    <p class=\\"tip_content\\">Existen más de 90 formas y sus colores son elegidos para que coincidan con su Tema.</p>\\n    <img src=\\"https://download.odoocdn.com/digests/website/static/src/img/milk-website-shapes.gif\\" width=\\"540\\" class=\\"illustration_border\\">\\n</div>\\n            "}	2026-05-07 08:37:45.432206	2026-05-07 08:37:45.432206
32	1400	87	1	1	{"en_US": "Tip: Use royalty-free photos", "es_ES": "Consejo: utilice fotos sin derechos de autor"}	{"en_US": "<div>\\n    <p class=\\"tip_title\\">Tip: Use royalty-free photos</p>\\n    <p class=\\"tip_content\\">Search in the media dialogue when you need photos to illustrate your website. Odoo's integration with Unsplash, featuring millions of royalty free and high quality photos, makes it possible for you to get the perfect picture, in just a few clicks.</p>\\n    <img src=\\"https://download.odoocdn.com/digests/website/static/src/img/milk-image-search.gif\\" width=\\"540\\" class=\\"illustration_border\\">\\n</div>\\n            ", "es_ES": "<div>\\n    <p class=\\"tip_title\\">Consejo: utilice fotos sin derechos de autor</p>\\n    <p class=\\"tip_content\\">Busque en el cuadro de diálogo de medios cuando necesite fotos para ilustrar su sitio web. La integración de Odoo con Unsplash, con millones de fotos de calidad y libres de derechos de autor, hace que sea posible obtener la imagen perfecta en tan solo unos clics.</p>\\n    <img src=\\"https://download.odoocdn.com/digests/website/static/src/img/milk-image-search.gif\\" width=\\"540\\" class=\\"illustration_border\\">\\n</div>\\n            "}	2026-05-07 08:37:45.432206	2026-05-07 08:37:45.432206
33	1600	87	1	1	{"en_US": "Tip: Search Engine Optimization (SEO)", "es_ES": "Consejo: Optimización del motor de búsqueda (SEO)"}	{"en_US": "<div>\\n    <p class=\\"tip_title\\">Tip: Search Engine Optimization (SEO)</p>\\n    <p class=\\"tip_content\\">To get more visitors, you should target keywords that are often searched in Google. With the built-in SEO tool, once you define a few keywords, Odoo will recommend you the best keywords to target. Then adapt your title and description accordingly to boost your traffic.</p>\\n    <img src=\\"https://download.odoocdn.com/digests/website/static/src/img/milk-SEO-keywords.gif\\" width=\\"540\\" class=\\"illustration_border\\">\\n</div>\\n            ", "es_ES": "<div>\\n    <p class=\\"tip_title\\">Consejo: Optimización del motor de búsqueda (SEO)</p>\\n    <p class=\\"tip_content\\">Use las palabras claves que se buscan con frecuencia en Google para obtener más visitantes. Con la herramienta de SEO integrada, Odoo le recomendará las mejores palabras clave una vez que defina algunas. Luego adapte su título y descripción de acuerdo a ellas para mejorar su tráfico.</p>\\n    <img src=\\"https://download.odoocdn.com/digests/website/static/src/img/milk-SEO-keywords.gif\\" width=\\"540\\" class=\\"illustration_border\\">\\n</div>\\n            "}	2026-05-07 08:37:45.432206	2026-05-07 08:37:45.432206
34	300	87	1	1	{"en_US": "Tip: Use illustrations to spice up your website", "es_ES": "Consejo: utilice ilustraciones para darle vida a su sitio web"}	{"en_US": "<div>\\n    <p class=\\"tip_title\\">Tip: Use illustrations to spice up your website</p>\\n    <p class=\\"tip_content\\">Not only can you search for royalty-free illustrations, their colors are also converted so that they always fit your Theme.</p>\\n    <img src=\\"https://download.odoocdn.com/digests/website/static/src/img/milk-website-illustrations.gif\\" width=\\"540\\" class=\\"illustration_border\\">\\n</div>\\n            ", "es_ES": "<div>\\n    <p class=\\"tip_title\\">Consejo: utilice ilustraciones para darle vida a su sitio web</p>\\n    <p class=\\"tip_content\\">No solo puede buscar ilustraciones libres de derechos de autor, se cambian sus colores para que siempre combinen con su tema.</p>\\n    <img src=\\"https://download.odoocdn.com/digests/website/static/src/img/milk-website-illustrations.gif\\" width=\\"540\\" class=\\"illustration_border\\">\\n</div>\\n            "}	2026-05-07 08:37:45.432206	2026-05-07 08:37:45.432206
\.


--
-- Data for Name: digest_tip_res_users_rel; Type: TABLE DATA; Schema: public; Owner: odoo
--

COPY public.digest_tip_res_users_rel (digest_tip_id, res_users_id) FROM stdin;
17	2
17	18
28	15
17	17
17	8
17	11
17	20
17	13
17	21
17	16
17	19
17	7
17	14
28	2
28	18
1	15
28	17
28	8
28	11
28	20
28	13
28	21
28	16
28	19
28	7
28	14
8	2
1	18
25	15
1	17
8	8
8	11
1	20
8	13
1	21
1	16
1	19
8	7
1	14
29	2
29	18
29	15
29	17
28	25
29	8
1	27
29	23
29	22
29	20
1	13
29	21
29	11
29	16
29	19
29	24
29	7
25	14
1	2
25	18
30	15
25	17
1	25
1	8
2	27
17	23
17	22
25	20
25	13
25	21
1	11
25	16
25	19
17	24
1	7
18	14
25	2
18	18
2	15
18	17
25	25
25	8
3	27
28	23
28	22
18	20
13	13
18	21
25	11
18	16
18	19
28	24
25	7
19	14
\.


--
-- Data for Name: discuss_channel; Type: TABLE DATA; Schema: public; Owner: odoo
--

COPY public.discuss_channel (id, parent_channel_id, from_message_id, group_public_id, create_uid, write_uid, name, channel_type, default_display_mode, sfu_channel_uuid, sfu_server_url, uuid, description, active, allow_public_upload, last_interest_dt, create_date, write_date) FROM stdin;
2	\N	\N	4	1	1	Administrators	channel	\N	\N	\N	wxWtPdGwbg	General channel for administrators.	t	f	\N	2026-04-08 08:34:27.650619	2026-04-08 08:34:27.650619
1	\N	\N	1	1	1	general	channel	\N	\N	\N	dmNVv5KZCe	General announcements for all employees.	t	f	\N	2026-04-08 08:34:27.650619	2026-04-08 08:34:27.650619
3	\N	\N	\N	2	2	OdooBot, Administrator	chat	\N	\N	\N	myV64Rk338	\N	t	f	2026-04-08 08:35:37	2026-04-08 08:35:37.297423	2026-04-08 08:35:37.297423
4	\N	\N	\N	6	6	OdooBot, José Ángel Jiménez Medrano	chat	\N	\N	\N	fi7bqudya8	\N	t	f	2026-04-08 08:37:27	2026-04-08 08:37:27.824743	2026-04-08 08:37:27.824743
5	\N	\N	\N	18	18	OdooBot, CAMACHO VARGAS ADRIÁN	chat	\N	\N	\N	katR6GpSL3	\N	t	f	2026-04-14 11:41:49	2026-04-14 11:41:49.538889	2026-04-14 11:41:49.538889
6	\N	\N	\N	19	19	OdooBot, SAGUAR HERNÁIZ VÍCTOR	chat	\N	\N	\N	8usoYmusiH	\N	t	f	2026-04-15 08:20:08	2026-04-15 08:20:08.772012	2026-04-15 08:20:08.772012
7	\N	\N	\N	11	11	OdooBot, Luis Enrique Paz Sánchez	chat	\N	\N	\N	hJ7yGTBPaF	\N	t	f	2026-04-15 10:08:35	2026-04-15 10:08:35.416084	2026-04-15 10:08:35.416084
23	\N	\N	\N	46	46	OdooBot, Sergio Martín Gómez	chat	\N	\N	\N	QTMyoTjjWk	\N	t	f	2026-05-04 08:50:04	2026-05-04 08:50:04.85055	2026-05-04 08:50:04.85055
8	\N	\N	\N	13	13	OdooBot, NOVOA CATUCUAMBA SANTIAGO	chat	\N	\N	\N	vtiPkbdT7j	\N	t	f	2026-04-15 10:15:27	2026-04-15 10:15:27.322262	2026-04-15 10:15:27.322262
9	\N	\N	\N	20	20	OdooBot, NAVARRO GÓMEZ PABLO	chat	\N	\N	\N	bwzI7xxb4C	\N	t	f	2026-04-15 10:20:28	2026-04-15 10:20:28.396198	2026-04-15 10:20:28.396198
24	\N	\N	\N	25	6	JIMÉNEZ MEDRANO JOSÉ ÁNGEL, FERNÁNDEZ MORÍN ÓSCAR	chat	\N	\N	\N	z4InMLtQWm	\N	t	f	\N	2026-05-04 09:00:19.126927	2026-05-04 09:00:19.126927
10	\N	\N	\N	8	8	OdooBot, GATARIN LASAM ENRIQUE	chat	\N	\N	\N	R8DTjD2TnV	\N	t	f	2026-04-15 10:22:21	2026-04-15 10:22:12.282492	2026-04-15 10:22:21.156274
11	\N	\N	\N	2	23	LÓPEZ PAIVA RUBÉN MATHIAS, Administrator	chat	\N	\N	\N	RQYR83qnRD	\N	t	f	\N	2026-04-15 10:28:36.951456	2026-04-15 10:28:36.951456
12	\N	\N	\N	23	23	OdooBot, LÓPEZ PAIVA RUBÉN MATHIAS	chat	\N	\N	\N	qCwWdFHhuM	\N	t	f	2026-04-15 10:33:50	2026-04-15 10:33:50.413718	2026-04-15 10:33:50.413718
22	\N	\N	\N	\N	\N	OdooBot, Ballesteros Álvaro Nicolas	chat	\N	\N	\N	tegBUYLAXy	\N	t	f	2026-05-04 08:46:43	2026-05-04 08:46:43.954078	2026-05-04 08:46:43.954078
13	\N	\N	\N	25	25	OdooBot, Óscar Fenández Morín	chat	\N	\N	\N	mkC5RAS4M8	\N	t	f	2026-04-15 10:50:05	2026-04-15 10:50:05.229655	2026-04-15 10:50:05.229655
14	\N	\N	\N	21	21	OdooBot, OVIEDO FLEITAS ALEXIS JAVIER	chat	\N	\N	\N	GSGKohyWL4	\N	t	f	2026-04-15 11:08:49	2026-04-15 11:08:49.741794	2026-04-15 11:08:49.741794
15	\N	\N	\N	22	22	OdooBot, MÓSQUEZ BERMEO CARLOS ALBERTO	chat	\N	\N	\N	FeN8SMajMj	\N	t	f	2026-04-16 10:15:35	2026-04-16 10:15:35.557119	2026-04-16 10:15:35.557119
25	\N	\N	\N	48	48	OdooBot, BALLESTEROS ÁLVARO NICOLÁS	chat	\N	\N	\N	ydpqEMy52h	\N	t	f	2026-05-04 10:23:55	2026-05-04 10:23:55.358199	2026-05-04 10:23:55.358199
16	\N	\N	\N	14	14	OdooBot, ÁLVAREZ GIORDANO LUCIANO ALFREDO	chat	\N	\N	\N	hB3NHEKwuk	\N	t	f	2026-04-16 10:19:53	2026-04-16 10:19:53.017524	2026-04-16 10:19:53.017524
17	\N	\N	\N	17	17	OdooBot, DIEZ ROJAS ARIEL	chat	\N	\N	\N	fWwu4c5bHK	\N	t	f	2026-04-16 10:31:53	2026-04-16 10:31:53.485408	2026-04-16 10:31:53.485408
18	\N	\N	\N	24	24	OdooBot, SECO CUMBREÑO DIEGO	chat	\N	\N	\N	A3dV57XPpI	\N	t	f	2026-04-16 12:17:36	2026-04-16 12:17:36.436204	2026-04-16 12:17:36.436204
19	\N	\N	\N	27	27	OdooBot, GONZALEZ ROJAS RANDALL	chat	\N	\N	\N	TFushRAjt5	\N	t	f	2026-04-21 07:44:24	2026-04-21 07:44:24.012129	2026-04-21 07:44:24.012129
20	\N	\N	\N	16	16	OdooBot, ROMÁN CIPRIANO ANDRÉS	chat	\N	\N	\N	rYUMdyMIjP	\N	t	f	2026-04-22 10:19:13	2026-04-22 10:19:13.385282	2026-04-22 10:19:13.385282
21	\N	\N	\N	15	15	OdooBot, COSTEA CELI DAVID	chat	\N	\N	\N	knjfRjbPDf	\N	t	f	2026-04-22 10:26:54	2026-04-22 10:26:54.360849	2026-04-22 10:26:54.360849
\.


--
-- Data for Name: discuss_channel_hr_department_rel; Type: TABLE DATA; Schema: public; Owner: odoo
--

COPY public.discuss_channel_hr_department_rel (discuss_channel_id, hr_department_id) FROM stdin;
\.


--
-- Data for Name: discuss_channel_member; Type: TABLE DATA; Schema: public; Owner: odoo
--

COPY public.discuss_channel_member (id, partner_id, guest_id, channel_id, fetched_message_id, seen_message_id, new_message_separator, rtc_inviting_session_id, create_uid, write_uid, custom_channel_name, fold_state, custom_notifications, mute_until_dt, unpin_dt, last_interest_dt, last_seen_dt, create_date, write_date) FROM stdin;
1	3	\N	2	\N	\N	0	\N	1	1	\N	closed	\N	\N	\N	2026-04-08 08:34:30	\N	2026-04-08 08:34:27.650619	2026-04-08 08:34:27.650619
2	7	\N	2	\N	\N	0	\N	1	1	\N	closed	\N	\N	\N	2026-04-08 08:34:30	\N	2026-04-08 08:34:27.650619	2026-04-08 08:34:27.650619
5	2	\N	3	\N	\N	0	\N	2	2	\N	closed	\N	\N	2026-04-08 08:35:37	2026-04-08 08:35:07	\N	2026-04-08 08:35:37.297423	2026-04-08 08:35:37.297423
7	2	\N	4	\N	\N	0	\N	6	6	\N	closed	\N	\N	2026-04-08 08:37:27	2026-04-08 08:36:57	\N	2026-04-08 08:37:27.824743	2026-04-08 08:37:27.824743
9	9	\N	1	\N	\N	0	\N	2	2	\N	closed	\N	\N	\N	2026-04-08 08:37:48	\N	2026-04-08 08:37:47.862683	2026-04-08 08:37:47.862683
10	9	\N	2	\N	\N	0	\N	2	2	\N	closed	\N	\N	\N	2026-04-08 08:37:48	\N	2026-04-08 08:37:47.862683	2026-04-08 08:37:47.862683
6	3	\N	3	31	31	32	\N	2	2	\N	closed	\N	\N	\N	2026-04-08 08:35:37	2026-04-08 08:39:15	2026-04-08 08:35:37.297423	2026-04-08 08:39:15.551944
12	10	\N	2	\N	\N	0	\N	6	6	\N	closed	\N	\N	\N	2026-04-08 08:39:17	\N	2026-04-08 08:39:17.205602	2026-04-08 08:39:17.205602
16	13	\N	2	\N	\N	0	\N	2	2	\N	closed	\N	\N	\N	2026-04-08 08:42:37	\N	2026-04-08 08:42:37.057811	2026-04-08 08:42:37.057811
3	3	\N	1	1	1	2	\N	1	2	\N	closed	\N	\N	\N	2026-04-08 08:34:30	\N	2026-04-08 08:34:27.650619	2026-04-08 08:44:18.562348
17	15	\N	1	\N	\N	0	\N	6	6	\N	closed	\N	\N	\N	2026-04-08 08:44:25	\N	2026-04-08 08:44:25.120354	2026-04-08 08:44:25.120354
19	17	\N	1	\N	\N	0	\N	6	6	\N	closed	\N	\N	\N	2026-04-08 08:47:17	\N	2026-04-08 08:47:17.270394	2026-04-08 08:47:17.270394
22	20	\N	1	\N	\N	0	\N	6	6	\N	closed	\N	\N	\N	2026-04-08 08:53:57	\N	2026-04-08 08:53:57.272195	2026-04-08 08:53:57.272195
29	2	\N	5	\N	\N	0	\N	18	18	\N	closed	\N	\N	2026-04-14 11:41:49	2026-04-14 11:41:19	\N	2026-04-14 11:41:49.538889	2026-04-14 11:41:49.538889
31	2	\N	6	\N	\N	0	\N	19	19	\N	closed	\N	\N	2026-04-15 08:20:08	2026-04-15 08:19:38	\N	2026-04-15 08:20:08.772012	2026-04-15 08:20:08.772012
23	21	\N	1	1	1	2	\N	6	19	\N	closed	\N	\N	\N	2026-04-08 08:55:07	2026-04-15 08:20:17	2026-04-08 08:55:07.483208	2026-04-15 08:20:16.989007
32	21	\N	6	358	358	359	\N	19	19	\N	closed	\N	\N	\N	2026-04-15 08:20:08	2026-04-15 08:20:33	2026-04-15 08:20:08.772012	2026-04-15 08:20:33.611279
8	7	\N	4	33	33	34	\N	6	6	\N	closed	\N	\N	\N	2026-04-08 08:37:27	2026-04-15 08:50:23	2026-04-08 08:37:27.824743	2026-04-15 08:50:23.5016
4	7	\N	1	1	1	2	\N	1	6	\N	closed	\N	\N	\N	2026-04-08 08:34:30	2026-04-15 08:50:29	2026-04-08 08:34:27.650619	2026-04-15 08:50:29.62516
33	2	\N	7	\N	\N	0	\N	11	11	\N	closed	\N	\N	2026-04-15 10:08:35	2026-04-15 10:08:05	\N	2026-04-15 10:08:35.416084	2026-04-15 10:08:35.416084
35	2	\N	8	\N	\N	0	\N	13	13	\N	closed	\N	\N	2026-04-15 10:15:27	2026-04-15 10:14:57	\N	2026-04-15 10:15:27.322262	2026-04-15 10:15:27.322262
36	15	\N	8	\N	\N	0	\N	13	13	\N	closed	\N	\N	\N	2026-04-15 10:15:27	\N	2026-04-15 10:15:27.322262	2026-04-15 10:15:27.322262
37	2	\N	9	\N	\N	0	\N	20	20	\N	closed	\N	\N	2026-04-15 10:20:28	2026-04-15 10:19:58	\N	2026-04-15 10:20:28.396198	2026-04-15 10:20:28.396198
39	2	\N	10	\N	\N	0	\N	8	8	\N	closed	\N	\N	2026-04-15 10:22:12	2026-04-15 10:21:42	\N	2026-04-15 10:22:12.282492	2026-04-15 10:22:12.282492
40	10	\N	10	383	383	384	\N	8	8	\N	closed	\N	\N	\N	2026-04-15 10:22:12	2026-04-15 10:22:21	2026-04-15 10:22:12.282492	2026-04-15 10:22:21.302685
42	28	\N	11	\N	\N	0	\N	2	2	\N	closed	\N	\N	2026-04-15 10:28:36	2026-04-15 10:28:06	\N	2026-04-15 10:28:36.951456	2026-04-15 10:28:36.951456
59	29	\N	18	469	469	470	\N	24	24	\N	closed	\N	\N	\N	2026-04-16 12:17:36	2026-04-16 12:17:42	2026-04-16 12:17:36.436204	2026-04-16 12:17:42.435584
43	3	\N	11	\N	\N	0	\N	2	2	\N	closed	\N	\N	\N	2026-04-15 10:28:36	\N	2026-04-15 10:28:36.951456	2026-04-15 10:29:22.443325
44	2	\N	12	\N	\N	0	\N	23	23	\N	closed	\N	\N	2026-04-15 10:33:50	2026-04-15 10:33:20	\N	2026-04-15 10:33:50.413718	2026-04-15 10:33:50.413718
45	28	\N	12	393	393	394	\N	23	23	\N	closed	\N	\N	\N	2026-04-15 10:33:50	2026-04-15 10:33:56	2026-04-15 10:33:50.413718	2026-04-15 10:33:56.355535
24	22	\N	1	1	1	2	\N	6	20	\N	closed	\N	\N	\N	2026-04-08 08:56:50	2026-04-15 10:34:02	2026-04-08 08:56:50.352891	2026-04-15 10:34:02.019395
27	28	\N	1	1	1	2	\N	6	23	\N	closed	\N	\N	\N	2026-04-14 08:43:52	2026-04-15 10:34:03	2026-04-14 08:43:52.517716	2026-04-15 10:34:03.595021
38	22	\N	9	379	379	380	\N	20	20	\N	closed	\N	\N	\N	2026-04-15 10:20:28	2026-04-15 10:46:29	2026-04-15 10:20:28.396198	2026-04-15 10:46:29.630017
46	2	\N	13	\N	\N	0	\N	25	25	\N	closed	\N	\N	2026-04-15 10:50:05	2026-04-15 10:49:35	\N	2026-04-15 10:50:05.229655	2026-04-15 10:50:05.229655
48	2	\N	14	\N	\N	0	\N	21	21	\N	closed	\N	\N	2026-04-15 11:08:49	2026-04-15 11:08:19	\N	2026-04-15 11:08:49.741794	2026-04-15 11:08:49.741794
51	35	\N	1	\N	\N	0	\N	6	6	\N	closed	\N	\N	\N	2026-04-16 09:02:33	\N	2026-04-16 09:02:32.839478	2026-04-16 09:02:32.839478
52	2	\N	15	\N	\N	0	\N	22	22	\N	closed	\N	\N	2026-04-16 10:15:35	2026-04-16 10:15:05	\N	2026-04-16 10:15:35.557119	2026-04-16 10:15:35.557119
53	27	\N	15	441	441	442	\N	22	22	\N	closed	\N	\N	\N	2026-04-16 10:15:35	2026-04-16 10:15:41	2026-04-16 10:15:35.557119	2026-04-16 10:15:41.893556
26	27	\N	1	1	1	2	\N	2	22	\N	closed	\N	\N	\N	2026-04-14 08:39:57	2026-04-16 10:15:54	2026-04-14 08:39:57.616861	2026-04-16 10:15:54.072542
54	2	\N	16	\N	\N	0	\N	14	14	\N	closed	\N	\N	2026-04-16 10:19:53	2026-04-16 10:19:23	\N	2026-04-16 10:19:53.017524	2026-04-16 10:19:53.017524
55	16	\N	16	\N	\N	0	\N	14	14	\N	closed	\N	\N	\N	2026-04-16 10:19:53	\N	2026-04-16 10:19:53.017524	2026-04-16 10:19:53.017524
56	2	\N	17	\N	\N	0	\N	17	17	\N	closed	\N	\N	2026-04-16 10:31:53	2026-04-16 10:31:23	\N	2026-04-16 10:31:53.485408	2026-04-16 10:31:53.485408
58	2	\N	18	\N	\N	0	\N	24	24	\N	closed	\N	\N	2026-04-16 12:17:36	2026-04-16 12:17:06	\N	2026-04-16 12:17:36.436204	2026-04-16 12:17:36.436204
28	29	\N	1	1	1	2	\N	6	24	\N	closed	\N	\N	\N	2026-04-14 09:09:50	2026-04-16 12:19:44	2026-04-14 09:09:50.351378	2026-04-16 12:19:44.119452
60	2	\N	19	\N	\N	0	\N	27	27	\N	closed	\N	\N	2026-04-21 07:44:24	2026-04-21 07:43:54	\N	2026-04-21 07:44:24.012129	2026-04-21 07:44:24.012129
61	35	\N	19	493	493	494	\N	27	27	\N	closed	\N	\N	\N	2026-04-21 07:44:24	2026-04-21 07:44:30	2026-04-21 07:44:24.012129	2026-04-21 07:44:30.246506
62	2	\N	20	\N	\N	0	\N	16	16	\N	closed	\N	\N	2026-04-22 10:19:13	2026-04-22 10:18:43	\N	2026-04-22 10:19:13.385282	2026-04-22 10:19:13.385282
63	18	\N	20	495	495	496	\N	16	16	\N	closed	\N	\N	\N	2026-04-22 10:19:13	2026-04-22 10:19:59	2026-04-22 10:19:13.385282	2026-04-22 10:19:59.455025
20	18	\N	1	1	1	2	\N	6	16	\N	closed	\N	\N	\N	2026-04-08 08:49:09	2026-04-22 10:20:05	2026-04-08 08:49:08.872772	2026-04-22 10:20:05.228719
57	19	\N	17	464	464	465	\N	17	17	\N	closed	\N	\N	\N	2026-04-16 10:31:53	2026-04-24 11:49:10	2026-04-16 10:31:53.485408	2026-04-24 11:49:13.752208
64	2	\N	21	\N	\N	0	\N	15	15	\N	closed	\N	\N	2026-04-22 10:26:54	2026-04-22 10:26:24	\N	2026-04-22 10:26:54.360849	2026-04-22 10:26:54.360849
65	17	\N	21	\N	\N	0	\N	15	15	\N	closed	\N	\N	\N	2026-04-22 10:26:54	\N	2026-04-22 10:26:54.360849	2026-04-22 10:26:54.360849
34	13	\N	7	365	365	366	\N	11	11	\N	closed	\N	\N	\N	2026-04-15 10:08:35	2026-04-28 07:24:29	2026-04-15 10:08:35.416084	2026-04-28 07:24:29.145627
21	19	\N	1	1	1	2	\N	6	17	\N	closed	\N	\N	\N	2026-04-08 08:52:14	2026-04-22 10:25:54	2026-04-08 08:52:14.496662	2026-04-24 11:49:08.480066
15	13	\N	1	1	1	2	\N	2	11	\N	closed	\N	\N	\N	2026-04-08 08:42:37	2026-04-28 07:24:37	2026-04-08 08:42:37.057811	2026-04-28 07:24:37.21033
49	23	\N	14	402	402	403	\N	21	21	\N	closed	\N	\N	\N	2026-04-15 11:08:49	2026-05-04 08:23:50	2026-04-15 11:08:49.741794	2026-05-04 08:23:50.838086
25	23	\N	1	1	1	2	\N	6	21	\N	closed	\N	\N	\N	2026-04-08 08:57:52	2026-05-04 08:23:54	2026-04-08 08:57:52.341903	2026-05-04 08:23:54.057546
70	2	\N	23	\N	\N	0	\N	46	46	\N	closed	\N	\N	2026-05-04 08:50:04	2026-05-04 08:49:34	\N	2026-05-04 08:50:04.85055	2026-05-04 08:50:04.85055
71	55	\N	23	\N	\N	0	\N	46	46	\N	closed	\N	\N	\N	2026-05-04 08:50:04	\N	2026-05-04 08:50:04.85055	2026-05-04 08:50:04.85055
41	32	\N	1	1	1	2	\N	6	25	\N	closed	\N	\N	\N	2026-04-15 10:23:29	2026-05-04 08:57:29	2026-04-15 10:23:29.432239	2026-05-04 08:57:28.996403
11	10	\N	1	1	1	2	\N	6	8	\N	closed	\N	\N	\N	2026-04-08 08:38:36	2026-05-04 08:54:07	2026-04-08 08:38:35.913819	2026-05-04 08:54:09.622669
47	32	\N	13	398	398	399	\N	25	25	\N	closed	\N	\N	\N	2026-04-15 10:50:05	2026-05-04 08:59:40	2026-04-15 10:50:05.229655	2026-05-04 08:59:40.750805
72	7	\N	24	\N	\N	0	\N	25	25	\N	closed	\N	\N	2026-05-04 09:00:19	2026-05-04 08:59:49	\N	2026-05-04 09:00:19.126927	2026-05-04 09:00:19.126927
73	32	\N	24	\N	\N	0	\N	25	25	\N	closed	\N	\N	2026-05-04 09:00:23	2026-05-04 09:00:19	\N	2026-05-04 09:00:19.126927	2026-05-04 09:00:23.056526
18	16	\N	1	1	1	2	\N	6	14	\N	closed	\N	\N	\N	2026-04-08 08:45:41	2026-05-04 09:02:31	2026-04-08 08:45:41.005601	2026-05-04 09:02:31.572989
74	58	\N	1	\N	\N	0	\N	11	11	\N	closed	\N	\N	\N	2026-05-04 09:24:47	\N	2026-05-04 09:24:47.147655	2026-05-04 09:24:47.147655
75	58	\N	2	\N	\N	0	\N	11	11	\N	closed	\N	\N	\N	2026-05-04 09:24:47	\N	2026-05-04 09:24:47.147655	2026-05-04 09:24:47.147655
77	2	\N	25	\N	\N	0	\N	48	48	\N	closed	\N	\N	2026-05-04 10:23:55	2026-05-04 10:23:25	\N	2026-05-04 10:23:55.358199	2026-05-04 10:23:55.358199
68	2	\N	22	\N	\N	0	\N	\N	\N	\N	closed	\N	\N	2026-05-04 08:46:43	2026-05-04 08:46:13	\N	2026-05-04 08:46:43.954078	2026-05-04 08:46:43.954078
76	61	\N	1	1	1	2	\N	6	48	\N	closed	\N	\N	\N	2026-05-04 10:22:25	2026-05-04 10:23:58	2026-05-04 10:22:25.018913	2026-05-04 10:23:57.987216
67	55	\N	1	1	1	2	\N	6	46	\N	closed	\N	\N	\N	2026-05-04 08:39:22	2026-05-04 10:25:19	2026-05-04 08:39:22.00411	2026-05-04 10:25:19.674211
78	61	\N	25	658	658	659	\N	48	48	\N	closed	\N	\N	\N	2026-05-04 10:23:55	2026-05-04 10:36:04	2026-05-04 10:23:55.358199	2026-05-04 10:36:04.904791
30	20	\N	5	357	357	358	\N	18	18	\N	closed	\N	\N	\N	2026-04-14 11:41:49	2026-05-07 08:36:11	2026-04-14 11:41:49.538889	2026-05-07 08:36:11.66818
79	28	\N	2	\N	\N	0	\N	2	2	\N	closed	\N	\N	\N	2026-05-07 08:37:37	\N	2026-05-07 08:37:37.065713	2026-05-07 08:37:37.065713
\.


--
-- Data for Name: discuss_channel_res_groups_rel; Type: TABLE DATA; Schema: public; Owner: odoo
--

COPY public.discuss_channel_res_groups_rel (discuss_channel_id, res_groups_id) FROM stdin;
2	4
1	1
\.


--
-- Data for Name: discuss_channel_rtc_session; Type: TABLE DATA; Schema: public; Owner: odoo
--

COPY public.discuss_channel_rtc_session (id, channel_member_id, channel_id, create_uid, write_uid, is_screen_sharing_on, is_camera_on, is_muted, is_deaf, write_date, create_date) FROM stdin;
\.


--
-- Data for Name: discuss_gif_favorite; Type: TABLE DATA; Schema: public; Owner: odoo
--

COPY public.discuss_gif_favorite (id, create_uid, write_uid, tenor_gif_id, create_date, write_date) FROM stdin;
\.


--
-- Data for Name: discuss_voice_metadata; Type: TABLE DATA; Schema: public; Owner: odoo
--

COPY public.discuss_voice_metadata (id, attachment_id, create_uid, write_uid, create_date, write_date) FROM stdin;
\.


--
-- Data for Name: email_template_attachment_rel; Type: TABLE DATA; Schema: public; Owner: odoo
--

COPY public.email_template_attachment_rel (email_template_id, attachment_id) FROM stdin;
\.


--
-- Data for Name: employee_category_rel; Type: TABLE DATA; Schema: public; Owner: odoo
--

COPY public.employee_category_rel (employee_id, category_id) FROM stdin;
\.


--
-- Data for Name: fetchmail_server; Type: TABLE DATA; Schema: public; Owner: odoo
--

COPY public.fetchmail_server (id, port, object_id, priority, create_uid, write_uid, name, state, server, server_type, "user", password, script, configuration, active, is_ssl, attach, original, date, create_date, write_date, google_gmail_access_token_expiration, google_gmail_authorization_code, google_gmail_refresh_token, google_gmail_access_token) FROM stdin;
\.


--
-- Data for Name: gamification_badge; Type: TABLE DATA; Schema: public; Owner: odoo
--

COPY public.gamification_badge (id, rule_max_number, create_uid, write_uid, level, rule_auth, name, description, active, rule_max, create_date, write_date) FROM stdin;
1	\N	1	1	bronze	everyone	{"en_US": "Good Job", "es_ES": "Buen trabajo"}	{"en_US": "<p>You did great at your job.</p>", "es_ES": "<p>Hizo un excelente trabajo.</p>"}	t	\N	2026-04-08 08:35:10.407079	2026-04-08 08:35:12.97444
2	\N	1	1	bronze	everyone	{"en_US": "Problem Solver", "es_ES": "Solucionador de problemas"}	{"en_US": "<p>No one can solve challenges like you do.</p>", "es_ES": "<p>Nadie puede resolver desafíos como usted.</p>"}	t	\N	2026-04-08 08:35:10.407079	2026-04-08 08:35:12.97444
3	\N	1	1	bronze	nobody	{"en_US": "Hidden", "es_ES": "Oculto"}	{"en_US": "<p>You have found the hidden badge</p>", "es_ES": "<p>Ha encontrado una insignia oculta</p>"}	f	\N	2026-04-08 08:35:10.407079	2026-04-08 08:35:12.97444
4	2	1	1	bronze	everyone	{"en_US": "Brilliant", "es_ES": "Brillante"}	{"en_US": "<p>With your brilliant ideas, you are an inspiration to others.</p>", "es_ES": "<p>Con sus brillantes ideas, usted es la inspiración de otros.</p>"}	t	t	2026-04-08 08:35:10.407079	2026-04-08 08:35:12.97444
\.


--
-- Data for Name: gamification_badge_rule_badge_rel; Type: TABLE DATA; Schema: public; Owner: odoo
--

COPY public.gamification_badge_rule_badge_rel (badge1_id, badge2_id) FROM stdin;
\.


--
-- Data for Name: gamification_badge_user; Type: TABLE DATA; Schema: public; Owner: odoo
--

COPY public.gamification_badge_user (id, user_id, sender_id, badge_id, challenge_id, create_uid, write_uid, level, comment, create_date, write_date, employee_id) FROM stdin;
\.


--
-- Data for Name: gamification_badge_user_wizard; Type: TABLE DATA; Schema: public; Owner: odoo
--

COPY public.gamification_badge_user_wizard (id, user_id, badge_id, create_uid, write_uid, comment, create_date, write_date, employee_id) FROM stdin;
\.


--
-- Data for Name: gamification_challenge; Type: TABLE DATA; Schema: public; Owner: odoo
--

COPY public.gamification_challenge (id, manager_id, reward_id, reward_first_id, reward_second_id, reward_third_id, report_message_group_id, report_template_id, remind_update_delay, create_uid, write_uid, state, user_domain, period, visibility_mode, report_message_frequency, challenge_category, start_date, end_date, last_report_date, next_report_date, name, description, reward_failure, reward_realtime, create_date, write_date) FROM stdin;
4	1	\N	\N	\N	\N	\N	18	\N	1	1	draft	[('groups_id', 'in', [21])]	monthly	ranking	weekly	hr	\N	\N	2026-04-08	2026-04-15	{"en_US": "Lead Acquisition", "es_ES": "Adquisición de leads"}	\N	\N	t	2026-04-08 08:39:02.472851	2026-04-08 08:39:02.472851
3	1	\N	\N	\N	\N	\N	18	\N	1	1	draft	[('groups_id', 'in', [21])]	monthly	ranking	weekly	hr	\N	\N	2026-04-08	2026-04-15	{"en_US": "Monthly Sales Targets", "es_ES": "Objetivos de venta mensuales"}	\N	\N	t	2026-04-08 08:39:02.472851	2026-04-08 08:39:02.472851
2	1	\N	\N	\N	\N	\N	18	\N	1	1	inprogress	[('groups_id.id', '=', 2)]	once	personal	never	other	\N	\N	2026-04-08	\N	{"en_US": "Setup your Company", "es_ES": "Configure su empresa"}	\N	\N	t	2026-04-08 08:35:10.407079	2026-05-05 08:35:17.338546
1	1	\N	\N	\N	\N	\N	18	\N	1	1	inprogress	[('groups_id.id', '=', 1)]	once	personal	never	other	\N	\N	2026-04-08	\N	{"en_US": "Complete your Profile", "es_ES": "Complete su perfil"}	\N	\N	t	2026-04-08 08:35:10.407079	2026-05-05 08:35:17.338546
\.


--
-- Data for Name: gamification_challenge_line; Type: TABLE DATA; Schema: public; Owner: odoo
--

COPY public.gamification_challenge_line (id, challenge_id, definition_id, sequence, create_uid, write_uid, create_date, write_date, target_goal) FROM stdin;
1	1	1	1	1	1	2026-04-08 08:35:10.407079	2026-04-08 08:35:10.407079	1
2	2	3	1	1	1	2026-04-08 08:35:10.407079	2026-04-08 08:35:10.407079	1
3	2	2	1	1	1	2026-04-08 08:35:10.407079	2026-04-08 08:35:10.407079	0
4	2	4	1	1	1	2026-04-08 08:35:10.407079	2026-04-08 08:35:10.407079	1
5	3	5	1	1	1	2026-04-08 08:39:02.472851	2026-04-08 08:39:02.472851	20000
6	4	6	1	1	1	2026-04-08 08:39:02.472851	2026-04-08 08:39:02.472851	7
7	4	7	2	1	1	2026-04-08 08:39:02.472851	2026-04-08 08:39:02.472851	15
8	4	9	3	1	1	2026-04-08 08:39:02.472851	2026-04-08 08:39:02.472851	5
\.


--
-- Data for Name: gamification_challenge_users_rel; Type: TABLE DATA; Schema: public; Owner: odoo
--

COPY public.gamification_challenge_users_rel (gamification_challenge_id, res_users_id) FROM stdin;
1	2
1	6
2	2
2	6
3	2
3	6
3	7
3	8
4	2
4	6
4	7
4	8
1	18
1	15
1	17
1	8
1	11
1	20
1	13
1	21
1	16
1	19
1	7
1	14
2	8
2	11
2	7
1	22
1	23
1	24
1	25
2	23
1	27
1	48
1	46
1	47
2	47
\.


--
-- Data for Name: gamification_goal; Type: TABLE DATA; Schema: public; Owner: odoo
--

COPY public.gamification_goal (id, definition_id, user_id, line_id, challenge_id, remind_update_delay, create_uid, write_uid, state, start_date, end_date, last_update, to_update, closed, create_date, write_date, target_goal, current) FROM stdin;
1	1	2	1	1	\N	1	1	reached	2026-04-08	\N	2026-04-08	\N	\N	2026-04-08 08:36:04.634973	2026-04-08 08:36:04.634973	1	1
2	1	6	1	1	\N	1	1	reached	2026-04-08	\N	2026-04-08	\N	\N	2026-04-08 08:36:04.634973	2026-04-08 08:36:04.634973	1	1
3	3	2	2	2	\N	1	1	reached	2026-04-08	\N	2026-04-08	\N	\N	2026-04-08 08:36:04.682292	2026-04-08 08:36:04.682292	1	1
4	3	6	2	2	\N	1	1	reached	2026-04-08	\N	2026-04-08	\N	\N	2026-04-08 08:36:04.682292	2026-04-08 08:36:04.682292	1	1
5	2	2	3	2	\N	1	1	reached	2026-04-08	\N	2026-04-08	\N	\N	2026-04-08 08:36:04.682292	2026-04-08 08:36:04.713463	0	0
6	2	6	3	2	\N	1	1	reached	2026-04-08	\N	2026-04-08	\N	\N	2026-04-08 08:36:04.682292	2026-04-08 08:36:04.713463	0	0
7	4	2	4	2	\N	1	1	reached	2026-04-08	\N	2026-04-08	\N	\N	2026-04-08 08:36:04.682292	2026-04-08 08:36:04.730943	1	1
8	4	6	4	2	\N	1	1	reached	2026-04-08	\N	2026-04-08	\N	\N	2026-04-08 08:36:04.682292	2026-04-08 08:36:04.730943	1	1
9	1	7	1	1	\N	1	1	reached	2026-04-09	\N	2026-04-09	\N	\N	2026-04-09 08:35:40.058478	2026-04-09 08:35:40.058478	1	1
10	1	8	1	1	\N	1	1	reached	2026-04-09	\N	2026-04-09	\N	\N	2026-04-09 08:35:40.058478	2026-04-09 08:35:40.058478	1	1
11	1	11	1	1	\N	1	1	reached	2026-04-09	\N	2026-04-09	\N	\N	2026-04-09 08:35:40.058478	2026-04-09 08:35:40.058478	1	1
12	1	13	1	1	\N	1	1	reached	2026-04-09	\N	2026-04-09	\N	\N	2026-04-09 08:35:40.058478	2026-04-09 08:35:40.058478	1	1
13	1	14	1	1	\N	1	1	reached	2026-04-09	\N	2026-04-09	\N	\N	2026-04-09 08:35:40.058478	2026-04-09 08:35:40.058478	1	1
14	1	15	1	1	\N	1	1	reached	2026-04-09	\N	2026-04-09	\N	\N	2026-04-09 08:35:40.058478	2026-04-09 08:35:40.058478	1	1
15	1	16	1	1	\N	1	1	reached	2026-04-09	\N	2026-04-09	\N	\N	2026-04-09 08:35:40.058478	2026-04-09 08:35:40.058478	1	1
16	1	17	1	1	\N	1	1	reached	2026-04-09	\N	2026-04-09	\N	\N	2026-04-09 08:35:40.058478	2026-04-09 08:35:40.058478	1	1
17	1	18	1	1	\N	1	1	reached	2026-04-09	\N	2026-04-09	\N	\N	2026-04-09 08:35:40.058478	2026-04-09 08:35:40.058478	1	1
18	1	19	1	1	\N	1	1	reached	2026-04-09	\N	2026-04-09	\N	\N	2026-04-09 08:35:40.058478	2026-04-09 08:35:40.058478	1	1
19	1	20	1	1	\N	1	1	reached	2026-04-09	\N	2026-04-09	\N	\N	2026-04-09 08:35:40.058478	2026-04-09 08:35:40.058478	1	1
20	1	21	1	1	\N	1	1	reached	2026-04-09	\N	2026-04-09	\N	\N	2026-04-09 08:35:40.058478	2026-04-09 08:35:40.058478	1	1
21	3	8	2	2	\N	1	1	reached	2026-04-09	\N	2026-04-09	\N	\N	2026-04-09 08:35:40.193138	2026-04-09 08:35:40.193138	1	1
22	3	11	2	2	\N	1	1	reached	2026-04-09	\N	2026-04-09	\N	\N	2026-04-09 08:35:40.193138	2026-04-09 08:35:40.193138	1	1
23	3	7	2	2	\N	1	1	reached	2026-04-09	\N	2026-04-09	\N	\N	2026-04-09 08:35:40.193138	2026-04-09 08:35:40.193138	1	1
24	2	8	3	2	\N	1	1	reached	2026-04-09	\N	2026-04-09	\N	\N	2026-04-09 08:35:40.193138	2026-04-09 08:35:40.264765	0	0
25	2	11	3	2	\N	1	1	reached	2026-04-09	\N	2026-04-09	\N	\N	2026-04-09 08:35:40.193138	2026-04-09 08:35:40.264765	0	0
26	2	7	3	2	\N	1	1	reached	2026-04-09	\N	2026-04-09	\N	\N	2026-04-09 08:35:40.193138	2026-04-09 08:35:40.264765	0	0
27	4	8	4	2	\N	1	1	reached	2026-04-09	\N	2026-04-09	\N	\N	2026-04-09 08:35:40.193138	2026-04-09 08:35:40.302601	1	13
28	4	11	4	2	\N	1	1	reached	2026-04-09	\N	2026-04-09	\N	\N	2026-04-09 08:35:40.193138	2026-04-09 08:35:40.302601	1	13
29	4	7	4	2	\N	1	1	reached	2026-04-09	\N	2026-04-09	\N	\N	2026-04-09 08:35:40.193138	2026-04-09 08:35:40.302601	1	13
30	1	24	1	1	\N	1	1	reached	2026-04-15	\N	2026-04-15	\N	\N	2026-04-15 08:35:25.76609	2026-04-15 08:35:25.76609	1	1
31	1	22	1	1	\N	1	1	reached	2026-04-15	\N	2026-04-15	\N	\N	2026-04-15 08:35:25.76609	2026-04-15 08:35:25.76609	1	1
32	1	23	1	1	\N	1	1	reached	2026-04-15	\N	2026-04-15	\N	\N	2026-04-15 08:35:25.76609	2026-04-15 08:35:25.76609	1	1
33	1	25	1	1	\N	1	1	reached	2026-04-16	\N	2026-04-16	\N	\N	2026-04-16 08:35:49.248043	2026-04-16 08:35:49.248043	1	1
34	3	23	2	2	\N	1	1	reached	2026-04-16	\N	2026-04-16	\N	\N	2026-04-16 08:35:49.331136	2026-04-16 08:35:49.331136	1	1
35	2	23	3	2	\N	1	1	reached	2026-04-16	\N	2026-04-16	\N	\N	2026-04-16 08:35:49.331136	2026-04-16 08:35:49.379385	0	0
36	4	23	4	2	\N	1	1	reached	2026-04-16	\N	2026-04-16	\N	\N	2026-04-16 08:35:49.331136	2026-04-16 08:35:49.411116	1	17
38	1	27	1	1	\N	1	1	reached	2026-04-17	\N	2026-04-17	\N	\N	2026-04-17 08:36:08.503387	2026-04-17 08:36:08.503387	1	1
40	1	48	1	1	\N	1	1	reached	2026-05-05	\N	2026-05-05	\N	\N	2026-05-05 08:35:17.338546	2026-05-05 08:35:17.338546	1	1
41	1	46	1	1	\N	1	1	reached	2026-05-05	\N	2026-05-05	\N	\N	2026-05-05 08:35:17.338546	2026-05-05 08:35:17.338546	1	1
42	1	47	1	1	\N	1	1	reached	2026-05-05	\N	2026-05-05	\N	\N	2026-05-05 08:35:17.338546	2026-05-05 08:35:17.338546	1	1
43	3	47	2	2	\N	1	1	reached	2026-05-05	\N	2026-05-05	\N	\N	2026-05-05 08:35:17.417138	2026-05-05 08:35:17.417138	1	1
44	2	47	3	2	\N	1	1	reached	2026-05-05	\N	2026-05-05	\N	\N	2026-05-05 08:35:17.417138	2026-05-05 08:35:17.457264	0	0
45	4	47	4	2	\N	1	1	reached	2026-05-05	\N	2026-05-05	\N	\N	2026-05-05 08:35:17.417138	2026-05-05 08:35:17.488408	1	21
\.


--
-- Data for Name: gamification_goal_definition; Type: TABLE DATA; Schema: public; Owner: odoo
--

COPY public.gamification_goal_definition (id, model_id, field_id, field_date_id, batch_distinctive_field, action_id, create_uid, write_uid, computation_mode, display_mode, domain, batch_user_expression, condition, res_id_field, name, suffix, description, compute_code, monetary, batch_mode, create_date, write_date) FROM stdin;
1	99	\N	\N	1152	72	1	1	count	boolean	[('partner_id.tz', '!=', False)]	user.id	higher	user.id	{"en_US": "Set your Timezone", "es_ES": "Establezca su zona horaria"}	\N	Configure your profile and specify your timezone	\N	f	t	2026-04-08 08:35:10.407079	2026-04-08 08:35:10.407079
2	96	\N	\N	\N	53	1	1	count	boolean	[('user_ids', 'in', [user.id]), ('name', '=', 'YourCompany')]	\N	lower	user.company_id.id	{"en_US": "Set your Company Data", "es_ES": "Establezca los datos de su empresa"}	\N	Write some information about your company (specify at least a name)	\N	f	\N	2026-04-08 08:35:10.407079	2026-04-08 08:35:10.407079
3	96	\N	\N	\N	53	1	1	count	boolean	[('user_ids', 'in', [user.id]),('logo', '!=', False)]	\N	higher	user.company_id.id	{"en_US": "Set your Company Logo", "es_ES": "Establezca el logotipo de su empresa"}	\N	\N	\N	f	\N	2026-04-08 08:35:10.407079	2026-04-08 08:35:10.407079
4	99	\N	\N	\N	365	1	1	count	boolean	[('id', '!=', user.id)]	\N	higher	\N	{"en_US": "Invite new Users", "es_ES": "Invitar nuevos usuarios"}	\N	Create at least another user	\N	f	\N	2026-04-08 08:35:10.407079	2026-04-08 08:35:10.407079
5	509	5892	5884	5879	\N	1	1	sum	progress	[('state','!=','cancel'),('move_type','=','out_invoice')]	user.id	higher	\N	{"en_US": "Total Invoiced", "es_ES": "Total facturado"}	\N		\N	t	t	2026-04-08 08:39:02.472851	2026-04-08 08:39:02.472851
12	509	5892	5884	5879	\N	1	1	count	progress	[('payment_state','in',('paid', 'in_payment')),('move_type','=','out_invoice')]	user.id	higher	\N	{"en_US": "Total Paid Sales Orders", "es_ES": "Total de pedidos de venta pagados"}	\N	Based on the invoice date	\N	t	t	2026-04-08 08:39:02.472851	2026-04-08 08:39:02.472851
14	509	5892	5884	5879	\N	1	1	sum	progress	[('state','!=','cancel'),('move_type','=','out_refund')]	user.id	higher	\N	{"en_US": "Total Customer Credit Notes", "es_ES": "Total de facturas rectificativas del cliente"}	\N	The total credit note value is negative. Validated when higher (min credit note value).	\N	t	t	2026-04-08 08:39:02.472851	2026-04-08 08:39:02.472851
6	640	\N	9129	9063	\N	1	1	count	progress	['|', ('type', '=', 'lead'), ('type', '=', 'opportunity')]	user.id	higher	\N	{"en_US": "New Leads", "es_ES": "Nuevos leads"}	{"en_US": "leads", "es_ES": "leads"}	Based on the creation date	\N	f	t	2026-04-08 08:39:02.472851	2026-04-08 08:39:02.472851
7	640	9088	9084	9063	\N	1	1	sum	progress	[('type', '=', 'lead')]	user.id	lower	\N	{"en_US": "Time to Qualify a Lead", "es_ES": "Tiempo para calificar un lead"}	{"en_US": "days", "es_ES": "días"}	The average number of days to open the case (lower than)	\N	f	t	2026-04-08 08:39:02.472851	2026-04-08 08:39:02.472851
8	640	9087	9086	9063	\N	1	1	sum	progress	[]	user.id	lower	\N	{"en_US": "Days to Close a Deal", "es_ES": "Días para cerrar un trato"}	{"en_US": "days", "es_ES": "días"}	The average number of days to close the case (lower than)	\N	f	t	2026-04-08 08:39:02.472851	2026-04-08 08:39:02.472851
9	640	\N	9086	9063	\N	1	1	count	progress	[('type','=','opportunity')]	user.id	higher	\N	{"en_US": "New Opportunities", "es_ES": "Nuevas oportunidades"}	{"en_US": "opportunities", "es_ES": "oportunidades"}	Based on the opening date	\N	f	t	2026-04-08 08:39:02.472851	2026-04-08 08:39:02.472851
10	532	\N	6251	6270	\N	1	1	count	progress	[('state','not in',('draft', 'sent', 'cancel'))]	user.id	higher	\N	{"en_US": "New Sales Orders", "es_ES": "Nuevos pedidos de venta"}	{"en_US": "orders", "es_ES": "pedidos"}	Based on the creation date	\N	f	t	2026-04-08 08:39:02.472851	2026-04-08 08:39:02.472851
11	509	\N	5884	5879	\N	1	1	count	progress	[('payment_state','in',('paid', 'in_payment')),('move_type','=','out_invoice')]	user.id	higher	\N	{"en_US": "Paid Sales Orders", "es_ES": "Pedidos de venta pagados"}	{"en_US": "orders", "es_ES": "pedidos"}	Based on the invoice date	\N	f	t	2026-04-08 08:39:02.472851	2026-04-08 08:39:02.472851
13	509	\N	5884	5879	\N	1	1	count	progress	[('state','!=','cancel'),('move_type','=','out_refund')]	user.id	lower	\N	{"en_US": "Customer Credit Notes", "es_ES": "Facturas rectificativas de clientes"}	{"en_US": "invoices", "es_ES": "facturas"}	Add credit note to the least customers (lower than)	\N	f	t	2026-04-08 08:39:02.472851	2026-04-08 08:39:02.472851
\.


--
-- Data for Name: gamification_goal_wizard; Type: TABLE DATA; Schema: public; Owner: odoo
--

COPY public.gamification_goal_wizard (id, goal_id, create_uid, write_uid, create_date, write_date, current) FROM stdin;
\.


--
-- Data for Name: gamification_invited_user_ids_rel; Type: TABLE DATA; Schema: public; Owner: odoo
--

COPY public.gamification_invited_user_ids_rel (gamification_challenge_id, res_users_id) FROM stdin;
\.


--
-- Data for Name: gamification_karma_rank; Type: TABLE DATA; Schema: public; Owner: odoo
--

COPY public.gamification_karma_rank (id, karma_min, create_uid, write_uid, name, description, description_motivational, create_date, write_date) FROM stdin;
1	1	1	1	{"en_US": "Newbie", "es_ES": "Newbie"}	{"en_US": "<p>You just began the adventure! Welcome!</p>", "es_ES": "<p>Su aventura apenas comienza, ¡le damos la bienvenida!</p>"}	{"en_US": "<div class=\\"d-flex align-items-center\\">\\n                <div class=\\"flex-grow-1\\">Earn your first points and join the adventure!</div>\\n                <img class=\\"ms-3 img img-fluid\\" style=\\"max-height: 72px;\\" src=\\"/gamification/static/img/rank_newbie_badge.svg\\" alt=\\"\\">\\n            </div>\\n        ", "es_ES": "<div class=\\"d-flex align-items-center\\">\\n                <div class=\\"flex-grow-1\\">¡Gane sus primeros puntos y únase a la aventura!</div>\\n                <img class=\\"ms-3 img img-fluid\\" style=\\"max-height: 72px;\\" src=\\"/gamification/static/img/rank_newbie_badge.svg\\" alt=\\"\\">\\n            </div>\\n        "}	2026-04-08 08:35:10.407079	2026-04-08 08:35:10.407079
2	100	1	1	{"en_US": "Student", "es_ES": "Estudiante"}	{"en_US": "<p>You're a young padawan now. May the force be with you!</p>", "es_ES": "<p>Ahora es un joven padawan. ¡Que la fuerza le acompañe!</p>"}	{"en_US": "<div class=\\"d-flex align-items-center\\">\\n                <div class=\\"flex-grow-1\\">Reach the next rank to show the rest of the world you exist.</div>\\n                <img class=\\"ms-3 img img-fluid\\" style=\\"max-height: 72px;\\" src=\\"/gamification/static/img/rank_student_badge.svg\\" alt=\\"\\">\\n            </div>\\n        ", "es_ES": "<div class=\\"d-flex align-items-center\\">\\n                <div class=\\"flex-grow-1\\">¡Alcance el siguiente estado para que el mundo le conozca!</div>\\n                <img class=\\"ms-3 img img-fluid\\" style=\\"max-height: 72px;\\" src=\\"/gamification/static/img/rank_student_badge.svg\\" alt=\\"\\">\\n            </div>\\n        "}	2026-04-08 08:35:10.407079	2026-04-08 08:35:10.407079
3	500	1	1	{"en_US": "Bachelor", "es_ES": "Título de grado"}	{"en_US": "<p>You love learning things. Curiosity is a good way to progress.</p>", "es_ES": "<p>Le encanta aprender cosas. La curiosidad es una buena manera de progresar.</p>"}	{"en_US": "<div class=\\"d-flex align-items-center\\">\\n                <div class=\\"flex-grow-1\\">Reach the next rank to improve your status!</div>\\n                <img class=\\"ms-3 img img-fluid\\" style=\\"max-height: 72px;\\" src=\\"/gamification/static/img/rank_bachelor_badge.svg\\" alt=\\"\\">\\n            </div>\\n        ", "es_ES": "<div class=\\"d-flex align-items-center\\">\\n                <div class=\\"flex-grow-1\\">¡Alcance el siguiente rango para mejorar su estado!</div>\\n                <img class=\\"ms-3 img img-fluid\\" style=\\"max-height: 72px;\\" src=\\"/gamification/static/img/rank_bachelor_badge.svg\\" alt=\\"\\">\\n            </div>\\n        "}	2026-04-08 08:35:10.407079	2026-04-08 08:35:10.407079
4	2000	1	1	{"en_US": "Master", "es_ES": "Maestro"}	{"en_US": "<p>You know what you are talking about. People learn from you.</p>", "es_ES": "<p>En verdad es un experto, la gente aprende de usted.</p>"}	{"en_US": "<div class=\\"d-flex align-items-center\\">\\n                <div class=\\"flex-grow-1\\">Reach the next rank and become a Master!</div>\\n                <img class=\\"ms-3 img img-fluid\\" style=\\"max-height: 72px;\\" src=\\"/gamification/static/img/rank_master_badge.svg\\" alt=\\"\\">\\n            </div>\\n        ", "es_ES": "<div class=\\"d-flex align-items-center\\">\\n                <div class=\\"flex-grow-1\\">¡Alcance el siguiente rango y conviértase en Maestro!</div>\\n                <img class=\\"ms-3 img img-fluid\\" style=\\"max-height: 72px;\\" src=\\"/gamification/static/img/rank_master_badge.svg\\" alt=\\"\\">\\n            </div>\\n        "}	2026-04-08 08:35:10.407079	2026-04-08 08:35:10.407079
5	10000	1	1	{"en_US": "Doctor", "es_ES": "Doctor"}	{"en_US": "<p>You have reached the last rank. Congratulations!</p>", "es_ES": "<p>Ha alcanzado el último rango. ¡Enhorabuena!</p>"}	{"en_US": "<div class=\\"d-flex align-items-center\\">\\n                <div class=\\"flex-grow-1\\">Reach the next rank and become a powerful user!</div>\\n                <img class=\\"ms-3 img img-fluid\\" style=\\"max-height: 72px;\\" src=\\"/gamification/static/img/rank_doctor_badge.svg\\" alt=\\"\\">\\n            </div>\\n        ", "es_ES": "<div class=\\"d-flex align-items-center\\">\\n                <div class=\\"flex-grow-1\\">¡Alcance el siguiente rango y conviértase en un usuario poderoso!</div>\\n                <img class=\\"ms-3 img img-fluid\\" style=\\"max-height: 72px;\\" src=\\"/gamification/static/img/rank_doctor_badge.svg\\" alt=\\"\\">\\n            </div>\\n        "}	2026-04-08 08:35:10.407079	2026-04-08 08:35:10.407079
\.


--
-- Data for Name: gamification_karma_tracking; Type: TABLE DATA; Schema: public; Owner: odoo
--

COPY public.gamification_karma_tracking (id, user_id, old_value, new_value, create_uid, write_uid, origin_ref, origin_ref_model_name, reason, consolidated, tracking_date, create_date, write_date) FROM stdin;
1	1	0	2500	1	1	res.users,1	res.users	I am the Root!	\N	2026-04-08 08:35:11	2026-04-08 08:35:10.407079	2026-04-08 08:35:10.407079
2	2	0	2500	1	1	res.users,1	res.users	I am the Admin!	\N	2026-04-08 08:35:11	2026-04-08 08:35:10.407079	2026-04-08 08:35:10.407079
\.


--
-- Data for Name: header_footer_quotation_template_rel; Type: TABLE DATA; Schema: public; Owner: odoo
--

COPY public.header_footer_quotation_template_rel (quotation_document_id, sale_order_template_id) FROM stdin;
\.


--
-- Data for Name: hr_contract_type; Type: TABLE DATA; Schema: public; Owner: odoo
--

COPY public.hr_contract_type (id, sequence, country_id, create_uid, write_uid, code, name, create_date, write_date) FROM stdin;
1	1	\N	1	1	Permanent	{"en_US": "Permanent", "es_ES": "Permanente"}	2026-04-08 08:50:55.821924	2026-04-08 08:50:55.821924
2	2	\N	1	1	Temporary	{"en_US": "Temporary", "es_ES": "Temporal"}	2026-04-08 08:50:55.821924	2026-04-08 08:50:55.821924
3	3	\N	1	1	Seasonal	{"en_US": "Seasonal", "es_ES": "Por temporada"}	2026-04-08 08:50:55.821924	2026-04-08 08:50:55.821924
4	4	\N	1	1	Full-Time	{"en_US": "Full-Time", "es_ES": "Tiempo completo"}	2026-04-08 08:50:55.821924	2026-04-08 08:50:55.821924
5	6	\N	1	1	Intern	{"en_US": "Intern", "es_ES": "En prácticas"}	2026-04-08 08:50:55.821924	2026-04-08 08:50:55.821924
6	7	\N	1	1	Student	{"en_US": "Student", "es_ES": "Estudiante"}	2026-04-08 08:50:55.821924	2026-04-08 08:50:55.821924
7	8	\N	1	1	Apprenticeship	{"en_US": "Apprenticeship", "es_ES": "Formación profesional"}	2026-04-08 08:50:55.821924	2026-04-08 08:50:55.821924
8	9	\N	1	1	Thesis	{"en_US": "Thesis", "es_ES": "Tesis"}	2026-04-08 08:50:55.821924	2026-04-08 08:50:55.821924
9	10	\N	1	1	Statutory	{"en_US": "Statutory", "es_ES": "Estatutario"}	2026-04-08 08:50:55.821924	2026-04-08 08:50:55.821924
10	11	\N	1	1	Employee	{"en_US": "Employee", "es_ES": "Empleado"}	2026-04-08 08:50:55.821924	2026-04-08 08:50:55.821924
\.


--
-- Data for Name: hr_department; Type: TABLE DATA; Schema: public; Owner: odoo
--

COPY public.hr_department (id, company_id, parent_id, manager_id, color, master_department_id, create_uid, write_uid, complete_name, parent_path, name, note, active, create_date, write_date) FROM stdin;
1	1	\N	\N	\N	1	1	1	Administration	1/	{"en_US": "Administration", "es_ES": "Administración"}	\N	t	2026-04-08 08:50:55.821924	2026-04-08 08:50:55.821924
2	1	\N	\N	\N	2	2	2	Ventas	2/	{"en_US": "Ventas", "es_ES": "Ventas"}	\N	t	2026-04-14 08:25:17.845122	2026-04-14 08:25:17.845122
3	1	\N	\N	\N	3	2	2	Pedidos	3/	{"en_US": "Pedidos", "es_ES": "Pedidos"}	\N	t	2026-04-14 08:30:23.066849	2026-04-14 08:30:23.066849
4	1	\N	\N	\N	4	2	2	Órdenes de trabajo:	4/	{"en_US": "Órdenes de trabajo:", "es_ES": "Órdenes de trabajo:"}	\N	t	2026-04-14 08:32:17.801834	2026-04-14 08:32:17.801834
5	1	\N	\N	\N	5	2	2	Albaranes	5/	{"en_US": "Albaranes", "es_ES": "Albaranes"}	\N	t	2026-04-14 08:33:53.762172	2026-04-14 08:33:53.762172
6	1	\N	\N	\N	6	2	2	Personal	6/	{"en_US": "Personal", "es_ES": "Personal"}	\N	t	2026-04-14 08:38:48.471566	2026-04-14 08:38:48.471566
7	1	\N	\N	\N	7	6	6	Sistemas	7/	{"en_US": "Sistemas", "es_ES": "Sistemas"}	\N	t	2026-04-14 08:44:06.126605	2026-04-14 08:44:06.126605
8	1	\N	\N	\N	8	6	6	Recursos Humanos	8/	{"en_US": "Recursos Humanos", "es_ES": "Recursos Humanos"}	\N	t	2026-04-14 08:45:30.241409	2026-04-14 08:45:30.241409
9	1	\N	\N	\N	9	6	6	Relaciones	9/	{"en_US": "Relaciones", "es_ES": "Relaciones"}	\N	t	2026-04-14 08:54:14.641415	2026-04-14 08:54:14.641415
10	1	\N	\N	\N	10	6	6	Almacén	10/	{"en_US": "Almacén", "es_ES": "Almacén"}	\N	t	2026-04-14 08:58:06.537612	2026-04-14 08:58:06.537612
11	1	\N	\N	\N	11	6	6	Diseño Gráfico	11/	{"en_US": "Diseño Gráfico", "es_ES": "Diseño Gráfico"}	\N	t	2026-04-15 10:31:57.904252	2026-04-15 10:31:57.904252
12	1	\N	\N	\N	12	6	6	Relaciones clientes	12/	{"en_US": "Relaciones clientes", "es_ES": "Relaciones clientes"}	\N	t	2026-04-21 07:26:44.589764	2026-04-21 07:26:44.589764
\.


--
-- Data for Name: hr_departure_reason; Type: TABLE DATA; Schema: public; Owner: odoo
--

COPY public.hr_departure_reason (id, sequence, reason_code, create_uid, write_uid, name, create_date, write_date) FROM stdin;
1	0	342	1	1	{"en_US": "Fired", "es_ES": "Despedido"}	2026-04-08 08:50:55.821924	2026-04-08 08:50:55.821924
2	1	343	1	1	{"en_US": "Resigned", "es_ES": "Renunció"}	2026-04-08 08:50:55.821924	2026-04-08 08:50:55.821924
3	2	340	1	1	{"en_US": "Retired", "es_ES": "Jubilado/a"}	2026-04-08 08:50:55.821924	2026-04-08 08:50:55.821924
\.


--
-- Data for Name: hr_departure_wizard; Type: TABLE DATA; Schema: public; Owner: odoo
--

COPY public.hr_departure_wizard (id, departure_reason_id, employee_id, create_uid, write_uid, departure_date, departure_description, create_date, write_date, unassign_equipment) FROM stdin;
\.


--
-- Data for Name: hr_employee; Type: TABLE DATA; Schema: public; Owner: odoo
--

COPY public.hr_employee (id, resource_id, company_id, resource_calendar_id, message_main_attachment_id, color, department_id, job_id, address_id, work_contact_id, work_location_id, user_id, parent_id, coach_id, private_state_id, private_country_id, country_id, children, country_of_birth, bank_account_id, distance_home_work, km_home_work, departure_reason_id, create_uid, write_uid, name, job_title, work_phone, mobile_phone, work_email, private_street, private_street2, private_city, private_zip, private_phone, private_email, lang, gender, marital, spouse_complete_name, place_of_birth, ssnid, sinid, identification_id, passport_id, permit_no, visa_no, certificate, study_field, study_school, emergency_contact, emergency_phone, distance_home_work_unit, employee_type, barcode, pin, private_car_plate, spouse_birthdate, birthday, visa_expire, work_permit_expiration_date, departure_date, employee_properties, additional_note, notes, departure_description, active, is_flexible, is_fully_flexible, work_permit_scheduled_activity, create_date, write_date) FROM stdin;
1	3	1	1	\N	0	1	\N	1	3	\N	2	\N	\N	\N	\N	\N	\N	\N	\N	\N	0	\N	1	1	Administrator	\N	\N	\N	relsum.dosa@gmail.com	\N	\N	\N	\N	\N	admin@example.com	\N	\N	single	\N	\N	\N	\N	\N	\N	\N	\N	\N	\N	\N	\N	\N	kilometers	employee	\N	\N	\N	\N	\N	\N	\N	\N	\N	\N	\N	\N	t	f	f	f	2026-04-08 08:50:55.821924	2026-04-08 08:50:55.821924
14	16	1	1	\N	0	10	9	1	18	\N	16	11	11	\N	\N	\N	0	\N	\N	0	0	\N	6	6	ROMÁN CIPRIANO ANDRÉS	Catálogo de productos	\N	\N	fp.aromancipriano@salesianosdosa.com	\N	\N	\N	\N	\N	\N	\N	\N	single	\N	\N	\N	\N	\N	\N	\N	\N	\N	\N	\N	\N	\N	kilometers	worker	\N	\N	\N	\N	\N	\N	\N	\N	{"1b026227b1ae386c": false, "ee3a5743ba66e0cb": false}	\N	\N	\N	t	f	f	f	2026-04-14 09:08:28.688174	2026-05-05 10:33:44.371373
6	8	1	1	\N	0	12	5	1	19	\N	17	6	6	\N	\N	\N	0	\N	\N	0	0	\N	2	6	DIEZ ROJAS ARIEL	Albaranes	\N	\N	fp.adiezrojas@salesianosdosa.com	\N	\N	\N	\N	\N	\N	\N	\N	single	\N	\N	\N	\N	\N	\N	\N	\N	\N	\N	\N	\N	\N	kilometers	student	\N	\N	\N	\N	\N	\N	\N	\N	{"1b026227b1ae386c": false, "ee3a5743ba66e0cb": false}	\N	\N	\N	t	f	f	f	2026-04-14 08:33:35.851116	2026-05-05 10:43:42.227281
17	19	1	1	\N	0	6	10	1	22	\N	20	7	7	\N	\N	\N	0	\N	\N	0	0	\N	6	6	NAVARRO GÓMEZ PABLO	Órdenes de trabajo	\N	\N	fp.pnavarrogomez@salesianosdosa.com	\N	\N	\N	\N	\N	\N	\N	\N	single	\N	\N	\N	\N	\N	\N	\N	\N	\N	\N	\N	\N	\N	kilometers	worker	\N	\N	\N	\N	\N	\N	\N	\N	{"1b026227b1ae386c": false, "ee3a5743ba66e0cb": false}	\N	\N	\N	t	f	f	f	2026-04-14 09:20:45.732423	2026-05-05 10:16:10.963977
11	13	1	1	\N	0	10	8	1	15	\N	13	11	11	\N	\N	\N	0	\N	\N	0	0	\N	6	6	NOVOA CATUCUAMBA SANTIAGO	Proveedores	\N	\N	fp.snovoacatucuamba@salesianosdosa.com	\N	\N	\N	\N	\N	\N	\N	\N	single	\N	\N	\N	\N	\N	\N	\N	\N	\N	\N	\N	\N	\N	kilometers	worker	\N	\N	\N	\N	\N	\N	\N	\N	{"1b026227b1ae386c": false, "aa681d55aa93b3f6": false, "ee3a5743ba66e0cb": false}	\N	\N	\N	t	f	f	f	2026-04-14 08:53:25.572031	2026-05-05 10:07:45.215589
4	6	1	1	\N	0	6	10	1	23	\N	21	7	7	\N	\N	\N	\N	\N	\N	\N	0	\N	2	6	OVIEDO FLEITAS ALEXIS JAVIER	Órdenes de trabajo	\N	\N	fp.aoviedofleitas@salesianosdosa.com	\N	\N	\N	\N	\N	\N	\N	\N	single	\N	\N	\N	\N	\N	\N	\N	\N	\N	\N	\N	\N	\N	kilometers	worker	\N	\N	\N	\N	\N	\N	\N	\N	{"1b026227b1ae386c": false, "ee3a5743ba66e0cb": false}	\N	\N	\N	t	f	f	f	2026-04-14 08:26:32.566951	2026-05-05 10:08:06.286016
16	18	1	1	\N	0	12	5	1	21	\N	19	6	6	\N	\N	\N	0	\N	\N	0	0	\N	6	6	SAGUAR HERNÁIZ VÍCTOR	Albaranes	\N	\N	fp.vsaguarhernaiz@salesianosdosa.com	\N	\N	\N	\N	\N	\N	\N	\N	single	\N	\N	\N	\N	\N	\N	\N	\N	\N	\N	\N	\N	\N	kilometers	worker	\N	\N	\N	\N	\N	\N	\N	\N	{"1b026227b1ae386c": false, "ee3a5743ba66e0cb": false}	\N	\N	\N	t	f	f	f	2026-04-14 09:19:50.638269	2026-05-05 10:38:10.029382
12	14	1	1	\N	0	10	9	1	16	\N	14	11	11	\N	\N	\N	0	\N	\N	0	0	\N	6	6	ÁLVAREZ GIORDANO LUCIANO ALFREDO	Catálogo de productos	\N	\N	fp.lalvarezgiordano@salesianosdosa.com	\N	\N	\N	\N	\N	\N	\N	\N	single	\N	\N	\N	\N	\N	\N	\N	\N	\N	\N	\N	\N	\N	kilometers	worker	\N	\N	\N	\N	\N	\N	\N	\N	{"1b026227b1ae386c": false, "ee3a5743ba66e0cb": false}	\N	\N	\N	t	f	f	f	2026-04-14 09:00:21.613649	2026-05-05 10:08:17.899284
13	15	1	1	\N	0	10	9	1	17	\N	15	11	11	\N	\N	\N	0	\N	\N	0	0	\N	6	6	COSTEA CELI DAVID	Catálogo de productos	\N	\N	fp.dcosteaceli@salesianosdosa.com	\N	\N	\N	\N	\N	\N	\N	\N	single	\N	\N	\N	\N	\N	\N	\N	\N	\N	\N	\N	\N	\N	kilometers	worker	\N	\N	\N	\N	\N	\N	\N	\N	{"1b026227b1ae386c": false, "ee3a5743ba66e0cb": false}	\N	\N	\N	t	f	f	f	2026-04-14 09:01:23.987349	2026-05-05 10:06:59.445704
15	17	1	1	\N	0	11	11	1	29	\N	24	11	11	\N	\N	68	0	68	\N	0	0	\N	6	6	SECO CUMBREÑO DIEGO	Diseño Gráfico	\N	\N	fp.dsecocumbreno@salesianosdosa.com	\N	\N	\N	\N	655617963	\N	\N	male	married	Victoria Villar Rodriguez	Guadalajara, Castilla y la Mancha	\N	\N	49393550S	\N	\N	\N	bachelor	ESO	Colegio Corazón De María	\N	\N	kilometers	worker	\N	\N	\N	2008-07-29	2008-04-24	\N	\N	\N	{"1b026227b1ae386c": false, "ee3a5743ba66e0cb": false}	\N	\N	\N	t	f	f	f	2026-04-14 09:09:32.231525	2026-05-05 10:53:41.520437
7	9	1	1	\N	0	6	10	1	27	\N	22	7	7	\N	\N	\N	0	\N	\N	0	0	\N	2	6	MÓSQUEZ BERMEO CARLOS ALBERTO	Órdenes de trabajo	\N	\N	fp.cmosquezbermeo@salesianosdosa.com	\N	\N	\N	\N	\N	\N	\N	\N	single	\N	\N	\N	\N	\N	\N	\N	\N	\N	\N	\N	\N	\N	kilometers	worker	\N	\N	\N	\N	\N	\N	\N	\N	{"1b026227b1ae386c": false, "ee3a5743ba66e0cb": false}	\N	\N	\N	t	f	f	f	2026-04-14 08:35:17.688443	2026-05-05 11:21:23.053583
21	23	1	1	\N	0	11	11	1	35	\N	27	19	19	\N	\N	\N	\N	\N	\N	\N	0	\N	6	6	GONZALEZ ROJAS RANDALL	Diseño Gráfico	\N	\N	fp.rgonzalezrojas@salesianosdosa.com	\N	\N	\N	\N	\N	\N	\N	\N	single	\N	\N	\N	\N	\N	\N	\N	\N	\N	\N	\N	\N	\N	kilometers	worker	\N	\N	\N	\N	\N	\N	\N	\N	{"1b026227b1ae386c": false, "9eb6fd430c341eb8": false, "aa681d55aa93b3f6": false, "e6afed9523ad992a": false, "ee3a5743ba66e0cb": false}	\N	\N	\N	t	f	f	f	2026-04-16 09:02:44.025345	2026-05-05 11:28:10.58366
28	30	1	1	\N	0	11	11	1	61	\N	48	19	19	\N	\N	\N	\N	\N	\N	\N	0	\N	6	6	BALLESTEROS ÁLVARO NICOLÁS	Diseño Gráfico	\N	\N	fp.nballesterosalvaro@salesianosdosa.com	\N	\N	\N	\N	\N	\N	\N	\N	single	\N	\N	\N	\N	\N	\N	\N	\N	\N	\N	\N	\N	\N	kilometers	employee	\N	\N	\N	\N	\N	\N	\N	\N	{"1b026227b1ae386c": false, "9eb6fd430c341eb8": false, "aa681d55aa93b3f6": false, "e6afed9523ad992a": false, "ee3a5743ba66e0cb": false}	\N	\N	\N	t	f	f	f	2026-05-04 10:22:32.755767	2026-05-05 10:50:03.926856
5	7	1	1	\N	0	12	3	1	20	\N	18	6	6	\N	\N	\N	0	\N	\N	0	0	\N	2	6	CAMACHO VARGAS ADRIÁN	Pedidos	\N	\N	fp.acamachovargas@salesianosdosa.com	\N	\N	\N	\N	\N	\N	\N	\N	single	\N	\N	\N	\N	\N	\N	\N	\N	\N	\N	\N	\N	\N	kilometers	worker	\N	\N	\N	\N	\N	\N	\N	\N	{"1b026227b1ae386c": false, "aa681d55aa93b3f6": false, "e6afed9523ad992a": false, "ee3a5743ba66e0cb": false}	\N	\N	\N	t	f	f	f	2026-04-14 08:27:07.91347	2026-05-05 10:09:49.692264
3	5	1	1	\N	0	8	1	1	7	\N	6	10	10	\N	\N	\N	0	\N	\N	0	0	\N	2	6	JIMÉNEZ MEDRANO JOSÉ ÁNGEL	Recursos Humanos	\N	\N	fp.jjimenezmedrano@salesianosdosa.com	\N	\N	\N	\N	\N	\N	\N	\N	single	\N	\N	\N	\N	\N	\N	\N	\N	\N	\N	\N	\N	\N	kilometers	worker	\N	\N	\N	\N	\N	\N	\N	\N	{"1b026227b1ae386c": false, "ee3a5743ba66e0cb": false}	\N	\N	\N	t	f	f	f	2026-04-14 08:20:39.804186	2026-05-05 10:02:56.168681
10	12	1	1	\N	0	8	1	1	10	\N	8	10	10	\N	\N	\N	0	\N	\N	0	0	\N	6	6	GATARIN LASAM ENRIQUE	Recursos Humanos	\N	\N	fp.egatarinlasam@salesianosdosa.com	\N	\N	\N	\N	\N	\N	\N	\N	single	\N	\N	\N	\N	\N	\N	\N	\N	\N	\N	\N	\N	\N	kilometers	worker	\N	\N	\N	\N	\N	\N	\N	\N	{"1b026227b1ae386c": false, "ee3a5743ba66e0cb": false}	\N	\N	\N	t	f	f	f	2026-04-14 08:47:53.881559	2026-05-05 09:41:06.987294
19	21	1	1	\N	0	11	11	1	32	\N	25	19	19	\N	\N	\N	\N	\N	\N	\N	0	\N	6	6	FERNÁNDEZ MORÍN ÓSCAR	Diseño Gráfico	\N	\N	fp.ofernandezmorin@salesianosdosa.com	\N	\N	\N	\N	\N	\N	\N	\N	single	\N	\N	\N	\N	\N	\N	\N	\N	\N	\N	\N	\N	\N	kilometers	worker	\N	\N	\N	\N	\N	\N	\N	\N	{"1b026227b1ae386c": false, "9eb6fd430c341eb8": false, "aa681d55aa93b3f6": false, "e6afed9523ad992a": false, "ee3a5743ba66e0cb": false}	\N	\N	\N	t	f	f	f	2026-04-15 10:29:41.502907	2026-05-05 11:04:52.041836
23	25	1	1	\N	0	6	10	1	55	\N	46	7	7	\N	\N	\N	\N	\N	\N	\N	0	\N	6	6	MARTÍN GÓMEZ SERGIO	Órdenes de trabajo	\N	\N	fp.smartingomez@salesianosdosa.com	\N	\N	\N	\N	\N	\N	\N	\N	single	\N	\N	\N	\N	\N	\N	\N	\N	\N	\N	\N	\N	\N	kilometers	employee	\N	\N	\N	\N	\N	\N	\N	\N	{"1b026227b1ae386c": false, "9eb6fd430c341eb8": false, "aa681d55aa93b3f6": false, "e6afed9523ad992a": false, "ee3a5743ba66e0cb": false}	\N	\N	\N	t	f	f	f	2026-05-04 08:39:33.148109	2026-05-05 10:07:35.164876
\.


--
-- Data for Name: hr_employee_category; Type: TABLE DATA; Schema: public; Owner: odoo
--

COPY public.hr_employee_category (id, color, create_uid, write_uid, name, create_date, write_date) FROM stdin;
\.


--
-- Data for Name: hr_employee_cv_wizard; Type: TABLE DATA; Schema: public; Owner: odoo
--

COPY public.hr_employee_cv_wizard (id, create_uid, write_uid, color_primary, color_secondary, show_skills, show_contact, show_others, create_date, write_date) FROM stdin;
\.


--
-- Data for Name: hr_employee_hr_employee_cv_wizard_rel; Type: TABLE DATA; Schema: public; Owner: odoo
--

COPY public.hr_employee_hr_employee_cv_wizard_rel (hr_employee_cv_wizard_id, hr_employee_id) FROM stdin;
\.


--
-- Data for Name: hr_employee_hr_skill_rel; Type: TABLE DATA; Schema: public; Owner: odoo
--

COPY public.hr_employee_hr_skill_rel (hr_employee_id, hr_skill_id) FROM stdin;
7	3
10	3
10	5
12	3
3	3
3	29
3	32
3	30
3	22
10	32
10	30
10	36
10	29
10	22
10	25
3	25
3	36
6	3
23	3
23	30
23	36
23	22
23	33
12	30
12	36
12	22
12	29
12	32
13	3
13	30
13	36
13	22
13	32
11	3
11	30
11	36
11	22
11	29
11	25
11	32
11	23
11	26
11	27
23	26
23	23
12	23
12	27
4	3
4	30
4	36
4	22
4	29
4	25
4	32
4	23
4	24
4	27
10	23
10	27
10	26
3	23
3	24
3	27
5	3
5	30
5	36
5	22
5	29
5	25
5	26
5	23
5	27
17	3
17	30
17	36
17	22
17	29
17	25
17	23
17	27
17	31
14	3
14	30
14	36
14	22
14	29
14	25
14	32
14	23
14	27
14	24
16	3
16	30
16	36
16	22
16	25
16	32
16	23
16	24
16	27
6	30
6	36
6	22
6	29
6	33
6	25
6	32
6	23
6	26
6	31
28	3
28	30
28	36
28	22
28	29
28	25
28	32
28	23
28	24
28	35
15	32
15	30
15	22
15	36
15	23
15	33
15	34
15	3
19	3
19	30
19	36
19	22
19	29
19	33
19	25
19	23
19	27
19	35
7	30
7	36
7	22
7	29
7	33
7	25
7	32
7	23
7	27
7	31
21	3
21	30
21	36
21	22
21	29
21	25
21	32
21	23
21	27
21	31
\.


--
-- Data for Name: hr_employee_skill; Type: TABLE DATA; Schema: public; Owner: odoo
--

COPY public.hr_employee_skill (id, employee_id, skill_id, skill_level_id, skill_type_id, create_uid, write_uid, create_date, write_date) FROM stdin;
46	13	30	10	2	6	6	2026-05-05 09:00:34.195482	2026-05-05 09:00:34.195482
47	13	36	9	2	6	6	2026-05-05 09:00:53.706138	2026-05-05 09:00:53.706138
48	13	22	10	2	6	6	2026-05-05 09:01:00.930126	2026-05-05 09:01:00.930126
49	13	32	10	2	6	6	2026-05-05 09:01:26.05549	2026-05-05 09:01:26.05549
50	11	3	2	1	6	6	2026-05-05 09:09:47.659046	2026-05-05 09:09:47.659046
51	11	30	9	2	6	6	2026-05-05 09:10:02.65595	2026-05-05 09:10:02.65595
52	11	36	10	2	6	6	2026-05-05 09:10:12.571956	2026-05-05 09:10:12.571956
53	11	22	9	2	6	6	2026-05-05 09:10:20.092228	2026-05-05 09:10:20.092228
54	11	29	9	2	6	6	2026-05-05 09:10:28.395633	2026-05-05 09:10:28.395633
55	11	25	9	2	6	6	2026-05-05 09:10:39.852149	2026-05-05 09:10:39.852149
56	11	32	10	2	6	6	2026-05-05 09:10:54.039554	2026-05-05 09:10:54.039554
57	11	23	11	2	6	6	2026-05-05 09:11:14.329084	2026-05-05 09:11:14.329084
58	11	26	9	2	6	6	2026-05-05 09:11:24.782976	2026-05-05 09:11:24.782976
59	11	27	10	2	6	6	2026-05-05 09:11:35.056382	2026-05-05 09:11:35.056382
60	23	26	10	2	6	6	2026-05-05 09:12:01.920995	2026-05-05 09:12:01.920995
61	23	23	11	2	6	6	2026-05-05 09:12:16.702086	2026-05-05 09:12:16.702086
62	12	23	10	2	6	6	2026-05-05 09:17:01.814704	2026-05-05 09:17:01.814704
63	12	27	9	2	6	6	2026-05-05 09:17:12.714817	2026-05-05 09:17:12.714817
64	4	3	4	1	6	6	2026-05-05 09:22:13.929164	2026-05-05 09:22:13.929164
65	4	30	10	2	6	6	2026-05-05 09:22:36.636096	2026-05-05 09:22:36.636096
66	4	36	11	2	6	6	2026-05-05 09:22:47.176842	2026-05-05 09:22:47.176842
67	4	22	11	2	6	6	2026-05-05 09:22:56.001823	2026-05-05 09:22:56.001823
68	4	29	10	2	6	6	2026-05-05 09:23:02.453633	2026-05-05 09:23:02.453633
69	4	25	9	2	6	6	2026-05-05 09:23:14.301729	2026-05-05 09:23:14.301729
70	4	32	9	2	6	6	2026-05-05 09:23:22.840718	2026-05-05 09:23:22.840718
71	4	23	11	2	6	6	2026-05-05 09:23:36.604789	2026-05-05 09:23:36.604789
72	4	24	9	2	6	6	2026-05-05 09:23:45.998769	2026-05-05 09:23:45.998769
73	4	27	9	2	6	6	2026-05-05 09:23:54.348328	2026-05-05 09:26:56.546856
74	10	23	11	2	6	6	2026-05-05 09:33:57.39665	2026-05-05 09:33:57.39665
75	10	27	10	2	6	6	2026-05-05 09:34:04.304051	2026-05-05 09:34:04.304051
76	10	26	10	2	6	6	2026-05-05 09:34:12.880862	2026-05-05 09:34:12.880862
77	3	23	11	2	6	6	2026-05-05 09:38:46.992395	2026-05-05 09:38:46.992395
78	3	24	10	2	6	6	2026-05-05 09:38:56.578109	2026-05-05 09:38:56.578109
79	3	27	9	2	6	6	2026-05-05 09:39:03.8991	2026-05-05 09:39:03.8991
80	5	3	1	1	6	6	2026-05-05 09:42:04.192856	2026-05-05 09:42:04.192856
81	5	30	9	2	6	6	2026-05-05 09:59:08.878904	2026-05-05 09:59:08.878904
82	5	36	9	2	6	6	2026-05-05 09:59:20.727843	2026-05-05 09:59:20.727843
83	5	22	9	2	6	6	2026-05-05 09:59:26.433587	2026-05-05 09:59:26.433587
84	5	29	10	2	6	6	2026-05-05 09:59:33.06834	2026-05-05 09:59:33.06834
85	5	25	10	2	6	6	2026-05-05 09:59:42.633671	2026-05-05 09:59:42.633671
86	5	26	9	2	6	6	2026-05-05 10:00:02.564653	2026-05-05 10:00:02.564653
87	5	23	10	2	6	6	2026-05-05 10:00:09.549125	2026-05-05 10:00:09.549125
88	5	27	9	2	6	6	2026-05-05 10:00:24.21394	2026-05-05 10:00:24.21394
89	17	3	3	1	6	6	2026-05-05 10:11:10.540892	2026-05-05 10:11:10.540892
90	17	30	10	2	6	6	2026-05-05 10:11:22.908704	2026-05-05 10:11:22.908704
17	7	3	2	1	22	22	2026-05-04 08:34:09.266184	2026-05-04 10:09:44.081711
18	10	3	5	1	6	6	2026-05-04 11:18:55.949577	2026-05-04 11:18:55.949577
19	10	5	6	1	6	6	2026-05-04 11:19:12.042794	2026-05-04 11:19:12.042794
20	12	3	4	1	6	6	2026-05-04 11:35:24.165104	2026-05-04 11:35:24.165104
21	3	3	2	1	6	6	2026-05-04 11:53:53.497973	2026-05-04 11:53:53.497973
22	3	29	10	2	6	6	2026-05-04 11:54:15.847085	2026-05-04 11:54:15.847085
23	3	32	9	2	6	6	2026-05-04 11:54:28.748272	2026-05-04 11:54:28.748272
24	3	30	10	2	6	6	2026-05-04 11:54:34.592489	2026-05-04 11:54:34.592489
25	3	22	10	2	6	6	2026-05-04 11:54:41.386423	2026-05-04 11:54:41.386423
26	10	32	10	2	6	6	2026-05-04 11:55:15.534601	2026-05-04 11:55:15.534601
27	10	30	11	2	6	6	2026-05-04 11:55:22.607548	2026-05-04 11:55:22.607548
28	10	36	10	2	6	6	2026-05-04 11:55:31.718137	2026-05-04 11:55:31.718137
29	10	29	10	2	6	6	2026-05-04 11:55:39.13874	2026-05-04 11:55:39.13874
30	10	22	10	2	6	6	2026-05-04 11:55:46.10546	2026-05-04 11:55:46.10546
31	10	25	10	2	6	6	2026-05-04 11:55:54.01872	2026-05-04 11:55:54.01872
32	3	25	10	2	6	6	2026-05-04 11:56:52.010146	2026-05-04 11:56:52.010146
33	3	36	11	2	6	6	2026-05-04 11:57:21.905609	2026-05-04 11:57:21.905609
34	6	3	4	1	8	8	2026-05-05 07:20:12.296065	2026-05-05 07:20:12.296065
35	23	3	2	1	6	6	2026-05-05 08:28:02.940169	2026-05-05 08:28:02.940169
36	23	30	10	2	6	6	2026-05-05 08:28:26.123876	2026-05-05 08:28:26.123876
37	23	36	11	2	6	6	2026-05-05 08:30:21.077217	2026-05-05 08:30:21.077217
38	23	22	10	2	6	6	2026-05-05 08:30:33.529045	2026-05-05 08:30:33.529045
39	23	33	10	2	6	6	2026-05-05 08:30:53.835938	2026-05-05 08:30:53.835938
40	12	30	11	2	6	6	2026-05-05 08:52:09.091089	2026-05-05 08:52:09.091089
41	12	36	10	2	6	6	2026-05-05 08:52:20.308304	2026-05-05 08:52:20.308304
42	12	22	11	2	6	6	2026-05-05 08:52:43.949171	2026-05-05 08:52:43.949171
43	12	29	10	2	6	6	2026-05-05 08:53:01.833917	2026-05-05 08:53:01.833917
44	12	32	11	2	6	6	2026-05-05 08:53:17.825706	2026-05-05 08:53:17.825706
45	13	3	4	1	6	6	2026-05-05 09:00:12.681701	2026-05-05 09:00:12.681701
91	17	36	10	2	6	6	2026-05-05 10:11:44.342767	2026-05-05 10:11:44.342767
92	17	22	10	2	6	6	2026-05-05 10:11:50.959481	2026-05-05 10:11:50.959481
93	17	29	10	2	6	6	2026-05-05 10:12:01.066878	2026-05-05 10:12:01.066878
94	17	25	9	2	6	6	2026-05-05 10:12:09.811892	2026-05-05 10:12:09.811892
95	17	23	11	2	6	6	2026-05-05 10:12:32.780362	2026-05-05 10:12:32.780362
96	17	27	10	2	6	6	2026-05-05 10:12:43.359432	2026-05-05 10:12:43.359432
97	17	31	10	2	6	6	2026-05-05 10:12:55.476444	2026-05-05 10:12:55.476444
106	14	3	4	1	6	6	2026-05-05 10:27:35.250807	2026-05-05 10:27:35.250807
107	14	30	11	2	6	6	2026-05-05 10:27:50.934714	2026-05-05 10:27:50.934714
108	14	36	10	2	6	6	2026-05-05 10:28:14.44216	2026-05-05 10:28:14.44216
109	14	22	11	2	6	6	2026-05-05 10:28:22.829065	2026-05-05 10:28:22.829065
110	14	29	10	2	6	6	2026-05-05 10:28:45.255652	2026-05-05 10:28:45.255652
111	14	25	9	2	6	6	2026-05-05 10:29:21.737006	2026-05-05 10:29:21.737006
112	14	32	11	2	6	6	2026-05-05 10:29:29.464534	2026-05-05 10:29:29.464534
113	14	23	11	2	6	6	2026-05-05 10:29:34.780156	2026-05-05 10:29:34.780156
114	14	27	10	2	6	6	2026-05-05 10:29:59.049734	2026-05-05 10:29:59.049734
115	14	24	9	2	6	6	2026-05-05 10:30:12.314103	2026-05-05 10:30:12.314103
116	16	3	3	1	6	6	2026-05-05 10:35:03.656323	2026-05-05 10:35:03.656323
117	16	30	10	2	6	6	2026-05-05 10:35:13.593115	2026-05-05 10:35:13.593115
118	16	36	11	2	6	6	2026-05-05 10:35:22.568761	2026-05-05 10:35:22.568761
119	16	22	10	2	6	6	2026-05-05 10:35:28.276806	2026-05-05 10:35:28.276806
120	16	25	10	2	6	6	2026-05-05 10:35:43.505996	2026-05-05 10:35:43.505996
121	16	32	10	2	6	6	2026-05-05 10:35:51.389872	2026-05-05 10:35:51.389872
122	16	23	11	2	6	6	2026-05-05 10:35:57.557164	2026-05-05 10:35:57.557164
123	16	24	10	2	6	6	2026-05-05 10:36:09.363784	2026-05-05 10:36:09.363784
124	16	27	10	2	6	6	2026-05-05 10:36:29.970571	2026-05-05 10:36:29.970571
125	6	30	10	2	6	6	2026-05-05 10:39:26.603387	2026-05-05 10:39:26.603387
126	6	36	10	2	6	6	2026-05-05 10:39:32.700656	2026-05-05 10:39:32.700656
127	6	22	10	2	6	6	2026-05-05 10:39:42.566521	2026-05-05 10:39:42.566521
128	6	29	10	2	6	6	2026-05-05 10:39:49.56214	2026-05-05 10:39:49.56214
129	6	33	11	2	6	6	2026-05-05 10:39:57.699278	2026-05-05 10:39:57.699278
130	6	25	9	2	6	6	2026-05-05 10:40:05.273665	2026-05-05 10:40:05.273665
131	6	32	10	2	6	6	2026-05-05 10:40:16.124587	2026-05-05 10:40:16.124587
132	6	23	11	2	6	6	2026-05-05 10:40:21.903211	2026-05-05 10:40:21.903211
133	6	26	11	2	6	6	2026-05-05 10:40:36.216292	2026-05-05 10:40:36.216292
134	6	31	10	2	6	6	2026-05-05 10:40:49.589293	2026-05-05 10:40:49.589293
135	28	3	3	1	6	6	2026-05-05 10:45:21.832167	2026-05-05 10:45:21.832167
136	28	30	10	2	6	6	2026-05-05 10:45:41.892345	2026-05-05 10:45:41.892345
137	28	36	10	2	6	6	2026-05-05 10:45:50.101855	2026-05-05 10:45:50.101855
138	28	22	11	2	6	6	2026-05-05 10:45:56.719602	2026-05-05 10:45:56.719602
139	28	29	10	2	6	6	2026-05-05 10:46:06.941796	2026-05-05 10:46:06.941796
140	28	25	9	2	6	6	2026-05-05 10:46:17.053139	2026-05-05 10:46:17.053139
141	28	32	10	2	6	6	2026-05-05 10:46:29.873607	2026-05-05 10:46:29.873607
142	28	23	11	2	6	6	2026-05-05 10:46:35.916433	2026-05-05 10:46:35.916433
143	28	24	10	2	6	6	2026-05-05 10:46:47.866697	2026-05-05 10:46:47.866697
144	28	35	10	2	6	6	2026-05-05 10:47:02.568533	2026-05-05 10:47:02.568533
145	15	32	11	2	24	24	2026-05-05 10:49:04.153559	2026-05-05 10:49:04.153559
146	15	30	11	2	24	24	2026-05-05 10:49:12.558262	2026-05-05 10:49:12.558262
147	15	22	11	2	24	24	2026-05-05 10:49:18.33954	2026-05-05 10:49:18.33954
148	15	36	10	2	24	24	2026-05-05 10:49:29.361595	2026-05-05 10:49:29.361595
149	15	23	11	2	24	24	2026-05-05 10:49:43.279774	2026-05-05 10:49:43.279774
150	15	33	8	2	24	24	2026-05-05 10:49:53.513343	2026-05-05 10:49:53.513343
151	15	34	9	2	24	24	2026-05-05 10:49:58.920463	2026-05-05 10:49:58.920463
152	15	3	4	1	6	6	2026-05-05 10:50:39.782062	2026-05-05 10:50:39.782062
153	19	3	4	1	6	6	2026-05-05 10:57:50.33524	2026-05-05 10:57:50.33524
154	19	30	9	2	6	6	2026-05-05 10:58:00.735115	2026-05-05 10:58:00.735115
155	19	36	10	2	6	6	2026-05-05 10:58:08.605748	2026-05-05 10:58:08.605748
156	19	22	9	2	6	6	2026-05-05 10:58:15.373671	2026-05-05 10:58:15.373671
157	19	29	9	2	6	6	2026-05-05 10:58:23.29651	2026-05-05 10:58:23.29651
158	19	33	11	2	6	6	2026-05-05 10:58:33.058168	2026-05-05 10:58:33.058168
159	19	25	9	2	6	6	2026-05-05 10:58:40.628012	2026-05-05 10:58:40.628012
160	19	23	10	2	6	6	2026-05-05 10:58:54.245811	2026-05-05 10:58:54.245811
161	19	27	9	2	6	6	2026-05-05 10:59:16.558334	2026-05-05 10:59:16.558334
162	19	35	9	2	6	6	2026-05-05 10:59:33.014817	2026-05-05 10:59:33.014817
163	7	30	11	2	6	6	2026-05-05 11:11:41.114978	2026-05-05 11:11:41.114978
164	7	36	11	2	6	6	2026-05-05 11:11:56.580398	2026-05-05 11:11:56.580398
165	7	22	11	2	6	6	2026-05-05 11:12:02.466596	2026-05-05 11:12:02.466596
166	7	29	11	2	6	6	2026-05-05 11:12:07.740914	2026-05-05 11:12:07.740914
167	7	33	11	2	6	6	2026-05-05 11:12:18.718935	2026-05-05 11:12:18.718935
168	7	25	11	2	6	6	2026-05-05 11:12:27.629513	2026-05-05 11:12:27.629513
169	7	32	11	2	6	6	2026-05-05 11:12:33.02014	2026-05-05 11:12:33.02014
170	7	23	11	2	6	6	2026-05-05 11:12:41.677153	2026-05-05 11:12:41.677153
171	7	27	11	2	6	6	2026-05-05 11:12:52.97962	2026-05-05 11:12:52.97962
172	7	31	11	2	6	6	2026-05-05 11:13:06.047936	2026-05-05 11:13:06.047936
173	21	3	1	1	6	6	2026-05-05 11:24:52.053462	2026-05-05 11:24:52.053462
174	21	30	10	2	6	6	2026-05-05 11:25:05.002679	2026-05-05 11:25:05.002679
175	21	36	9	2	6	6	2026-05-05 11:25:16.138304	2026-05-05 11:25:16.138304
176	21	22	11	2	6	6	2026-05-05 11:25:24.466985	2026-05-05 11:25:24.466985
177	21	29	9	2	6	6	2026-05-05 11:25:31.403839	2026-05-05 11:25:31.403839
178	21	25	9	2	6	6	2026-05-05 11:25:46.599511	2026-05-05 11:25:46.599511
179	21	32	10	2	6	6	2026-05-05 11:25:53.310844	2026-05-05 11:25:53.310844
180	21	23	10	2	6	6	2026-05-05 11:26:03.60335	2026-05-05 11:26:03.60335
181	21	27	10	2	6	6	2026-05-05 11:26:20.969593	2026-05-05 11:26:20.969593
182	21	31	9	2	6	6	2026-05-05 11:26:29.91692	2026-05-05 11:26:29.91692
\.


--
-- Data for Name: hr_employee_skill_log; Type: TABLE DATA; Schema: public; Owner: odoo
--

COPY public.hr_employee_skill_log (id, employee_id, department_id, skill_id, skill_level_id, skill_type_id, level_progress, create_uid, write_uid, date, create_date, write_date) FROM stdin;
17	7	6	3	2	1	40	22	22	2026-05-04	2026-05-04 08:34:09.266184	2026-05-04 10:09:44.081711
20	12	10	3	4	1	75	6	6	2026-05-04	2026-05-04 11:35:24.165104	2026-05-04 11:35:24.165104
33	3	8	36	11	2	100	6	6	2026-05-04	2026-05-04 11:57:21.905609	2026-05-04 11:57:21.905609
32	3	8	25	10	2	80	6	6	2026-05-04	2026-05-04 11:56:52.010146	2026-05-04 11:57:21.905609
25	3	8	22	10	2	80	6	6	2026-05-04	2026-05-04 11:54:41.386423	2026-05-04 11:57:21.905609
24	3	8	30	10	2	80	6	6	2026-05-04	2026-05-04 11:54:34.592489	2026-05-04 11:57:21.905609
23	3	8	32	9	2	50	6	6	2026-05-04	2026-05-04 11:54:28.748272	2026-05-04 11:57:21.905609
22	3	8	29	10	2	80	6	6	2026-05-04	2026-05-04 11:54:15.847085	2026-05-04 11:57:21.905609
21	3	8	3	2	1	40	6	6	2026-05-04	2026-05-04 11:53:53.497973	2026-05-04 11:57:21.905609
34	6	12	3	4	1	75	8	6	2026-05-05	2026-05-05 07:20:12.296065	2026-05-05 10:40:49.589293
62	23	6	23	11	2	100	6	6	2026-05-05	2026-05-05 09:12:16.702086	2026-05-05 09:12:16.702086
61	23	6	26	10	2	80	6	6	2026-05-05	2026-05-05 09:12:01.920995	2026-05-05 09:12:16.702086
39	23	6	33	10	2	80	6	6	2026-05-05	2026-05-05 08:30:53.835938	2026-05-05 09:12:16.702086
38	23	6	22	10	2	80	6	6	2026-05-05	2026-05-05 08:30:33.529045	2026-05-05 09:12:16.702086
37	23	6	36	11	2	100	6	6	2026-05-05	2026-05-05 08:30:21.077217	2026-05-05 09:12:16.702086
36	23	6	30	10	2	80	6	6	2026-05-05	2026-05-05 08:28:26.123876	2026-05-05 09:12:16.702086
35	23	6	3	2	1	40	6	6	2026-05-05	2026-05-05 08:28:02.940169	2026-05-05 09:12:16.702086
31	10	8	25	10	2	80	6	6	2026-05-04	2026-05-04 11:55:54.01872	2026-05-04 11:55:54.01872
30	10	8	22	10	2	80	6	6	2026-05-04	2026-05-04 11:55:46.10546	2026-05-04 11:55:54.01872
29	10	8	29	10	2	80	6	6	2026-05-04	2026-05-04 11:55:39.13874	2026-05-04 11:55:54.01872
28	10	8	36	10	2	80	6	6	2026-05-04	2026-05-04 11:55:31.718137	2026-05-04 11:55:54.01872
27	10	8	30	11	2	100	6	6	2026-05-04	2026-05-04 11:55:22.607548	2026-05-04 11:55:54.01872
26	10	8	32	10	2	80	6	6	2026-05-04	2026-05-04 11:55:15.534601	2026-05-04 11:55:54.01872
19	10	8	5	6	1	100	6	6	2026-05-04	2026-05-04 11:19:12.042794	2026-05-04 11:55:54.01872
18	10	8	3	5	1	85	6	6	2026-05-04	2026-05-04 11:18:55.949577	2026-05-04 11:55:54.01872
50	13	10	32	10	2	80	6	6	2026-05-05	2026-05-05 09:01:26.05549	2026-05-05 09:01:26.05549
49	13	10	22	10	2	80	6	6	2026-05-05	2026-05-05 09:01:00.930126	2026-05-05 09:01:26.05549
48	13	10	36	9	2	50	6	6	2026-05-05	2026-05-05 09:00:53.706138	2026-05-05 09:01:26.05549
47	13	10	30	10	2	80	6	6	2026-05-05	2026-05-05 09:00:34.195482	2026-05-05 09:01:26.05549
46	13	10	3	4	1	75	6	6	2026-05-05	2026-05-05 09:00:12.681701	2026-05-05 09:01:26.05549
60	11	10	27	10	2	80	6	6	2026-05-05	2026-05-05 09:11:35.056382	2026-05-05 09:11:35.056382
59	11	10	26	9	2	50	6	6	2026-05-05	2026-05-05 09:11:24.782976	2026-05-05 09:11:35.056382
58	11	10	23	11	2	100	6	6	2026-05-05	2026-05-05 09:11:14.329084	2026-05-05 09:11:35.056382
57	11	10	32	10	2	80	6	6	2026-05-05	2026-05-05 09:10:54.039554	2026-05-05 09:11:35.056382
56	11	10	25	9	2	50	6	6	2026-05-05	2026-05-05 09:10:39.852149	2026-05-05 09:11:35.056382
55	11	10	29	9	2	50	6	6	2026-05-05	2026-05-05 09:10:28.395633	2026-05-05 09:11:35.056382
54	11	10	22	9	2	50	6	6	2026-05-05	2026-05-05 09:10:20.092228	2026-05-05 09:11:35.056382
53	11	10	36	10	2	80	6	6	2026-05-05	2026-05-05 09:10:12.571956	2026-05-05 09:11:35.056382
52	11	10	30	9	2	50	6	6	2026-05-05	2026-05-05 09:10:02.65595	2026-05-05 09:11:35.056382
51	11	10	3	2	1	40	6	6	2026-05-05	2026-05-05 09:09:47.659046	2026-05-05 09:11:35.056382
64	12	10	27	9	2	50	6	6	2026-05-05	2026-05-05 09:17:12.714817	2026-05-05 09:17:12.714817
63	12	10	23	10	2	80	6	6	2026-05-05	2026-05-05 09:17:01.814704	2026-05-05 09:17:12.714817
45	12	10	32	11	2	100	6	6	2026-05-05	2026-05-05 08:53:17.825706	2026-05-05 09:17:12.714817
44	12	10	29	10	2	80	6	6	2026-05-05	2026-05-05 08:53:01.833917	2026-05-05 09:17:12.714817
43	12	10	22	11	2	100	6	6	2026-05-05	2026-05-05 08:52:43.949171	2026-05-05 09:17:12.714817
42	12	10	36	10	2	80	6	6	2026-05-05	2026-05-05 08:52:20.308304	2026-05-05 09:17:12.714817
40	12	10	30	11	2	100	6	6	2026-05-05	2026-05-05 08:52:09.091089	2026-05-05 09:17:12.714817
41	12	10	3	4	1	75	6	6	2026-05-05	2026-05-05 08:52:09.091089	2026-05-05 09:17:12.714817
73	4	6	24	9	2	50	6	6	2026-05-05	2026-05-05 09:23:45.998769	2026-05-05 09:26:56.546856
84	10	8	27	10	2	80	6	6	2026-05-05	2026-05-05 09:34:04.304051	2026-05-05 09:34:12.880862
72	4	6	23	11	2	100	6	6	2026-05-05	2026-05-05 09:23:36.604789	2026-05-05 09:26:56.546856
71	4	6	32	9	2	50	6	6	2026-05-05	2026-05-05 09:23:22.840718	2026-05-05 09:26:56.546856
70	4	6	25	9	2	50	6	6	2026-05-05	2026-05-05 09:23:14.301729	2026-05-05 09:26:56.546856
69	4	6	29	10	2	80	6	6	2026-05-05	2026-05-05 09:23:02.453633	2026-05-05 09:26:56.546856
68	4	6	22	11	2	100	6	6	2026-05-05	2026-05-05 09:22:56.001823	2026-05-05 09:26:56.546856
67	4	6	36	11	2	100	6	6	2026-05-05	2026-05-05 09:22:47.176842	2026-05-05 09:26:56.546856
66	4	6	30	10	2	80	6	6	2026-05-05	2026-05-05 09:22:36.636096	2026-05-05 09:26:56.546856
65	4	6	3	4	1	75	6	6	2026-05-05	2026-05-05 09:22:13.929164	2026-05-05 09:26:56.546856
74	4	6	27	9	2	50	6	6	2026-05-05	2026-05-05 09:23:54.348328	2026-05-05 09:26:56.546856
75	10	8	23	11	2	100	6	6	2026-05-05	2026-05-05 09:33:57.39665	2026-05-05 09:34:12.880862
76	10	8	30	11	2	100	6	6	2026-05-05	2026-05-05 09:33:57.39665	2026-05-05 09:34:12.880862
77	10	8	36	10	2	80	6	6	2026-05-05	2026-05-05 09:33:57.39665	2026-05-05 09:34:12.880862
78	10	8	32	10	2	80	6	6	2026-05-05	2026-05-05 09:33:57.39665	2026-05-05 09:34:12.880862
79	10	8	25	10	2	80	6	6	2026-05-05	2026-05-05 09:33:57.39665	2026-05-05 09:34:12.880862
80	10	8	29	10	2	80	6	6	2026-05-05	2026-05-05 09:33:57.39665	2026-05-05 09:34:12.880862
81	10	8	22	10	2	80	6	6	2026-05-05	2026-05-05 09:33:57.39665	2026-05-05 09:34:12.880862
82	10	8	5	6	1	100	6	6	2026-05-05	2026-05-05 09:33:57.39665	2026-05-05 09:34:12.880862
85	10	8	26	10	2	80	6	6	2026-05-05	2026-05-05 09:34:12.880862	2026-05-05 09:34:12.880862
83	10	8	3	5	1	85	6	6	2026-05-05	2026-05-05 09:33:57.39665	2026-05-05 09:34:12.880862
104	5	12	27	9	2	50	6	6	2026-05-05	2026-05-05 10:00:24.21394	2026-05-05 10:00:24.21394
103	5	12	23	10	2	80	6	6	2026-05-05	2026-05-05 10:00:09.549125	2026-05-05 10:00:24.21394
102	5	12	26	9	2	50	6	6	2026-05-05	2026-05-05 10:00:02.564653	2026-05-05 10:00:24.21394
101	5	12	25	10	2	80	6	6	2026-05-05	2026-05-05 09:59:42.633671	2026-05-05 10:00:24.21394
100	5	12	29	10	2	80	6	6	2026-05-05	2026-05-05 09:59:33.06834	2026-05-05 10:00:24.21394
99	5	12	22	9	2	50	6	6	2026-05-05	2026-05-05 09:59:26.433587	2026-05-05 10:00:24.21394
98	5	12	36	9	2	50	6	6	2026-05-05	2026-05-05 09:59:20.727843	2026-05-05 10:00:24.21394
97	5	12	30	9	2	50	6	6	2026-05-05	2026-05-05 09:59:08.878904	2026-05-05 10:00:24.21394
96	5	12	3	1	1	10	6	6	2026-05-05	2026-05-05 09:42:04.192856	2026-05-05 10:00:24.21394
132	14	10	24	9	2	50	6	6	2026-05-05	2026-05-05 10:30:12.314103	2026-05-05 10:30:12.314103
131	14	10	27	10	2	80	6	6	2026-05-05	2026-05-05 10:29:59.049734	2026-05-05 10:30:12.314103
95	3	8	27	9	2	50	6	6	2026-05-05	2026-05-05 09:39:03.8991	2026-05-05 09:39:03.8991
94	3	8	24	10	2	80	6	6	2026-05-05	2026-05-05 09:38:56.578109	2026-05-05 09:39:03.8991
86	3	8	23	11	2	100	6	6	2026-05-05	2026-05-05 09:38:46.992395	2026-05-05 09:39:03.8991
87	3	8	36	11	2	100	6	6	2026-05-05	2026-05-05 09:38:46.992395	2026-05-05 09:39:03.8991
88	3	8	29	10	2	80	6	6	2026-05-05	2026-05-05 09:38:46.992395	2026-05-05 09:39:03.8991
89	3	8	30	10	2	80	6	6	2026-05-05	2026-05-05 09:38:46.992395	2026-05-05 09:39:03.8991
90	3	8	22	10	2	80	6	6	2026-05-05	2026-05-05 09:38:46.992395	2026-05-05 09:39:03.8991
91	3	8	25	10	2	80	6	6	2026-05-05	2026-05-05 09:38:46.992395	2026-05-05 09:39:03.8991
92	3	8	32	9	2	50	6	6	2026-05-05	2026-05-05 09:38:46.992395	2026-05-05 09:39:03.8991
93	3	8	3	2	1	40	6	6	2026-05-05	2026-05-05 09:38:46.992395	2026-05-05 09:39:03.8991
130	14	10	23	11	2	100	6	6	2026-05-05	2026-05-05 10:29:34.780156	2026-05-05 10:30:12.314103
129	14	10	32	11	2	100	6	6	2026-05-05	2026-05-05 10:29:29.464534	2026-05-05 10:30:12.314103
128	14	10	25	9	2	50	6	6	2026-05-05	2026-05-05 10:29:21.737006	2026-05-05 10:30:12.314103
127	14	10	29	10	2	80	6	6	2026-05-05	2026-05-05 10:28:45.255652	2026-05-05 10:30:12.314103
126	14	10	22	11	2	100	6	6	2026-05-05	2026-05-05 10:28:22.829065	2026-05-05 10:30:12.314103
125	14	10	36	10	2	80	6	6	2026-05-05	2026-05-05 10:28:14.44216	2026-05-05 10:30:12.314103
124	14	10	30	11	2	100	6	6	2026-05-05	2026-05-05 10:27:50.934714	2026-05-05 10:30:12.314103
123	14	10	3	4	1	75	6	6	2026-05-05	2026-05-05 10:27:35.250807	2026-05-05 10:30:12.314103
151	6	12	31	10	2	80	6	6	2026-05-05	2026-05-05 10:40:49.589293	2026-05-05 10:40:49.589293
150	6	12	26	11	2	100	6	6	2026-05-05	2026-05-05 10:40:36.216292	2026-05-05 10:40:49.589293
149	6	12	23	11	2	100	6	6	2026-05-05	2026-05-05 10:40:21.903211	2026-05-05 10:40:49.589293
148	6	12	32	10	2	80	6	6	2026-05-05	2026-05-05 10:40:16.124587	2026-05-05 10:40:49.589293
147	6	12	25	9	2	50	6	6	2026-05-05	2026-05-05 10:40:05.273665	2026-05-05 10:40:49.589293
146	6	12	33	11	2	100	6	6	2026-05-05	2026-05-05 10:39:57.699278	2026-05-05 10:40:49.589293
145	6	12	29	10	2	80	6	6	2026-05-05	2026-05-05 10:39:49.56214	2026-05-05 10:40:49.589293
113	17	6	31	10	2	80	6	6	2026-05-05	2026-05-05 10:12:55.476444	2026-05-05 10:12:55.476444
112	17	6	27	10	2	80	6	6	2026-05-05	2026-05-05 10:12:43.359432	2026-05-05 10:12:55.476444
111	17	6	23	11	2	100	6	6	2026-05-05	2026-05-05 10:12:32.780362	2026-05-05 10:12:55.476444
110	17	6	25	9	2	50	6	6	2026-05-05	2026-05-05 10:12:09.811892	2026-05-05 10:12:55.476444
109	17	6	29	10	2	80	6	6	2026-05-05	2026-05-05 10:12:01.066878	2026-05-05 10:12:55.476444
108	17	6	22	10	2	80	6	6	2026-05-05	2026-05-05 10:11:50.959481	2026-05-05 10:12:55.476444
107	17	6	36	10	2	80	6	6	2026-05-05	2026-05-05 10:11:44.342767	2026-05-05 10:12:55.476444
106	17	6	30	10	2	80	6	6	2026-05-05	2026-05-05 10:11:22.908704	2026-05-05 10:12:55.476444
105	17	6	3	3	1	60	6	6	2026-05-05	2026-05-05 10:11:10.540892	2026-05-05 10:12:55.476444
144	6	12	22	10	2	80	6	6	2026-05-05	2026-05-05 10:39:42.566521	2026-05-05 10:40:49.589293
143	6	12	36	10	2	80	6	6	2026-05-05	2026-05-05 10:39:32.700656	2026-05-05 10:40:49.589293
142	6	12	30	10	2	80	6	6	2026-05-05	2026-05-05 10:39:26.603387	2026-05-05 10:40:49.589293
141	16	12	27	10	2	80	6	6	2026-05-05	2026-05-05 10:36:29.970571	2026-05-05 10:36:29.970571
140	16	12	24	10	2	80	6	6	2026-05-05	2026-05-05 10:36:09.363784	2026-05-05 10:36:29.970571
139	16	12	23	11	2	100	6	6	2026-05-05	2026-05-05 10:35:57.557164	2026-05-05 10:36:29.970571
138	16	12	32	10	2	80	6	6	2026-05-05	2026-05-05 10:35:51.389872	2026-05-05 10:36:29.970571
137	16	12	25	10	2	80	6	6	2026-05-05	2026-05-05 10:35:43.505996	2026-05-05 10:36:29.970571
136	16	12	22	10	2	80	6	6	2026-05-05	2026-05-05 10:35:28.276806	2026-05-05 10:36:29.970571
135	16	12	36	11	2	100	6	6	2026-05-05	2026-05-05 10:35:22.568761	2026-05-05 10:36:29.970571
134	16	12	30	10	2	80	6	6	2026-05-05	2026-05-05 10:35:13.593115	2026-05-05 10:36:29.970571
133	16	12	3	3	1	60	6	6	2026-05-05	2026-05-05 10:35:03.656323	2026-05-05 10:36:29.970571
161	28	11	35	10	2	80	6	6	2026-05-05	2026-05-05 10:47:02.568533	2026-05-05 10:47:02.568533
160	28	11	24	10	2	80	6	6	2026-05-05	2026-05-05 10:46:47.866697	2026-05-05 10:47:02.568533
159	28	11	23	11	2	100	6	6	2026-05-05	2026-05-05 10:46:35.916433	2026-05-05 10:47:02.568533
158	28	11	32	10	2	80	6	6	2026-05-05	2026-05-05 10:46:29.873607	2026-05-05 10:47:02.568533
157	28	11	25	9	2	50	6	6	2026-05-05	2026-05-05 10:46:17.053139	2026-05-05 10:47:02.568533
156	28	11	29	10	2	80	6	6	2026-05-05	2026-05-05 10:46:06.941796	2026-05-05 10:47:02.568533
155	28	11	22	11	2	100	6	6	2026-05-05	2026-05-05 10:45:56.719602	2026-05-05 10:47:02.568533
154	28	11	36	10	2	80	6	6	2026-05-05	2026-05-05 10:45:50.101855	2026-05-05 10:47:02.568533
153	28	11	30	10	2	80	6	6	2026-05-05	2026-05-05 10:45:41.892345	2026-05-05 10:47:02.568533
152	28	11	3	3	1	60	6	6	2026-05-05	2026-05-05 10:45:21.832167	2026-05-05 10:47:02.568533
169	15	11	3	4	1	75	6	6	2026-05-05	2026-05-05 10:50:39.782062	2026-05-05 10:50:39.782062
168	15	11	34	9	2	50	24	6	2026-05-05	2026-05-05 10:49:58.920463	2026-05-05 10:50:39.782062
167	15	11	33	8	2	25	24	6	2026-05-05	2026-05-05 10:49:53.513343	2026-05-05 10:50:39.782062
166	15	11	23	11	2	100	24	6	2026-05-05	2026-05-05 10:49:43.279774	2026-05-05 10:50:39.782062
165	15	11	36	10	2	80	24	6	2026-05-05	2026-05-05 10:49:29.361595	2026-05-05 10:50:39.782062
164	15	11	22	11	2	100	24	6	2026-05-05	2026-05-05 10:49:18.33954	2026-05-05 10:50:39.782062
163	15	11	30	11	2	100	24	6	2026-05-05	2026-05-05 10:49:12.558262	2026-05-05 10:50:39.782062
162	15	11	32	11	2	100	24	6	2026-05-05	2026-05-05 10:49:04.153559	2026-05-05 10:50:39.782062
179	19	11	35	9	2	50	6	6	2026-05-05	2026-05-05 10:59:33.014817	2026-05-05 10:59:33.014817
178	19	11	27	9	2	50	6	6	2026-05-05	2026-05-05 10:59:16.558334	2026-05-05 10:59:33.014817
177	19	11	23	10	2	80	6	6	2026-05-05	2026-05-05 10:58:54.245811	2026-05-05 10:59:33.014817
176	19	11	25	9	2	50	6	6	2026-05-05	2026-05-05 10:58:40.628012	2026-05-05 10:59:33.014817
175	19	11	33	11	2	100	6	6	2026-05-05	2026-05-05 10:58:33.058168	2026-05-05 10:59:33.014817
174	19	11	29	9	2	50	6	6	2026-05-05	2026-05-05 10:58:23.29651	2026-05-05 10:59:33.014817
173	19	11	22	9	2	50	6	6	2026-05-05	2026-05-05 10:58:15.373671	2026-05-05 10:59:33.014817
172	19	11	36	10	2	80	6	6	2026-05-05	2026-05-05 10:58:08.605748	2026-05-05 10:59:33.014817
171	19	11	30	9	2	50	6	6	2026-05-05	2026-05-05 10:58:00.735115	2026-05-05 10:59:33.014817
170	19	11	3	4	1	75	6	6	2026-05-05	2026-05-05 10:57:50.33524	2026-05-05 10:59:33.014817
190	7	6	31	11	2	100	6	6	2026-05-05	2026-05-05 11:13:06.047936	2026-05-05 11:13:06.047936
189	7	6	27	11	2	100	6	6	2026-05-05	2026-05-05 11:12:52.97962	2026-05-05 11:13:06.047936
188	7	6	23	11	2	100	6	6	2026-05-05	2026-05-05 11:12:41.677153	2026-05-05 11:13:06.047936
187	7	6	32	11	2	100	6	6	2026-05-05	2026-05-05 11:12:33.02014	2026-05-05 11:13:06.047936
186	7	6	25	11	2	100	6	6	2026-05-05	2026-05-05 11:12:27.629513	2026-05-05 11:13:06.047936
185	7	6	33	11	2	100	6	6	2026-05-05	2026-05-05 11:12:18.718935	2026-05-05 11:13:06.047936
184	7	6	29	11	2	100	6	6	2026-05-05	2026-05-05 11:12:07.740914	2026-05-05 11:13:06.047936
183	7	6	22	11	2	100	6	6	2026-05-05	2026-05-05 11:12:02.466596	2026-05-05 11:13:06.047936
182	7	6	36	11	2	100	6	6	2026-05-05	2026-05-05 11:11:56.580398	2026-05-05 11:13:06.047936
200	21	11	31	9	2	50	6	6	2026-05-05	2026-05-05 11:26:29.91692	2026-05-05 11:26:29.91692
199	21	11	27	10	2	80	6	6	2026-05-05	2026-05-05 11:26:20.969593	2026-05-05 11:26:29.91692
198	21	11	23	10	2	80	6	6	2026-05-05	2026-05-05 11:26:03.60335	2026-05-05 11:26:29.91692
197	21	11	32	10	2	80	6	6	2026-05-05	2026-05-05 11:25:53.310844	2026-05-05 11:26:29.91692
180	7	6	30	11	2	100	6	6	2026-05-05	2026-05-05 11:11:41.114978	2026-05-05 11:13:06.047936
181	7	6	3	2	1	40	6	6	2026-05-05	2026-05-05 11:11:41.114978	2026-05-05 11:13:06.047936
196	21	11	25	9	2	50	6	6	2026-05-05	2026-05-05 11:25:46.599511	2026-05-05 11:26:29.91692
195	21	11	29	9	2	50	6	6	2026-05-05	2026-05-05 11:25:31.403839	2026-05-05 11:26:29.91692
194	21	11	22	11	2	100	6	6	2026-05-05	2026-05-05 11:25:24.466985	2026-05-05 11:26:29.91692
193	21	11	36	9	2	50	6	6	2026-05-05	2026-05-05 11:25:16.138304	2026-05-05 11:26:29.91692
192	21	11	30	10	2	80	6	6	2026-05-05	2026-05-05 11:25:05.002679	2026-05-05 11:26:29.91692
191	21	11	3	1	1	10	6	6	2026-05-05	2026-05-05 11:24:52.053462	2026-05-05 11:26:29.91692
\.


--
-- Data for Name: hr_job; Type: TABLE DATA; Schema: public; Owner: odoo
--

COPY public.hr_job (id, sequence, expected_employees, no_of_employee, no_of_recruitment, department_id, company_id, contract_type_id, create_uid, write_uid, name, description, requirements, active, create_date, write_date) FROM stdin;
10	10	4	4	0	\N	1	\N	6	6	{"en_US": "Órdenes de trabajo", "es_ES": "Órdenes de trabajo"}	\N	\N	t	2026-04-14 09:14:16.050206	2026-05-04 08:43:20.844133
2	10	0	0	0	\N	1	\N	2	2	{"en_US": "Ventas", "es_ES": "Ventas"}	\N	\N	t	2026-04-14 08:25:06.325997	2026-04-14 08:30:41.064803
3	10	1	1	0	\N	1	\N	2	2	{"en_US": "Pedidos", "es_ES": "Pedidos"}	\N	\N	t	2026-04-14 08:30:31.178571	2026-04-14 08:30:41.064803
11	10	4	4	0	\N	1	\N	6	6	{"en_US": "Diseño Gráfico", "es_ES": "Diseño Gráfico"}	\N	\N	t	2026-04-15 10:30:04.561106	2026-05-05 08:22:01.714777
9	10	3	3	0	\N	1	\N	6	6	{"en_US": "Catálogo de productos", "es_ES": "Catálogo de productos"}	\N	\N	t	2026-04-14 09:00:53.076639	2026-05-05 08:22:01.714777
7	10	0	0	0	\N	1	\N	6	11	{"en_US": "Sistemas", "es_ES": "Sistemas"}	\N	\N	t	2026-04-14 08:44:14.017209	2026-05-07 07:08:03.751535
1	10	2	2	0	\N	1	\N	2	6	{"en_US": "Recursos Humanos", "es_ES": "Recursos Humanos"}	\N	\N	t	2026-04-14 08:02:41.997923	2026-04-14 08:47:53.881559
6	10	0	0	0	\N	1	\N	2	6	{"en_US": "Persona", "es_ES": "Persona"}	\N	\N	t	2026-04-14 08:38:55.224672	2026-04-14 08:56:47.333373
8	10	1	1	0	\N	1	\N	6	6	{"en_US": "Proveedores", "es_ES": "Proveedores"}	\N	\N	t	2026-04-14 08:58:12.721483	2026-04-14 08:58:13.731696
4	10	0	0	0	\N	1	\N	2	6	{"en_US": "Órdenes de trabajo:", "es_ES": "Órdenes de trabajo:"}	\N	\N	t	2026-04-14 08:32:39.794588	2026-04-14 09:15:02.000117
5	10	2	2	0	\N	1	\N	2	6	{"en_US": "Albaranes", "es_ES": "Albaranes"}	\N	\N	t	2026-04-14 08:33:56.458064	2026-04-14 09:20:00.858815
\.


--
-- Data for Name: hr_resume_line; Type: TABLE DATA; Schema: public; Owner: odoo
--

COPY public.hr_resume_line (id, employee_id, line_type_id, create_uid, write_uid, display_type, date_start, date_end, name, description, create_date, write_date) FROM stdin;
2	3	1	2	2	classic	2026-04-14	\N	{"en_US": "RELSUM HEREDEROS SL.", "es_ES": "RELSUM HEREDEROS SL."}	{"en_US": "<p>Recursos Humanos</p>", "es_ES": "<p>Recursos Humanos</p>"}	2026-04-14 08:20:39.804186	2026-04-14 08:20:39.804186
3	4	1	2	2	classic	2026-04-14	\N	{"en_US": "RELSUM HEREDEROS SL.", "es_ES": "RELSUM HEREDEROS SL."}	{"en_US": "", "es_ES": ""}	2026-04-14 08:26:32.566951	2026-04-14 08:26:32.566951
4	5	1	2	2	classic	2026-04-14	\N	{"en_US": "RELSUM HEREDEROS SL.", "es_ES": "RELSUM HEREDEROS SL."}	{"en_US": "<p>Ventas</p>", "es_ES": "<p>Ventas</p>"}	2026-04-14 08:27:07.91347	2026-04-14 08:27:07.91347
5	6	1	2	2	classic	2026-04-14	\N	{"en_US": "RELSUM HEREDEROS SL.", "es_ES": "RELSUM HEREDEROS SL."}	{"en_US": "", "es_ES": ""}	2026-04-14 08:33:35.851116	2026-04-14 08:33:35.851116
10	11	1	6	6	classic	2026-04-14	\N	{"en_US": "RELSUM HEREDEROS SL.", "es_ES": "RELSUM HEREDEROS SL."}	{"en_US": "", "es_ES": ""}	2026-04-14 08:53:25.572031	2026-04-14 08:53:25.572031
11	12	1	6	6	classic	2026-04-14	\N	{"en_US": "RELSUM HEREDEROS SL.", "es_ES": "RELSUM HEREDEROS SL."}	{"en_US": "", "es_ES": ""}	2026-04-14 09:00:21.613649	2026-04-14 09:00:21.613649
12	13	1	6	6	classic	2026-04-14	\N	{"en_US": "RELSUM HEREDEROS SL.", "es_ES": "RELSUM HEREDEROS SL."}	{"en_US": "", "es_ES": ""}	2026-04-14 09:01:23.987349	2026-04-14 09:01:23.987349
13	14	1	6	6	classic	2026-04-14	\N	{"en_US": "RELSUM HEREDEROS SL.", "es_ES": "RELSUM HEREDEROS SL."}	{"en_US": "", "es_ES": ""}	2026-04-14 09:08:28.688174	2026-04-14 09:08:28.688174
14	15	1	6	6	classic	2026-04-14	\N	{"en_US": "RELSUM HEREDEROS SL.", "es_ES": "RELSUM HEREDEROS SL."}	{"en_US": "", "es_ES": ""}	2026-04-14 09:09:32.231525	2026-04-14 09:09:32.231525
15	16	1	6	6	classic	2026-04-14	\N	{"en_US": "RELSUM HEREDEROS SL.", "es_ES": "RELSUM HEREDEROS SL."}	{"en_US": "", "es_ES": ""}	2026-04-14 09:19:50.638269	2026-04-14 09:19:50.638269
16	17	1	6	6	classic	2026-04-14	\N	{"en_US": "RELSUM HEREDEROS SL.", "es_ES": "RELSUM HEREDEROS SL."}	{"en_US": "", "es_ES": ""}	2026-04-14 09:20:45.732423	2026-04-14 09:20:45.732423
18	19	1	6	6	classic	2026-04-15	\N	{"en_US": "RELSUM HEREDEROS SL.", "es_ES": "RELSUM HEREDEROS SL."}	{"en_US": "", "es_ES": ""}	2026-04-15 10:29:41.502907	2026-04-15 10:29:41.502907
20	21	1	6	6	classic	2026-04-16	\N	{"en_US": "RELSUM HEREDEROS SL.", "es_ES": "RELSUM HEREDEROS SL."}	{"en_US": "", "es_ES": ""}	2026-04-16 09:02:44.025345	2026-04-16 09:02:44.025345
9	10	1	6	8	classic	2026-04-14	\N	{"en_US": "RELSUM HEREDEROS SL.", "es_ES": "RELSUM HEREDEROS SL."}	{"en_US": "<p>Recursos Humanos</p>", "es_ES": "<p>Recursos Humanos</p>"}	2026-04-14 08:47:53.881559	2026-04-28 08:37:22.191284
27	10	2	8	6	classic	2025-10-13	\N	{"en_US": "Sistemas Microinformáticos y Redes", "es_ES": "Sistemas Microinformáticos y Redes"}	{"en_US": "<div data-oe-version=\\"1.2\\"><strong>Grado Medio</strong></div><ul><li>Dominio de los servicios&nbsp;de Office.</li><li>Dominio en el mantenimiento y sustitución de equipos informáticos.</li><li>Dominio en la instalación de sistemas operativos.</li><li>Conocimientos de Redes Locales.</li><li>Conocimientos básico de Fundamentos de Programación.</li></ul>", "es_ES": "<div data-oe-version=\\"1.2\\"><strong>Grado Medio</strong></div><ul><li>Dominio de los servicios&nbsp;de Office.</li><li>Dominio en el mantenimiento y sustitución de equipos informáticos.</li><li>Dominio en la instalación de sistemas operativos.</li><li>Conocimientos de Redes Locales.</li><li>Conocimientos básico de Fundamentos de Programación.</li></ul>"}	2026-04-28 08:19:05.488341	2026-05-05 09:41:06.987294
31	10	1	8	8	classic	2025-05-09	2025-06-12	{"en_US": "Pinardi", "es_ES": "Pinardi"}	{"en_US": "<ul data-oe-version=\\"1.2\\"><li>Montaje y Mantenimiento de equipos para nivel profesional y usuario</li><li>Instalación de sistemas operativos como Windows 10, 11 en equipos sobremesa y portátiles.</li></ul>", "es_ES": "<ul data-oe-version=\\"1.2\\"><li>Montaje y Mantenimiento de equipos para nivel profesional y usuario</li><li>Instalación de sistemas operativos como Windows 10, 11 en equipos sobremesa y portátiles.</li></ul>"}	2026-04-28 08:22:27.283081	2026-04-28 08:37:22.191284
24	7	1	22	6	classic	2018-06-01	2018-09-06	{"en_US": "Iriparo", "es_ES": "Iriparo"}	{"en_US": "<ul data-oe-version=\\"1.2\\"><li>Mantenimiento de dispositivos electrónicos.</li><li>Configuración de sistemas operativo de la red local.</li><li>Atención al cliente para soluciones de problemas informáticos.</li></ul>", "es_ES": "<ul data-oe-version=\\"1.2\\"><li>Mantenimiento de dispositivos electrónicos.</li><li>Configuración de sistemas operativo de la red local.</li><li>Atención al cliente para soluciones de problemas informáticos.</li></ul>"}	2026-04-28 08:17:26.55765	2026-05-05 11:18:32.121298
26	7	1	22	6	classic	2019-06-03	2019-09-06	{"en_US": "Uniplay", "es_ES": "Uniplay"}	{"en_US": "<ul data-oe-version=\\"1.2\\"><li>Mantenimiento, mejora y ajuste de dispositivos.</li><li>Configuración técnica del sistema operativo acordados entre la compañía y el cliente&nbsp;</li></ul>", "es_ES": "<ul data-oe-version=\\"1.2\\"><li>Mantenimiento, mejora y ajuste de dispositivos.</li><li>Configuración técnica del sistema operativo acordados entre la compañía y el cliente&nbsp;</li></ul>"}	2026-04-28 08:18:05.829526	2026-05-05 11:18:32.121298
6	7	1	2	22	classic	2026-04-14	\N	{"en_US": "RELSUM HEREDEROS SL.", "es_ES": "RELSUM HEREDEROS SL."}	{"en_US": "", "es_ES": ""}	2026-04-14 08:35:17.688443	2026-04-28 08:25:36.367363
37	10	1	8	8	classic	2025-09-09	2025-10-07	{"en_US": "Fundación Altius", "es_ES": "Fundación Altius"}	{"en_US": "<ul data-oe-version=\\"1.2\\"><li>Montaje y Mantenimiento de equipos de oficina y aulas.</li><li>Intervención de seguridad de redes locales para una auditoria de certificación de Seguridad Informática para la empresa.</li><li>Instalación de sistemas operativos como Windows 10, 11, Ubuntu Server, Kali Linux y virtualización.</li><li>Uso de base de datos de la comunidad de Madrid</li></ul>", "es_ES": "<ul data-oe-version=\\"1.2\\"><li>Montaje y Mantenimiento de equipos de oficina y aulas.</li><li>Intervención de seguridad de redes locales para una auditoria de certificación de Seguridad Informática para la empresa.</li><li>Instalación de sistemas operativos como Windows 10, 11, Ubuntu Server, Kali Linux y virtualización.</li><li>Uso de base de datos de la comunidad de Madrid</li></ul>"}	2026-04-28 08:27:18.135791	2026-04-28 08:37:22.191284
119	21	5	6	6	classic	2012-06-05	\N	{"en_US": "Fútbol", "es_ES": "Fútbol"}	\N	2026-05-05 11:28:10.58366	2026-05-05 11:28:10.58366
41	23	1	6	6	classic	2026-05-04	\N	{"en_US": "RELSUM HEREDEROS SL.", "es_ES": "RELSUM HEREDEROS SL."}	{"en_US": "", "es_ES": ""}	2026-05-04 08:39:33.148109	2026-05-04 08:39:33.148109
49	28	1	6	6	classic	2026-05-04	\N	{"en_US": "RELSUM HEREDEROS SL.", "es_ES": "RELSUM HEREDEROS SL."}	{"en_US": "", "es_ES": ""}	2026-05-04 10:22:32.755767	2026-05-04 10:22:32.755767
63	23	2	6	6	classic	2025-09-11	\N	{"en_US": "Sistemas Microinformáticos y Redes", "es_ES": "Sistemas Microinformáticos y Redes"}	{"en_US": "<div data-oe-version=\\"1.2\\"><strong>Grado Medio</strong></div><ul><li>Dominio avanzado de las herramientas del paquete Office.</li><li>Experiencia práctica en mantenimiento, diagnóstico y sustitución de componentes de hardware.</li><li>Capacidad para instalar y configurar sistemas operativos.</li><li>Conocimientos en redes de área local y fundamentos de programación.</li></ul>", "es_ES": "<div data-oe-version=\\"1.2\\"><strong>Grado Medio</strong></div><ul><li>Dominio avanzado de las herramientas del paquete Office.</li><li>Experiencia práctica en mantenimiento, diagnóstico y sustitución de componentes de hardware.</li><li>Capacidad para instalar y configurar sistemas operativos.</li><li>Conocimientos en redes de área local y fundamentos de programación.</li></ul>"}	2026-05-05 08:26:04.967632	2026-05-05 10:07:35.164876
64	23	4	6	6	classic	2025-01-28	2026-05-05	{"en_US": "Configuración de servidor VPS", "es_ES": "Configuración de servidor VPS"}	{"en_US": "<div data-oe-version=\\"1.2\\">Configuración un servidor VPS implica elegir un plan, acceder vía SSH, actualizar el sistema, crear un usuario no-root seguro, configurar claves SSH y establecer un firewall.</div>", "es_ES": "<div data-oe-version=\\"1.2\\">Configuración un servidor VPS implica elegir un plan, acceder vía SSH, actualizar el sistema, crear un usuario no-root seguro, configurar claves SSH y establecer un firewall.</div>"}	2026-05-05 08:36:48.284198	2026-05-05 08:36:48.284198
65	23	4	6	6	classic	2026-04-07	2026-05-05	{"en_US": "Gibhub volcado con ralwey para base de datos", "es_ES": "Gibhub volcado con ralwey para base de datos"}	\N	2026-05-05 08:38:13.407195	2026-05-05 08:38:13.407195
66	23	5	6	6	classic	2015-09-08	2017-06-27	{"en_US": "Fútbol sala", "es_ES": "Fútbol sala"}	\N	2026-05-05 08:48:12.510916	2026-05-05 08:48:12.510916
68	12	4	6	6	classic	2025-10-26	\N	{"en_US": "Experto en sistemas operativos", "es_ES": "Experto en sistemas operativos"}	{"en_US": "<div data-oe-version=\\"1.2\\"><br></div>", "es_ES": "<div data-oe-version=\\"1.2\\"><br></div>"}	2026-05-05 08:56:40.93349	2026-05-05 08:56:40.93349
71	13	4	6	6	classic	2024-02-16	2025-08-21	{"en_US": "Reparación de equipos", "es_ES": "Reparación de equipos"}	{"en_US": "<div data-oe-version=\\"1.2\\">Reparación de equipos de sobremesa a compañeros y un negocio.</div>", "es_ES": "<div data-oe-version=\\"1.2\\">Reparación de equipos de sobremesa a compañeros y un negocio.</div>"}	2026-05-05 09:03:55.976086	2026-05-05 09:03:55.976086
72	13	4	6	6	classic	2026-04-15	\N	{"en_US": "OBS", "es_ES": "OBS"}	\N	2026-05-05 09:05:52.475837	2026-05-05 09:05:52.475837
73	13	5	6	6	classic	2022-06-09	2023-05-16	{"en_US": "Ecuavóley", "es_ES": "Ecuavóley"}	\N	2026-05-05 09:06:58.153461	2026-05-05 09:08:29.144146
75	11	5	6	6	classic	2017-07-15	\N	{"en_US": "Fútbol", "es_ES": "Fútbol"}	\N	2026-05-05 09:15:10.421226	2026-05-05 09:15:10.421226
76	11	4	6	6	classic	2025-12-13	\N	{"en_US": "Creación de máquinas virtual", "es_ES": "Creación de máquinas virtual"}	\N	2026-05-05 09:16:16.169974	2026-05-05 09:16:16.169974
77	12	5	6	6	classic	2021-06-26	2021-07-09	{"en_US": "Campamento inmersivo", "es_ES": "Campamento inmersivo"}	\N	2026-05-05 09:20:29.432393	2026-05-05 09:20:29.432393
79	4	4	6	6	classic	2026-02-10	\N	{"en_US": "Instalación de Linux", "es_ES": "Instalación de Linux"}	{"en_US": "<div data-oe-version=\\"1.2\\">Invierto el tiempo en la instalación de aplicaciones y personalización del escritorio.</div>", "es_ES": "<div data-oe-version=\\"1.2\\">Invierto el tiempo en la instalación de aplicaciones y personalización del escritorio.</div>"}	2026-05-05 09:26:56.546856	2026-05-05 09:26:56.546856
80	4	5	6	6	classic	2025-11-13	\N	{"en_US": "Profesor de niños", "es_ES": "Profesor de niños"}	{"en_US": "<div data-oe-version=\\"1.2\\"><br></div>", "es_ES": "<div data-oe-version=\\"1.2\\"><br></div>"}	2026-05-05 09:31:19.603375	2026-05-05 09:31:19.603375
78	4	2	6	6	classic	2025-09-11	\N	{"en_US": "Sistemas Microinformáticos y Redes Locales", "es_ES": "Sistemas Microinformáticos y Redes Locales"}	{"en_US": "<div data-oe-version=\\"1.2\\"><strong>Grado Medio</strong></div><ul><li>Nivel avanzado en el uso del paquete Office.</li><li>Destreza en el mantenimiento, reparación e intercambio de componentes informáticos.</li><li>Experiencia en la implantación y configuración de sistemas operativos.</li><li>Familiaridad con redes LAN y conceptos elementales de programación.</li></ul>", "es_ES": "<div data-oe-version=\\"1.2\\"><strong>Grado Medio</strong></div><ul><li>Nivel avanzado en el uso del paquete Office.</li><li>Destreza en el mantenimiento, reparación e intercambio de componentes informáticos.</li><li>Experiencia en la implantación y configuración de sistemas operativos.</li><li>Familiaridad con redes LAN y conceptos elementales de programación.</li></ul>"}	2026-05-05 09:21:48.940836	2026-05-05 10:08:06.286016
70	13	2	6	6	classic	2025-09-11	\N	{"en_US": "Sistemas Microinformáticos y Redes", "es_ES": "Sistemas Microinformáticos y Redes"}	{"en_US": "<div data-oe-version=\\"1.2\\"><strong>Grado Medio</strong></div><ul><li>Usuario avanzado del paquete Office.</li><li>Capacidad para mantener, reparar y reemplazar componentes de hardware en equipos informáticos.</li><li>Habilidad para desplegar y configurar sistemas operativos.</li><li>Conocimientos básicos de redes y fundamentos de programación.</li></ul>", "es_ES": "<div data-oe-version=\\"1.2\\"><strong>Grado Medio</strong></div><ul><li>Usuario avanzado del paquete Office.</li><li>Capacidad para mantener, reparar y reemplazar componentes de hardware en equipos informáticos.</li><li>Habilidad para desplegar y configurar sistemas operativos.</li><li>Conocimientos básicos de redes y fundamentos de programación.</li></ul>"}	2026-05-05 08:59:54.275284	2026-05-05 10:06:59.445704
74	11	2	6	6	classic	2025-09-11	\N	{"en_US": "Sistemas Microinformáticos y Redes", "es_ES": "Sistemas Microinformáticos y Redes"}	{"en_US": "<div data-oe-version=\\"1.2\\"><strong>Grado Medio</strong></div><ul><li>Amplio dominio de las aplicaciones incluidas en el paquete Office.</li><li>Sólida experiencia en labores de mantenimiento y reparación de equipos, así como en la sustitución de piezas y componentes.</li><li>Competencia en la instalación y puesta en marcha de sistemas operativos.</li><li>Base sólida en redes de área local y principios de programación.</li></ul>", "es_ES": "<div data-oe-version=\\"1.2\\"><strong>Grado Medio</strong></div><ul><li>Amplio dominio de las aplicaciones incluidas en el paquete Office.</li><li>Sólida experiencia en labores de mantenimiento y reparación de equipos, así como en la sustitución de piezas y componentes.</li><li>Competencia en la instalación y puesta en marcha de sistemas operativos.</li><li>Base sólida en redes de área local y principios de programación.</li></ul>"}	2026-05-05 09:09:33.185722	2026-05-05 10:07:45.215589
83	10	5	6	6	classic	2020-02-19	\N	{"en_US": "Banda músical", "es_ES": "Banda músical"}	\N	2026-05-05 09:37:14.814471	2026-05-05 09:37:14.814471
82	10	4	6	6	classic	2021-06-16	\N	{"en_US": "Mantenimiento de equipos y redes locales", "es_ES": "Mantenimiento de equipos y redes locales"}	\N	2026-05-05 09:35:08.433005	2026-05-05 09:37:14.814471
84	10	5	6	6	classic	2020-12-08	2025-07-06	{"en_US": "Equipo de producción", "es_ES": "Equipo de producción"}	\N	2026-05-05 09:38:00.43098	2026-05-05 09:38:00.43098
60	3	2	6	6	classic	2025-09-11	\N	{"en_US": "Sistemas Microinformáticos y Redes", "es_ES": "Sistemas Microinformáticos y Redes"}	{"en_US": "<div data-oe-version=\\"1.2\\"><strong>Grado Medio</strong></div><ul><li>Manejo avanzado de las aplicaciones del paquete Office.</li><li>Experiencia en mantenimiento, reparación y sustitución de componentes informáticos.</li><li>Instalación y configuración de sistemas operativos.</li><li>Conocimientos en redes de área local.</li><li>Conocimientos básicos de&nbsp;fundamentos de programación.</li></ul>", "es_ES": "<div data-oe-version=\\"1.2\\"><strong>Grado Medio</strong></div><ul><li>Manejo avanzado de las aplicaciones del paquete Office.</li><li>Experiencia en mantenimiento, reparación y sustitución de componentes informáticos.</li><li>Instalación y configuración de sistemas operativos.</li><li>Conocimientos en redes de área local.</li><li>Conocimientos básicos de&nbsp;fundamentos de programación.</li></ul>"}	2026-05-04 11:47:00.584065	2026-05-05 09:40:33.434634
81	19	2	6	6	classic	2025-09-11	\N	{"en_US": "Sistemas Microinformáticos y Redes", "es_ES": "Sistemas Microinformáticos y Redes"}	{"en_US": "<ul data-oe-version=\\"1.2\\"><li>Dominio a nivel avanzado de las herramientas ofimáticas del paquete Office.</li><li>Aptitud demostrada en tareas de mantenimiento, resolución de averías y reemplazo de componentes en equipos informáticos.</li><li>Capacitación en la instalación y ajuste de sistemas operativos.</li><li>Conocimiento de infraestructuras de red local y nociones fundamentales de desarrollo de software.</li></ul>", "es_ES": "<ul data-oe-version=\\"1.2\\"><li>Dominio a nivel avanzado de las herramientas ofimáticas del paquete Office.</li><li>Aptitud demostrada en tareas de mantenimiento, resolución de averías y reemplazo de componentes en equipos informáticos.</li><li>Capacitación en la instalación y ajuste de sistemas operativos.</li><li>Conocimiento de infraestructuras de red local y nociones fundamentales de desarrollo de software.</li></ul>"}	2026-05-05 09:33:06.796879	2026-05-05 09:40:55.608515
86	5	4	6	6	classic	2025-06-19	\N	{"en_US": "Reparación/mejoras de equipos", "es_ES": "Reparación/mejoras de equipos"}	{"en_US": "<div data-oe-version=\\"1.2\\">Busco mejoras para que el equipo funciones lo mejor posible y que dure lo máximo posible.</div>", "es_ES": "<div data-oe-version=\\"1.2\\">Busco mejoras para que el equipo funciones lo mejor posible y que dure lo máximo posible.</div>"}	2026-05-05 09:43:46.6457	2026-05-05 09:43:46.6457
87	5	5	6	6	classic	2025-11-12	2025-11-30	{"en_US": "Competencias digitales", "es_ES": "Competencias digitales"}	{"en_US": "<div data-oe-version=\\"1.2\\">Manejo básico de herramientas informáticas y plataformas digitales, capacidad para buscar y gestionar información en internet.</div>", "es_ES": "<div data-oe-version=\\"1.2\\">Manejo básico de herramientas informáticas y plataformas digitales, capacidad para buscar y gestionar información en internet.</div>"}	2026-05-05 09:58:35.131214	2026-05-05 09:58:35.131214
88	3	4	6	6	classic	2026-01-23	\N	{"en_US": "Creación de máquinas virtuales", "es_ES": "Creación de máquinas virtuales"}	{"en_US": "<div data-oe-version=\\"1.2\\">Voy probando sistemas operativos para ver cual funciona mejor.</div>", "es_ES": "<div data-oe-version=\\"1.2\\">Voy probando sistemas operativos para ver cual funciona mejor.</div>"}	2026-05-05 10:01:36.859147	2026-05-05 10:01:36.859147
89	3	5	6	6	classic	2024-08-29	\N	{"en_US": "Fútbol sala", "es_ES": "Fútbol sala"}	\N	2026-05-05 10:02:56.168681	2026-05-05 10:02:56.168681
67	12	2	6	6	classic	2025-09-11	\N	{"en_US": "Sistemas Microinformáticos y Redes", "es_ES": "Sistemas Microinformáticos y Redes"}	{"en_US": "<div data-oe-version=\\"1.2\\"><strong>Grado Medio</strong></div><ul><li>Manejo avanzado del paquete Office (Word, Excel, PowerPoint, etc.).</li><li>Experiencia en el mantenimiento preventivo y correctivo de equipos informáticos, incluyendo la reparación y sustitución de componentes.</li><li>Instalación y configuración de sistemas operativos en entornos de escritorio.</li><li>Nociones de redes de área local&nbsp;y bases de programación.</li></ul>", "es_ES": "<div data-oe-version=\\"1.2\\"><strong>Grado Medio</strong></div><ul><li>Manejo avanzado del paquete Office (Word, Excel, PowerPoint, etc.).</li><li>Experiencia en el mantenimiento preventivo y correctivo de equipos informáticos, incluyendo la reparación y sustitución de componentes.</li><li>Instalación y configuración de sistemas operativos en entornos de escritorio.</li><li>Nociones de redes de área local&nbsp;y bases de programación.</li></ul>"}	2026-05-05 08:51:43.13941	2026-05-05 10:08:17.899284
85	5	2	6	6	classic	2025-09-11	\N	{"en_US": "Sistemas Microinformáticos y Redes", "es_ES": "Sistemas Microinformáticos y Redes"}	{"en_US": "<div data-oe-version=\\"1.2\\"><strong>Grado Medio</strong></div><ul><li>Sé manejar bien los programas de Office en el día a día.</li><li>Tengo experiencia arreglando, manteniendo y cambiando piezas de ordenadores.</li><li>Sé instalar sistemas operativos sin problema.</li><li>Tengo conocimientos sobre cómo funcionan las redes locales.</li><li>Conozco los conceptos básicos de programación.</li></ul>", "es_ES": "<div data-oe-version=\\"1.2\\"><strong>Grado Medio</strong></div><ul><li>Sé manejar bien los programas de Office en el día a día.</li><li>Tengo experiencia arreglando, manteniendo y cambiando piezas de ordenadores.</li><li>Sé instalar sistemas operativos sin problema.</li><li>Tengo conocimientos sobre cómo funcionan las redes locales.</li><li>Conozco los conceptos básicos de programación.</li></ul>"}	2026-05-05 09:41:51.435264	2026-05-05 10:09:49.692264
91	17	4	6	6	classic	2025-11-29	\N	{"en_US": "Configura de equipos packet tracer", "es_ES": "Configura de equipos packet tracer"}	{"en_US": "<div data-oe-version=\\"1.2\\">Configuración de Switches y Router.</div>", "es_ES": "<div data-oe-version=\\"1.2\\">Configuración de Switches y Router.</div>"}	2026-05-05 10:14:55.782065	2026-05-05 10:14:55.782065
90	17	2	6	6	classic	2025-09-11	\N	{"en_US": "Sistemas Microinformáticos y Redes", "es_ES": "Sistemas Microinformáticos y Redes"}	{"en_US": "<div data-oe-version=\\"1.2\\"><strong>Grado Medio</strong></div><ul><li>Me desenvuelvo bien con los programas de Office.</li><li>Sé cómo mantener y reparar ordenadores, así como cambiar sus componentes.</li><li>Puedo instalar y configurar sistemas operativos.</li><li>Entiendo cómo funcionan las redes locales.</li><li>Tengo una base en programación.</li></ul>", "es_ES": "<div data-oe-version=\\"1.2\\"><strong>Grado Medio</strong></div><ul><li>Me desenvuelvo bien con los programas de Office.</li><li>Sé cómo mantener y reparar ordenadores, así como cambiar sus componentes.</li><li>Puedo instalar y configurar sistemas operativos.</li><li>Entiendo cómo funcionan las redes locales.</li><li>Tengo una base en programación.</li></ul>"}	2026-05-05 10:10:58.220149	2026-05-05 10:14:55.782065
92	17	5	6	6	classic	2018-09-13	2019-07-18	{"en_US": "Fútbol", "es_ES": "Fútbol"}	\N	2026-05-05 10:16:10.963977	2026-05-05 10:16:10.963977
95	14	2	6	6	classic	2025-09-11	\N	{"en_US": "Sistemas Microinformáticos y Redes", "es_ES": "Sistemas Microinformáticos y Redes"}	{"en_US": "<div data-oe-version=\\"1.2\\"><strong>Grado Medio</strong></div><ul><li>Manejo bien las herramientas de Office.</li><li>Sé mantener, reparar y cambiar componentes de ordenadores.</li><li>Instalo y configuro sistemas operativos sin problema.</li><li>Tengo buenos conocimientos de redes locales.</li><li>Tengo una base sólida en programación.</li></ul>", "es_ES": "<div data-oe-version=\\"1.2\\"><strong>Grado Medio</strong></div><ul><li>Manejo bien las herramientas de Office.</li><li>Sé mantener, reparar y cambiar componentes de ordenadores.</li><li>Instalo y configuro sistemas operativos sin problema.</li><li>Tengo buenos conocimientos de redes locales.</li><li>Tengo una base sólida en programación.</li></ul>"}	2026-05-05 10:27:25.270497	2026-05-05 10:31:59.172086
97	14	4	6	6	classic	2023-04-20	\N	{"en_US": "Reparación de equipos", "es_ES": "Reparación de equipos"}	\N	2026-05-05 10:31:59.172086	2026-05-05 10:31:59.172086
98	14	5	6	6	classic	2012-07-21	2020-06-25	{"en_US": "Fútbol", "es_ES": "Fútbol"}	\N	2026-05-05 10:33:44.371373	2026-05-05 10:33:44.371373
99	16	2	6	6	classic	2025-09-11	\N	{"en_US": "Sistemas Microinformáticos y Redes", "es_ES": "Sistemas Microinformáticos y Redes"}	{"en_US": "<div data-oe-version=\\"1.2\\"><strong>Grado Medio</strong></div><ul><li>Me defiendo muy bien con Office.</li><li>Sé cómo cuidar y reparar ordenadores, incluido el cambio de piezas.</li><li>No tengo problema instalando sistemas operativos.</li><li>Conozco bien el funcionamiento de las redes locales.</li><li>Tengo una buena base de programación.</li></ul>", "es_ES": "<div data-oe-version=\\"1.2\\"><strong>Grado Medio</strong></div><ul><li>Me defiendo muy bien con Office.</li><li>Sé cómo cuidar y reparar ordenadores, incluido el cambio de piezas.</li><li>No tengo problema instalando sistemas operativos.</li><li>Conozco bien el funcionamiento de las redes locales.</li><li>Tengo una buena base de programación.</li></ul>"}	2026-05-05 10:34:53.698309	2026-05-05 10:34:53.698309
100	16	4	6	6	classic	2024-05-15	\N	{"en_US": "Reparación de equipos", "es_ES": "Reparación de equipos"}	\N	2026-05-05 10:37:26.247396	2026-05-05 10:37:26.247396
101	16	5	6	6	classic	2014-06-19	\N	{"en_US": "Balonmano", "es_ES": "Balonmano"}	\N	2026-05-05 10:38:10.029382	2026-05-05 10:38:10.029382
103	6	4	6	6	classic	2023-09-20	\N	{"en_US": "Placas arduino", "es_ES": "Placas arduino"}	{"en_US": "<div data-oe-version=\\"1.2\\">Creo circuitos y soldar componentes.</div>", "es_ES": "<div data-oe-version=\\"1.2\\">Creo circuitos y soldar componentes.</div>"}	2026-05-05 10:43:03.575844	2026-05-05 10:43:03.575844
104	6	5	6	6	classic	2020-09-15	\N	{"en_US": "Pádel", "es_ES": "Pádel"}	\N	2026-05-05 10:43:42.227281	2026-05-05 10:43:42.227281
102	6	2	6	6	classic	2025-09-11	\N	{"en_US": "Sistemas Microinformáticos y Redes", "es_ES": "Sistemas Microinformáticos y Redes"}	{"en_US": "<div data-oe-version=\\"1.2\\"><strong>Grado Medio</strong></div><ul><li>Domino el paquete Office a nivel profesional.</li><li>Tengo experiencia en el mantenimiento y reparación de equipos, así como en el cambio de componentes.</li><li>Instalo sistemas operativos con facilidad.</li><li>Conozco el mundo de las redes locales.</li><li>Me he formado en los fundamentos de la programación.</li></ul>", "es_ES": "<div data-oe-version=\\"1.2\\"><strong>Grado Medio</strong></div><ul><li>Domino el paquete Office a nivel profesional.</li><li>Tengo experiencia en el mantenimiento y reparación de equipos, así como en el cambio de componentes.</li><li>Instalo sistemas operativos con facilidad.</li><li>Conozco el mundo de las redes locales.</li><li>Me he formado en los fundamentos de la programación.</li></ul>"}	2026-05-05 10:39:11.933169	2026-05-05 10:43:42.227281
105	28	2	6	6	classic	2025-09-11	\N	{"en_US": "Sistemas Microinformáticos y Redes", "es_ES": "Sistemas Microinformáticos y Redes"}	{"en_US": "<div data-oe-version=\\"1.2\\"><strong>Grado Medio</strong></div><ul><li>Me manejo bien con Office en el día a día.</li><li>He arreglado ordenadores y cambiado piezas cuando ha hecho falta.</li><li>Sé instalar sistemas operativos.</li><li>Tengo conocimientos de redes locales.</li><li>Sé cómo funciona la programación a nivel básico.</li></ul>", "es_ES": "<div data-oe-version=\\"1.2\\"><strong>Grado Medio</strong></div><ul><li>Me manejo bien con Office en el día a día.</li><li>He arreglado ordenadores y cambiado piezas cuando ha hecho falta.</li><li>Sé instalar sistemas operativos.</li><li>Tengo conocimientos de redes locales.</li><li>Sé cómo funciona la programación a nivel básico.</li></ul>"}	2026-05-05 10:45:12.32178	2026-05-05 10:45:12.32178
106	28	4	6	6	classic	2026-01-14	\N	{"en_US": "Configuración en packet tracer", "es_ES": "Configuración en packet tracer"}	{"en_US": "<div data-oe-version=\\"1.2\\">Hago redes de prueba que están mal y voy solucionando los problemas.</div>", "es_ES": "<div data-oe-version=\\"1.2\\">Hago redes de prueba que están mal y voy solucionando los problemas.</div>"}	2026-05-05 10:49:18.05806	2026-05-05 10:49:18.05806
107	28	5	6	6	classic	2025-01-15	\N	{"en_US": "Pádel", "es_ES": "Pádel"}	\N	2026-05-05 10:50:03.926856	2026-05-05 10:50:03.926856
108	15	2	6	6	classic	2025-09-11	\N	{"en_US": "Sistemas Microinformáticos y Redes", "es_ES": "Sistemas Microinformáticos y Redes"}	{"en_US": "<div data-oe-version=\\"1.2\\"><strong>Grado Medio</strong></div><ul><li>Uso Office con soltura en el trabajo.</li><li>He mantenido y reparado ordenadores, cambiando lo que haga falta.</li><li>Instalo sistemas operativos sin ningún problema.</li><li>Me defiendo con las redes locales.</li><li>Tengo nociones de programación.</li></ul>", "es_ES": "<div data-oe-version=\\"1.2\\"><strong>Grado Medio</strong></div><ul><li>Uso Office con soltura en el trabajo.</li><li>He mantenido y reparado ordenadores, cambiando lo que haga falta.</li><li>Instalo sistemas operativos sin ningún problema.</li><li>Me defiendo con las redes locales.</li><li>Tengo nociones de programación.</li></ul>"}	2026-05-05 10:52:11.822427	2026-05-05 10:52:11.822427
109	15	4	6	6	classic	2026-01-14	\N	{"en_US": "Reparación de equipos", "es_ES": "Reparación de equipos"}	\N	2026-05-05 10:52:56.248829	2026-05-05 10:52:56.248829
110	15	5	6	6	classic	2019-06-13	\N	{"en_US": "Fútbol sala", "es_ES": "Fútbol sala"}	\N	2026-05-05 10:53:41.520437	2026-05-05 10:53:41.520437
112	19	4	6	6	classic	2022-06-24	\N	{"en_US": "Edición de vídeos y imagen", "es_ES": "Edición de vídeos y imagen"}	\N	2026-05-05 11:00:31.491951	2026-05-05 11:00:31.491951
113	19	4	6	6	classic	2022-02-18	\N	{"en_US": "Diseño de videojuegos", "es_ES": "Diseño de videojuegos"}	{"en_US": "<div data-oe-version=\\"1.2\\">Tengo experiencia en el diseño de niveles de Doom y creación de sprites.</div>", "es_ES": "<div data-oe-version=\\"1.2\\">Tengo experiencia en el diseño de niveles de Doom y creación de sprites.</div>"}	2026-05-05 11:01:49.508081	2026-05-05 11:01:49.508081
114	7	2	6	6	classic	2025-09-11	\N	{"en_US": "Sistemas Microinformáticos y Redes", "es_ES": "Sistemas Microinformáticos y Redes"}	{"en_US": "<div data-oe-version=\\"1.2\\"><strong>Grado Medio&nbsp;</strong></div><ul><li>Manejo Office a nivel avanzado.</li><li>Tengo experiencia manteniendo, reparando y cambiando piezas de ordenadores.</li><li>Instalo y configuro sistemas operativos en diferentes equipos.</li><li>Conozco cómo funcionan las redes locales.</li><li>Entiendo los fundamentos de la programación.</li></ul>", "es_ES": "<div data-oe-version=\\"1.2\\"><strong>Grado Medio&nbsp;</strong></div><ul><li>Manejo Office a nivel avanzado.</li><li>Tengo experiencia manteniendo, reparando y cambiando piezas de ordenadores.</li><li>Instalo y configuro sistemas operativos en diferentes equipos.</li><li>Conozco cómo funcionan las redes locales.</li><li>Entiendo los fundamentos de la programación.</li></ul>"}	2026-05-05 11:06:19.927174	2026-05-05 11:06:19.927174
21	7	2	22	6	classic	2017-09-13	2019-06-21	{"en_US": "Informática y Telecomunicaciones", "es_ES": "Informática y Telecomunicaciones"}	{"en_US": "<div data-oe-version=\\"1.2\\"><strong>Curso&nbsp;</strong></div><ul><li><strong>Montaje y mantenimiento de equipos</strong></li><li><strong>Instalación y mantenimiento de redes de comunicación</strong><br></li><li><strong>&nbsp;Manejo y uso de los principales programas informáticos</strong></li><li><strong> Soporte técnico a usuarios y resolución de problemas informáticos</strong></li><li><strong>Configuración y gestión de redes locales e internet</strong><br></li></ul>", "es_ES": "<div data-oe-version=\\"1.2\\"><strong>Curso&nbsp;</strong></div><ul><li><strong>Montaje y mantenimiento de equipos</strong></li><li><strong>Instalación y mantenimiento de redes de comunicación</strong><br></li><li><strong>&nbsp;Manejo y uso de los principales programas informáticos</strong></li><li><strong> Soporte técnico a usuarios y resolución de problemas informáticos</strong></li><li><strong>Configuración y gestión de redes locales e internet</strong><br></li></ul>"}	2026-04-28 08:13:38.06698	2026-05-05 11:11:41.114978
115	7	4	6	6	classic	2019-05-15	\N	{"en_US": "Creación de máquinas virtuales", "es_ES": "Creación de máquinas virtuales"}	\N	2026-05-05 11:18:32.121298	2026-05-05 11:18:32.121298
116	7	5	6	6	classic	2014-06-03	2016-06-19	{"en_US": "Baloncesto", "es_ES": "Baloncesto"}	\N	2026-05-05 11:21:23.053583	2026-05-05 11:21:23.053583
117	21	2	6	6	classic	2025-09-11	\N	{"en_US": "Sistemas Microinformáticos y Redes", "es_ES": "Sistemas Microinformáticos y Redes"}	{"en_US": "<div data-oe-version=\\"1.2\\"><strong>Grado Medio</strong></div><ul><li>Manejo avanzado de Office.</li><li>Experiencia manteniendo, reparando y cambiando piezas de ordenadores.</li><li>Instalación y configuración de sistemas operativos.</li><li>Conocimientos de redes locales.</li><li>Base en fundamentos de programación.</li></ul>", "es_ES": "<div data-oe-version=\\"1.2\\"><strong>Grado Medio</strong></div><ul><li>Manejo avanzado de Office.</li><li>Experiencia manteniendo, reparando y cambiando piezas de ordenadores.</li><li>Instalación y configuración de sistemas operativos.</li><li>Conocimientos de redes locales.</li><li>Base en fundamentos de programación.</li></ul>"}	2026-05-05 11:24:02.851506	2026-05-05 11:24:02.851506
118	21	4	6	6	classic	2026-04-15	\N	{"en_US": "Reparación de equipos", "es_ES": "Reparación de equipos"}	\N	2026-05-05 11:27:24.467187	2026-05-05 11:27:24.467187
\.


--
