-- Name: ir_filters id; Type: DEFAULT; Schema: public; Owner: odoo
--

ALTER TABLE ONLY public.ir_filters ALTER COLUMN id SET DEFAULT nextval('public.ir_filters_id_seq'::regclass);


--
-- Name: ir_logging id; Type: DEFAULT; Schema: public; Owner: odoo
--

ALTER TABLE ONLY public.ir_logging ALTER COLUMN id SET DEFAULT nextval('public.ir_logging_id_seq'::regclass);


--
-- Name: ir_mail_server id; Type: DEFAULT; Schema: public; Owner: odoo
--

ALTER TABLE ONLY public.ir_mail_server ALTER COLUMN id SET DEFAULT nextval('public.ir_mail_server_id_seq'::regclass);


--
-- Name: ir_model id; Type: DEFAULT; Schema: public; Owner: odoo
--

ALTER TABLE ONLY public.ir_model ALTER COLUMN id SET DEFAULT nextval('public.ir_model_id_seq'::regclass);


--
-- Name: ir_model_access id; Type: DEFAULT; Schema: public; Owner: odoo
--

ALTER TABLE ONLY public.ir_model_access ALTER COLUMN id SET DEFAULT nextval('public.ir_model_access_id_seq'::regclass);


--
-- Name: ir_model_constraint id; Type: DEFAULT; Schema: public; Owner: odoo
--

ALTER TABLE ONLY public.ir_model_constraint ALTER COLUMN id SET DEFAULT nextval('public.ir_model_constraint_id_seq'::regclass);


--
-- Name: ir_model_data id; Type: DEFAULT; Schema: public; Owner: odoo
--

ALTER TABLE ONLY public.ir_model_data ALTER COLUMN id SET DEFAULT nextval('public.ir_model_data_id_seq'::regclass);


--
-- Name: ir_model_fields id; Type: DEFAULT; Schema: public; Owner: odoo
--

ALTER TABLE ONLY public.ir_model_fields ALTER COLUMN id SET DEFAULT nextval('public.ir_model_fields_id_seq'::regclass);


--
-- Name: ir_model_fields_selection id; Type: DEFAULT; Schema: public; Owner: odoo
--

ALTER TABLE ONLY public.ir_model_fields_selection ALTER COLUMN id SET DEFAULT nextval('public.ir_model_fields_selection_id_seq'::regclass);


--
-- Name: ir_model_inherit id; Type: DEFAULT; Schema: public; Owner: odoo
--

ALTER TABLE ONLY public.ir_model_inherit ALTER COLUMN id SET DEFAULT nextval('public.ir_model_inherit_id_seq'::regclass);


--
-- Name: ir_model_relation id; Type: DEFAULT; Schema: public; Owner: odoo
--

ALTER TABLE ONLY public.ir_model_relation ALTER COLUMN id SET DEFAULT nextval('public.ir_model_relation_id_seq'::regclass);


--
-- Name: ir_module_category id; Type: DEFAULT; Schema: public; Owner: odoo
--

ALTER TABLE ONLY public.ir_module_category ALTER COLUMN id SET DEFAULT nextval('public.ir_module_category_id_seq'::regclass);


--
-- Name: ir_module_module id; Type: DEFAULT; Schema: public; Owner: odoo
--

ALTER TABLE ONLY public.ir_module_module ALTER COLUMN id SET DEFAULT nextval('public.ir_module_module_id_seq'::regclass);


--
-- Name: ir_module_module_dependency id; Type: DEFAULT; Schema: public; Owner: odoo
--

ALTER TABLE ONLY public.ir_module_module_dependency ALTER COLUMN id SET DEFAULT nextval('public.ir_module_module_dependency_id_seq'::regclass);


--
-- Name: ir_module_module_exclusion id; Type: DEFAULT; Schema: public; Owner: odoo
--

ALTER TABLE ONLY public.ir_module_module_exclusion ALTER COLUMN id SET DEFAULT nextval('public.ir_module_module_exclusion_id_seq'::regclass);


--
-- Name: ir_profile id; Type: DEFAULT; Schema: public; Owner: odoo
--

ALTER TABLE ONLY public.ir_profile ALTER COLUMN id SET DEFAULT nextval('public.ir_profile_id_seq'::regclass);


--
-- Name: ir_rule id; Type: DEFAULT; Schema: public; Owner: odoo
--

ALTER TABLE ONLY public.ir_rule ALTER COLUMN id SET DEFAULT nextval('public.ir_rule_id_seq'::regclass);


--
-- Name: ir_sequence id; Type: DEFAULT; Schema: public; Owner: odoo
--

ALTER TABLE ONLY public.ir_sequence ALTER COLUMN id SET DEFAULT nextval('public.ir_sequence_id_seq'::regclass);


--
-- Name: ir_sequence_date_range id; Type: DEFAULT; Schema: public; Owner: odoo
--

ALTER TABLE ONLY public.ir_sequence_date_range ALTER COLUMN id SET DEFAULT nextval('public.ir_sequence_date_range_id_seq'::regclass);


--
-- Name: ir_ui_menu id; Type: DEFAULT; Schema: public; Owner: odoo
--

ALTER TABLE ONLY public.ir_ui_menu ALTER COLUMN id SET DEFAULT nextval('public.ir_ui_menu_id_seq'::regclass);


--
-- Name: ir_ui_view id; Type: DEFAULT; Schema: public; Owner: odoo
--

ALTER TABLE ONLY public.ir_ui_view ALTER COLUMN id SET DEFAULT nextval('public.ir_ui_view_id_seq'::regclass);


--
-- Name: ir_ui_view_custom id; Type: DEFAULT; Schema: public; Owner: odoo
--

ALTER TABLE ONLY public.ir_ui_view_custom ALTER COLUMN id SET DEFAULT nextval('public.ir_ui_view_custom_id_seq'::regclass);


--
-- Name: l10n_es_edi_facturae_ac_role_type id; Type: DEFAULT; Schema: public; Owner: odoo
--

ALTER TABLE ONLY public.l10n_es_edi_facturae_ac_role_type ALTER COLUMN id SET DEFAULT nextval('public.l10n_es_edi_facturae_ac_role_type_id_seq'::regclass);


--
-- Name: link_tracker id; Type: DEFAULT; Schema: public; Owner: odoo
--

ALTER TABLE ONLY public.link_tracker ALTER COLUMN id SET DEFAULT nextval('public.link_tracker_id_seq'::regclass);


--
-- Name: link_tracker_click id; Type: DEFAULT; Schema: public; Owner: odoo
--

ALTER TABLE ONLY public.link_tracker_click ALTER COLUMN id SET DEFAULT nextval('public.link_tracker_click_id_seq'::regclass);


--
-- Name: link_tracker_code id; Type: DEFAULT; Schema: public; Owner: odoo
--

ALTER TABLE ONLY public.link_tracker_code ALTER COLUMN id SET DEFAULT nextval('public.link_tracker_code_id_seq'::regclass);


--
-- Name: lot_label_layout id; Type: DEFAULT; Schema: public; Owner: odoo
--

ALTER TABLE ONLY public.lot_label_layout ALTER COLUMN id SET DEFAULT nextval('public.lot_label_layout_id_seq'::regclass);


--
-- Name: mail_activity id; Type: DEFAULT; Schema: public; Owner: odoo
--

ALTER TABLE ONLY public.mail_activity ALTER COLUMN id SET DEFAULT nextval('public.mail_activity_id_seq'::regclass);


--
-- Name: mail_activity_plan id; Type: DEFAULT; Schema: public; Owner: odoo
--

ALTER TABLE ONLY public.mail_activity_plan ALTER COLUMN id SET DEFAULT nextval('public.mail_activity_plan_id_seq'::regclass);


--
-- Name: mail_activity_plan_template id; Type: DEFAULT; Schema: public; Owner: odoo
--

ALTER TABLE ONLY public.mail_activity_plan_template ALTER COLUMN id SET DEFAULT nextval('public.mail_activity_plan_template_id_seq'::regclass);


--
-- Name: mail_activity_schedule id; Type: DEFAULT; Schema: public; Owner: odoo
--

ALTER TABLE ONLY public.mail_activity_schedule ALTER COLUMN id SET DEFAULT nextval('public.mail_activity_schedule_id_seq'::regclass);


--
-- Name: mail_activity_type id; Type: DEFAULT; Schema: public; Owner: odoo
--

ALTER TABLE ONLY public.mail_activity_type ALTER COLUMN id SET DEFAULT nextval('public.mail_activity_type_id_seq'::regclass);


--
-- Name: mail_alias id; Type: DEFAULT; Schema: public; Owner: odoo
--

ALTER TABLE ONLY public.mail_alias ALTER COLUMN id SET DEFAULT nextval('public.mail_alias_id_seq'::regclass);


--
-- Name: mail_alias_domain id; Type: DEFAULT; Schema: public; Owner: odoo
--

ALTER TABLE ONLY public.mail_alias_domain ALTER COLUMN id SET DEFAULT nextval('public.mail_alias_domain_id_seq'::regclass);


--
-- Name: mail_blacklist id; Type: DEFAULT; Schema: public; Owner: odoo
--

ALTER TABLE ONLY public.mail_blacklist ALTER COLUMN id SET DEFAULT nextval('public.mail_blacklist_id_seq'::regclass);


--
-- Name: mail_blacklist_remove id; Type: DEFAULT; Schema: public; Owner: odoo
--

ALTER TABLE ONLY public.mail_blacklist_remove ALTER COLUMN id SET DEFAULT nextval('public.mail_blacklist_remove_id_seq'::regclass);


--
-- Name: mail_canned_response id; Type: DEFAULT; Schema: public; Owner: odoo
--

ALTER TABLE ONLY public.mail_canned_response ALTER COLUMN id SET DEFAULT nextval('public.mail_canned_response_id_seq'::regclass);


--
-- Name: mail_compose_message id; Type: DEFAULT; Schema: public; Owner: odoo
--

ALTER TABLE ONLY public.mail_compose_message ALTER COLUMN id SET DEFAULT nextval('public.mail_compose_message_id_seq'::regclass);


--
-- Name: mail_followers id; Type: DEFAULT; Schema: public; Owner: odoo
--

ALTER TABLE ONLY public.mail_followers ALTER COLUMN id SET DEFAULT nextval('public.mail_followers_id_seq'::regclass);


--
-- Name: mail_gateway_allowed id; Type: DEFAULT; Schema: public; Owner: odoo
--

ALTER TABLE ONLY public.mail_gateway_allowed ALTER COLUMN id SET DEFAULT nextval('public.mail_gateway_allowed_id_seq'::regclass);


--
-- Name: mail_guest id; Type: DEFAULT; Schema: public; Owner: odoo
--

ALTER TABLE ONLY public.mail_guest ALTER COLUMN id SET DEFAULT nextval('public.mail_guest_id_seq'::regclass);


--
-- Name: mail_ice_server id; Type: DEFAULT; Schema: public; Owner: odoo
--

ALTER TABLE ONLY public.mail_ice_server ALTER COLUMN id SET DEFAULT nextval('public.mail_ice_server_id_seq'::regclass);


--
-- Name: mail_link_preview id; Type: DEFAULT; Schema: public; Owner: odoo
--

ALTER TABLE ONLY public.mail_link_preview ALTER COLUMN id SET DEFAULT nextval('public.mail_link_preview_id_seq'::regclass);


--
-- Name: mail_mail id; Type: DEFAULT; Schema: public; Owner: odoo
--

ALTER TABLE ONLY public.mail_mail ALTER COLUMN id SET DEFAULT nextval('public.mail_mail_id_seq'::regclass);


--
-- Name: mail_message id; Type: DEFAULT; Schema: public; Owner: odoo
--

ALTER TABLE ONLY public.mail_message ALTER COLUMN id SET DEFAULT nextval('public.mail_message_id_seq'::regclass);


--
-- Name: mail_message_reaction id; Type: DEFAULT; Schema: public; Owner: odoo
--

ALTER TABLE ONLY public.mail_message_reaction ALTER COLUMN id SET DEFAULT nextval('public.mail_message_reaction_id_seq'::regclass);


--
-- Name: mail_message_schedule id; Type: DEFAULT; Schema: public; Owner: odoo
--

ALTER TABLE ONLY public.mail_message_schedule ALTER COLUMN id SET DEFAULT nextval('public.mail_message_schedule_id_seq'::regclass);


--
-- Name: mail_message_subtype id; Type: DEFAULT; Schema: public; Owner: odoo
--

ALTER TABLE ONLY public.mail_message_subtype ALTER COLUMN id SET DEFAULT nextval('public.mail_message_subtype_id_seq'::regclass);


--
-- Name: mail_message_translation id; Type: DEFAULT; Schema: public; Owner: odoo
--

ALTER TABLE ONLY public.mail_message_translation ALTER COLUMN id SET DEFAULT nextval('public.mail_message_translation_id_seq'::regclass);


--
-- Name: mail_notification id; Type: DEFAULT; Schema: public; Owner: odoo
--

ALTER TABLE ONLY public.mail_notification ALTER COLUMN id SET DEFAULT nextval('public.mail_notification_id_seq'::regclass);


--
-- Name: mail_push id; Type: DEFAULT; Schema: public; Owner: odoo
--

ALTER TABLE ONLY public.mail_push ALTER COLUMN id SET DEFAULT nextval('public.mail_push_id_seq'::regclass);


--
-- Name: mail_push_device id; Type: DEFAULT; Schema: public; Owner: odoo
--

ALTER TABLE ONLY public.mail_push_device ALTER COLUMN id SET DEFAULT nextval('public.mail_push_device_id_seq'::regclass);


--
-- Name: mail_resend_message id; Type: DEFAULT; Schema: public; Owner: odoo
--

ALTER TABLE ONLY public.mail_resend_message ALTER COLUMN id SET DEFAULT nextval('public.mail_resend_message_id_seq'::regclass);


--
-- Name: mail_resend_partner id; Type: DEFAULT; Schema: public; Owner: odoo
--

ALTER TABLE ONLY public.mail_resend_partner ALTER COLUMN id SET DEFAULT nextval('public.mail_resend_partner_id_seq'::regclass);


--
-- Name: mail_scheduled_message id; Type: DEFAULT; Schema: public; Owner: odoo
--

ALTER TABLE ONLY public.mail_scheduled_message ALTER COLUMN id SET DEFAULT nextval('public.mail_scheduled_message_id_seq'::regclass);


--
-- Name: mail_template id; Type: DEFAULT; Schema: public; Owner: odoo
--

ALTER TABLE ONLY public.mail_template ALTER COLUMN id SET DEFAULT nextval('public.mail_template_id_seq'::regclass);


--
-- Name: mail_template_preview id; Type: DEFAULT; Schema: public; Owner: odoo
--

ALTER TABLE ONLY public.mail_template_preview ALTER COLUMN id SET DEFAULT nextval('public.mail_template_preview_id_seq'::regclass);


--
-- Name: mail_template_reset id; Type: DEFAULT; Schema: public; Owner: odoo
--

ALTER TABLE ONLY public.mail_template_reset ALTER COLUMN id SET DEFAULT nextval('public.mail_template_reset_id_seq'::regclass);


--
-- Name: mail_tracking_value id; Type: DEFAULT; Schema: public; Owner: odoo
--

ALTER TABLE ONLY public.mail_tracking_value ALTER COLUMN id SET DEFAULT nextval('public.mail_tracking_value_id_seq'::regclass);


--
-- Name: mail_wizard_invite id; Type: DEFAULT; Schema: public; Owner: odoo
--

ALTER TABLE ONLY public.mail_wizard_invite ALTER COLUMN id SET DEFAULT nextval('public.mail_wizard_invite_id_seq'::regclass);


--
-- Name: maintenance_equipment id; Type: DEFAULT; Schema: public; Owner: odoo
--

ALTER TABLE ONLY public.maintenance_equipment ALTER COLUMN id SET DEFAULT nextval('public.maintenance_equipment_id_seq'::regclass);


--
-- Name: maintenance_equipment_category id; Type: DEFAULT; Schema: public; Owner: odoo
--

ALTER TABLE ONLY public.maintenance_equipment_category ALTER COLUMN id SET DEFAULT nextval('public.maintenance_equipment_category_id_seq'::regclass);


--
-- Name: maintenance_request id; Type: DEFAULT; Schema: public; Owner: odoo
--

ALTER TABLE ONLY public.maintenance_request ALTER COLUMN id SET DEFAULT nextval('public.maintenance_request_id_seq'::regclass);


--
-- Name: maintenance_stage id; Type: DEFAULT; Schema: public; Owner: odoo
--

ALTER TABLE ONLY public.maintenance_stage ALTER COLUMN id SET DEFAULT nextval('public.maintenance_stage_id_seq'::regclass);


--
-- Name: maintenance_team id; Type: DEFAULT; Schema: public; Owner: odoo
--

ALTER TABLE ONLY public.maintenance_team ALTER COLUMN id SET DEFAULT nextval('public.maintenance_team_id_seq'::regclass);


--
-- Name: mrp_account_wip_accounting id; Type: DEFAULT; Schema: public; Owner: odoo
--

ALTER TABLE ONLY public.mrp_account_wip_accounting ALTER COLUMN id SET DEFAULT nextval('public.mrp_account_wip_accounting_id_seq'::regclass);


--
-- Name: mrp_account_wip_accounting_line id; Type: DEFAULT; Schema: public; Owner: odoo
--

ALTER TABLE ONLY public.mrp_account_wip_accounting_line ALTER COLUMN id SET DEFAULT nextval('public.mrp_account_wip_accounting_line_id_seq'::regclass);


--
-- Name: mrp_batch_produce id; Type: DEFAULT; Schema: public; Owner: odoo
--

ALTER TABLE ONLY public.mrp_batch_produce ALTER COLUMN id SET DEFAULT nextval('public.mrp_batch_produce_id_seq'::regclass);


--
-- Name: mrp_bom id; Type: DEFAULT; Schema: public; Owner: odoo
--

ALTER TABLE ONLY public.mrp_bom ALTER COLUMN id SET DEFAULT nextval('public.mrp_bom_id_seq'::regclass);


--
-- Name: mrp_bom_byproduct id; Type: DEFAULT; Schema: public; Owner: odoo
--

ALTER TABLE ONLY public.mrp_bom_byproduct ALTER COLUMN id SET DEFAULT nextval('public.mrp_bom_byproduct_id_seq'::regclass);


--
-- Name: mrp_bom_line id; Type: DEFAULT; Schema: public; Owner: odoo
--

ALTER TABLE ONLY public.mrp_bom_line ALTER COLUMN id SET DEFAULT nextval('public.mrp_bom_line_id_seq'::regclass);


--
-- Name: mrp_consumption_warning id; Type: DEFAULT; Schema: public; Owner: odoo
--

ALTER TABLE ONLY public.mrp_consumption_warning ALTER COLUMN id SET DEFAULT nextval('public.mrp_consumption_warning_id_seq'::regclass);


--
-- Name: mrp_consumption_warning_line id; Type: DEFAULT; Schema: public; Owner: odoo
--

ALTER TABLE ONLY public.mrp_consumption_warning_line ALTER COLUMN id SET DEFAULT nextval('public.mrp_consumption_warning_line_id_seq'::regclass);


--
-- Name: mrp_production id; Type: DEFAULT; Schema: public; Owner: odoo
--

ALTER TABLE ONLY public.mrp_production ALTER COLUMN id SET DEFAULT nextval('public.mrp_production_id_seq'::regclass);


--
-- Name: mrp_production_backorder id; Type: DEFAULT; Schema: public; Owner: odoo
--

ALTER TABLE ONLY public.mrp_production_backorder ALTER COLUMN id SET DEFAULT nextval('public.mrp_production_backorder_id_seq'::regclass);


--
-- Name: mrp_production_backorder_line id; Type: DEFAULT; Schema: public; Owner: odoo
--

ALTER TABLE ONLY public.mrp_production_backorder_line ALTER COLUMN id SET DEFAULT nextval('public.mrp_production_backorder_line_id_seq'::regclass);


--
-- Name: mrp_production_split id; Type: DEFAULT; Schema: public; Owner: odoo
--

ALTER TABLE ONLY public.mrp_production_split ALTER COLUMN id SET DEFAULT nextval('public.mrp_production_split_id_seq'::regclass);


--
-- Name: mrp_production_split_line id; Type: DEFAULT; Schema: public; Owner: odoo
--

ALTER TABLE ONLY public.mrp_production_split_line ALTER COLUMN id SET DEFAULT nextval('public.mrp_production_split_line_id_seq'::regclass);


--
-- Name: mrp_production_split_multi id; Type: DEFAULT; Schema: public; Owner: odoo
--

ALTER TABLE ONLY public.mrp_production_split_multi ALTER COLUMN id SET DEFAULT nextval('public.mrp_production_split_multi_id_seq'::regclass);


--
-- Name: mrp_routing_workcenter id; Type: DEFAULT; Schema: public; Owner: odoo
--

ALTER TABLE ONLY public.mrp_routing_workcenter ALTER COLUMN id SET DEFAULT nextval('public.mrp_routing_workcenter_id_seq'::regclass);


--
-- Name: mrp_unbuild id; Type: DEFAULT; Schema: public; Owner: odoo
--

ALTER TABLE ONLY public.mrp_unbuild ALTER COLUMN id SET DEFAULT nextval('public.mrp_unbuild_id_seq'::regclass);


--
-- Name: mrp_workcenter id; Type: DEFAULT; Schema: public; Owner: odoo
--

ALTER TABLE ONLY public.mrp_workcenter ALTER COLUMN id SET DEFAULT nextval('public.mrp_workcenter_id_seq'::regclass);


--
-- Name: mrp_workcenter_capacity id; Type: DEFAULT; Schema: public; Owner: odoo
--

ALTER TABLE ONLY public.mrp_workcenter_capacity ALTER COLUMN id SET DEFAULT nextval('public.mrp_workcenter_capacity_id_seq'::regclass);


--
-- Name: mrp_workcenter_productivity id; Type: DEFAULT; Schema: public; Owner: odoo
--

ALTER TABLE ONLY public.mrp_workcenter_productivity ALTER COLUMN id SET DEFAULT nextval('public.mrp_workcenter_productivity_id_seq'::regclass);


--
-- Name: mrp_workcenter_productivity_loss id; Type: DEFAULT; Schema: public; Owner: odoo
--

ALTER TABLE ONLY public.mrp_workcenter_productivity_loss ALTER COLUMN id SET DEFAULT nextval('public.mrp_workcenter_productivity_loss_id_seq'::regclass);


--
-- Name: mrp_workcenter_productivity_loss_type id; Type: DEFAULT; Schema: public; Owner: odoo
--

ALTER TABLE ONLY public.mrp_workcenter_productivity_loss_type ALTER COLUMN id SET DEFAULT nextval('public.mrp_workcenter_productivity_loss_type_id_seq'::regclass);


--
-- Name: mrp_workcenter_tag id; Type: DEFAULT; Schema: public; Owner: odoo
--

ALTER TABLE ONLY public.mrp_workcenter_tag ALTER COLUMN id SET DEFAULT nextval('public.mrp_workcenter_tag_id_seq'::regclass);


--
-- Name: mrp_workorder id; Type: DEFAULT; Schema: public; Owner: odoo
--

ALTER TABLE ONLY public.mrp_workorder ALTER COLUMN id SET DEFAULT nextval('public.mrp_workorder_id_seq'::regclass);


--
-- Name: onboarding_onboarding id; Type: DEFAULT; Schema: public; Owner: odoo
--

ALTER TABLE ONLY public.onboarding_onboarding ALTER COLUMN id SET DEFAULT nextval('public.onboarding_onboarding_id_seq'::regclass);


--
-- Name: onboarding_onboarding_step id; Type: DEFAULT; Schema: public; Owner: odoo
--

ALTER TABLE ONLY public.onboarding_onboarding_step ALTER COLUMN id SET DEFAULT nextval('public.onboarding_onboarding_step_id_seq'::regclass);


--
-- Name: onboarding_progress id; Type: DEFAULT; Schema: public; Owner: odoo
--

ALTER TABLE ONLY public.onboarding_progress ALTER COLUMN id SET DEFAULT nextval('public.onboarding_progress_id_seq'::regclass);


--
-- Name: onboarding_progress_step id; Type: DEFAULT; Schema: public; Owner: odoo
--

ALTER TABLE ONLY public.onboarding_progress_step ALTER COLUMN id SET DEFAULT nextval('public.onboarding_progress_step_id_seq'::regclass);


--
-- Name: payment_capture_wizard id; Type: DEFAULT; Schema: public; Owner: odoo
--

ALTER TABLE ONLY public.payment_capture_wizard ALTER COLUMN id SET DEFAULT nextval('public.payment_capture_wizard_id_seq'::regclass);


--
-- Name: payment_link_wizard id; Type: DEFAULT; Schema: public; Owner: odoo
--

ALTER TABLE ONLY public.payment_link_wizard ALTER COLUMN id SET DEFAULT nextval('public.payment_link_wizard_id_seq'::regclass);


--
-- Name: payment_method id; Type: DEFAULT; Schema: public; Owner: odoo
--

ALTER TABLE ONLY public.payment_method ALTER COLUMN id SET DEFAULT nextval('public.payment_method_id_seq'::regclass);


--
-- Name: payment_provider id; Type: DEFAULT; Schema: public; Owner: odoo
--

ALTER TABLE ONLY public.payment_provider ALTER COLUMN id SET DEFAULT nextval('public.payment_provider_id_seq'::regclass);


--
-- Name: payment_provider_onboarding_wizard id; Type: DEFAULT; Schema: public; Owner: odoo
--

ALTER TABLE ONLY public.payment_provider_onboarding_wizard ALTER COLUMN id SET DEFAULT nextval('public.payment_provider_onboarding_wizard_id_seq'::regclass);


--
-- Name: payment_refund_wizard id; Type: DEFAULT; Schema: public; Owner: odoo
--

ALTER TABLE ONLY public.payment_refund_wizard ALTER COLUMN id SET DEFAULT nextval('public.payment_refund_wizard_id_seq'::regclass);


--
-- Name: payment_token id; Type: DEFAULT; Schema: public; Owner: odoo
--

ALTER TABLE ONLY public.payment_token ALTER COLUMN id SET DEFAULT nextval('public.payment_token_id_seq'::regclass);


--
-- Name: payment_transaction id; Type: DEFAULT; Schema: public; Owner: odoo
--

ALTER TABLE ONLY public.payment_transaction ALTER COLUMN id SET DEFAULT nextval('public.payment_transaction_id_seq'::regclass);


--
-- Name: peppol_registration id; Type: DEFAULT; Schema: public; Owner: odoo
--

ALTER TABLE ONLY public.peppol_registration ALTER COLUMN id SET DEFAULT nextval('public.peppol_registration_id_seq'::regclass);


--
-- Name: phone_blacklist id; Type: DEFAULT; Schema: public; Owner: odoo
--

ALTER TABLE ONLY public.phone_blacklist ALTER COLUMN id SET DEFAULT nextval('public.phone_blacklist_id_seq'::regclass);


--
-- Name: phone_blacklist_remove id; Type: DEFAULT; Schema: public; Owner: odoo
--

ALTER TABLE ONLY public.phone_blacklist_remove ALTER COLUMN id SET DEFAULT nextval('public.phone_blacklist_remove_id_seq'::regclass);


--
-- Name: picking_label_type id; Type: DEFAULT; Schema: public; Owner: odoo
--

ALTER TABLE ONLY public.picking_label_type ALTER COLUMN id SET DEFAULT nextval('public.picking_label_type_id_seq'::regclass);


--
-- Name: portal_share id; Type: DEFAULT; Schema: public; Owner: odoo
--

ALTER TABLE ONLY public.portal_share ALTER COLUMN id SET DEFAULT nextval('public.portal_share_id_seq'::regclass);


--
-- Name: portal_wizard id; Type: DEFAULT; Schema: public; Owner: odoo
--

ALTER TABLE ONLY public.portal_wizard ALTER COLUMN id SET DEFAULT nextval('public.portal_wizard_id_seq'::regclass);


--
-- Name: portal_wizard_user id; Type: DEFAULT; Schema: public; Owner: odoo
--

ALTER TABLE ONLY public.portal_wizard_user ALTER COLUMN id SET DEFAULT nextval('public.portal_wizard_user_id_seq'::regclass);


--
-- Name: privacy_log id; Type: DEFAULT; Schema: public; Owner: odoo
--

ALTER TABLE ONLY public.privacy_log ALTER COLUMN id SET DEFAULT nextval('public.privacy_log_id_seq'::regclass);


--
-- Name: privacy_lookup_wizard id; Type: DEFAULT; Schema: public; Owner: odoo
--

ALTER TABLE ONLY public.privacy_lookup_wizard ALTER COLUMN id SET DEFAULT nextval('public.privacy_lookup_wizard_id_seq'::regclass);


--
-- Name: privacy_lookup_wizard_line id; Type: DEFAULT; Schema: public; Owner: odoo
--

ALTER TABLE ONLY public.privacy_lookup_wizard_line ALTER COLUMN id SET DEFAULT nextval('public.privacy_lookup_wizard_line_id_seq'::regclass);


--
-- Name: procurement_group id; Type: DEFAULT; Schema: public; Owner: odoo
--

ALTER TABLE ONLY public.procurement_group ALTER COLUMN id SET DEFAULT nextval('public.procurement_group_id_seq'::regclass);


--
-- Name: product_attribute id; Type: DEFAULT; Schema: public; Owner: odoo
--

ALTER TABLE ONLY public.product_attribute ALTER COLUMN id SET DEFAULT nextval('public.product_attribute_id_seq'::regclass);


--
-- Name: product_attribute_custom_value id; Type: DEFAULT; Schema: public; Owner: odoo
--

ALTER TABLE ONLY public.product_attribute_custom_value ALTER COLUMN id SET DEFAULT nextval('public.product_attribute_custom_value_id_seq'::regclass);


--
-- Name: product_attribute_value id; Type: DEFAULT; Schema: public; Owner: odoo
--

ALTER TABLE ONLY public.product_attribute_value ALTER COLUMN id SET DEFAULT nextval('public.product_attribute_value_id_seq'::regclass);


--
-- Name: product_category id; Type: DEFAULT; Schema: public; Owner: odoo
--

ALTER TABLE ONLY public.product_category ALTER COLUMN id SET DEFAULT nextval('public.product_category_id_seq'::regclass);


--
-- Name: product_combo id; Type: DEFAULT; Schema: public; Owner: odoo
--

ALTER TABLE ONLY public.product_combo ALTER COLUMN id SET DEFAULT nextval('public.product_combo_id_seq'::regclass);


--
-- Name: product_combo_item id; Type: DEFAULT; Schema: public; Owner: odoo
--

ALTER TABLE ONLY public.product_combo_item ALTER COLUMN id SET DEFAULT nextval('public.product_combo_item_id_seq'::regclass);


--
-- Name: product_document id; Type: DEFAULT; Schema: public; Owner: odoo
--

ALTER TABLE ONLY public.product_document ALTER COLUMN id SET DEFAULT nextval('public.product_document_id_seq'::regclass);


--
-- Name: product_label_layout id; Type: DEFAULT; Schema: public; Owner: odoo
--

ALTER TABLE ONLY public.product_label_layout ALTER COLUMN id SET DEFAULT nextval('public.product_label_layout_id_seq'::regclass);


--
-- Name: product_packaging id; Type: DEFAULT; Schema: public; Owner: odoo
--

ALTER TABLE ONLY public.product_packaging ALTER COLUMN id SET DEFAULT nextval('public.product_packaging_id_seq'::regclass);


--
-- Name: product_pricelist id; Type: DEFAULT; Schema: public; Owner: odoo
--

ALTER TABLE ONLY public.product_pricelist ALTER COLUMN id SET DEFAULT nextval('public.product_pricelist_id_seq'::regclass);


--
-- Name: product_pricelist_item id; Type: DEFAULT; Schema: public; Owner: odoo
--

ALTER TABLE ONLY public.product_pricelist_item ALTER COLUMN id SET DEFAULT nextval('public.product_pricelist_item_id_seq'::regclass);


--
-- Name: product_product id; Type: DEFAULT; Schema: public; Owner: odoo
--

ALTER TABLE ONLY public.product_product ALTER COLUMN id SET DEFAULT nextval('public.product_product_id_seq'::regclass);


--
-- Name: product_removal id; Type: DEFAULT; Schema: public; Owner: odoo
--

ALTER TABLE ONLY public.product_removal ALTER COLUMN id SET DEFAULT nextval('public.product_removal_id_seq'::regclass);


--
-- Name: product_replenish id; Type: DEFAULT; Schema: public; Owner: odoo
--

ALTER TABLE ONLY public.product_replenish ALTER COLUMN id SET DEFAULT nextval('public.product_replenish_id_seq'::regclass);


--
-- Name: product_supplierinfo id; Type: DEFAULT; Schema: public; Owner: odoo
--

ALTER TABLE ONLY public.product_supplierinfo ALTER COLUMN id SET DEFAULT nextval('public.product_supplierinfo_id_seq'::regclass);


--
-- Name: product_tag id; Type: DEFAULT; Schema: public; Owner: odoo
--

ALTER TABLE ONLY public.product_tag ALTER COLUMN id SET DEFAULT nextval('public.product_tag_id_seq'::regclass);


--
-- Name: product_template id; Type: DEFAULT; Schema: public; Owner: odoo
--

ALTER TABLE ONLY public.product_template ALTER COLUMN id SET DEFAULT nextval('public.product_template_id_seq'::regclass);


--
-- Name: product_template_attribute_exclusion id; Type: DEFAULT; Schema: public; Owner: odoo
--

ALTER TABLE ONLY public.product_template_attribute_exclusion ALTER COLUMN id SET DEFAULT nextval('public.product_template_attribute_exclusion_id_seq'::regclass);


--
-- Name: product_template_attribute_line id; Type: DEFAULT; Schema: public; Owner: odoo
--

ALTER TABLE ONLY public.product_template_attribute_line ALTER COLUMN id SET DEFAULT nextval('public.product_template_attribute_line_id_seq'::regclass);


--
-- Name: product_template_attribute_value id; Type: DEFAULT; Schema: public; Owner: odoo
--

ALTER TABLE ONLY public.product_template_attribute_value ALTER COLUMN id SET DEFAULT nextval('public.product_template_attribute_value_id_seq'::regclass);


--
-- Name: project_collaborator id; Type: DEFAULT; Schema: public; Owner: odoo
--

ALTER TABLE ONLY public.project_collaborator ALTER COLUMN id SET DEFAULT nextval('public.project_collaborator_id_seq'::regclass);


--
-- Name: project_milestone id; Type: DEFAULT; Schema: public; Owner: odoo
--

ALTER TABLE ONLY public.project_milestone ALTER COLUMN id SET DEFAULT nextval('public.project_milestone_id_seq'::regclass);


--
-- Name: project_project id; Type: DEFAULT; Schema: public; Owner: odoo
--

ALTER TABLE ONLY public.project_project ALTER COLUMN id SET DEFAULT nextval('public.project_project_id_seq'::regclass);


--
-- Name: project_project_stage id; Type: DEFAULT; Schema: public; Owner: odoo
--

ALTER TABLE ONLY public.project_project_stage ALTER COLUMN id SET DEFAULT nextval('public.project_project_stage_id_seq'::regclass);


--
-- Name: project_project_stage_delete_wizard id; Type: DEFAULT; Schema: public; Owner: odoo
--

ALTER TABLE ONLY public.project_project_stage_delete_wizard ALTER COLUMN id SET DEFAULT nextval('public.project_project_stage_delete_wizard_id_seq'::regclass);


--
-- Name: project_share_collaborator_wizard id; Type: DEFAULT; Schema: public; Owner: odoo
--

ALTER TABLE ONLY public.project_share_collaborator_wizard ALTER COLUMN id SET DEFAULT nextval('public.project_share_collaborator_wizard_id_seq'::regclass);


--
-- Name: project_share_wizard id; Type: DEFAULT; Schema: public; Owner: odoo
--

ALTER TABLE ONLY public.project_share_wizard ALTER COLUMN id SET DEFAULT nextval('public.project_share_wizard_id_seq'::regclass);


--
-- Name: project_tags id; Type: DEFAULT; Schema: public; Owner: odoo
--

ALTER TABLE ONLY public.project_tags ALTER COLUMN id SET DEFAULT nextval('public.project_tags_id_seq'::regclass);


--
-- Name: project_task id; Type: DEFAULT; Schema: public; Owner: odoo
--

ALTER TABLE ONLY public.project_task ALTER COLUMN id SET DEFAULT nextval('public.project_task_id_seq'::regclass);


--
-- Name: project_task_recurrence id; Type: DEFAULT; Schema: public; Owner: odoo
--

ALTER TABLE ONLY public.project_task_recurrence ALTER COLUMN id SET DEFAULT nextval('public.project_task_recurrence_id_seq'::regclass);


--
-- Name: project_task_type id; Type: DEFAULT; Schema: public; Owner: odoo
--

ALTER TABLE ONLY public.project_task_type ALTER COLUMN id SET DEFAULT nextval('public.project_task_type_id_seq'::regclass);


--
-- Name: project_task_type_delete_wizard id; Type: DEFAULT; Schema: public; Owner: odoo
--

ALTER TABLE ONLY public.project_task_type_delete_wizard ALTER COLUMN id SET DEFAULT nextval('public.project_task_type_delete_wizard_id_seq'::regclass);


--
-- Name: project_task_user_rel id; Type: DEFAULT; Schema: public; Owner: odoo
--

ALTER TABLE ONLY public.project_task_user_rel ALTER COLUMN id SET DEFAULT nextval('public.project_task_user_rel_id_seq'::regclass);


--
-- Name: project_update id; Type: DEFAULT; Schema: public; Owner: odoo
--

ALTER TABLE ONLY public.project_update ALTER COLUMN id SET DEFAULT nextval('public.project_update_id_seq'::regclass);


--
-- Name: purchase_order id; Type: DEFAULT; Schema: public; Owner: odoo
--

ALTER TABLE ONLY public.purchase_order ALTER COLUMN id SET DEFAULT nextval('public.purchase_order_id_seq'::regclass);


--
-- Name: purchase_order_line id; Type: DEFAULT; Schema: public; Owner: odoo
--

ALTER TABLE ONLY public.purchase_order_line ALTER COLUMN id SET DEFAULT nextval('public.purchase_order_line_id_seq'::regclass);


--
-- Name: quotation_document id; Type: DEFAULT; Schema: public; Owner: odoo
--

ALTER TABLE ONLY public.quotation_document ALTER COLUMN id SET DEFAULT nextval('public.quotation_document_id_seq'::regclass);


--
-- Name: rating_rating id; Type: DEFAULT; Schema: public; Owner: odoo
--

ALTER TABLE ONLY public.rating_rating ALTER COLUMN id SET DEFAULT nextval('public.rating_rating_id_seq'::regclass);


--
-- Name: repair_order id; Type: DEFAULT; Schema: public; Owner: odoo
--

ALTER TABLE ONLY public.repair_order ALTER COLUMN id SET DEFAULT nextval('public.repair_order_id_seq'::regclass);


--
-- Name: repair_tags id; Type: DEFAULT; Schema: public; Owner: odoo
--

ALTER TABLE ONLY public.repair_tags ALTER COLUMN id SET DEFAULT nextval('public.repair_tags_id_seq'::regclass);


--
-- Name: report_layout id; Type: DEFAULT; Schema: public; Owner: odoo
--

ALTER TABLE ONLY public.report_layout ALTER COLUMN id SET DEFAULT nextval('public.report_layout_id_seq'::regclass);


--
-- Name: report_paperformat id; Type: DEFAULT; Schema: public; Owner: odoo
--

ALTER TABLE ONLY public.report_paperformat ALTER COLUMN id SET DEFAULT nextval('public.report_paperformat_id_seq'::regclass);


--
-- Name: res_bank id; Type: DEFAULT; Schema: public; Owner: odoo
--

ALTER TABLE ONLY public.res_bank ALTER COLUMN id SET DEFAULT nextval('public.res_bank_id_seq'::regclass);


--
-- Name: res_company id; Type: DEFAULT; Schema: public; Owner: odoo
--

ALTER TABLE ONLY public.res_company ALTER COLUMN id SET DEFAULT nextval('public.res_company_id_seq'::regclass);


--
-- Name: res_config id; Type: DEFAULT; Schema: public; Owner: odoo
--

ALTER TABLE ONLY public.res_config ALTER COLUMN id SET DEFAULT nextval('public.res_config_id_seq'::regclass);


--
-- Name: res_config_settings id; Type: DEFAULT; Schema: public; Owner: odoo
--

ALTER TABLE ONLY public.res_config_settings ALTER COLUMN id SET DEFAULT nextval('public.res_config_settings_id_seq'::regclass);


--
-- Name: res_country id; Type: DEFAULT; Schema: public; Owner: odoo
--

ALTER TABLE ONLY public.res_country ALTER COLUMN id SET DEFAULT nextval('public.res_country_id_seq'::regclass);


--
-- Name: res_country_group id; Type: DEFAULT; Schema: public; Owner: odoo
--

ALTER TABLE ONLY public.res_country_group ALTER COLUMN id SET DEFAULT nextval('public.res_country_group_id_seq'::regclass);


--
-- Name: res_country_state id; Type: DEFAULT; Schema: public; Owner: odoo
--

ALTER TABLE ONLY public.res_country_state ALTER COLUMN id SET DEFAULT nextval('public.res_country_state_id_seq'::regclass);


--
-- Name: res_currency id; Type: DEFAULT; Schema: public; Owner: odoo
--

ALTER TABLE ONLY public.res_currency ALTER COLUMN id SET DEFAULT nextval('public.res_currency_id_seq'::regclass);


--
-- Name: res_currency_rate id; Type: DEFAULT; Schema: public; Owner: odoo
--

ALTER TABLE ONLY public.res_currency_rate ALTER COLUMN id SET DEFAULT nextval('public.res_currency_rate_id_seq'::regclass);


--
-- Name: res_device_log id; Type: DEFAULT; Schema: public; Owner: odoo
--

ALTER TABLE ONLY public.res_device_log ALTER COLUMN id SET DEFAULT nextval('public.res_device_log_id_seq'::regclass);


--
-- Name: res_groups id; Type: DEFAULT; Schema: public; Owner: odoo
--

ALTER TABLE ONLY public.res_groups ALTER COLUMN id SET DEFAULT nextval('public.res_groups_id_seq'::regclass);


--
-- Name: res_lang id; Type: DEFAULT; Schema: public; Owner: odoo
--

ALTER TABLE ONLY public.res_lang ALTER COLUMN id SET DEFAULT nextval('public.res_lang_id_seq'::regclass);


--
-- Name: res_partner id; Type: DEFAULT; Schema: public; Owner: odoo
--

ALTER TABLE ONLY public.res_partner ALTER COLUMN id SET DEFAULT nextval('public.res_partner_id_seq'::regclass);


--
-- Name: res_partner_autocomplete_sync id; Type: DEFAULT; Schema: public; Owner: odoo
--

ALTER TABLE ONLY public.res_partner_autocomplete_sync ALTER COLUMN id SET DEFAULT nextval('public.res_partner_autocomplete_sync_id_seq'::regclass);


--
-- Name: res_partner_bank id; Type: DEFAULT; Schema: public; Owner: odoo
--

ALTER TABLE ONLY public.res_partner_bank ALTER COLUMN id SET DEFAULT nextval('public.res_partner_bank_id_seq'::regclass);


--
-- Name: res_partner_category id; Type: DEFAULT; Schema: public; Owner: odoo
--

ALTER TABLE ONLY public.res_partner_category ALTER COLUMN id SET DEFAULT nextval('public.res_partner_category_id_seq'::regclass);


--
-- Name: res_partner_industry id; Type: DEFAULT; Schema: public; Owner: odoo
--

ALTER TABLE ONLY public.res_partner_industry ALTER COLUMN id SET DEFAULT nextval('public.res_partner_industry_id_seq'::regclass);


--
-- Name: res_partner_title id; Type: DEFAULT; Schema: public; Owner: odoo
--

ALTER TABLE ONLY public.res_partner_title ALTER COLUMN id SET DEFAULT nextval('public.res_partner_title_id_seq'::regclass);


--
-- Name: res_users id; Type: DEFAULT; Schema: public; Owner: odoo
--

ALTER TABLE ONLY public.res_users ALTER COLUMN id SET DEFAULT nextval('public.res_users_id_seq'::regclass);


--
-- Name: res_users_apikeys id; Type: DEFAULT; Schema: public; Owner: odoo
--

ALTER TABLE ONLY public.res_users_apikeys ALTER COLUMN id SET DEFAULT nextval('public.res_users_apikeys_id_seq'::regclass);


--
-- Name: res_users_apikeys_description id; Type: DEFAULT; Schema: public; Owner: odoo
--

ALTER TABLE ONLY public.res_users_apikeys_description ALTER COLUMN id SET DEFAULT nextval('public.res_users_apikeys_description_id_seq'::regclass);


--
-- Name: res_users_deletion id; Type: DEFAULT; Schema: public; Owner: odoo
--

ALTER TABLE ONLY public.res_users_deletion ALTER COLUMN id SET DEFAULT nextval('public.res_users_deletion_id_seq'::regclass);


--
-- Name: res_users_identitycheck id; Type: DEFAULT; Schema: public; Owner: odoo
--

ALTER TABLE ONLY public.res_users_identitycheck ALTER COLUMN id SET DEFAULT nextval('public.res_users_identitycheck_id_seq'::regclass);


--
-- Name: res_users_log id; Type: DEFAULT; Schema: public; Owner: odoo
--

ALTER TABLE ONLY public.res_users_log ALTER COLUMN id SET DEFAULT nextval('public.res_users_log_id_seq'::regclass);


--
-- Name: res_users_settings id; Type: DEFAULT; Schema: public; Owner: odoo
--

ALTER TABLE ONLY public.res_users_settings ALTER COLUMN id SET DEFAULT nextval('public.res_users_settings_id_seq'::regclass);


--
-- Name: res_users_settings_volumes id; Type: DEFAULT; Schema: public; Owner: odoo
--

ALTER TABLE ONLY public.res_users_settings_volumes ALTER COLUMN id SET DEFAULT nextval('public.res_users_settings_volumes_id_seq'::regclass);


--
-- Name: reset_view_arch_wizard id; Type: DEFAULT; Schema: public; Owner: odoo
--

ALTER TABLE ONLY public.reset_view_arch_wizard ALTER COLUMN id SET DEFAULT nextval('public.reset_view_arch_wizard_id_seq'::regclass);


--
-- Name: resource_calendar id; Type: DEFAULT; Schema: public; Owner: odoo
--

ALTER TABLE ONLY public.resource_calendar ALTER COLUMN id SET DEFAULT nextval('public.resource_calendar_id_seq'::regclass);


--
-- Name: resource_calendar_attendance id; Type: DEFAULT; Schema: public; Owner: odoo
--

ALTER TABLE ONLY public.resource_calendar_attendance ALTER COLUMN id SET DEFAULT nextval('public.resource_calendar_attendance_id_seq'::regclass);


--
-- Name: resource_calendar_leaves id; Type: DEFAULT; Schema: public; Owner: odoo
--

ALTER TABLE ONLY public.resource_calendar_leaves ALTER COLUMN id SET DEFAULT nextval('public.resource_calendar_leaves_id_seq'::regclass);


--
-- Name: resource_resource id; Type: DEFAULT; Schema: public; Owner: odoo
--

ALTER TABLE ONLY public.resource_resource ALTER COLUMN id SET DEFAULT nextval('public.resource_resource_id_seq'::regclass);


--
-- Name: sale_advance_payment_inv id; Type: DEFAULT; Schema: public; Owner: odoo
--

ALTER TABLE ONLY public.sale_advance_payment_inv ALTER COLUMN id SET DEFAULT nextval('public.sale_advance_payment_inv_id_seq'::regclass);


--
-- Name: sale_mass_cancel_orders id; Type: DEFAULT; Schema: public; Owner: odoo
--

ALTER TABLE ONLY public.sale_mass_cancel_orders ALTER COLUMN id SET DEFAULT nextval('public.sale_mass_cancel_orders_id_seq'::regclass);


--
-- Name: sale_order id; Type: DEFAULT; Schema: public; Owner: odoo
--

ALTER TABLE ONLY public.sale_order ALTER COLUMN id SET DEFAULT nextval('public.sale_order_id_seq'::regclass);


--
-- Name: sale_order_cancel id; Type: DEFAULT; Schema: public; Owner: odoo
--

ALTER TABLE ONLY public.sale_order_cancel ALTER COLUMN id SET DEFAULT nextval('public.sale_order_cancel_id_seq'::regclass);


--
-- Name: sale_order_discount id; Type: DEFAULT; Schema: public; Owner: odoo
--

ALTER TABLE ONLY public.sale_order_discount ALTER COLUMN id SET DEFAULT nextval('public.sale_order_discount_id_seq'::regclass);


--
-- Name: sale_order_line id; Type: DEFAULT; Schema: public; Owner: odoo
--

ALTER TABLE ONLY public.sale_order_line ALTER COLUMN id SET DEFAULT nextval('public.sale_order_line_id_seq'::regclass);


--
-- Name: sale_order_option id; Type: DEFAULT; Schema: public; Owner: odoo
--

ALTER TABLE ONLY public.sale_order_option ALTER COLUMN id SET DEFAULT nextval('public.sale_order_option_id_seq'::regclass);


--
-- Name: sale_order_template id; Type: DEFAULT; Schema: public; Owner: odoo
--

ALTER TABLE ONLY public.sale_order_template ALTER COLUMN id SET DEFAULT nextval('public.sale_order_template_id_seq'::regclass);


--
-- Name: sale_order_template_line id; Type: DEFAULT; Schema: public; Owner: odoo
--

ALTER TABLE ONLY public.sale_order_template_line ALTER COLUMN id SET DEFAULT nextval('public.sale_order_template_line_id_seq'::regclass);


--
-- Name: sale_order_template_option id; Type: DEFAULT; Schema: public; Owner: odoo
--

ALTER TABLE ONLY public.sale_order_template_option ALTER COLUMN id SET DEFAULT nextval('public.sale_order_template_option_id_seq'::regclass);


--
-- Name: sale_payment_provider_onboarding_wizard id; Type: DEFAULT; Schema: public; Owner: odoo
--

ALTER TABLE ONLY public.sale_payment_provider_onboarding_wizard ALTER COLUMN id SET DEFAULT nextval('public.sale_payment_provider_onboarding_wizard_id_seq'::regclass);


--
-- Name: sale_pdf_form_field id; Type: DEFAULT; Schema: public; Owner: odoo
--

ALTER TABLE ONLY public.sale_pdf_form_field ALTER COLUMN id SET DEFAULT nextval('public.sale_pdf_form_field_id_seq'::regclass);


--
-- Name: sms_account_code id; Type: DEFAULT; Schema: public; Owner: odoo
--

ALTER TABLE ONLY public.sms_account_code ALTER COLUMN id SET DEFAULT nextval('public.sms_account_code_id_seq'::regclass);


--
-- Name: sms_account_phone id; Type: DEFAULT; Schema: public; Owner: odoo
--

ALTER TABLE ONLY public.sms_account_phone ALTER COLUMN id SET DEFAULT nextval('public.sms_account_phone_id_seq'::regclass);


--
-- Name: sms_account_sender id; Type: DEFAULT; Schema: public; Owner: odoo
--

ALTER TABLE ONLY public.sms_account_sender ALTER COLUMN id SET DEFAULT nextval('public.sms_account_sender_id_seq'::regclass);


--
-- Name: sms_composer id; Type: DEFAULT; Schema: public; Owner: odoo
--

ALTER TABLE ONLY public.sms_composer ALTER COLUMN id SET DEFAULT nextval('public.sms_composer_id_seq'::regclass);


--
-- Name: sms_resend id; Type: DEFAULT; Schema: public; Owner: odoo
--

ALTER TABLE ONLY public.sms_resend ALTER COLUMN id SET DEFAULT nextval('public.sms_resend_id_seq'::regclass);


--
-- Name: sms_resend_recipient id; Type: DEFAULT; Schema: public; Owner: odoo
--

ALTER TABLE ONLY public.sms_resend_recipient ALTER COLUMN id SET DEFAULT nextval('public.sms_resend_recipient_id_seq'::regclass);


--
-- Name: sms_sms id; Type: DEFAULT; Schema: public; Owner: odoo
--

ALTER TABLE ONLY public.sms_sms ALTER COLUMN id SET DEFAULT nextval('public.sms_sms_id_seq'::regclass);


--
-- Name: sms_template id; Type: DEFAULT; Schema: public; Owner: odoo
--

ALTER TABLE ONLY public.sms_template ALTER COLUMN id SET DEFAULT nextval('public.sms_template_id_seq'::regclass);


--
-- Name: sms_template_preview id; Type: DEFAULT; Schema: public; Owner: odoo
--

ALTER TABLE ONLY public.sms_template_preview ALTER COLUMN id SET DEFAULT nextval('public.sms_template_preview_id_seq'::regclass);


--
-- Name: sms_template_reset id; Type: DEFAULT; Schema: public; Owner: odoo
--

ALTER TABLE ONLY public.sms_template_reset ALTER COLUMN id SET DEFAULT nextval('public.sms_template_reset_id_seq'::regclass);


--
-- Name: sms_tracker id; Type: DEFAULT; Schema: public; Owner: odoo
--

ALTER TABLE ONLY public.sms_tracker ALTER COLUMN id SET DEFAULT nextval('public.sms_tracker_id_seq'::regclass);


--
-- Name: snailmail_letter id; Type: DEFAULT; Schema: public; Owner: odoo
--

ALTER TABLE ONLY public.snailmail_letter ALTER COLUMN id SET DEFAULT nextval('public.snailmail_letter_id_seq'::regclass);


--
-- Name: snailmail_letter_format_error id; Type: DEFAULT; Schema: public; Owner: odoo
--

ALTER TABLE ONLY public.snailmail_letter_format_error ALTER COLUMN id SET DEFAULT nextval('public.snailmail_letter_format_error_id_seq'::regclass);


--
-- Name: snailmail_letter_missing_required_fields id; Type: DEFAULT; Schema: public; Owner: odoo
--

ALTER TABLE ONLY public.snailmail_letter_missing_required_fields ALTER COLUMN id SET DEFAULT nextval('public.snailmail_letter_missing_required_fields_id_seq'::regclass);


--
-- Name: spreadsheet_dashboard id; Type: DEFAULT; Schema: public; Owner: odoo
--

ALTER TABLE ONLY public.spreadsheet_dashboard ALTER COLUMN id SET DEFAULT nextval('public.spreadsheet_dashboard_id_seq'::regclass);


--
-- Name: spreadsheet_dashboard_group id; Type: DEFAULT; Schema: public; Owner: odoo
--

ALTER TABLE ONLY public.spreadsheet_dashboard_group ALTER COLUMN id SET DEFAULT nextval('public.spreadsheet_dashboard_group_id_seq'::regclass);


--
-- Name: spreadsheet_dashboard_share id; Type: DEFAULT; Schema: public; Owner: odoo
--

ALTER TABLE ONLY public.spreadsheet_dashboard_share ALTER COLUMN id SET DEFAULT nextval('public.spreadsheet_dashboard_share_id_seq'::regclass);


--
-- Name: stock_backorder_confirmation id; Type: DEFAULT; Schema: public; Owner: odoo
--

ALTER TABLE ONLY public.stock_backorder_confirmation ALTER COLUMN id SET DEFAULT nextval('public.stock_backorder_confirmation_id_seq'::regclass);


--
-- Name: stock_backorder_confirmation_line id; Type: DEFAULT; Schema: public; Owner: odoo
--

ALTER TABLE ONLY public.stock_backorder_confirmation_line ALTER COLUMN id SET DEFAULT nextval('public.stock_backorder_confirmation_line_id_seq'::regclass);


--
-- Name: stock_change_product_qty id; Type: DEFAULT; Schema: public; Owner: odoo
--

ALTER TABLE ONLY public.stock_change_product_qty ALTER COLUMN id SET DEFAULT nextval('public.stock_change_product_qty_id_seq'::regclass);


--
-- Name: stock_inventory_adjustment_name id; Type: DEFAULT; Schema: public; Owner: odoo
--

ALTER TABLE ONLY public.stock_inventory_adjustment_name ALTER COLUMN id SET DEFAULT nextval('public.stock_inventory_adjustment_name_id_seq'::regclass);


--
-- Name: stock_inventory_conflict id; Type: DEFAULT; Schema: public; Owner: odoo
--

ALTER TABLE ONLY public.stock_inventory_conflict ALTER COLUMN id SET DEFAULT nextval('public.stock_inventory_conflict_id_seq'::regclass);


--
-- Name: stock_inventory_warning id; Type: DEFAULT; Schema: public; Owner: odoo
--

ALTER TABLE ONLY public.stock_inventory_warning ALTER COLUMN id SET DEFAULT nextval('public.stock_inventory_warning_id_seq'::regclass);


--
-- Name: stock_location id; Type: DEFAULT; Schema: public; Owner: odoo
--

ALTER TABLE ONLY public.stock_location ALTER COLUMN id SET DEFAULT nextval('public.stock_location_id_seq'::regclass);


--
-- Name: stock_lot id; Type: DEFAULT; Schema: public; Owner: odoo
--

ALTER TABLE ONLY public.stock_lot ALTER COLUMN id SET DEFAULT nextval('public.stock_lot_id_seq'::regclass);


--
-- Name: stock_move id; Type: DEFAULT; Schema: public; Owner: odoo
--

ALTER TABLE ONLY public.stock_move ALTER COLUMN id SET DEFAULT nextval('public.stock_move_id_seq'::regclass);


--
-- Name: stock_move_line id; Type: DEFAULT; Schema: public; Owner: odoo
--

ALTER TABLE ONLY public.stock_move_line ALTER COLUMN id SET DEFAULT nextval('public.stock_move_line_id_seq'::regclass);


--
-- Name: stock_orderpoint_snooze id; Type: DEFAULT; Schema: public; Owner: odoo
--

ALTER TABLE ONLY public.stock_orderpoint_snooze ALTER COLUMN id SET DEFAULT nextval('public.stock_orderpoint_snooze_id_seq'::regclass);


--
-- Name: stock_package_destination id; Type: DEFAULT; Schema: public; Owner: odoo
--

ALTER TABLE ONLY public.stock_package_destination ALTER COLUMN id SET DEFAULT nextval('public.stock_package_destination_id_seq'::regclass);


--
-- Name: stock_package_level id; Type: DEFAULT; Schema: public; Owner: odoo
--

ALTER TABLE ONLY public.stock_package_level ALTER COLUMN id SET DEFAULT nextval('public.stock_package_level_id_seq'::regclass);


--
-- Name: stock_package_type id; Type: DEFAULT; Schema: public; Owner: odoo
--

ALTER TABLE ONLY public.stock_package_type ALTER COLUMN id SET DEFAULT nextval('public.stock_package_type_id_seq'::regclass);


--
-- Name: stock_picking id; Type: DEFAULT; Schema: public; Owner: odoo
--

ALTER TABLE ONLY public.stock_picking ALTER COLUMN id SET DEFAULT nextval('public.stock_picking_id_seq'::regclass);


--
-- Name: stock_picking_type id; Type: DEFAULT; Schema: public; Owner: odoo
--

ALTER TABLE ONLY public.stock_picking_type ALTER COLUMN id SET DEFAULT nextval('public.stock_picking_type_id_seq'::regclass);


--
-- Name: stock_putaway_rule id; Type: DEFAULT; Schema: public; Owner: odoo
--

ALTER TABLE ONLY public.stock_putaway_rule ALTER COLUMN id SET DEFAULT nextval('public.stock_putaway_rule_id_seq'::regclass);


--
-- Name: stock_quant id; Type: DEFAULT; Schema: public; Owner: odoo
--

ALTER TABLE ONLY public.stock_quant ALTER COLUMN id SET DEFAULT nextval('public.stock_quant_id_seq'::regclass);


--
-- Name: stock_quant_package id; Type: DEFAULT; Schema: public; Owner: odoo
--

ALTER TABLE ONLY public.stock_quant_package ALTER COLUMN id SET DEFAULT nextval('public.stock_quant_package_id_seq'::regclass);


--
-- Name: stock_quant_relocate id; Type: DEFAULT; Schema: public; Owner: odoo
--

ALTER TABLE ONLY public.stock_quant_relocate ALTER COLUMN id SET DEFAULT nextval('public.stock_quant_relocate_id_seq'::regclass);


--
-- Name: stock_quantity_history id; Type: DEFAULT; Schema: public; Owner: odoo
--

ALTER TABLE ONLY public.stock_quantity_history ALTER COLUMN id SET DEFAULT nextval('public.stock_quantity_history_id_seq'::regclass);


--
-- Name: stock_replenishment_info id; Type: DEFAULT; Schema: public; Owner: odoo
--

ALTER TABLE ONLY public.stock_replenishment_info ALTER COLUMN id SET DEFAULT nextval('public.stock_replenishment_info_id_seq'::regclass);


--
-- Name: stock_replenishment_option id; Type: DEFAULT; Schema: public; Owner: odoo
--

ALTER TABLE ONLY public.stock_replenishment_option ALTER COLUMN id SET DEFAULT nextval('public.stock_replenishment_option_id_seq'::regclass);


--
-- Name: stock_request_count id; Type: DEFAULT; Schema: public; Owner: odoo
--

ALTER TABLE ONLY public.stock_request_count ALTER COLUMN id SET DEFAULT nextval('public.stock_request_count_id_seq'::regclass);


--
-- Name: stock_return_picking id; Type: DEFAULT; Schema: public; Owner: odoo
--

ALTER TABLE ONLY public.stock_return_picking ALTER COLUMN id SET DEFAULT nextval('public.stock_return_picking_id_seq'::regclass);


--
-- Name: stock_return_picking_line id; Type: DEFAULT; Schema: public; Owner: odoo
--

ALTER TABLE ONLY public.stock_return_picking_line ALTER COLUMN id SET DEFAULT nextval('public.stock_return_picking_line_id_seq'::regclass);


--
-- Name: stock_route id; Type: DEFAULT; Schema: public; Owner: odoo
--

ALTER TABLE ONLY public.stock_route ALTER COLUMN id SET DEFAULT nextval('public.stock_route_id_seq'::regclass);


--
-- Name: stock_rule id; Type: DEFAULT; Schema: public; Owner: odoo
--

ALTER TABLE ONLY public.stock_rule ALTER COLUMN id SET DEFAULT nextval('public.stock_rule_id_seq'::regclass);


--
-- Name: stock_rules_report id; Type: DEFAULT; Schema: public; Owner: odoo
--

ALTER TABLE ONLY public.stock_rules_report ALTER COLUMN id SET DEFAULT nextval('public.stock_rules_report_id_seq'::regclass);


--
-- Name: stock_scrap id; Type: DEFAULT; Schema: public; Owner: odoo
--

ALTER TABLE ONLY public.stock_scrap ALTER COLUMN id SET DEFAULT nextval('public.stock_scrap_id_seq'::regclass);


--
-- Name: stock_scrap_reason_tag id; Type: DEFAULT; Schema: public; Owner: odoo
--

ALTER TABLE ONLY public.stock_scrap_reason_tag ALTER COLUMN id SET DEFAULT nextval('public.stock_scrap_reason_tag_id_seq'::regclass);


--
-- Name: stock_storage_category id; Type: DEFAULT; Schema: public; Owner: odoo
--

ALTER TABLE ONLY public.stock_storage_category ALTER COLUMN id SET DEFAULT nextval('public.stock_storage_category_id_seq'::regclass);


--
-- Name: stock_storage_category_capacity id; Type: DEFAULT; Schema: public; Owner: odoo
--

ALTER TABLE ONLY public.stock_storage_category_capacity ALTER COLUMN id SET DEFAULT nextval('public.stock_storage_category_capacity_id_seq'::regclass);


--
-- Name: stock_traceability_report id; Type: DEFAULT; Schema: public; Owner: odoo
--

ALTER TABLE ONLY public.stock_traceability_report ALTER COLUMN id SET DEFAULT nextval('public.stock_traceability_report_id_seq'::regclass);


--
-- Name: stock_track_confirmation id; Type: DEFAULT; Schema: public; Owner: odoo
--

ALTER TABLE ONLY public.stock_track_confirmation ALTER COLUMN id SET DEFAULT nextval('public.stock_track_confirmation_id_seq'::regclass);


--
-- Name: stock_track_line id; Type: DEFAULT; Schema: public; Owner: odoo
--

ALTER TABLE ONLY public.stock_track_line ALTER COLUMN id SET DEFAULT nextval('public.stock_track_line_id_seq'::regclass);


--
-- Name: stock_valuation_layer id; Type: DEFAULT; Schema: public; Owner: odoo
--

ALTER TABLE ONLY public.stock_valuation_layer ALTER COLUMN id SET DEFAULT nextval('public.stock_valuation_layer_id_seq'::regclass);


--
-- Name: stock_valuation_layer_revaluation id; Type: DEFAULT; Schema: public; Owner: odoo
--

ALTER TABLE ONLY public.stock_valuation_layer_revaluation ALTER COLUMN id SET DEFAULT nextval('public.stock_valuation_layer_revaluation_id_seq'::regclass);


--
-- Name: stock_warehouse id; Type: DEFAULT; Schema: public; Owner: odoo
--

ALTER TABLE ONLY public.stock_warehouse ALTER COLUMN id SET DEFAULT nextval('public.stock_warehouse_id_seq'::regclass);


--
-- Name: stock_warehouse_orderpoint id; Type: DEFAULT; Schema: public; Owner: odoo
--

ALTER TABLE ONLY public.stock_warehouse_orderpoint ALTER COLUMN id SET DEFAULT nextval('public.stock_warehouse_orderpoint_id_seq'::regclass);


--
-- Name: stock_warn_insufficient_qty_repair id; Type: DEFAULT; Schema: public; Owner: odoo
--

ALTER TABLE ONLY public.stock_warn_insufficient_qty_repair ALTER COLUMN id SET DEFAULT nextval('public.stock_warn_insufficient_qty_repair_id_seq'::regclass);


--
-- Name: stock_warn_insufficient_qty_scrap id; Type: DEFAULT; Schema: public; Owner: odoo
--

ALTER TABLE ONLY public.stock_warn_insufficient_qty_scrap ALTER COLUMN id SET DEFAULT nextval('public.stock_warn_insufficient_qty_scrap_id_seq'::regclass);


--
-- Name: stock_warn_insufficient_qty_unbuild id; Type: DEFAULT; Schema: public; Owner: odoo
--

ALTER TABLE ONLY public.stock_warn_insufficient_qty_unbuild ALTER COLUMN id SET DEFAULT nextval('public.stock_warn_insufficient_qty_unbuild_id_seq'::regclass);


--
-- Name: theme_ir_asset id; Type: DEFAULT; Schema: public; Owner: odoo
--

ALTER TABLE ONLY public.theme_ir_asset ALTER COLUMN id SET DEFAULT nextval('public.theme_ir_asset_id_seq'::regclass);


--
-- Name: theme_ir_attachment id; Type: DEFAULT; Schema: public; Owner: odoo
--

ALTER TABLE ONLY public.theme_ir_attachment ALTER COLUMN id SET DEFAULT nextval('public.theme_ir_attachment_id_seq'::regclass);


--
-- Name: theme_ir_ui_view id; Type: DEFAULT; Schema: public; Owner: odoo
--

ALTER TABLE ONLY public.theme_ir_ui_view ALTER COLUMN id SET DEFAULT nextval('public.theme_ir_ui_view_id_seq'::regclass);


--
-- Name: theme_website_menu id; Type: DEFAULT; Schema: public; Owner: odoo
--

ALTER TABLE ONLY public.theme_website_menu ALTER COLUMN id SET DEFAULT nextval('public.theme_website_menu_id_seq'::regclass);


--
-- Name: theme_website_page id; Type: DEFAULT; Schema: public; Owner: odoo
--

ALTER TABLE ONLY public.theme_website_page ALTER COLUMN id SET DEFAULT nextval('public.theme_website_page_id_seq'::regclass);


--
-- Name: uom_category id; Type: DEFAULT; Schema: public; Owner: odoo
--

ALTER TABLE ONLY public.uom_category ALTER COLUMN id SET DEFAULT nextval('public.uom_category_id_seq'::regclass);


--
-- Name: uom_uom id; Type: DEFAULT; Schema: public; Owner: odoo
--

ALTER TABLE ONLY public.uom_uom ALTER COLUMN id SET DEFAULT nextval('public.uom_uom_id_seq'::regclass);


--
-- Name: update_product_attribute_value id; Type: DEFAULT; Schema: public; Owner: odoo
--

ALTER TABLE ONLY public.update_product_attribute_value ALTER COLUMN id SET DEFAULT nextval('public.update_product_attribute_value_id_seq'::regclass);


--
-- Name: utm_campaign id; Type: DEFAULT; Schema: public; Owner: odoo
--

ALTER TABLE ONLY public.utm_campaign ALTER COLUMN id SET DEFAULT nextval('public.utm_campaign_id_seq'::regclass);


--
-- Name: utm_medium id; Type: DEFAULT; Schema: public; Owner: odoo
--

ALTER TABLE ONLY public.utm_medium ALTER COLUMN id SET DEFAULT nextval('public.utm_medium_id_seq'::regclass);


--
-- Name: utm_source id; Type: DEFAULT; Schema: public; Owner: odoo
--

ALTER TABLE ONLY public.utm_source ALTER COLUMN id SET DEFAULT nextval('public.utm_source_id_seq'::regclass);


--
-- Name: utm_stage id; Type: DEFAULT; Schema: public; Owner: odoo
--

ALTER TABLE ONLY public.utm_stage ALTER COLUMN id SET DEFAULT nextval('public.utm_stage_id_seq'::regclass);


--
-- Name: utm_tag id; Type: DEFAULT; Schema: public; Owner: odoo
--

ALTER TABLE ONLY public.utm_tag ALTER COLUMN id SET DEFAULT nextval('public.utm_tag_id_seq'::regclass);


--
-- Name: validate_account_move id; Type: DEFAULT; Schema: public; Owner: odoo
--

ALTER TABLE ONLY public.validate_account_move ALTER COLUMN id SET DEFAULT nextval('public.validate_account_move_id_seq'::regclass);


--
-- Name: web_editor_converter_test id; Type: DEFAULT; Schema: public; Owner: odoo
--

ALTER TABLE ONLY public.web_editor_converter_test ALTER COLUMN id SET DEFAULT nextval('public.web_editor_converter_test_id_seq'::regclass);


--
-- Name: web_editor_converter_test_sub id; Type: DEFAULT; Schema: public; Owner: odoo
--

ALTER TABLE ONLY public.web_editor_converter_test_sub ALTER COLUMN id SET DEFAULT nextval('public.web_editor_converter_test_sub_id_seq'::regclass);


--
-- Name: web_tour_tour id; Type: DEFAULT; Schema: public; Owner: odoo
--

ALTER TABLE ONLY public.web_tour_tour ALTER COLUMN id SET DEFAULT nextval('public.web_tour_tour_id_seq'::regclass);


--
-- Name: web_tour_tour_step id; Type: DEFAULT; Schema: public; Owner: odoo
--

ALTER TABLE ONLY public.web_tour_tour_step ALTER COLUMN id SET DEFAULT nextval('public.web_tour_tour_step_id_seq'::regclass);


--
-- Name: website id; Type: DEFAULT; Schema: public; Owner: odoo
--

ALTER TABLE ONLY public.website ALTER COLUMN id SET DEFAULT nextval('public.website_id_seq'::regclass);


--
-- Name: website_configurator_feature id; Type: DEFAULT; Schema: public; Owner: odoo
--

ALTER TABLE ONLY public.website_configurator_feature ALTER COLUMN id SET DEFAULT nextval('public.website_configurator_feature_id_seq'::regclass);


--
-- Name: website_controller_page id; Type: DEFAULT; Schema: public; Owner: odoo
--

ALTER TABLE ONLY public.website_controller_page ALTER COLUMN id SET DEFAULT nextval('public.website_controller_page_id_seq'::regclass);


--
-- Name: website_custom_blocked_third_party_domains id; Type: DEFAULT; Schema: public; Owner: odoo
--

ALTER TABLE ONLY public.website_custom_blocked_third_party_domains ALTER COLUMN id SET DEFAULT nextval('public.website_custom_blocked_third_party_domains_id_seq'::regclass);


--
-- Name: website_menu id; Type: DEFAULT; Schema: public; Owner: odoo
--

ALTER TABLE ONLY public.website_menu ALTER COLUMN id SET DEFAULT nextval('public.website_menu_id_seq'::regclass);


--
-- Name: website_page id; Type: DEFAULT; Schema: public; Owner: odoo
--

ALTER TABLE ONLY public.website_page ALTER COLUMN id SET DEFAULT nextval('public.website_page_id_seq'::regclass);


--
-- Name: website_page_properties id; Type: DEFAULT; Schema: public; Owner: odoo
--

ALTER TABLE ONLY public.website_page_properties ALTER COLUMN id SET DEFAULT nextval('public.website_page_properties_id_seq'::regclass);


--
-- Name: website_page_properties_base id; Type: DEFAULT; Schema: public; Owner: odoo
--

ALTER TABLE ONLY public.website_page_properties_base ALTER COLUMN id SET DEFAULT nextval('public.website_page_properties_base_id_seq'::regclass);


--
-- Name: website_rewrite id; Type: DEFAULT; Schema: public; Owner: odoo
--

ALTER TABLE ONLY public.website_rewrite ALTER COLUMN id SET DEFAULT nextval('public.website_rewrite_id_seq'::regclass);


--
-- Name: website_robots id; Type: DEFAULT; Schema: public; Owner: odoo
--

ALTER TABLE ONLY public.website_robots ALTER COLUMN id SET DEFAULT nextval('public.website_robots_id_seq'::regclass);


--
-- Name: website_route id; Type: DEFAULT; Schema: public; Owner: odoo
--

ALTER TABLE ONLY public.website_route ALTER COLUMN id SET DEFAULT nextval('public.website_route_id_seq'::regclass);


--
-- Name: website_snippet_filter id; Type: DEFAULT; Schema: public; Owner: odoo
--

ALTER TABLE ONLY public.website_snippet_filter ALTER COLUMN id SET DEFAULT nextval('public.website_snippet_filter_id_seq'::regclass);


--
-- Name: website_track id; Type: DEFAULT; Schema: public; Owner: odoo
--

ALTER TABLE ONLY public.website_track ALTER COLUMN id SET DEFAULT nextval('public.website_track_id_seq'::regclass);


--
-- Name: website_visitor id; Type: DEFAULT; Schema: public; Owner: odoo
--

ALTER TABLE ONLY public.website_visitor ALTER COLUMN id SET DEFAULT nextval('public.website_visitor_id_seq'::regclass);


--
-- Name: wizard_ir_model_menu_create id; Type: DEFAULT; Schema: public; Owner: odoo
--

ALTER TABLE ONLY public.wizard_ir_model_menu_create ALTER COLUMN id SET DEFAULT nextval('public.wizard_ir_model_menu_create_id_seq'::regclass);


--
-- Data for Name: account_account; Type: TABLE DATA; Schema: public; Owner: odoo
--

COPY public.account_account (id, currency_id, create_uid, write_uid, account_type, name, code_store, note, deprecated, reconcile, non_trade, create_date, write_date) FROM stdin;
1	\N	1	1	equity	{"en_US": "Assigned capital", "es_ES": "Fondo social"}	{"1": "101000"}	\N	f	f	f	2026-04-08 08:35:31.66018	2026-04-08 08:35:31.66018
2	\N	1	1	equity	{"en_US": "Capital", "es_ES": "Capital"}	{"1": "102000"}	\N	f	f	f	2026-04-08 08:35:31.66018	2026-04-08 08:35:31.66018
3	\N	1	1	equity	{"en_US": "Own shares or equity holdings in special situations", "es_ES": "Acciones o participaciones propias en situaciones especiales"}	{"1": "108000"}	\N	f	f	f	2026-04-08 08:35:31.66018	2026-04-08 08:35:31.66018
4	\N	1	1	equity	{"en_US": "Own shares or equity holdings for reduction of capital", "es_ES": "Acciones o participaciones propias para reducción de capital"}	{"1": "109000"}	\N	f	f	f	2026-04-08 08:35:31.66018	2026-04-08 08:35:31.66018
5	\N	1	1	equity	{"en_US": "Share premium or additional paid-in capital", "es_ES": "Prima de emisión o asunción"}	{"1": "110000"}	\N	f	f	f	2026-04-08 08:35:31.66018	2026-04-08 08:35:31.66018
6	\N	1	1	equity	{"en_US": "Reserves for parent company shares or equity holdings", "es_ES": "Reservas para acciones o participaciones de la sociedad dominante"}	{"1": "114000"}	\N	f	f	f	2026-04-08 08:35:31.66018	2026-04-08 08:35:31.66018
7	\N	1	1	equity	{"en_US": "Statutory reserves", "es_ES": "Reservas estatutarias"}	{"1": "114100"}	\N	f	f	f	2026-04-08 08:35:31.66018	2026-04-08 08:35:31.66018
8	\N	1	1	equity	{"en_US": "Redeemed capital reserve", "es_ES": "Reserva por capital amortizado"}	{"1": "114200"}	\N	f	f	f	2026-04-08 08:35:31.66018	2026-04-08 08:35:31.66018
9	\N	1	1	equity	{"en_US": "Reserves for own shares accepted as collateral", "es_ES": "Reservas por acciones propias aceptadas en garantía"}	{"1": "114400"}	\N	f	f	f	2026-04-08 08:35:31.66018	2026-04-08 08:35:31.66018
10	\N	1	1	equity	{"en_US": "Contributions from equity holders or owners", "es_ES": "Aportaciones de socios o propietarios"}	{"1": "118000"}	\N	f	f	f	2026-04-08 08:35:31.66018	2026-04-08 08:35:31.66018
11	\N	1	1	equity	{"en_US": "Differences on translation of capital to euros", "es_ES": "Diferencias por ajuste del capital a euros"}	{"1": "119000"}	\N	f	f	f	2026-04-08 08:35:31.66018	2026-04-08 08:35:31.66018
12	\N	1	1	equity	{"en_US": "Capital donations and bequests", "es_ES": "Donaciones y legados de capital"}	{"1": "131000"}	\N	f	f	f	2026-04-08 08:35:31.66018	2026-04-08 08:35:31.66018
13	\N	1	1	equity	{"en_US": "Deferred tax income on permanent differences", "es_ES": "Ingresos fiscales por diferencias permanentes a distribuir en varios ejercicios"}	{"1": "137000"}	\N	f	f	f	2026-04-08 08:35:31.66018	2026-04-08 08:35:31.66018
14	\N	1	1	equity	{"en_US": "Deferred tax income for tax deductions and tax credits", "es_ES": "Ingresos fiscales por deducciones y bonificaciones a distribuir en varios ejercicios"}	{"1": "137100"}	\N	f	f	f	2026-04-08 08:35:31.66018	2026-04-08 08:35:31.66018
15	\N	1	1	liability_non_current	{"en_US": "Provisions for taxes", "es_ES": "Provisión para impuestos"}	{"1": "141000"}	\N	f	t	f	2026-04-08 08:35:31.66018	2026-04-08 08:35:31.66018
16	\N	1	1	liability_non_current	{"en_US": "Provisions for other liabilities", "es_ES": "Provisión para otras responsabilidades"}	{"1": "142000"}	\N	f	t	f	2026-04-08 08:35:31.66018	2026-04-08 08:35:31.66018
17	\N	1	1	liability_non_current	{"en_US": "Provision for dismantlement, removal or restoration of fixed assets", "es_ES": "Provisión por desmantelamiento, retiro o rehabilitación del inmovilizado"}	{"1": "143000"}	\N	f	t	f	2026-04-08 08:35:31.66018	2026-04-08 08:35:31.66018
18	\N	1	1	liability_non_current	{"en_US": "Provision for environmental actions", "es_ES": "Provisión para actuaciones medioambientales"}	{"1": "145000"}	\N	f	t	f	2026-04-08 08:35:31.66018	2026-04-08 08:35:31.66018
19	\N	1	1	liability_non_current	{"en_US": "Uncalled share capital or equity holdings, group companies", "es_ES": "Desembolsos no exigidos, empresas del grupo"}	{"1": "153300"}	\N	f	f	f	2026-04-08 08:35:31.66018	2026-04-08 08:35:31.66018
20	\N	1	1	liability_non_current	{"en_US": "Uncalled share capital or equity holdings, associates", "es_ES": "Desembolsos no exigidos, empresas asociadas"}	{"1": "153400"}	\N	f	f	f	2026-04-08 08:35:31.66018	2026-04-08 08:35:31.66018
21	\N	1	1	liability_non_current	{"en_US": "Uncalled share capital or equity holdings, other related parties", "es_ES": "Desembolsos no exigidos, otras partes vinculadas"}	{"1": "153500"}	\N	f	f	f	2026-04-08 08:35:31.66018	2026-04-08 08:35:31.66018
22	\N	1	1	liability_non_current	{"en_US": "Other uncalled share capital or equity holdings", "es_ES": "Otros desembolsos no exigidos"}	{"1": "153600"}	\N	f	f	f	2026-04-08 08:35:31.66018	2026-04-08 08:35:31.66018
23	\N	1	1	liability_non_current	{"en_US": "Uncalled non-monetary contributions, group companies", "es_ES": "Aportaciones no dinerarias pendientes, empresas del grupo"}	{"1": "154300"}	\N	f	f	f	2026-04-08 08:35:31.66018	2026-04-08 08:35:31.66018
24	\N	1	1	liability_non_current	{"en_US": "Uncalled non-monetary contributions, associates", "es_ES": "Aportaciones no dinerarias pendientes, empresas asociadas"}	{"1": "154400"}	\N	f	f	f	2026-04-08 08:35:31.66018	2026-04-08 08:35:31.66018
25	\N	1	1	liability_non_current	{"en_US": "Uncalled non-monetary contributions, other related parties", "es_ES": "Aportaciones no dinerarias pendientes, otras partes vinculadas"}	{"1": "154500"}	\N	f	f	f	2026-04-08 08:35:31.66018	2026-04-08 08:35:31.66018
26	\N	1	1	liability_non_current	{"en_US": "Other uncalled non-monetary contributions", "es_ES": "Otras aportaciones no dinerarias pendientes"}	{"1": "154600"}	\N	f	f	f	2026-04-08 08:35:31.66018	2026-04-08 08:35:31.66018
27	\N	1	1	liability_non_current	{"en_US": "Non-current debt with financial institutions, group companies", "es_ES": "Deudas con entidades de crédito vinculadas, empresas del grupo"}	{"1": "160300"}	\N	f	f	f	2026-04-08 08:35:31.66018	2026-04-08 08:35:31.66018
28	\N	1	1	liability_non_current	{"en_US": "Non-current debt with financial institutions, associates", "es_ES": "Deudas con entidades de crédito vinculadas, empresas asociadas"}	{"1": "160400"}	\N	f	f	f	2026-04-08 08:35:31.66018	2026-04-08 08:35:31.66018
29	\N	1	1	liability_non_current	{"en_US": "Non-current debt with other related financial institutions", "es_ES": "Deudas con otras entidades de crédito vinculadas"}	{"1": "160500"}	\N	f	f	f	2026-04-08 08:35:31.66018	2026-04-08 08:35:31.66018
30	\N	1	1	liability_non_current	{"en_US": "Non-current payables to suppliers of fixed assets, group companies", "es_ES": "Proveedores de inmovilizado, empresas del grupo"}	{"1": "161300"}	\N	f	f	f	2026-04-08 08:35:31.66018	2026-04-08 08:35:31.66018
31	\N	1	1	liability_non_current	{"en_US": "Non-current payables to suppliers of fixed assets, associates", "es_ES": "Proveedores de inmovilizado, empresas asociadas"}	{"1": "161400"}	\N	f	f	f	2026-04-08 08:35:31.66018	2026-04-08 08:35:31.66018
32	\N	1	1	liability_non_current	{"en_US": "Non-current payables to suppliers of fixed assets, other related parties", "es_ES": "Proveedores de inmovilizado, otras partes vinculadas"}	{"1": "161500"}	\N	f	f	f	2026-04-08 08:35:31.66018	2026-04-08 08:35:31.66018
33	\N	1	1	liability_non_current	{"en_US": "Non-current finance lease payables, group companies", "es_ES": "Acreedores por arrendamiento financiero, empresas de grupo"}	{"1": "162300"}	\N	f	f	f	2026-04-08 08:35:31.66018	2026-04-08 08:35:31.66018
34	\N	1	1	liability_non_current	{"en_US": "Non-current finance lease payables, associates", "es_ES": "Acreedores por arrendamiento financiero, empresas asociadas"}	{"1": "162400"}	\N	f	f	f	2026-04-08 08:35:31.66018	2026-04-08 08:35:31.66018
35	\N	1	1	liability_non_current	{"en_US": "Non-current finance lease payables, other related parties", "es_ES": "Acreedores por arrendamiento financiero, otras partes vinculadas"}	{"1": "162500"}	\N	f	f	f	2026-04-08 08:35:31.66018	2026-04-08 08:35:31.66018
36	\N	1	1	liability_non_current	{"en_US": "Other non-current payables, group companies", "es_ES": "Otras deudas, empresas del grupo"}	{"1": "163300"}	\N	f	f	f	2026-04-08 08:35:31.66018	2026-04-08 08:35:31.66018
37	\N	1	1	liability_non_current	{"en_US": "Other non-current payables, associates", "es_ES": "Otras deudas, empresas asociadas"}	{"1": "163400"}	\N	f	f	f	2026-04-08 08:35:31.66018	2026-04-08 08:35:31.66018
38	\N	1	1	liability_non_current	{"en_US": "Other non-current payables, other related parties", "es_ES": "Otras deudas, con otras partes vinculadas"}	{"1": "163500"}	\N	f	f	f	2026-04-08 08:35:31.66018	2026-04-08 08:35:31.66018
39	\N	1	1	liability_non_current	{"en_US": "Non-current debt with financial institutions", "es_ES": "Deudas con entidades de crédito"}	{"1": "170000"}	\N	f	f	f	2026-04-08 08:35:31.66018	2026-04-08 08:35:31.66018
40	\N	1	1	liability_non_current	{"en_US": "Non-current payables convertible into grants, donations and bequests", "es_ES": "Deudas transformables en subvenciones, donaciones y legados"}	{"1": "172000"}	\N	f	f	f	2026-04-08 08:35:31.66018	2026-04-08 08:35:31.66018
41	\N	1	1	liability_non_current	{"en_US": "Non-current payables to suppliers of fixed assets", "es_ES": "Proveedores de inmovilizado"}	{"1": "173000"}	\N	f	f	f	2026-04-08 08:35:31.66018	2026-04-08 08:35:31.66018
42	\N	1	1	liability_non_current	{"en_US": "Non-current finance lease payables", "es_ES": "Acreedores por arrendamiento financiero"}	{"1": "174000"}	\N	f	f	f	2026-04-08 08:35:31.66018	2026-04-08 08:35:31.66018
43	\N	1	1	liability_non_current	{"en_US": "Non-current bills payable", "es_ES": "Efectos a pagar"}	{"1": "175000"}	\N	f	f	f	2026-04-08 08:35:31.66018	2026-04-08 08:35:31.66018
44	\N	1	1	liability_non_current	{"en_US": "Non-current liabilities arising from derivative financial instruments", "es_ES": "Pasivos por derivados financieros"}	{"1": "176000"}	\N	f	f	f	2026-04-08 08:35:31.66018	2026-04-08 08:35:31.66018
45	\N	1	1	liability_non_current	{"en_US": "Bonds and obligations", "es_ES": "Obligaciones y bonos"}	{"1": "177000"}	\N	f	f	f	2026-04-08 08:35:31.66018	2026-04-08 08:35:31.66018
381	\N	1	1	expense	{"en_US": "Tax refunds", "es_ES": "Devolución de impuestos"}	{"1": "636000"}	\N	f	f	f	2026-04-08 08:35:31.66018	2026-04-08 08:35:31.66018
46	\N	1	1	liability_non_current	{"en_US": "Other marketable securities", "es_ES": "Deudas representadas en otros valores negociables"}	{"1": "179000"}	\N	f	f	f	2026-04-08 08:35:31.66018	2026-04-08 08:35:31.66018
47	\N	1	1	liability_non_current	{"en_US": "Non-current guarantees received", "es_ES": "Fianzas recibidas"}	{"1": "180000"}	\N	f	f	f	2026-04-08 08:35:31.66018	2026-04-08 08:35:31.66018
48	\N	1	1	liability_non_current	{"en_US": "Advances of long-term sales", "es_ES": "Anticipos recibidos por ventas o prestaciones de servicios"}	{"1": "181000"}	\N	f	f	f	2026-04-08 08:35:31.66018	2026-04-08 08:35:31.66018
49	\N	1	1	liability_non_current	{"en_US": "Non-current deposits received", "es_ES": "Depósitos recibidos"}	{"1": "185000"}	\N	f	f	f	2026-04-08 08:35:31.66018	2026-04-08 08:35:31.66018
50	\N	1	1	liability_non_current	{"en_US": "Shares or equity holdings issued", "es_ES": "Acciones o participaciones emitidas"}	{"1": "190000"}	\N	f	f	f	2026-04-08 08:35:31.66018	2026-04-08 08:35:31.66018
51	\N	1	1	liability_non_current	{"en_US": "Subscribed shares", "es_ES": "Suscriptores de acciones"}	{"1": "192000"}	\N	f	f	f	2026-04-08 08:35:31.66018	2026-04-08 08:35:31.66018
52	\N	1	1	liability_non_current	{"en_US": "Issued capital pending registration", "es_ES": "Capital emitido pendiente de inscripción"}	{"1": "194000"}	\N	f	f	f	2026-04-08 08:35:31.66018	2026-04-08 08:35:31.66018
53	\N	1	1	liability_non_current	{"en_US": "Liability-classified shares or equity holdings issued", "es_ES": "Acciones o participaciones emitidas consideradas como pasivos financieros"}	{"1": "195000"}	\N	f	f	f	2026-04-08 08:35:31.66018	2026-04-08 08:35:31.66018
54	\N	1	1	liability_non_current	{"en_US": "Liability-classified subscribed shares", "es_ES": "Suscriptores de acciones consideradas como pasivos financieros"}	{"1": "197000"}	\N	f	f	f	2026-04-08 08:35:31.66018	2026-04-08 08:35:31.66018
55	\N	1	1	liability_non_current	{"en_US": "Liability-classified shares or equity holdings issued pending registration", "es_ES": "Acciones o participaciones emitidas consideradas como pasivos financieros pendientes de inscripción"}	{"1": "199000"}	\N	f	f	f	2026-04-08 08:35:31.66018	2026-04-08 08:35:31.66018
56	\N	1	1	asset_fixed	{"en_US": "Research", "es_ES": "Investigación"}	{"1": "200000"}	\N	f	f	f	2026-04-08 08:35:31.66018	2026-04-08 08:35:31.66018
57	\N	1	1	asset_fixed	{"en_US": "Development", "es_ES": "Desarrollo"}	{"1": "201000"}	\N	f	f	f	2026-04-08 08:35:31.66018	2026-04-08 08:35:31.66018
58	\N	1	1	asset_fixed	{"en_US": "Administrative concessions", "es_ES": "Concesiones administrativas"}	{"1": "202000"}	\N	f	f	f	2026-04-08 08:35:31.66018	2026-04-08 08:35:31.66018
59	\N	1	1	asset_fixed	{"en_US": "Industrial property", "es_ES": "Propiedad industrial"}	{"1": "203000"}	\N	f	f	f	2026-04-08 08:35:31.66018	2026-04-08 08:35:31.66018
60	\N	1	1	asset_fixed	{"en_US": "Leaseholds", "es_ES": "Derechos de traspaso"}	{"1": "205000"}	\N	f	f	f	2026-04-08 08:35:31.66018	2026-04-08 08:35:31.66018
61	\N	1	1	asset_fixed	{"en_US": "Computer software", "es_ES": "Aplicaciones informáticas"}	{"1": "206000"}	\N	f	f	f	2026-04-08 08:35:31.66018	2026-04-08 08:35:31.66018
62	\N	1	1	asset_fixed	{"en_US": "Advances for intangible assets", "es_ES": "Anticipos para inmovilizaciones intangibles"}	{"1": "209000"}	\N	f	f	f	2026-04-08 08:35:31.66018	2026-04-08 08:35:31.66018
63	\N	1	1	asset_fixed	{"en_US": "Land and natural resources", "es_ES": "Terrenos y bienes naturales"}	{"1": "210000"}	\N	f	f	f	2026-04-08 08:35:31.66018	2026-04-08 08:35:31.66018
64	\N	1	1	asset_fixed	{"en_US": "Buildings", "es_ES": "Construcciones"}	{"1": "211000"}	\N	f	f	f	2026-04-08 08:35:31.66018	2026-04-08 08:35:31.66018
65	\N	1	1	asset_fixed	{"en_US": "Technical installations", "es_ES": "Instalaciones técnicas"}	{"1": "212000"}	\N	f	f	f	2026-04-08 08:35:31.66018	2026-04-08 08:35:31.66018
66	\N	1	1	asset_fixed	{"en_US": "Machinery", "es_ES": "Maquinaria"}	{"1": "213000"}	\N	f	f	f	2026-04-08 08:35:31.66018	2026-04-08 08:35:31.66018
67	\N	1	1	asset_fixed	{"en_US": "Equipment", "es_ES": "Utillaje"}	{"1": "214000"}	\N	f	f	f	2026-04-08 08:35:31.66018	2026-04-08 08:35:31.66018
68	\N	1	1	asset_fixed	{"en_US": "Other installations", "es_ES": "Otras instalaciones"}	{"1": "215000"}	\N	f	f	f	2026-04-08 08:35:31.66018	2026-04-08 08:35:31.66018
69	\N	1	1	asset_fixed	{"en_US": "Furniture", "es_ES": "Mobiliario"}	{"1": "216000"}	\N	f	f	f	2026-04-08 08:35:31.66018	2026-04-08 08:35:31.66018
70	\N	1	1	asset_fixed	{"en_US": "Information technology equipment", "es_ES": "Equipos para proceso de información"}	{"1": "217000"}	\N	f	f	f	2026-04-08 08:35:31.66018	2026-04-08 08:35:31.66018
71	\N	1	1	asset_fixed	{"en_US": "Motor vehicles", "es_ES": "Elementos de transporte"}	{"1": "218000"}	\N	f	f	f	2026-04-08 08:35:31.66018	2026-04-08 08:35:31.66018
72	\N	1	1	asset_fixed	{"en_US": "Other property, plant and equipment", "es_ES": "Otro inmovilizado material"}	{"1": "219000"}	\N	f	f	f	2026-04-08 08:35:31.66018	2026-04-08 08:35:31.66018
73	\N	1	1	asset_fixed	{"en_US": "Investment in land and natural resources", "es_ES": "Inversiones en terrenos y bienes naturales"}	{"1": "220000"}	\N	f	f	f	2026-04-08 08:35:31.66018	2026-04-08 08:35:31.66018
74	\N	1	1	asset_fixed	{"en_US": "Investments in buildings", "es_ES": "Inversiones en construcciones"}	{"1": "221000"}	\N	f	f	f	2026-04-08 08:35:31.66018	2026-04-08 08:35:31.66018
75	\N	1	1	asset_fixed	{"en_US": "Preparation of land and natural resources", "es_ES": "Adaptación de terrenos y bienes naturales"}	{"1": "230000"}	\N	f	f	f	2026-04-08 08:35:31.66018	2026-04-08 08:35:31.66018
76	\N	1	1	asset_fixed	{"en_US": "Buildings under construction", "es_ES": "Construcciones en curso"}	{"1": "231000"}	\N	f	f	f	2026-04-08 08:35:31.66018	2026-04-08 08:35:31.66018
77	\N	1	1	asset_fixed	{"en_US": "Technical installations under assembly", "es_ES": "Instalaciones técnicas en montaje"}	{"1": "232000"}	\N	f	f	f	2026-04-08 08:35:31.66018	2026-04-08 08:35:31.66018
78	\N	1	1	asset_fixed	{"en_US": "Machinery under assembly", "es_ES": "Maquinaria en montaje"}	{"1": "233000"}	\N	f	f	f	2026-04-08 08:35:31.66018	2026-04-08 08:35:31.66018
79	\N	1	1	asset_fixed	{"en_US": "Information technology equipment under assembly", "es_ES": "Equipos para procesos de información en montaje"}	{"1": "237000"}	\N	f	f	f	2026-04-08 08:35:31.66018	2026-04-08 08:35:31.66018
80	\N	1	1	asset_fixed	{"en_US": "Advances for property, plant and equipment", "es_ES": "Anticipos para inmovilizaciones materiales"}	{"1": "239000"}	\N	f	f	f	2026-04-08 08:35:31.66018	2026-04-08 08:35:31.66018
81	\N	1	1	asset_fixed	{"en_US": "Non-current debt securities of group companies", "es_ES": "Valores representativos de deuda de empresas del grupo"}	{"1": "241300"}	\N	f	f	f	2026-04-08 08:35:31.66018	2026-04-08 08:35:31.66018
82	\N	1	1	asset_fixed	{"en_US": "Non-current debt securities of associates", "es_ES": "Valores representativos de deuda de empresas asociadas"}	{"1": "241400"}	\N	f	f	f	2026-04-08 08:35:31.66018	2026-04-08 08:35:31.66018
83	\N	1	1	asset_fixed	{"en_US": "Non-current debt securities of related parties", "es_ES": "Valores representativos de deuda de otras partes vinculadas"}	{"1": "241500"}	\N	f	f	f	2026-04-08 08:35:31.66018	2026-04-08 08:35:31.66018
84	\N	1	1	asset_fixed	{"en_US": "Non-current loans to group companies", "es_ES": "Créditos a empresas del grupo"}	{"1": "242300"}	\N	f	f	f	2026-04-08 08:35:31.66018	2026-04-08 08:35:31.66018
85	\N	1	1	asset_fixed	{"en_US": "Non-current loans to associates", "es_ES": "Créditos a empresas asociadas"}	{"1": "242400"}	\N	f	f	f	2026-04-08 08:35:31.66018	2026-04-08 08:35:31.66018
86	\N	1	1	asset_fixed	{"en_US": "Non-current loans to other related parties", "es_ES": "Créditos a otras partes vinculadas"}	{"1": "242500"}	\N	f	f	f	2026-04-08 08:35:31.66018	2026-04-08 08:35:31.66018
87	\N	1	1	asset_fixed	{"en_US": "Non-current investments in equity instruments", "es_ES": "Inversiones financieras en instrumentos de patrimonio"}	{"1": "250000"}	\N	f	f	f	2026-04-08 08:35:31.66018	2026-04-08 08:35:31.66018
88	\N	1	1	asset_fixed	{"en_US": "Non-current debt securities", "es_ES": "Valores representativos de deuda"}	{"1": "251000"}	\N	f	f	f	2026-04-08 08:35:31.66018	2026-04-08 08:35:31.66018
89	\N	1	1	asset_fixed	{"en_US": "Non-current loans", "es_ES": "Créditos"}	{"1": "252000"}	\N	f	f	f	2026-04-08 08:35:31.66018	2026-04-08 08:35:31.66018
90	\N	1	1	asset_fixed	{"en_US": "Non-current loans for disposal of fixed assets", "es_ES": "Créditos por enajenación de inmovilizado"}	{"1": "253000"}	\N	f	f	f	2026-04-08 08:35:31.66018	2026-04-08 08:35:31.66018
91	\N	1	1	asset_fixed	{"en_US": "Non-current loans to personnel", "es_ES": "Créditos al personal"}	{"1": "254000"}	\N	f	f	f	2026-04-08 08:35:31.66018	2026-04-08 08:35:31.66018
92	\N	1	1	asset_fixed	{"en_US": "Non-current deposits", "es_ES": "Imposiciones"}	{"1": "258000"}	\N	f	f	f	2026-04-08 08:35:31.66018	2026-04-08 08:35:31.66018
93	\N	1	1	asset_fixed	{"en_US": "Non-current uncalled equity holdings", "es_ES": "Desembolsos pendientes sobre participaciones en el patrimonio neto"}	{"1": "259000"}	\N	f	f	f	2026-04-08 08:35:31.66018	2026-04-08 08:35:31.66018
94	\N	1	1	asset_fixed	{"en_US": "Non-current guarantees extended", "es_ES": "Fianzas constituidas"}	{"1": "260000"}	\N	f	f	f	2026-04-08 08:35:31.66018	2026-04-08 08:35:31.66018
95	\N	1	1	asset_fixed	{"en_US": "Non-current deposits extended", "es_ES": "Depósitos constituidos"}	{"1": "265000"}	\N	f	f	f	2026-04-08 08:35:31.66018	2026-04-08 08:35:31.66018
96	\N	1	1	asset_fixed	{"en_US": "Accumulated amortisation of research", "es_ES": "Amortización acumulada de investigación"}	{"1": "280000"}	\N	f	f	f	2026-04-08 08:35:31.66018	2026-04-08 08:35:31.66018
97	\N	1	1	asset_fixed	{"en_US": "Accumulated amortisation of development", "es_ES": "Amortización acumulada de desarrollo"}	{"1": "280100"}	\N	f	f	f	2026-04-08 08:35:31.66018	2026-04-08 08:35:31.66018
98	\N	1	1	asset_fixed	{"en_US": "Accumulated amortisation of administrative concessions", "es_ES": "Amortización acumulada de concesiones administrativas"}	{"1": "280200"}	\N	f	f	f	2026-04-08 08:35:31.66018	2026-04-08 08:35:31.66018
99	\N	1	1	asset_fixed	{"en_US": "Accumulated amortisation of industrial property", "es_ES": "Amortización acumulada de propiedad industrial"}	{"1": "280300"}	\N	f	f	f	2026-04-08 08:35:31.66018	2026-04-08 08:35:31.66018
100	\N	1	1	asset_fixed	{"en_US": "Accumulated amortisation of leaseholds", "es_ES": "Amortización acumulada de derechos de traspaso"}	{"1": "280500"}	\N	f	f	f	2026-04-08 08:35:31.66018	2026-04-08 08:35:31.66018
101	\N	1	1	asset_fixed	{"en_US": "Accumulated amortisation of computer software", "es_ES": "Amortización acumulada de aplicaciones informáticas"}	{"1": "280600"}	\N	f	f	f	2026-04-08 08:35:31.66018	2026-04-08 08:35:31.66018
102	\N	1	1	asset_fixed	{"en_US": "Accumulated depreciation of buildings", "es_ES": "Amortización acumulada de construcciones"}	{"1": "281100"}	\N	f	f	f	2026-04-08 08:35:31.66018	2026-04-08 08:35:31.66018
103	\N	1	1	asset_fixed	{"en_US": "Accumulated depreciation of technical installations", "es_ES": "Amortización acumulada de instalaciones técnicas"}	{"1": "281200"}	\N	f	f	f	2026-04-08 08:35:31.66018	2026-04-08 08:35:31.66018
104	\N	1	1	asset_fixed	{"en_US": "Accumulated depreciation of machinery", "es_ES": "Amortización acumulada de maquinaria"}	{"1": "281300"}	\N	f	f	f	2026-04-08 08:35:31.66018	2026-04-08 08:35:31.66018
105	\N	1	1	asset_fixed	{"en_US": "Accumulated depreciation of equipment", "es_ES": "Amortización acumulada de utillaje"}	{"1": "281400"}	\N	f	f	f	2026-04-08 08:35:31.66018	2026-04-08 08:35:31.66018
106	\N	1	1	asset_fixed	{"en_US": "Accumulated depreciation of other installations", "es_ES": "Amortización acumulada de otras instalaciones"}	{"1": "281500"}	\N	f	f	f	2026-04-08 08:35:31.66018	2026-04-08 08:35:31.66018
107	\N	1	1	asset_fixed	{"en_US": "Accumulated depreciation of furniture", "es_ES": "Amortización acumulada de mobiliario"}	{"1": "281600"}	\N	f	f	f	2026-04-08 08:35:31.66018	2026-04-08 08:35:31.66018
108	\N	1	1	asset_fixed	{"en_US": "Accumulated depreciation of information technology equipment", "es_ES": "Amortización acumulada de equipos para proceso de información"}	{"1": "281700"}	\N	f	f	f	2026-04-08 08:35:31.66018	2026-04-08 08:35:31.66018
109	\N	1	1	asset_fixed	{"en_US": "Accumulated depreciation of motor vehicles", "es_ES": "Amortización acumulada de elementos de transporte"}	{"1": "281800"}	\N	f	f	f	2026-04-08 08:35:31.66018	2026-04-08 08:35:31.66018
110	\N	1	1	asset_fixed	{"en_US": "Accumulated depreciation of other property, plant and equipment", "es_ES": "Amortización acumulada de otro inmovilizado material"}	{"1": "281900"}	\N	f	f	f	2026-04-08 08:35:31.66018	2026-04-08 08:35:31.66018
111	\N	1	1	asset_fixed	{"en_US": "Accumulated depreciation of investment property", "es_ES": "Amortización acumulada de las inversiones inmobiliarias"}	{"1": "282000"}	\N	f	f	f	2026-04-08 08:35:31.66018	2026-04-08 08:35:31.66018
112	\N	1	1	asset_fixed	{"en_US": "Impairment of research", "es_ES": "Deterioro del valor de investigación"}	{"1": "290000"}	\N	f	f	f	2026-04-08 08:35:31.66018	2026-04-08 08:35:31.66018
113	\N	1	1	asset_fixed	{"en_US": "Impairment of development", "es_ES": "Deterioro del valor de desarrollo"}	{"1": "290100"}	\N	f	f	f	2026-04-08 08:35:31.66018	2026-04-08 08:35:31.66018
114	\N	1	1	asset_fixed	{"en_US": "Impairment of administrative concessions", "es_ES": "Deterioro del valor de concesiones administrativas"}	{"1": "290200"}	\N	f	f	f	2026-04-08 08:35:31.66018	2026-04-08 08:35:31.66018
115	\N	1	1	asset_fixed	{"en_US": "Impairment of industrial property", "es_ES": "Deterioro del valor de propiedad industrial"}	{"1": "290300"}	\N	f	f	f	2026-04-08 08:35:31.66018	2026-04-08 08:35:31.66018
116	\N	1	1	asset_fixed	{"en_US": "Impairment of leaseholds", "es_ES": "Deterioro del valor de derechos de traspaso"}	{"1": "290500"}	\N	f	f	f	2026-04-08 08:35:31.66018	2026-04-08 08:35:31.66018
117	\N	1	1	asset_fixed	{"en_US": "Impairment of computer software", "es_ES": "Deterioro del valor de aplicaciones informáticas"}	{"1": "290600"}	\N	f	f	f	2026-04-08 08:35:31.66018	2026-04-08 08:35:31.66018
118	\N	1	1	asset_fixed	{"en_US": "Impairment of land and natural resources", "es_ES": "Deterioro de valor de terrenos y bienes naturales"}	{"1": "291000"}	\N	f	f	f	2026-04-08 08:35:31.66018	2026-04-08 08:35:31.66018
119	\N	1	1	asset_fixed	{"en_US": "Impairment of buildings", "es_ES": "Deterioro de valor de construcciones"}	{"1": "291100"}	\N	f	f	f	2026-04-08 08:35:31.66018	2026-04-08 08:35:31.66018
120	\N	1	1	asset_fixed	{"en_US": "Impairment of technical installations", "es_ES": "Deterioro de valor de instalaciones técnicas"}	{"1": "291200"}	\N	f	f	f	2026-04-08 08:35:31.66018	2026-04-08 08:35:31.66018
121	\N	1	1	asset_fixed	{"en_US": "Impairment of machinery", "es_ES": "Deterioro de valor de maquinaria"}	{"1": "291300"}	\N	f	f	f	2026-04-08 08:35:31.66018	2026-04-08 08:35:31.66018
122	\N	1	1	asset_fixed	{"en_US": "Impairment of equipments", "es_ES": "Deterioro de valor de utillaje"}	{"1": "291400"}	\N	f	f	f	2026-04-08 08:35:31.66018	2026-04-08 08:35:31.66018
123	\N	1	1	asset_fixed	{"en_US": "Impairment of other installations", "es_ES": "Deterioro de valor de otras instalaciones"}	{"1": "291500"}	\N	f	f	f	2026-04-08 08:35:31.66018	2026-04-08 08:35:31.66018
124	\N	1	1	asset_fixed	{"en_US": "Impairment of furniture", "es_ES": "Deterioro de valor de mobiliario"}	{"1": "291600"}	\N	f	f	f	2026-04-08 08:35:31.66018	2026-04-08 08:35:31.66018
125	\N	1	1	asset_fixed	{"en_US": "Impairment of information technology equipments", "es_ES": "Deterioro de valor de equipos para proceso de información"}	{"1": "291700"}	\N	f	f	f	2026-04-08 08:35:31.66018	2026-04-08 08:35:31.66018
126	\N	1	1	asset_fixed	{"en_US": "Impairment of motor vehicles", "es_ES": "Deterioro de valor de elementos de transporte"}	{"1": "291800"}	\N	f	f	f	2026-04-08 08:35:31.66018	2026-04-08 08:35:31.66018
127	\N	1	1	asset_fixed	{"en_US": "Impairment of other property, plant and equipment", "es_ES": "Deterioro de valor de otro inmovilizado material"}	{"1": "291900"}	\N	f	f	f	2026-04-08 08:35:31.66018	2026-04-08 08:35:31.66018
128	\N	1	1	asset_fixed	{"en_US": "Impairment of land and natural resources", "es_ES": "Deterioro de valor de los terrenos y bienes naturales"}	{"1": "292000"}	\N	f	f	f	2026-04-08 08:35:31.66018	2026-04-08 08:35:31.66018
129	\N	1	1	asset_fixed	{"en_US": "Impairment of buildings", "es_ES": "Deterioro de valor de construcciones"}	{"1": "292100"}	\N	f	f	f	2026-04-08 08:35:31.66018	2026-04-08 08:35:31.66018
130	\N	1	1	asset_fixed	{"en_US": "Impairment of non-current investments in group companies", "es_ES": "Deterioro de valor de participaciones en empresas del grupo"}	{"1": "293300"}	\N	f	f	f	2026-04-08 08:35:31.66018	2026-04-08 08:35:31.66018
131	\N	1	1	asset_fixed	{"en_US": "Impairment of non-current investments in associates", "es_ES": "Deterioro de valor de participaciones en empresas asociadas"}	{"1": "293400"}	\N	f	f	f	2026-04-08 08:35:31.66018	2026-04-08 08:35:31.66018
132	\N	1	1	asset_fixed	{"en_US": "Impairment of non-current debt securities of group companies", "es_ES": "Deterioro de valor de valores representativos de deuda de empresas del grupo"}	{"1": "294300"}	\N	f	f	f	2026-04-08 08:35:31.66018	2026-04-08 08:35:31.66018
133	\N	1	1	asset_fixed	{"en_US": "Impairment of non-current debt securities of associates", "es_ES": "Deterioro de valor de valores representativos de deuda de empresas asociadas"}	{"1": "294400"}	\N	f	f	f	2026-04-08 08:35:31.66018	2026-04-08 08:35:31.66018
134	\N	1	1	asset_fixed	{"en_US": "Impairment of non-current debt securities of other related parties", "es_ES": "Deterioro de valor de valores representativos de deuda de otras partes vinculadas"}	{"1": "294500"}	\N	f	f	f	2026-04-08 08:35:31.66018	2026-04-08 08:35:31.66018
135	\N	1	1	asset_fixed	{"en_US": "Impairment of non-current loans to group companies", "es_ES": "Deterioro de valor de créditos a empresas del grupo"}	{"1": "295300"}	\N	f	f	f	2026-04-08 08:35:31.66018	2026-04-08 08:35:31.66018
136	\N	1	1	asset_fixed	{"en_US": "Impairment of non-current loans to associates", "es_ES": "Deterioro de valor de créditos a empresas asociadas"}	{"1": "295400"}	\N	f	f	f	2026-04-08 08:35:31.66018	2026-04-08 08:35:31.66018
137	\N	1	1	asset_fixed	{"en_US": "Impairment of non-current loans to other related parties", "es_ES": "Deterioro de valor de créditos a otras partes vinculadas"}	{"1": "295500"}	\N	f	f	f	2026-04-08 08:35:31.66018	2026-04-08 08:35:31.66018
138	\N	1	1	asset_fixed	{"en_US": "Impairment of non-current debt securities", "es_ES": "Deterioro de valor de valores representativos de deuda"}	{"1": "297000"}	\N	f	f	f	2026-04-08 08:35:31.66018	2026-04-08 08:35:31.66018
139	\N	1	1	asset_fixed	{"en_US": "Impairment of non-current loans", "es_ES": "Deterioro de valor de créditos"}	{"1": "298000"}	\N	f	f	f	2026-04-08 08:35:31.66018	2026-04-08 08:35:31.66018
140	\N	1	1	asset_current	{"en_US": "Merchandise A", "es_ES": "Mercaderías A"}	{"1": "300000"}	\N	f	f	f	2026-04-08 08:35:31.66018	2026-04-08 08:35:31.66018
141	\N	1	1	asset_current	{"en_US": "Merchandise B", "es_ES": "Mercaderías B"}	{"1": "301000"}	\N	f	f	f	2026-04-08 08:35:31.66018	2026-04-08 08:35:31.66018
142	\N	1	1	asset_current	{"en_US": "Raw materials A", "es_ES": "Materias primas A"}	{"1": "310000"}	\N	f	f	f	2026-04-08 08:35:31.66018	2026-04-08 08:35:31.66018
143	\N	1	1	asset_current	{"en_US": "Raw materials B", "es_ES": "Materias primas B"}	{"1": "311000"}	\N	f	f	f	2026-04-08 08:35:31.66018	2026-04-08 08:35:31.66018
144	\N	1	1	asset_current	{"en_US": "Components", "es_ES": "Elementos y conjuntos incorporables"}	{"1": "320000"}	\N	f	f	f	2026-04-08 08:35:31.66018	2026-04-08 08:35:31.66018
145	\N	1	1	asset_current	{"en_US": "Fuel", "es_ES": "Combustibles"}	{"1": "321000"}	\N	f	f	f	2026-04-08 08:35:31.66018	2026-04-08 08:35:31.66018
146	\N	1	1	asset_current	{"en_US": "Spare parts", "es_ES": "Repuestos"}	{"1": "322000"}	\N	f	f	f	2026-04-08 08:35:31.66018	2026-04-08 08:35:31.66018
147	\N	1	1	asset_current	{"en_US": "Sundry materials", "es_ES": "Materiales diversos"}	{"1": "325000"}	\N	f	f	f	2026-04-08 08:35:31.66018	2026-04-08 08:35:31.66018
148	\N	1	1	asset_current	{"en_US": "Packaging", "es_ES": "Embalajes"}	{"1": "326000"}	\N	f	f	f	2026-04-08 08:35:31.66018	2026-04-08 08:35:31.66018
149	\N	1	1	asset_current	{"en_US": "Containers", "es_ES": "Envases"}	{"1": "327000"}	\N	f	f	f	2026-04-08 08:35:31.66018	2026-04-08 08:35:31.66018
150	\N	1	1	asset_current	{"en_US": "Office supplies", "es_ES": "Material de oficina"}	{"1": "328000"}	\N	f	f	f	2026-04-08 08:35:31.66018	2026-04-08 08:35:31.66018
151	\N	1	1	asset_current	{"en_US": "Work in progress A", "es_ES": "Productos en curso A"}	{"1": "330000"}	\N	f	f	f	2026-04-08 08:35:31.66018	2026-04-08 08:35:31.66018
152	\N	1	1	asset_current	{"en_US": "Work in progress B", "es_ES": "Productos en curso B"}	{"1": "331000"}	\N	f	f	f	2026-04-08 08:35:31.66018	2026-04-08 08:35:31.66018
153	\N	1	1	asset_current	{"en_US": "Semi-finished goods A", "es_ES": "Productos semiterminados A"}	{"1": "340000"}	\N	f	f	f	2026-04-08 08:35:31.66018	2026-04-08 08:35:31.66018
154	\N	1	1	asset_current	{"en_US": "Semi-finished goods B", "es_ES": "Productos semiterminados B"}	{"1": "341000"}	\N	f	f	f	2026-04-08 08:35:31.66018	2026-04-08 08:35:31.66018
155	\N	1	1	asset_current	{"en_US": "Finished goods A", "es_ES": "Productos terminados A"}	{"1": "350000"}	\N	f	f	f	2026-04-08 08:35:31.66018	2026-04-08 08:35:31.66018
156	\N	1	1	asset_current	{"en_US": "Finished goods B", "es_ES": "Productos terminados B"}	{"1": "351000"}	\N	f	f	f	2026-04-08 08:35:31.66018	2026-04-08 08:35:31.66018
157	\N	1	1	asset_current	{"en_US": "By-products A", "es_ES": "Subproductos A"}	{"1": "360000"}	\N	f	f	f	2026-04-08 08:35:31.66018	2026-04-08 08:35:31.66018
158	\N	1	1	asset_current	{"en_US": "By-products B", "es_ES": "Subproductos B"}	{"1": "361000"}	\N	f	f	f	2026-04-08 08:35:31.66018	2026-04-08 08:35:31.66018
159	\N	1	1	asset_current	{"en_US": "Waste A", "es_ES": "Residuos A"}	{"1": "365000"}	\N	f	f	f	2026-04-08 08:35:31.66018	2026-04-08 08:35:31.66018
160	\N	1	1	asset_current	{"en_US": "Waste B", "es_ES": "Residuos B"}	{"1": "366000"}	\N	f	f	f	2026-04-08 08:35:31.66018	2026-04-08 08:35:31.66018
161	\N	1	1	asset_current	{"en_US": "Recovered materials A", "es_ES": "Materiales recuperados A"}	{"1": "368000"}	\N	f	f	f	2026-04-08 08:35:31.66018	2026-04-08 08:35:31.66018
162	\N	1	1	asset_current	{"en_US": "Recovered materials B", "es_ES": "Materiales recuperados B"}	{"1": "369000"}	\N	f	f	f	2026-04-08 08:35:31.66018	2026-04-08 08:35:31.66018
163	\N	1	1	asset_current	{"en_US": "Impairment of merchandise", "es_ES": "Deterioro de valor de las mercaderías"}	{"1": "390000"}	\N	f	f	f	2026-04-08 08:35:31.66018	2026-04-08 08:35:31.66018
164	\N	1	1	asset_current	{"en_US": "Impairment of raw material", "es_ES": "Deterioro de valor de las materias primas"}	{"1": "391000"}	\N	f	f	f	2026-04-08 08:35:31.66018	2026-04-08 08:35:31.66018
165	\N	1	1	asset_current	{"en_US": "Impairment of other supplies", "es_ES": "Deterioro de valor de otros aprovisionamientos"}	{"1": "392000"}	\N	f	f	f	2026-04-08 08:35:31.66018	2026-04-08 08:35:31.66018
166	\N	1	1	asset_current	{"en_US": "Impairment of work in progress", "es_ES": "Deterioro de valor de los productos en curso"}	{"1": "393000"}	\N	f	f	f	2026-04-08 08:35:31.66018	2026-04-08 08:35:31.66018
167	\N	1	1	asset_current	{"en_US": "Impairment of semi-finished goods", "es_ES": "Deterioro de valor de los productos semiterminados"}	{"1": "394000"}	\N	f	f	f	2026-04-08 08:35:31.66018	2026-04-08 08:35:31.66018
168	\N	1	1	asset_current	{"en_US": "Impairment of finished goods", "es_ES": "Deterioro de valor de los productos terminados"}	{"1": "395000"}	\N	f	f	f	2026-04-08 08:35:31.66018	2026-04-08 08:35:31.66018
169	\N	1	1	asset_current	{"en_US": "Impairment of by-products, waste and recovered materials", "es_ES": "Deterioro de valor de los subproductos, residuos y materiales recuperados"}	{"1": "396000"}	\N	f	f	f	2026-04-08 08:35:31.66018	2026-04-08 08:35:31.66018
170	\N	1	1	liability_payable	{"en_US": "Suppliers (euros)", "es_ES": "Proveedores (euros)"}	{"1": "400000"}	\N	f	t	f	2026-04-08 08:35:31.66018	2026-04-08 08:35:31.66018
171	\N	1	1	liability_payable	{"en_US": "Suppliers (foreign currency)", "es_ES": "Proveedores (moneda extranjera)"}	{"1": "400400"}	\N	f	t	f	2026-04-08 08:35:31.66018	2026-04-08 08:35:31.66018
172	\N	1	1	liability_current	{"en_US": "Suppliers, pending invoices", "es_ES": "Proveedores, facturas pendientes de recibir o de formalizar"}	{"1": "400900"}	\N	f	t	f	2026-04-08 08:35:31.66018	2026-04-08 08:35:31.66018
173	\N	1	1	liability_payable	{"en_US": "Suppliers, trade bills payable", "es_ES": "Proveedores, efectos comerciales a pagar"}	{"1": "401000"}	\N	f	t	f	2026-04-08 08:35:31.66018	2026-04-08 08:35:31.66018
174	\N	1	1	liability_payable	{"en_US": "Suppliers, group companies (euros)", "es_ES": "Proveedores, empresas del grupo (euros)"}	{"1": "403000"}	\N	f	t	f	2026-04-08 08:35:31.66018	2026-04-08 08:35:31.66018
175	\N	1	1	liability_payable	{"en_US": "Trade bills payable, group companies", "es_ES": "Efectos comerciales a pagar, empresas del grupo"}	{"1": "403100"}	\N	f	t	f	2026-04-08 08:35:31.66018	2026-04-08 08:35:31.66018
176	\N	1	1	liability_payable	{"en_US": "Suppliers, group companies (foreign currency)", "es_ES": "Proveedores, empresas del grupo (moneda extranjera)"}	{"1": "403400"}	\N	f	t	f	2026-04-08 08:35:31.66018	2026-04-08 08:35:31.66018
177	\N	1	1	liability_payable	{"en_US": "Containers and packaging returnable to suppliers, group companies", "es_ES": "Envases y embalajes a devolver a proveedores, empresas del grupo"}	{"1": "403600"}	\N	f	t	f	2026-04-08 08:35:31.66018	2026-04-08 08:35:31.66018
178	\N	1	1	liability_payable	{"en_US": "Suppliers, group companies, pending invoices", "es_ES": "Proveedores, empresas del grupo, facturas pendientes de recibir o de formalizar"}	{"1": "403900"}	\N	f	t	f	2026-04-08 08:35:31.66018	2026-04-08 08:35:31.66018
179	\N	1	1	liability_payable	{"en_US": "Suppliers, associates", "es_ES": "Proveedores, empresas asociadas"}	{"1": "404000"}	\N	f	t	f	2026-04-08 08:35:31.66018	2026-04-08 08:35:31.66018
180	\N	1	1	liability_payable	{"en_US": "Suppliers, other related parties", "es_ES": "Proveedores, otras partes vinculadas"}	{"1": "405000"}	\N	f	t	f	2026-04-08 08:35:31.66018	2026-04-08 08:35:31.66018
181	\N	1	1	liability_payable	{"en_US": "Containers and packaging returnable to suppliers", "es_ES": "Envases y embalajes a devolver a proveedores"}	{"1": "406000"}	\N	f	t	f	2026-04-08 08:35:31.66018	2026-04-08 08:35:31.66018
182	\N	1	1	liability_payable	{"en_US": "Advances to suppliers", "es_ES": "Anticipos a proveedores"}	{"1": "407000"}	\N	f	t	f	2026-04-08 08:35:31.66018	2026-04-08 08:35:31.66018
183	\N	1	1	liability_payable	{"en_US": "Payables for the rendering of services (euros)", "es_ES": "Acreedores por prestaciones de servicios (euros)"}	{"1": "410000"}	\N	f	t	f	2026-04-08 08:35:31.66018	2026-04-08 08:35:31.66018
184	\N	1	1	liability_payable	{"en_US": "Payables for the rendering of services (foreign currency)", "es_ES": "Acreedores por prestaciones de servicios (moneda extranjera)"}	{"1": "410400"}	\N	f	t	f	2026-04-08 08:35:31.66018	2026-04-08 08:35:31.66018
185	\N	1	1	liability_payable	{"en_US": "Payables for the rendering of services, pending invoices", "es_ES": "Acreedores por prestaciones de servicios, facturas pendientes de recibir o de formalizar"}	{"1": "410900"}	\N	f	t	f	2026-04-08 08:35:31.66018	2026-04-08 08:35:31.66018
186	\N	1	1	liability_current	{"en_US": "Trade bills payable", "es_ES": "Acreedores, efectos comerciales a pagar"}	{"1": "411000"}	\N	f	t	f	2026-04-08 08:35:31.66018	2026-04-08 08:35:31.66018
187	\N	1	1	liability_payable	{"en_US": "Payables for profit-sharing agreements", "es_ES": "Acreedores por operaciones en común"}	{"1": "419000"}	\N	f	t	f	2026-04-08 08:35:31.66018	2026-04-08 08:35:31.66018
188	\N	1	1	asset_receivable	{"en_US": "Trade receivables (euros)", "es_ES": "Clientes (euros)"}	{"1": "430000"}	\N	f	t	f	2026-04-08 08:35:31.66018	2026-04-08 08:35:31.66018
189	\N	1	1	asset_receivable	{"en_US": "Trade receivables (euros) (PoS)", "es_ES": "Clientes (euros) (PoS)"}	{"1": "430100"}	\N	f	t	f	2026-04-08 08:35:31.66018	2026-04-08 08:35:31.66018
190	\N	1	1	asset_receivable	{"en_US": "Trade receivables (foreign currency)", "es_ES": "Clientes (moneda extranjera)"}	{"1": "430400"}	\N	f	t	f	2026-04-08 08:35:31.66018	2026-04-08 08:35:31.66018
191	\N	1	1	asset_receivable	{"en_US": "Trade receivables, pending invoices", "es_ES": "Clientes, facturas pendientes de recibir o de formalizar"}	{"1": "430900"}	\N	f	t	f	2026-04-08 08:35:31.66018	2026-04-08 08:35:31.66018
192	\N	1	1	asset_receivable	{"en_US": "Trade bills in portfolio", "es_ES": "Efectos comerciales en cartera"}	{"1": "431000"}	\N	f	t	f	2026-04-08 08:35:31.66018	2026-04-08 08:35:31.66018
193	\N	1	1	asset_receivable	{"en_US": "Discounted trade bills", "es_ES": "Efectos comerciales descontados"}	{"1": "431100"}	\N	f	t	f	2026-04-08 08:35:31.66018	2026-04-08 08:35:31.66018
194	\N	1	1	asset_current	{"en_US": "Trade bills in debt collection management", "es_ES": "Efectos comerciales en gestión de cobro"}	{"1": "431200"}	\N	f	t	f	2026-04-08 08:35:31.66018	2026-04-08 08:35:31.66018
195	\N	1	1	asset_receivable	{"en_US": "Past due trade bills", "es_ES": "Efectos comerciales impagados"}	{"1": "431500"}	\N	f	t	f	2026-04-08 08:35:31.66018	2026-04-08 08:35:31.66018
196	\N	1	1	asset_receivable	{"en_US": "Trade receivables, factoring", "es_ES": "Clientes, operaciones de factoring"}	{"1": "432000"}	\N	f	t	f	2026-04-08 08:35:31.66018	2026-04-08 08:35:31.66018
197	\N	1	1	asset_receivable	{"en_US": "Trade receivables, group companies (euros)", "es_ES": "Clientes empresas del grupo (euros)"}	{"1": "433000"}	\N	f	t	f	2026-04-08 08:35:31.66018	2026-04-08 08:35:31.66018
198	\N	1	1	asset_receivable	{"en_US": "Trade bills receivable, group companies", "es_ES": "Efectos comerciales a cobrar, empresas del grupo"}	{"1": "433100"}	\N	f	t	f	2026-04-08 08:35:31.66018	2026-04-08 08:35:31.66018
199	\N	1	1	asset_receivable	{"en_US": "Trade receivables, group companies, factoring", "es_ES": "Clientes empresas del grupo, operaciones de factoring"}	{"1": "433200"}	\N	f	t	f	2026-04-08 08:35:31.66018	2026-04-08 08:35:31.66018
200	\N	1	1	asset_receivable	{"en_US": "Trade receivables, group companies (foreign currency)", "es_ES": "Clientes empresas del grupo (moneda extranjera)"}	{"1": "433400"}	\N	f	t	f	2026-04-08 08:35:31.66018	2026-04-08 08:35:31.66018
201	\N	1	1	asset_receivable	{"en_US": "Doubtful trade receivables, group companies", "es_ES": "Clientes empresas del grupo de dudoso cobro"}	{"1": "433600"}	\N	f	t	f	2026-04-08 08:35:31.66018	2026-04-08 08:35:31.66018
202	\N	1	1	asset_receivable	{"en_US": "Containers and packaging returnable to customers, group companies", "es_ES": "Envases y embalajes a devolver a clientes, empresas del grupo"}	{"1": "433700"}	\N	f	t	f	2026-04-08 08:35:31.66018	2026-04-08 08:35:31.66018
203	\N	1	1	asset_receivable	{"en_US": "Trade receivables, group companies, pending invoices", "es_ES": "Clientes empresas del grupo, facturas pendientes de formalizar"}	{"1": "433900"}	\N	f	t	f	2026-04-08 08:35:31.66018	2026-04-08 08:35:31.66018
204	\N	1	1	asset_receivable	{"en_US": "Trade receivables, associates", "es_ES": "Clientes, empresas asociadas"}	{"1": "434000"}	\N	f	t	f	2026-04-08 08:35:31.66018	2026-04-08 08:35:31.66018
205	\N	1	1	asset_receivable	{"en_US": "Trade receivables, other related parties", "es_ES": "Clientes, otras partes vinculadas"}	{"1": "435000"}	\N	f	t	f	2026-04-08 08:35:31.66018	2026-04-08 08:35:31.66018
206	\N	1	1	asset_receivable	{"en_US": "Doubtful trade receivables", "es_ES": "Clientes de dudoso cobro"}	{"1": "436000"}	\N	f	t	f	2026-04-08 08:35:31.66018	2026-04-08 08:35:31.66018
207	\N	1	1	asset_receivable	{"en_US": "Containers and packaging returnable by customers", "es_ES": "Envases y embalajes a devolver por clientes"}	{"1": "437000"}	\N	f	t	f	2026-04-08 08:35:31.66018	2026-04-08 08:35:31.66018
208	\N	1	1	liability_current	{"en_US": "Advance from customers", "es_ES": "Anticipos de clientes"}	{"1": "438000"}	\N	f	t	f	2026-04-08 08:35:31.66018	2026-04-08 08:35:31.66018
209	\N	1	1	asset_receivable	{"en_US": "Receivables (euros)", "es_ES": "Deudores (euros)"}	{"1": "440000"}	\N	f	t	f	2026-04-08 08:35:31.66018	2026-04-08 08:35:31.66018
210	\N	1	1	asset_receivable	{"en_US": "Receivables (foreign currency)", "es_ES": "Deudores (moneda extranjera)"}	{"1": "440400"}	\N	f	t	f	2026-04-08 08:35:31.66018	2026-04-08 08:35:31.66018
211	\N	1	1	asset_receivable	{"en_US": "Receivables, pending invoices", "es_ES": "Deudores, facturas pendientes de formalizar"}	{"1": "440900"}	\N	f	t	f	2026-04-08 08:35:31.66018	2026-04-08 08:35:31.66018
212	\N	1	1	asset_receivable	{"en_US": "Receivables, trade bills in portfolio", "es_ES": "Deudores, efectos comerciales en cartera"}	{"1": "441000"}	\N	f	t	f	2026-04-08 08:35:31.66018	2026-04-08 08:35:31.66018
213	\N	1	1	asset_receivable	{"en_US": "Receivables, discounted trade bills", "es_ES": "Deudores, efectos comerciales descontados"}	{"1": "441100"}	\N	f	t	f	2026-04-08 08:35:31.66018	2026-04-08 08:35:31.66018
214	\N	1	1	asset_receivable	{"en_US": "Receivables, trade bills in debt collection management", "es_ES": "Deudores, efectos comerciales en gestión de cobro"}	{"1": "441200"}	\N	f	t	f	2026-04-08 08:35:31.66018	2026-04-08 08:35:31.66018
215	\N	1	1	asset_receivable	{"en_US": "Receivables, past due trade bills", "es_ES": "Deudores, efectos comerciales impagados"}	{"1": "441500"}	\N	f	t	f	2026-04-08 08:35:31.66018	2026-04-08 08:35:31.66018
216	\N	1	1	asset_receivable	{"en_US": "Doubtful receivables", "es_ES": "Deudores de dudoso cobro"}	{"1": "446000"}	\N	f	t	f	2026-04-08 08:35:31.66018	2026-04-08 08:35:31.66018
217	\N	1	1	asset_receivable	{"en_US": "Receivables for profit-sharing agreements", "es_ES": "Deudores por operaciones en común"}	{"1": "449000"}	\N	f	t	f	2026-04-08 08:35:31.66018	2026-04-08 08:35:31.66018
218	\N	1	1	asset_receivable	{"en_US": "Salary advances", "es_ES": "Anticipos de remuneraciones"}	{"1": "460000"}	\N	f	t	f	2026-04-08 08:35:31.66018	2026-04-08 08:35:31.66018
219	\N	1	1	liability_payable	{"en_US": "Salaries payable", "es_ES": "Remuneraciones pendientes de pago"}	{"1": "465000"}	\N	f	t	f	2026-04-08 08:35:31.66018	2026-04-08 08:35:31.66018
220	\N	1	1	asset_receivable	{"en_US": "VAT recoverable", "es_ES": "Hacienda Pública, deudora por IVA"}	{"1": "470000"}	\N	f	t	t	2026-04-08 08:35:31.66018	2026-04-08 08:35:31.66018
221	\N	1	1	asset_current	{"en_US": "Grants receivable", "es_ES": "Hacienda Pública, deudora por subvenciones concedidas"}	{"1": "470800"}	\N	f	t	f	2026-04-08 08:35:31.66018	2026-04-08 08:35:31.66018
222	\N	1	1	asset_current	{"en_US": "Recoverable taxes", "es_ES": "Hacienda Pública, deudora por devolución de impuestos"}	{"1": "470900"}	\N	f	t	f	2026-04-08 08:35:31.66018	2026-04-08 08:35:31.66018
223	\N	1	1	asset_current	{"en_US": "Social Security, receivables", "es_ES": "Organismos de la Seguridad Social, deudores"}	{"1": "471000"}	\N	f	f	f	2026-04-08 08:35:31.66018	2026-04-08 08:35:31.66018
224	\N	1	1	asset_current	{"en_US": "Input VAT", "es_ES": "Hacienda Pública. IVA soportado"}	{"1": "472000"}	\N	f	f	f	2026-04-08 08:35:31.66018	2026-04-08 08:35:31.66018
225	\N	1	1	asset_current	{"en_US": "Withholdings and payments on account", "es_ES": "Hacienda Pública, retenciones y pagos a cuenta"}	{"1": "473000"}	\N	f	f	f	2026-04-08 08:35:31.66018	2026-04-08 08:35:31.66018
226	\N	1	1	asset_non_current	{"en_US": "Assets arising from deductible temporary differences", "es_ES": "Activos por diferencias temporarias deducibles"}	{"1": "474000"}	\N	f	f	f	2026-04-08 08:35:31.66018	2026-04-08 08:35:31.66018
227	\N	1	1	asset_non_current	{"en_US": "Rights to tax deductions and credits pending application", "es_ES": "Derechos por deducciones y bonificaciones pendientes de aplicar"}	{"1": "474200"}	\N	f	f	f	2026-04-08 08:35:31.66018	2026-04-08 08:35:31.66018
228	\N	1	1	asset_non_current	{"en_US": "Tax loss carryforwards", "es_ES": "Crédito por pérdidas a compensar del ejercicio"}	{"1": "474500"}	\N	f	f	f	2026-04-08 08:35:31.66018	2026-04-08 08:35:31.66018
229	\N	1	1	liability_payable	{"en_US": "Taxation authorities, taxes payable", "es_ES": "Hacienda Pública, acreedora por IVA"}	{"1": "475000"}	\N	f	t	t	2026-04-08 08:35:31.66018	2026-04-08 08:35:31.66018
230	\N	1	1	liability_current	{"en_US": "Taxation authorities, withholding tax", "es_ES": "Hacienda Pública, acreedora por retenciones practicadas"}	{"1": "475100"}	\N	f	f	f	2026-04-08 08:35:31.66018	2026-04-08 08:35:31.66018
231	\N	1	1	liability_current	{"en_US": "Taxation authorities, income tax payable", "es_ES": "Hacienda Pública, acreedora por impuesto sobre sociedades"}	{"1": "475200"}	\N	f	t	f	2026-04-08 08:35:31.66018	2026-04-08 08:35:31.66018
232	\N	1	1	liability_current	{"en_US": "Taxation authorities, repayable grants", "es_ES": "Hacienda Pública, acreedora por subvenciones a reintegrar"}	{"1": "475800"}	\N	f	t	f	2026-04-08 08:35:31.66018	2026-04-08 08:35:31.66018
233	\N	1	1	liability_current	{"en_US": "Taxation authorities, credit for other concepts", "es_ES": "Hacienda Pública, acreedora por otros conceptos"}	{"1": "475900"}	\N	f	f	f	2026-04-08 08:35:31.66018	2026-04-08 08:35:31.66018
234	\N	1	1	liability_current	{"en_US": "Social security, payables", "es_ES": "Organismos de la Seguridad Social, acreedores"}	{"1": "476000"}	\N	f	f	f	2026-04-08 08:35:31.66018	2026-04-08 08:35:31.66018
235	\N	1	1	liability_current	{"en_US": "Taxation authorities, output VAT", "es_ES": "Hacienda Pública. IVA repercutido"}	{"1": "477000"}	\N	f	f	f	2026-04-08 08:35:31.66018	2026-04-08 08:35:31.66018
236	\N	1	1	liability_non_current	{"en_US": "Liabilities arising from taxable temporary differences", "es_ES": "Pasivos por diferencias temporarias imponibles"}	{"1": "479000"}	\N	f	f	f	2026-04-08 08:35:31.66018	2026-04-08 08:35:31.66018
237	\N	1	1	asset_current	{"en_US": "Prepaid expenses", "es_ES": "Gastos anticipados"}	{"1": "480000"}	\N	f	f	f	2026-04-08 08:35:31.66018	2026-04-08 08:35:31.66018
238	\N	1	1	liability_current	{"en_US": "Deferred income", "es_ES": "Ingresos anticipados"}	{"1": "485000"}	\N	f	f	f	2026-04-08 08:35:31.66018	2026-04-08 08:35:31.66018
239	\N	1	1	liability_current	{"en_US": "Impairment of trade receivables from group companies", "es_ES": "Deterioro de valor de créditos por operaciones comerciales con empresas del grupo"}	{"1": "493300"}	\N	f	t	f	2026-04-08 08:35:31.66018	2026-04-08 08:35:31.66018
240	\N	1	1	liability_current	{"en_US": "Impairment of trade receivables from associates", "es_ES": "Deterioro de valor de créditos por operaciones comerciales con empresas asociadas"}	{"1": "493400"}	\N	f	t	f	2026-04-08 08:35:31.66018	2026-04-08 08:35:31.66018
241	\N	1	1	liability_current	{"en_US": "Impairment of trade receivables from other related parties", "es_ES": "Deterioro de valor de créditos por operaciones comerciales con otras partes vinculadas"}	{"1": "493500"}	\N	f	t	f	2026-04-08 08:35:31.66018	2026-04-08 08:35:31.66018
242	\N	1	1	liability_current	{"en_US": "Provision for onerous contracts", "es_ES": "Provisión por contratos onerosos"}	{"1": "499400"}	\N	f	t	f	2026-04-08 08:35:31.66018	2026-04-08 08:35:31.66018
243	\N	1	1	liability_current	{"en_US": "Provision for other trade operations", "es_ES": "Provisión para otras operaciones comerciales"}	{"1": "499900"}	\N	f	t	f	2026-04-08 08:35:31.66018	2026-04-08 08:35:31.66018
244	\N	1	1	liability_current	{"en_US": "Current bonds and obligations", "es_ES": "Obligaciones y bonos a corto plazo"}	{"1": "500000"}	\N	f	f	f	2026-04-08 08:35:31.66018	2026-04-08 08:35:31.66018
245	\N	1	1	liability_current	{"en_US": "Other current marketable securities", "es_ES": "Deudas representadas en otros valores negociables a corto plazo"}	{"1": "505000"}	\N	f	f	f	2026-04-08 08:35:31.66018	2026-04-08 08:35:31.66018
246	\N	1	1	liability_current	{"en_US": "Current interest on debentures and similar issues", "es_ES": "Intereses a corto plazo de empréstitos y otras emisiones análogas"}	{"1": "506000"}	\N	f	f	f	2026-04-08 08:35:31.66018	2026-04-08 08:35:31.66018
247	\N	1	1	liability_current	{"en_US": "Dividends payable on liability-classified instruments", "es_ES": "Dividendos de acciones o participaciones consideradas como pasivos financieros"}	{"1": "507000"}	\N	f	f	f	2026-04-08 08:35:31.66018	2026-04-08 08:35:31.66018
248	\N	1	1	liability_current	{"en_US": "Redeemed bonds and obligations", "es_ES": "Obligaciones y bonos amortizados"}	{"1": "509000"}	\N	f	t	f	2026-04-08 08:35:31.66018	2026-04-08 08:35:31.66018
249	\N	1	1	liability_current	{"en_US": "Other redeemed marketable securities", "es_ES": "Otros valores negociables amortizados"}	{"1": "509500"}	\N	f	t	f	2026-04-08 08:35:31.66018	2026-04-08 08:35:31.66018
250	\N	1	1	liability_current	{"en_US": "Current debt with financial institutions, group companies", "es_ES": "Deudas a corto plazo con entidades de crédito, empresas del grupo"}	{"1": "510300"}	\N	f	f	f	2026-04-08 08:35:31.66018	2026-04-08 08:35:31.66018
251	\N	1	1	liability_current	{"en_US": "Current debt with financial institutions, associates", "es_ES": "Deudas a corto plazo con entidades de crédito, empresas asociadas"}	{"1": "510400"}	\N	f	f	f	2026-04-08 08:35:31.66018	2026-04-08 08:35:31.66018
252	\N	1	1	liability_current	{"en_US": "Current debt with other related financial institutions", "es_ES": "Deudas a corto plazo con otras entidades de crédito vinculadas"}	{"1": "510500"}	\N	f	f	f	2026-04-08 08:35:31.66018	2026-04-08 08:35:31.66018
253	\N	1	1	liability_current	{"en_US": "Current payables to suppliers of fixed assets, group companies", "es_ES": "Proveedores de inmovilizado a corto plazo, empresas del grupo"}	{"1": "511300"}	\N	f	f	f	2026-04-08 08:35:31.66018	2026-04-08 08:35:31.66018
254	\N	1	1	liability_current	{"en_US": "Current payables to suppliers of fixed assets, associates", "es_ES": "Proveedores de inmovilizado a corto plazo, empresas asociadas"}	{"1": "511400"}	\N	f	f	f	2026-04-08 08:35:31.66018	2026-04-08 08:35:31.66018
255	\N	1	1	liability_current	{"en_US": "Current payables to suppliers of fixed assets, other related parties", "es_ES": "Proveedores de inmovilizado a corto plazo, otras partes vinculadas"}	{"1": "511500"}	\N	f	f	f	2026-04-08 08:35:31.66018	2026-04-08 08:35:31.66018
256	\N	1	1	liability_current	{"en_US": "Current finance lease payables, group companies", "es_ES": "Acreedores por arrendamiento financiero a corto plazo, empresas del grupo"}	{"1": "512300"}	\N	f	f	f	2026-04-08 08:35:31.66018	2026-04-08 08:35:31.66018
257	\N	1	1	liability_current	{"en_US": "Current finance lease payables, associates", "es_ES": "Acreedores por arrendamiento financiero a corto plazo, empresas asociadas"}	{"1": "512400"}	\N	f	f	f	2026-04-08 08:35:31.66018	2026-04-08 08:35:31.66018
258	\N	1	1	liability_current	{"en_US": "Current finance lease payables, other related parties", "es_ES": "Acreedores por arrendamiento financiero a corto plazo, otras partes vinculadas"}	{"1": "512500"}	\N	f	f	f	2026-04-08 08:35:31.66018	2026-04-08 08:35:31.66018
259	\N	1	1	liability_current	{"en_US": "Other current payables, group companies", "es_ES": "Otras deudas a corto plazo con empresas del grupo"}	{"1": "513300"}	\N	f	f	f	2026-04-08 08:35:31.66018	2026-04-08 08:35:31.66018
260	\N	1	1	liability_current	{"en_US": "Other current payables, associates", "es_ES": "Otras deudas a corto plazo con empresas asociadas"}	{"1": "513400"}	\N	f	f	f	2026-04-08 08:35:31.66018	2026-04-08 08:35:31.66018
261	\N	1	1	liability_current	{"en_US": "Other current payables, other related parties", "es_ES": "Otras deudas a corto plazo con otras partes vinculadas"}	{"1": "513500"}	\N	f	f	f	2026-04-08 08:35:31.66018	2026-04-08 08:35:31.66018
262	\N	1	1	liability_current	{"en_US": "Current interest on payables, group companies", "es_ES": "Intereses a corto plazo de deudas con empresas del grupo"}	{"1": "514300"}	\N	f	f	f	2026-04-08 08:35:31.66018	2026-04-08 08:35:31.66018
263	\N	1	1	liability_current	{"en_US": "Current interest on payables, associates", "es_ES": "Intereses a corto plazo de deudas con empresas asociadas"}	{"1": "514400"}	\N	f	f	f	2026-04-08 08:35:31.66018	2026-04-08 08:35:31.66018
264	\N	1	1	liability_current	{"en_US": "Current interest on payables, other related parties", "es_ES": "Intereses a corto plazo de deudas con otras partes vinculadas"}	{"1": "514500"}	\N	f	f	f	2026-04-08 08:35:31.66018	2026-04-08 08:35:31.66018
265	\N	1	1	liability_current	{"en_US": "Current loans from financial institutions", "es_ES": "Préstamos a corto plazo de entidades de crédito"}	{"1": "520000"}	\N	f	t	f	2026-04-08 08:35:31.66018	2026-04-08 08:35:31.66018
266	\N	1	1	liability_current	{"en_US": "Current payables for drawdowns on credit facilities", "es_ES": "Deudas a corto plazo por crédito dispuesto"}	{"1": "520100"}	\N	f	t	f	2026-04-08 08:35:31.66018	2026-04-08 08:35:31.66018
267	\N	1	1	liability_current	{"en_US": "Payables, discounted trade bills", "es_ES": "Deudas por efectos descontados"}	{"1": "520800"}	\N	f	t	f	2026-04-08 08:35:31.66018	2026-04-08 08:35:31.66018
268	\N	1	1	liability_current	{"en_US": "Payables, factoring", "es_ES": "Deudas por operaciones de “factoring”"}	{"1": "520900"}	\N	f	t	f	2026-04-08 08:35:31.66018	2026-04-08 08:35:31.66018
269	\N	1	1	liability_current	{"en_US": "Current payables convertible into grants, donations and bequests", "es_ES": "Deudas a corto plazo transformables en subvenciones, donaciones y legados"}	{"1": "522000"}	\N	f	f	f	2026-04-08 08:35:31.66018	2026-04-08 08:35:31.66018
270	\N	1	1	liability_payable	{"en_US": "Current payables to suppliers of fixed assets", "es_ES": "Proveedores de inmovilizado a corto plazo"}	{"1": "523000"}	\N	f	t	f	2026-04-08 08:35:31.66018	2026-04-08 08:35:31.66018
271	\N	1	1	liability_current	{"en_US": "Current finance lease payables", "es_ES": "Acreedores por arrendamiento financiero a corto plazo"}	{"1": "524000"}	\N	f	f	f	2026-04-08 08:35:31.66018	2026-04-08 08:35:31.66018
272	\N	1	1	liability_current	{"en_US": "Current bills payable", "es_ES": "Efectos a pagar a corto plazo"}	{"1": "525000"}	\N	f	f	f	2026-04-08 08:35:31.66018	2026-04-08 08:35:31.66018
273	\N	1	1	liability_current	{"en_US": "Current interest on debt with financial institutions", "es_ES": "Intereses a corto plazo de deudas con entidades de crédito"}	{"1": "527000"}	\N	f	f	f	2026-04-08 08:35:31.66018	2026-04-08 08:35:31.66018
274	\N	1	1	liability_current	{"en_US": "Current interest on payables", "es_ES": "Intereses a corto plazo de deudas"}	{"1": "528000"}	\N	f	f	f	2026-04-08 08:35:31.66018	2026-04-08 08:35:31.66018
275	\N	1	1	liability_current	{"en_US": "Current provisions for employee benefits", "es_ES": "Provisión a corto plazo por retribuciones al personal"}	{"1": "529000"}	\N	f	t	f	2026-04-08 08:35:31.66018	2026-04-08 08:35:31.66018
276	\N	1	1	liability_current	{"en_US": "Current provisions for taxes", "es_ES": "Provisión a corto plazo para impuestos"}	{"1": "529100"}	\N	f	t	f	2026-04-08 08:35:31.66018	2026-04-08 08:35:31.66018
277	\N	1	1	liability_current	{"en_US": "Current provisions for other liabilities", "es_ES": "Provisión a corto plazo para otras responsabilidades"}	{"1": "529200"}	\N	f	t	f	2026-04-08 08:35:31.66018	2026-04-08 08:35:31.66018
278	\N	1	1	liability_current	{"en_US": "Current provisions for dismantlement, removal or restoration of fixed assets", "es_ES": "Provisión a corto plazo por desmantelamiento, retiro o rehabilitación del inmovilizado"}	{"1": "529300"}	\N	f	t	f	2026-04-08 08:35:31.66018	2026-04-08 08:35:31.66018
279	\N	1	1	liability_current	{"en_US": "Current provisions for environmental actions", "es_ES": "Provisión a corto plazo para actuaciones medioambientales"}	{"1": "529500"}	\N	f	t	f	2026-04-08 08:35:31.66018	2026-04-08 08:35:31.66018
280	\N	1	1	asset_current	{"en_US": "Current investments in group companies", "es_ES": "Participaciones a corto plazo en empresas del grupo"}	{"1": "530300"}	\N	f	f	f	2026-04-08 08:35:31.66018	2026-04-08 08:35:31.66018
281	\N	1	1	asset_current	{"en_US": "Current investments in associates", "es_ES": "Participaciones a corto plazo en empresas asociadas"}	{"1": "530400"}	\N	f	f	f	2026-04-08 08:35:31.66018	2026-04-08 08:35:31.66018
282	\N	1	1	asset_current	{"en_US": "Current investments in other related parties", "es_ES": "Participaciones a corto plazo en otras partes vinculadas"}	{"1": "530500"}	\N	f	f	f	2026-04-08 08:35:31.66018	2026-04-08 08:35:31.66018
283	\N	1	1	asset_current	{"en_US": "Current debt securities of group companies", "es_ES": "Valores representativos de deuda a corto plazo de empresas del grupo"}	{"1": "531300"}	\N	f	f	f	2026-04-08 08:35:31.66018	2026-04-08 08:35:31.66018
284	\N	1	1	asset_current	{"en_US": "Current debt securities of associates", "es_ES": "Valores representativos de deuda a corto plazo de empresas asociadas"}	{"1": "531400"}	\N	f	f	f	2026-04-08 08:35:31.66018	2026-04-08 08:35:31.66018
285	\N	1	1	asset_current	{"en_US": "Current debt securities of other related parties", "es_ES": "Valores representativos de deuda a corto plazo de otras partes vinculadas"}	{"1": "531500"}	\N	f	f	f	2026-04-08 08:35:31.66018	2026-04-08 08:35:31.66018
286	\N	1	1	asset_current	{"en_US": "Current loans to group companies", "es_ES": "Créditos a corto plazo a empresas del grupo"}	{"1": "532300"}	\N	f	f	f	2026-04-08 08:35:31.66018	2026-04-08 08:35:31.66018
287	\N	1	1	asset_current	{"en_US": "Current loans to associates", "es_ES": "Créditos a corto plazo a empresas asociadas"}	{"1": "532400"}	\N	f	f	f	2026-04-08 08:35:31.66018	2026-04-08 08:35:31.66018
288	\N	1	1	asset_current	{"en_US": "Current loans to other related parties", "es_ES": "Créditos a corto plazo a otras partes vinculadas"}	{"1": "532500"}	\N	f	f	f	2026-04-08 08:35:31.66018	2026-04-08 08:35:31.66018
289	\N	1	1	asset_current	{"en_US": "Current interest on debt securities of group companies", "es_ES": "Intereses a corto plazo de valores representativos de deuda de empresas del grupo"}	{"1": "533300"}	\N	f	f	f	2026-04-08 08:35:31.66018	2026-04-08 08:35:31.66018
290	\N	1	1	asset_current	{"en_US": "Current interest on debt securities of associates", "es_ES": "Intereses a corto plazo de valores representativos de deuda de empresas asociadas"}	{"1": "533400"}	\N	f	f	f	2026-04-08 08:35:31.66018	2026-04-08 08:35:31.66018
291	\N	1	1	asset_current	{"en_US": "Current interest on debt securities of other related parties", "es_ES": "Intereses a corto plazo de valores representativos de deuda de otras partes vinculadas"}	{"1": "533500"}	\N	f	f	f	2026-04-08 08:35:31.66018	2026-04-08 08:35:31.66018
292	\N	1	1	asset_current	{"en_US": "Current interest on loans to group companies", "es_ES": "Intereses a corto plazo de créditos a empresas del grupo"}	{"1": "534300"}	\N	f	f	f	2026-04-08 08:35:31.66018	2026-04-08 08:35:31.66018
293	\N	1	1	asset_current	{"en_US": "Current interest on loans to associates", "es_ES": "Intereses a corto plazo de créditos a empresas asociadas"}	{"1": "534400"}	\N	f	f	f	2026-04-08 08:35:31.66018	2026-04-08 08:35:31.66018
294	\N	1	1	asset_current	{"en_US": "Current interest on loans to other related parties", "es_ES": "Intereses a corto plazo de créditos a otras partes vinculadas"}	{"1": "534500"}	\N	f	f	f	2026-04-08 08:35:31.66018	2026-04-08 08:35:31.66018
295	\N	1	1	asset_current	{"en_US": "Dividend receivable from group companies", "es_ES": "Dividendo a cobrar de inversiones financieras en empresas del grupo"}	{"1": "535300"}	\N	f	f	f	2026-04-08 08:35:31.66018	2026-04-08 08:35:31.66018
296	\N	1	1	asset_current	{"en_US": "Dividend receivable from associates", "es_ES": "Dividendo a cobrar de inversiones financieras en empresas asociadas"}	{"1": "535400"}	\N	f	f	f	2026-04-08 08:35:31.66018	2026-04-08 08:35:31.66018
297	\N	1	1	asset_current	{"en_US": "Dividend receivable from other related parties", "es_ES": "Dividendo a cobrar de inversiones financieras en otras partes vinculadas"}	{"1": "535500"}	\N	f	f	f	2026-04-08 08:35:31.66018	2026-04-08 08:35:31.66018
298	\N	1	1	asset_current	{"en_US": "Current uncalled equity holdings in group companies", "es_ES": "Desembolsos pendientes sobre participaciones a corto plazo en empresas del grupo"}	{"1": "539300"}	\N	f	f	f	2026-04-08 08:35:31.66018	2026-04-08 08:35:31.66018
299	\N	1	1	asset_current	{"en_US": "Current uncalled equity holdings in associates", "es_ES": "Desembolsos pendientes sobre participaciones a corto plazo en empresas asociadas"}	{"1": "539400"}	\N	f	f	f	2026-04-08 08:35:31.66018	2026-04-08 08:35:31.66018
300	\N	1	1	asset_current	{"en_US": "Current uncalled equity holdings in other related parties", "es_ES": "Desembolsos pendientes sobre participaciones a corto plazo en otras partes vinculadas"}	{"1": "539500"}	\N	f	f	f	2026-04-08 08:35:31.66018	2026-04-08 08:35:31.66018
301	\N	1	1	asset_current	{"en_US": "Current investments in equity instruments", "es_ES": "Inversiones financieras a corto plazo en instrumentos de patrimonio"}	{"1": "540000"}	\N	f	f	f	2026-04-08 08:35:31.66018	2026-04-08 08:35:31.66018
302	\N	1	1	asset_current	{"en_US": "Current debt securities", "es_ES": "Valores representativos de deuda a corto plazo"}	{"1": "541000"}	\N	f	f	f	2026-04-08 08:35:31.66018	2026-04-08 08:35:31.66018
303	\N	1	1	asset_current	{"en_US": "Current loans", "es_ES": "Créditos a corto plazo"}	{"1": "542000"}	\N	f	f	f	2026-04-08 08:35:31.66018	2026-04-08 08:35:31.66018
304	\N	1	1	asset_current	{"en_US": "Current loans for disposal of fixed assets", "es_ES": "Créditos a corto plazo por enajenación de inmovilizado"}	{"1": "543000"}	\N	f	f	f	2026-04-08 08:35:31.66018	2026-04-08 08:35:31.66018
305	\N	1	1	asset_current	{"en_US": "Current loans to personnel", "es_ES": "Créditos a corto plazo al personal"}	{"1": "544000"}	\N	f	f	f	2026-04-08 08:35:31.66018	2026-04-08 08:35:31.66018
306	\N	1	1	asset_current	{"en_US": "Dividend receivable", "es_ES": "Dividendo a cobrar"}	{"1": "545000"}	\N	f	f	f	2026-04-08 08:35:31.66018	2026-04-08 08:35:31.66018
307	\N	1	1	asset_current	{"en_US": "Current interest on debt securities", "es_ES": "Intereses a corto plazo de valores representativos de deudas"}	{"1": "546000"}	\N	f	f	f	2026-04-08 08:35:31.66018	2026-04-08 08:35:31.66018
308	\N	1	1	asset_current	{"en_US": "Current interest on loans", "es_ES": "Intereses a corto plazo de créditos"}	{"1": "547000"}	\N	f	f	f	2026-04-08 08:35:31.66018	2026-04-08 08:35:31.66018
309	\N	1	1	asset_current	{"en_US": "Current deposits", "es_ES": "Imposiciones a corto plazo"}	{"1": "548000"}	\N	f	f	f	2026-04-08 08:35:31.66018	2026-04-08 08:35:31.66018
310	\N	1	1	asset_current	{"en_US": "Current uncalled equity holdings", "es_ES": "Desembolsos pendientes sobre participaciones en el patrimonio neto a corto plazo"}	{"1": "549000"}	\N	f	f	f	2026-04-08 08:35:31.66018	2026-04-08 08:35:31.66018
311	\N	1	1	asset_current	{"en_US": "Current account with owner", "es_ES": "Titular de la explotación"}	{"1": "550000"}	\N	f	f	f	2026-04-08 08:35:31.66018	2026-04-08 08:35:31.66018
312	\N	1	1	asset_current	{"en_US": "Current account with group companies", "es_ES": "Cuenta corriente con empresas del grupo"}	{"1": "552300"}	\N	f	f	f	2026-04-08 08:35:31.66018	2026-04-08 08:35:31.66018
313	\N	1	1	asset_current	{"en_US": "Current account with associates", "es_ES": "Cuenta corriente con empresas asociadas"}	{"1": "552400"}	\N	f	f	f	2026-04-08 08:35:31.66018	2026-04-08 08:35:31.66018
314	\N	1	1	asset_current	{"en_US": "Current account with other related parties", "es_ES": "Cuenta corriente con otras partes vinculadas"}	{"1": "552500"}	\N	f	f	f	2026-04-08 08:35:31.66018	2026-04-08 08:35:31.66018
315	\N	1	1	asset_current	{"en_US": "Current account with temporary joint ventures and co-ownerships", "es_ES": "Cuenta corriente con uniones temporales de empresas y comunidades de bienes"}	{"1": "554000"}	\N	f	f	f	2026-04-08 08:35:31.66018	2026-04-08 08:35:31.66018
316	\N	1	1	liability_current	{"en_US": "Items pending application", "es_ES": "Partidas pendientes de aplicación"}	{"1": "555000"}	\N	f	f	f	2026-04-08 08:35:31.66018	2026-04-08 08:35:31.66018
317	\N	1	1	liability_current	{"en_US": "Called-up equity holdings, group companies", "es_ES": "Desembolsos exigidos sobre participaciones, empresas del grupo"}	{"1": "556300"}	\N	f	f	f	2026-04-08 08:35:31.66018	2026-04-08 08:35:31.66018
318	\N	1	1	liability_current	{"en_US": "Called-up equity holdings, associates", "es_ES": "Desembolsos exigidos sobre participaciones, empresas asociadas"}	{"1": "556400"}	\N	f	f	f	2026-04-08 08:35:31.66018	2026-04-08 08:35:31.66018
319	\N	1	1	liability_current	{"en_US": "Called-up equity holdings, other related parties", "es_ES": "Desembolsos exigidos sobre participaciones, otras partes vinculadas"}	{"1": "556500"}	\N	f	f	f	2026-04-08 08:35:31.66018	2026-04-08 08:35:31.66018
320	\N	1	1	liability_current	{"en_US": "Called-up equity holdings of other companies", "es_ES": "Desembolsos exigidos sobre participaciones de otras empresas"}	{"1": "556600"}	\N	f	f	f	2026-04-08 08:35:31.66018	2026-04-08 08:35:31.66018
321	\N	1	1	asset_current	{"en_US": "Interim dividend", "es_ES": "Dividendo activo a cuenta"}	{"1": "557000"}	\N	f	f	f	2026-04-08 08:35:31.66018	2026-04-08 08:35:31.66018
322	\N	1	1	asset_current	{"en_US": "Receivable on called-up ordinary shares or equity holdings", "es_ES": "Socios por desembolsos exigidos sobre acciones o participaciones ordinarias"}	{"1": "558000"}	\N	f	f	f	2026-04-08 08:35:31.66018	2026-04-08 08:35:31.66018
323	\N	1	1	asset_current	{"en_US": "Current assets arising from derivative financial instruments, trading portfolio", "es_ES": "Activos por derivados financieros a corto plazo, cartera de negociación"}	{"1": "559000"}	\N	f	f	f	2026-04-08 08:35:31.66018	2026-04-08 08:35:31.66018
324	\N	1	1	liability_current	{"en_US": "Current liabilities arising from derivative financial instruments, trading portfolio", "es_ES": "Pasivos por derivados financieros a corto plazo, cartera de negociación"}	{"1": "559500"}	\N	f	f	f	2026-04-08 08:35:31.66018	2026-04-08 08:35:31.66018
325	\N	1	1	liability_current	{"en_US": "Current guarantees received", "es_ES": "Fianzas recibidas a corto plazo"}	{"1": "560000"}	\N	f	f	f	2026-04-08 08:35:31.66018	2026-04-08 08:35:31.66018
326	\N	1	1	liability_current	{"en_US": "Current deposits received", "es_ES": "Depósitos recibidos a corto plazo"}	{"1": "561000"}	\N	f	f	f	2026-04-08 08:35:31.66018	2026-04-08 08:35:31.66018
327	\N	1	1	asset_current	{"en_US": "Current guarantees extended", "es_ES": "Fianzas constituidas a corto plazo"}	{"1": "565000"}	\N	f	f	f	2026-04-08 08:35:31.66018	2026-04-08 08:35:31.66018
328	\N	1	1	asset_current	{"en_US": "Current deposits extended", "es_ES": "Depósitos constituidos a corto plazo"}	{"1": "566000"}	\N	f	f	f	2026-04-08 08:35:31.66018	2026-04-08 08:35:31.66018
329	\N	1	1	asset_current	{"en_US": "Prepaid interest", "es_ES": "Intereses pagados por anticipado"}	{"1": "567000"}	\N	f	f	f	2026-04-08 08:35:31.66018	2026-04-08 08:35:31.66018
330	\N	1	1	liability_current	{"en_US": "Unearned interest received", "es_ES": "Intereses cobrados por anticipado"}	{"1": "568000"}	\N	f	f	f	2026-04-08 08:35:31.66018	2026-04-08 08:35:31.66018
331	\N	1	1	asset_cash	{"en_US": "Cash, euros", "es_ES": "Caja, euros"}	{"1": "570000"}	\N	f	f	f	2026-04-08 08:35:31.66018	2026-04-08 08:35:31.66018
332	\N	1	1	asset_cash	{"en_US": "Cash, foreign currencies", "es_ES": "Caja, moneda extranjera"}	{"1": "571000"}	\N	f	f	f	2026-04-08 08:35:31.66018	2026-04-08 08:35:31.66018
333	\N	1	1	asset_cash	{"en_US": "Banks and financial institutions, demand current accounts, euros", "es_ES": "Bancos e instituciones de crédito c/c vista, euros"}	{"1": "572000"}	\N	f	f	f	2026-04-08 08:35:31.66018	2026-04-08 08:35:31.66018
334	\N	1	1	asset_current	{"en_US": "Transitory account", "es_ES": "Cuenta transitoria"}	{"1": "572998"}	\N	f	f	f	2026-04-08 08:35:31.66018	2026-04-08 08:35:31.66018
335	\N	1	1	asset_cash	{"en_US": "Banks and financial institutions, demand current accounts, foreign currency", "es_ES": "Bancos e instituciones de crédito c/c vista, moneda extranjera"}	{"1": "573000"}	\N	f	f	f	2026-04-08 08:35:31.66018	2026-04-08 08:35:31.66018
336	\N	1	1	asset_cash	{"en_US": "Banks and financial institutions, saving accounts, euros", "es_ES": "Bancos e instituciones de crédito, cuentas de ahorro, euros"}	{"1": "574000"}	\N	f	f	f	2026-04-08 08:35:31.66018	2026-04-08 08:35:31.66018
337	\N	1	1	asset_cash	{"en_US": "Banks and financial institutions, saving accounts, foreign currency", "es_ES": "Bancos e instituciones de crédito, cuentas de ahorro, moneda extranjera"}	{"1": "575000"}	\N	f	f	f	2026-04-08 08:35:31.66018	2026-04-08 08:35:31.66018
338	\N	1	1	asset_current	{"en_US": "Short-term highly-liquid investments", "es_ES": "Inversiones a corto plazo de gran liquidez"}	{"1": "576000"}	\N	f	f	f	2026-04-08 08:35:31.66018	2026-04-08 08:35:31.66018
339	\N	1	1	asset_current	{"en_US": "Impairment of current investments in group companies", "es_ES": "Deterioro de valor de participaciones a corto plazo en empresas del grupo"}	{"1": "593300"}	\N	f	f	f	2026-04-08 08:35:31.66018	2026-04-08 08:35:31.66018
340	\N	1	1	asset_current	{"en_US": "Impairment of current investments in associates", "es_ES": "Deterioro de valor de participaciones a corto plazo en empresas asociadas"}	{"1": "593400"}	\N	f	f	f	2026-04-08 08:35:31.66018	2026-04-08 08:35:31.66018
341	\N	1	1	asset_current	{"en_US": "Impairment of current debt securities of group companies", "es_ES": "Deterioro de valor de valores representativos de deuda a corto plazo de empresas del grupo"}	{"1": "594300"}	\N	f	f	f	2026-04-08 08:35:31.66018	2026-04-08 08:35:31.66018
342	\N	1	1	asset_current	{"en_US": "Impairment of current debt securities of associates", "es_ES": "Deterioro de valor de valores representativos de deuda a corto plazo de empresas asociadas"}	{"1": "594400"}	\N	f	f	f	2026-04-08 08:35:31.66018	2026-04-08 08:35:31.66018
343	\N	1	1	asset_current	{"en_US": "Impairment of current debt securities of other related parties", "es_ES": "Deterioro de valor de valores representativos de deuda a corto plazo de otras partes vinculadas"}	{"1": "594500"}	\N	f	f	f	2026-04-08 08:35:31.66018	2026-04-08 08:35:31.66018
344	\N	1	1	asset_current	{"en_US": "Impairment of current loans to group companies", "es_ES": "Deterioro de valor de créditos a corto plazo a empresas del grupo"}	{"1": "595300"}	\N	f	f	f	2026-04-08 08:35:31.66018	2026-04-08 08:35:31.66018
345	\N	1	1	asset_current	{"en_US": "Impairment of current loans to associates", "es_ES": "Deterioro de valor de créditos a corto plazo a empresas asociadas"}	{"1": "595400"}	\N	f	f	f	2026-04-08 08:35:31.66018	2026-04-08 08:35:31.66018
346	\N	1	1	asset_current	{"en_US": "Impairment of current loans to other related parties", "es_ES": "Deterioro de valor de créditos a corto plazo a otras partes vinculadas"}	{"1": "595500"}	\N	f	f	f	2026-04-08 08:35:31.66018	2026-04-08 08:35:31.66018
347	\N	1	1	asset_current	{"en_US": "Impairment of current debt securities", "es_ES": "Deterioro de valor de valores representativos de deuda a corto plazo"}	{"1": "597000"}	\N	f	f	f	2026-04-08 08:35:31.66018	2026-04-08 08:35:31.66018
348	\N	1	1	asset_current	{"en_US": "Impairment of current loans", "es_ES": "Deterioro de valor de créditos a corto plazo"}	{"1": "598000"}	\N	f	f	f	2026-04-08 08:35:31.66018	2026-04-08 08:35:31.66018
349	\N	1	1	expense	{"en_US": "Merchandise purchased", "es_ES": "Compras de mercaderías"}	{"1": "600000"}	\N	f	f	f	2026-04-08 08:35:31.66018	2026-04-08 08:35:31.66018
350	\N	1	1	expense	{"en_US": "Raw materials purchased", "es_ES": "Compras de materias primas"}	{"1": "601000"}	\N	f	f	f	2026-04-08 08:35:31.66018	2026-04-08 08:35:31.66018
351	\N	1	1	expense	{"en_US": "Other supplies purchased", "es_ES": "Compras de otros aprovisionamientos"}	{"1": "602000"}	\N	f	f	f	2026-04-08 08:35:31.66018	2026-04-08 08:35:31.66018
352	\N	1	1	expense	{"en_US": "Prompt payment discounts on merchandise purchased", "es_ES": "Descuentos sobre compras por pronto pago de mercaderías"}	{"1": "606000"}	\N	f	f	f	2026-04-08 08:35:31.66018	2026-04-08 08:35:31.66018
353	\N	1	1	expense	{"en_US": "Prompt payment discounts on raw materials purchased", "es_ES": "Descuentos sobre compras por pronto pago de materias primas"}	{"1": "606100"}	\N	f	f	f	2026-04-08 08:35:31.66018	2026-04-08 08:35:31.66018
354	\N	1	1	expense	{"en_US": "Prompt payment discounts on other supplies purchased", "es_ES": "Descuentos sobre compras por pronto pago de otros aprovisionamientos"}	{"1": "606200"}	\N	f	f	f	2026-04-08 08:35:31.66018	2026-04-08 08:35:31.66018
355	\N	1	1	expense	{"en_US": "Subcontracted work", "es_ES": "Trabajos realizados por otras empresas"}	{"1": "607000"}	\N	f	f	f	2026-04-08 08:35:31.66018	2026-04-08 08:35:31.66018
356	\N	1	1	expense	{"en_US": "Returns of merchandise purchased", "es_ES": "Devoluciones de compras de mercaderías"}	{"1": "608000"}	\N	f	f	f	2026-04-08 08:35:31.66018	2026-04-08 08:35:31.66018
357	\N	1	1	expense	{"en_US": "Returns of raw materials purchased", "es_ES": "Devoluciones de compras de materias primas"}	{"1": "608100"}	\N	f	f	f	2026-04-08 08:35:31.66018	2026-04-08 08:35:31.66018
358	\N	1	1	expense	{"en_US": "Returns of other supplies purchased", "es_ES": "Devoluciones de compras de otros aprovisionamientos"}	{"1": "608200"}	\N	f	f	f	2026-04-08 08:35:31.66018	2026-04-08 08:35:31.66018
359	\N	1	1	expense	{"en_US": "\\"Rappels\\" of merchandise purchased", "es_ES": "\\"Rappels\\" por compras de mercaderías"}	{"1": "609000"}	\N	f	f	f	2026-04-08 08:35:31.66018	2026-04-08 08:35:31.66018
360	\N	1	1	expense	{"en_US": "\\"Rappels\\" of raw materials purchased", "es_ES": "\\"Rappels\\" por compras de materias primas"}	{"1": "609100"}	\N	f	f	f	2026-04-08 08:35:31.66018	2026-04-08 08:35:31.66018
361	\N	1	1	expense	{"en_US": "\\"Rappels\\" of other supplies purchased", "es_ES": "\\"Rappels\\" por compras de otros aprovisionamientos"}	{"1": "609200"}	\N	f	f	f	2026-04-08 08:35:31.66018	2026-04-08 08:35:31.66018
362	\N	1	1	expense	{"en_US": "Changes in inventories of merchandise", "es_ES": "Variación de existencias de mercaderías"}	{"1": "610000"}	\N	f	f	f	2026-04-08 08:35:31.66018	2026-04-08 08:35:31.66018
363	\N	1	1	expense	{"en_US": "Changes in inventories of raw materials", "es_ES": "Variación de existencias de materias primas"}	{"1": "611000"}	\N	f	f	f	2026-04-08 08:35:31.66018	2026-04-08 08:35:31.66018
364	\N	1	1	expense	{"en_US": "Changes in inventories of other supplies", "es_ES": "Variación de existencias de otros aprovisionamientos"}	{"1": "612000"}	\N	f	f	f	2026-04-08 08:35:31.66018	2026-04-08 08:35:31.66018
365	\N	1	1	expense	{"en_US": "Research and development expenses for the period", "es_ES": "Gastos en investigación y desarrollo del ejercicio"}	{"1": "620000"}	\N	f	f	f	2026-04-08 08:35:31.66018	2026-04-08 08:35:31.66018
366	\N	1	1	expense	{"en_US": "Leases and royalties", "es_ES": "Arrendamientos y cánones"}	{"1": "621000"}	\N	f	f	f	2026-04-08 08:35:31.66018	2026-04-08 08:35:31.66018
367	\N	1	1	expense	{"en_US": "Repairs and maintenance", "es_ES": "Reparaciones y conservación"}	{"1": "622000"}	\N	f	f	f	2026-04-08 08:35:31.66018	2026-04-08 08:35:31.66018
368	\N	1	1	expense	{"en_US": "Independent professional services", "es_ES": "Servicios de profesionales independientes"}	{"1": "623000"}	\N	f	f	f	2026-04-08 08:35:31.66018	2026-04-08 08:35:31.66018
369	\N	1	1	expense	{"en_US": "Transports", "es_ES": "Transportes"}	{"1": "624000"}	\N	f	f	f	2026-04-08 08:35:31.66018	2026-04-08 08:35:31.66018
370	\N	1	1	expense	{"en_US": "Insurance premiums", "es_ES": "Primas de seguros"}	{"1": "625000"}	\N	f	f	f	2026-04-08 08:35:31.66018	2026-04-08 08:35:31.66018
371	\N	1	1	expense	{"en_US": "Banking and similar services", "es_ES": "Servicios bancarios y similares"}	{"1": "626000"}	\N	f	f	f	2026-04-08 08:35:31.66018	2026-04-08 08:35:31.66018
372	\N	1	1	expense	{"en_US": "Advertising, publicity and public relations", "es_ES": "Publicidad, propaganda y relaciones públicas"}	{"1": "627000"}	\N	f	f	f	2026-04-08 08:35:31.66018	2026-04-08 08:35:31.66018
373	\N	1	1	expense	{"en_US": "Utilities", "es_ES": "Suministros"}	{"1": "628000"}	\N	f	f	f	2026-04-08 08:35:31.66018	2026-04-08 08:35:31.66018
374	\N	1	1	expense	{"en_US": "Other services", "es_ES": "Otros servicios"}	{"1": "629000"}	\N	f	f	f	2026-04-08 08:35:31.66018	2026-04-08 08:35:31.66018
375	\N	1	1	expense	{"en_US": "Current tax", "es_ES": "Impuesto corriente"}	{"1": "630000"}	\N	f	f	f	2026-04-08 08:35:31.66018	2026-04-08 08:35:31.66018
376	\N	1	1	expense	{"en_US": "Deferred tax", "es_ES": "Impuesto diferido"}	{"1": "630100"}	\N	f	f	f	2026-04-08 08:35:31.66018	2026-04-08 08:35:31.66018
377	\N	1	1	expense	{"en_US": "Other taxes", "es_ES": "Otros tributos"}	{"1": "631000"}	\N	f	f	f	2026-04-08 08:35:31.66018	2026-04-08 08:35:31.66018
378	\N	1	1	expense	{"en_US": "Negative adjustments to income tax", "es_ES": "Ajustes negativos en la imposición sobre beneficios"}	{"1": "633000"}	\N	f	f	f	2026-04-08 08:35:31.66018	2026-04-08 08:35:31.66018
379	\N	1	1	expense	{"en_US": "Negative adjustments to VAT on current assets", "es_ES": "Ajustes negativos en IVA de activo corriente"}	{"1": "634100"}	\N	f	f	f	2026-04-08 08:35:31.66018	2026-04-08 08:35:31.66018
380	\N	1	1	expense	{"en_US": "Negative adjustments to VAT on investments", "es_ES": "Ajustes negativos en IVA de inversiones"}	{"1": "634200"}	\N	f	f	f	2026-04-08 08:35:31.66018	2026-04-08 08:35:31.66018
382	\N	1	1	expense	{"en_US": "Positive adjustment to income tax", "es_ES": "Ajustes positivos en la imposición sobre beneficios"}	{"1": "638000"}	\N	f	f	f	2026-04-08 08:35:31.66018	2026-04-08 08:35:31.66018
383	\N	1	1	expense	{"en_US": "Positive adjustments to VAT on current assets", "es_ES": "Ajustes positivos en IVA de activo corriente"}	{"1": "639100"}	\N	f	f	f	2026-04-08 08:35:31.66018	2026-04-08 08:35:31.66018
384	\N	1	1	expense	{"en_US": "Positive adjustments to VAT on investments", "es_ES": "Ajustes positivos en IVA de inversiones"}	{"1": "639200"}	\N	f	f	f	2026-04-08 08:35:31.66018	2026-04-08 08:35:31.66018
385	\N	1	1	expense	{"en_US": "Salaries and wages", "es_ES": "Sueldos y salarios"}	{"1": "640000"}	\N	f	f	f	2026-04-08 08:35:31.66018	2026-04-08 08:35:31.66018
386	\N	1	1	expense	{"en_US": "Termination benefits", "es_ES": "Indemnizaciones"}	{"1": "641000"}	\N	f	f	f	2026-04-08 08:35:31.66018	2026-04-08 08:35:31.66018
387	\N	1	1	expense	{"en_US": "Social security payable by the company", "es_ES": "Seguridad Social a cargo de la empresa"}	{"1": "642000"}	\N	f	f	f	2026-04-08 08:35:31.66018	2026-04-08 08:35:31.66018
388	\N	1	1	expense	{"en_US": "Employee benefits expense", "es_ES": "Otros gastos sociales"}	{"1": "649000"}	\N	f	f	f	2026-04-08 08:35:31.66018	2026-04-08 08:35:31.66018
389	\N	1	1	expense	{"en_US": "Finance expense arising from provision adjustments", "es_ES": "Gastos financieros por actualización de provisiones"}	{"1": "660000"}	\N	f	f	f	2026-04-08 08:35:31.66018	2026-04-08 08:35:31.66018
390	\N	1	1	expense	{"en_US": "Interest on non-current bonds and obligations, group companies", "es_ES": "Intereses de obligaciones y bonos, empresas del grupo"}	{"1": "661000"}	\N	f	f	f	2026-04-08 08:35:31.66018	2026-04-08 08:35:31.66018
391	\N	1	1	expense	{"en_US": "Interest on non-current bonds and obligations, associates", "es_ES": "Intereses de obligaciones y bonos, empresas asociadas"}	{"1": "661100"}	\N	f	f	f	2026-04-08 08:35:31.66018	2026-04-08 08:35:31.66018
392	\N	1	1	expense	{"en_US": "Interest on non-current bonds and obligations, other related parties", "es_ES": "Intereses de obligaciones y bonos, otras partes vinculadas"}	{"1": "661200"}	\N	f	f	f	2026-04-08 08:35:31.66018	2026-04-08 08:35:31.66018
393	\N	1	1	expense	{"en_US": "Interest on non-current bonds and obligations, other companies", "es_ES": "Intereses de obligaciones y bonos, otras empresas"}	{"1": "661300"}	\N	f	f	f	2026-04-08 08:35:31.66018	2026-04-08 08:35:31.66018
394	\N	1	1	expense	{"en_US": "Interest on current bonds and obligations, group companies", "es_ES": "Intereses de obligaciones y bonos a corto plazo, empresas del grupo"}	{"1": "661500"}	\N	f	f	f	2026-04-08 08:35:31.66018	2026-04-08 08:35:31.66018
395	\N	1	1	expense	{"en_US": "Interest on current bonds and obligations, associates", "es_ES": "Intereses de obligaciones y bonos a corto plazo, empresas asociadas"}	{"1": "661600"}	\N	f	f	f	2026-04-08 08:35:31.66018	2026-04-08 08:35:31.66018
396	\N	1	1	expense	{"en_US": "Interest on current bonds and obligations, other related parties", "es_ES": "Intereses de obligaciones y bonos a corto plazo, otras partes vinculadas"}	{"1": "661700"}	\N	f	f	f	2026-04-08 08:35:31.66018	2026-04-08 08:35:31.66018
397	\N	1	1	expense	{"en_US": "Interest on current bonds and obligations, other companies", "es_ES": "Intereses de obligaciones y bonos a corto plazo, otras empresas"}	{"1": "661800"}	\N	f	f	f	2026-04-08 08:35:31.66018	2026-04-08 08:35:31.66018
398	\N	1	1	expense	{"en_US": "Interest on payables, group companies", "es_ES": "Intereses de deudas, empresas del grupo"}	{"1": "662000"}	\N	f	f	f	2026-04-08 08:35:31.66018	2026-04-08 08:35:31.66018
399	\N	1	1	expense	{"en_US": "Interest on payables, associates", "es_ES": "Intereses de deudas, empresas asociadas"}	{"1": "662100"}	\N	f	f	f	2026-04-08 08:35:31.66018	2026-04-08 08:35:31.66018
400	\N	1	1	expense	{"en_US": "Interest on payables, other related parties", "es_ES": "Intereses de deudas, otras partes vinculadas"}	{"1": "662200"}	\N	f	f	f	2026-04-08 08:35:31.66018	2026-04-08 08:35:31.66018
401	\N	1	1	expense	{"en_US": "Interest on debt with financial institutions", "es_ES": "Intereses de deudas con entidades de crédito"}	{"1": "662300"}	\N	f	f	f	2026-04-08 08:35:31.66018	2026-04-08 08:35:31.66018
402	\N	1	1	expense	{"en_US": "Interest on payables, other companies", "es_ES": "Intereses de deudas, otras empresas"}	{"1": "662400"}	\N	f	f	f	2026-04-08 08:35:31.66018	2026-04-08 08:35:31.66018
403	\N	1	1	expense	{"en_US": "Dividends on liability-classified instruments, group companies", "es_ES": "Dividendos de pasivos, empresas del grupo"}	{"1": "664000"}	\N	f	f	f	2026-04-08 08:35:31.66018	2026-04-08 08:35:31.66018
404	\N	1	1	expense	{"en_US": "Dividends on liability-classified instruments, associates", "es_ES": "Dividendos de pasivos, empresas asociadas"}	{"1": "664100"}	\N	f	f	f	2026-04-08 08:35:31.66018	2026-04-08 08:35:31.66018
405	\N	1	1	expense	{"en_US": "Dividends on liability-classified instruments, other related parties", "es_ES": "Dividendos de pasivos, otras partes vinculadas"}	{"1": "664200"}	\N	f	f	f	2026-04-08 08:35:31.66018	2026-04-08 08:35:31.66018
406	\N	1	1	expense	{"en_US": "Dividends on liability-classified instruments, other companies", "es_ES": "Dividendos de pasivos, otras empresas"}	{"1": "664300"}	\N	f	f	f	2026-04-08 08:35:31.66018	2026-04-08 08:35:31.66018
407	\N	1	1	expense	{"en_US": "Interest on bills discounted by group financial institutions", "es_ES": "Intereses por descuento de efectos en entidades de crédito del grupo"}	{"1": "665000"}	\N	f	f	f	2026-04-08 08:35:31.66018	2026-04-08 08:35:31.66018
408	\N	1	1	expense	{"en_US": "Interest on bills discounted by associate financial institutions", "es_ES": "Intereses por descuento de efectos en entidades de crédito asociadas"}	{"1": "665100"}	\N	f	f	f	2026-04-08 08:35:31.66018	2026-04-08 08:35:31.66018
409	\N	1	1	expense	{"en_US": "Interest on bills discounted by other related financial institutions", "es_ES": "Intereses por descuento de efectos en entidades de crédito vinculadas"}	{"1": "665200"}	\N	f	f	f	2026-04-08 08:35:31.66018	2026-04-08 08:35:31.66018
410	\N	1	1	expense	{"en_US": "Interest on bills discounted by other financial institutions", "es_ES": "Intereses por descuento de efectos en otras entidades de crédito"}	{"1": "665300"}	\N	f	f	f	2026-04-08 08:35:31.66018	2026-04-08 08:35:31.66018
411	\N	1	1	expense	{"en_US": "Interest on factoring transactions with group financial institutions", "es_ES": "Intereses por operaciones de \\"factoring\\" con entidades de crédito del grupo"}	{"1": "665400"}	\N	f	f	f	2026-04-08 08:35:31.66018	2026-04-08 08:35:31.66018
412	\N	1	1	expense	{"en_US": "Interest on factoring transactions with associate financial institutions", "es_ES": "Intereses por operaciones de \\"factoring\\" con entidades de crédito asociadas"}	{"1": "665500"}	\N	f	f	f	2026-04-08 08:35:31.66018	2026-04-08 08:35:31.66018
413	\N	1	1	expense	{"en_US": "Interest on factoring transactions with other related financial institutions", "es_ES": "Intereses por operaciones de \\"factoring\\" con entidades de crédito vinculadas"}	{"1": "665600"}	\N	f	f	f	2026-04-08 08:35:31.66018	2026-04-08 08:35:31.66018
414	\N	1	1	expense	{"en_US": "Interest on factoring transactions with other financial institutions", "es_ES": "Intereses por operaciones de \\"factoring\\" con otras entidades de crédito"}	{"1": "665700"}	\N	f	f	f	2026-04-08 08:35:31.66018	2026-04-08 08:35:31.66018
415	\N	1	1	expense	{"en_US": "Losses on non-current debt securities, group companies", "es_ES": "Pérdidas en valores representativos de deuda, empresas del grupo"}	{"1": "666000"}	\N	f	f	f	2026-04-08 08:35:31.66018	2026-04-08 08:35:31.66018
416	\N	1	1	expense	{"en_US": "Losses on non-current debt securities, associates", "es_ES": "Pérdidas en valores representativos de deuda, empresas asociadas"}	{"1": "666100"}	\N	f	f	f	2026-04-08 08:35:31.66018	2026-04-08 08:35:31.66018
417	\N	1	1	expense	{"en_US": "Losses on non-current debt securities, other related parties", "es_ES": "Pérdidas en valores representativos de deuda, otras partes vinculadas"}	{"1": "666200"}	\N	f	f	f	2026-04-08 08:35:31.66018	2026-04-08 08:35:31.66018
418	\N	1	1	expense	{"en_US": "Losses on non-current investments and debt securities, other companies", "es_ES": "Pérdidas en valores representativos de deuda, otras empresas"}	{"1": "666300"}	\N	f	f	f	2026-04-08 08:35:31.66018	2026-04-08 08:35:31.66018
419	\N	1	1	expense	{"en_US": "Losses on current investments and debt securities, group companies", "es_ES": "Pérdidas en valores representativos de deuda a corto plazo, empresas del grupo"}	{"1": "666500"}	\N	f	f	f	2026-04-08 08:35:31.66018	2026-04-08 08:35:31.66018
420	\N	1	1	expense	{"en_US": "Losses on current investments and debt securities, associates", "es_ES": "Pérdidas en valores representativos de deuda a corto plazo, empresas asociadas"}	{"1": "666600"}	\N	f	f	f	2026-04-08 08:35:31.66018	2026-04-08 08:35:31.66018
421	\N	1	1	expense	{"en_US": "Losses on current debt securities, other related parties", "es_ES": "Pérdidas en valores representativos de deuda a corto plazo, otras partes vinculadas"}	{"1": "666700"}	\N	f	f	f	2026-04-08 08:35:31.66018	2026-04-08 08:35:31.66018
422	\N	1	1	expense	{"en_US": "Losses on current debt securities, other companies", "es_ES": "Pérdidas en valores representativos de deuda a corto plazo, otras empresas"}	{"1": "666800"}	\N	f	f	f	2026-04-08 08:35:31.66018	2026-04-08 08:35:31.66018
423	\N	1	1	expense	{"en_US": "Losses on non-current non-trade receivables, group companies", "es_ES": "Pérdidas de créditos, empresas del grupo"}	{"1": "667000"}	\N	f	f	f	2026-04-08 08:35:31.66018	2026-04-08 08:35:31.66018
424	\N	1	1	expense	{"en_US": "Losses on non-current non-trade receivables, associates", "es_ES": "Pérdidas de créditos, empresas asociadas"}	{"1": "667100"}	\N	f	f	f	2026-04-08 08:35:31.66018	2026-04-08 08:35:31.66018
425	\N	1	1	expense	{"en_US": "Losses on non-current non-trade receivables, other related parties", "es_ES": "Pérdidas de créditos, otras partes vinculadas"}	{"1": "667200"}	\N	f	f	f	2026-04-08 08:35:31.66018	2026-04-08 08:35:31.66018
426	\N	1	1	expense	{"en_US": "Losses on non-current non-trade receivables, other companies", "es_ES": "Pérdidas de créditos, otras empresas"}	{"1": "667300"}	\N	f	f	f	2026-04-08 08:35:31.66018	2026-04-08 08:35:31.66018
427	\N	1	1	expense	{"en_US": "Losses on current non-trade receivables, group companies", "es_ES": "Pérdidas de créditos a corto plazo, empresas del grupo"}	{"1": "667500"}	\N	f	f	f	2026-04-08 08:35:31.66018	2026-04-08 08:35:31.66018
428	\N	1	1	expense	{"en_US": "Losses on current non-trade receivables, associates", "es_ES": "Pérdidas de créditos a corto plazo, empresas asociadas"}	{"1": "667600"}	\N	f	f	f	2026-04-08 08:35:31.66018	2026-04-08 08:35:31.66018
429	\N	1	1	expense	{"en_US": "Losses on current non-trade receivables, other related parties", "es_ES": "Pérdidas de créditos a corto plazo, otras partes vinculadas"}	{"1": "667700"}	\N	f	f	f	2026-04-08 08:35:31.66018	2026-04-08 08:35:31.66018
430	\N	1	1	expense	{"en_US": "Losses on current non-trade receivables, other companies", "es_ES": "Pérdidas de créditos a corto plazo, otras empresas"}	{"1": "667800"}	\N	f	f	f	2026-04-08 08:35:31.66018	2026-04-08 08:35:31.66018
431	\N	1	1	expense	{"en_US": "Exchange losses", "es_ES": "Diferencias negativas de cambio"}	{"1": "668000"}	\N	f	f	f	2026-04-08 08:35:31.66018	2026-04-08 08:35:31.66018
432	\N	1	1	expense	{"en_US": "Other finance expenses", "es_ES": "Otros gastos financieros"}	{"1": "669000"}	\N	f	f	f	2026-04-08 08:35:31.66018	2026-04-08 08:35:31.66018
433	\N	1	1	expense	{"en_US": "Losses on intangible assets", "es_ES": "Pérdidas procedentes del inmovilizado intangible"}	{"1": "670000"}	\N	f	f	f	2026-04-08 08:35:31.66018	2026-04-08 08:35:31.66018
434	\N	1	1	expense	{"en_US": "Losses on investment property", "es_ES": "Pérdidas procedentes de las inversiones inmobiliarias"}	{"1": "672000"}	\N	f	f	f	2026-04-08 08:35:31.66018	2026-04-08 08:35:31.66018
435	\N	1	1	expense	{"en_US": "Losses on non-current investments, group companies", "es_ES": "Pérdidas procedentes de participaciones en, empresas del grupo"}	{"1": "673300"}	\N	f	f	f	2026-04-08 08:35:31.66018	2026-04-08 08:35:31.66018
436	\N	1	1	expense	{"en_US": "Losses on non-current investments, associates", "es_ES": "Pérdidas procedentes de participaciones, empresas asociadas"}	{"1": "673400"}	\N	f	f	f	2026-04-08 08:35:31.66018	2026-04-08 08:35:31.66018
437	\N	1	1	expense	{"en_US": "Losses on non-current investments, other related parties", "es_ES": "Pérdidas procedentes de participaciones, otras partes vinculadas"}	{"1": "673500"}	\N	f	f	f	2026-04-08 08:35:31.66018	2026-04-08 08:35:31.66018
438	\N	1	1	expense	{"en_US": "Losses on transactions with own bonds", "es_ES": "Pérdidas por operaciones con obligaciones propias"}	{"1": "675000"}	\N	f	f	f	2026-04-08 08:35:31.66018	2026-04-08 08:35:31.66018
439	\N	1	1	expense	{"en_US": "Exceptional expenses", "es_ES": "Gastos excepcionales"}	{"1": "678000"}	\N	f	f	f	2026-04-08 08:35:31.66018	2026-04-08 08:35:31.66018
440	\N	1	1	expense	{"en_US": "Amortisation of intangible assets", "es_ES": "Amortización del inmovilizado intangible"}	{"1": "680000"}	\N	f	f	f	2026-04-08 08:35:31.66018	2026-04-08 08:35:31.66018
441	\N	1	1	expense	{"en_US": "Depreciation of property, plant and equipment", "es_ES": "Amortización del inmovilizado material"}	{"1": "681000"}	\N	f	f	f	2026-04-08 08:35:31.66018	2026-04-08 08:35:31.66018
442	\N	1	1	expense	{"en_US": "Depreciation of investment property", "es_ES": "Amortización de las inversiones inmobiliarias"}	{"1": "682000"}	\N	f	f	f	2026-04-08 08:35:31.66018	2026-04-08 08:35:31.66018
443	\N	1	1	expense	{"en_US": "Impairment losses on intangible assets", "es_ES": "Pérdidas por deterioro del inmovilizado intangible"}	{"1": "690000"}	\N	f	f	f	2026-04-08 08:35:31.66018	2026-04-08 08:35:31.66018
444	\N	1	1	expense	{"en_US": "Impairment losses on investment property", "es_ES": "Pérdidas por deterioro de las inversiones inmobiliarias"}	{"1": "692000"}	\N	f	f	f	2026-04-08 08:35:31.66018	2026-04-08 08:35:31.66018
445	\N	1	1	expense	{"en_US": "Impairment losses on finished goods and work in progress", "es_ES": "Pérdidas por deterioro de productos terminados y en curso de fabricación"}	{"1": "693000"}	\N	f	f	f	2026-04-08 08:35:31.66018	2026-04-08 08:35:31.66018
446	\N	1	1	expense	{"en_US": "Impairment losses on merchandise", "es_ES": "Pérdidas por deterioro de mercaderías"}	{"1": "693100"}	\N	f	f	f	2026-04-08 08:35:31.66018	2026-04-08 08:35:31.66018
447	\N	1	1	expense	{"en_US": "Impairment losses on raw materials", "es_ES": "Pérdidas por deterioro de materias primas"}	{"1": "693200"}	\N	f	f	f	2026-04-08 08:35:31.66018	2026-04-08 08:35:31.66018
448	\N	1	1	expense	{"en_US": "Impairment losses on other supplies", "es_ES": "Pérdidas por deterioro de otros aprovisionamientos"}	{"1": "693300"}	\N	f	f	f	2026-04-08 08:35:31.66018	2026-04-08 08:35:31.66018
449	\N	1	1	expense	{"en_US": "Provisions for onerous contracts", "es_ES": "Dotación a la provisión por contratos onerosos"}	{"1": "695400"}	\N	f	f	f	2026-04-08 08:35:31.66018	2026-04-08 08:35:31.66018
450	\N	1	1	expense	{"en_US": "Provisions for other trade operations", "es_ES": "Dotación a la provisión para otras operaciones comerciales"}	{"1": "695900"}	\N	f	f	f	2026-04-08 08:35:31.66018	2026-04-08 08:35:31.66018
451	\N	1	1	expense	{"en_US": "Impairment losses on non-current investments, group companies", "es_ES": "Pérdidas por deterioro de participaciones en instrumentos de patrimonio neto, empresas del grupo"}	{"1": "696000"}	\N	f	f	f	2026-04-08 08:35:31.66018	2026-04-08 08:35:31.66018
452	\N	1	1	expense	{"en_US": "Impairment losses on non-current investments, associates", "es_ES": "Pérdidas por deterioro de participaciones en instrumentos de patrimonio neto, empresas asociadas"}	{"1": "696100"}	\N	f	f	f	2026-04-08 08:35:31.66018	2026-04-08 08:35:31.66018
453	\N	1	1	expense	{"en_US": "Impairment losses on non-current investments, other related parties", "es_ES": "Pérdidas por deterioro de participaciones en instrumentos de patrimonio neto, otras partes vinculadas"}	{"1": "696200"}	\N	f	f	f	2026-04-08 08:35:31.66018	2026-04-08 08:35:31.66018
454	\N	1	1	expense	{"en_US": "Impairment losses on non-current investments, other companies", "es_ES": "Pérdidas por deterioro de participaciones en instrumentos de patrimonio neto, otras empresas"}	{"1": "696300"}	\N	f	f	f	2026-04-08 08:35:31.66018	2026-04-08 08:35:31.66018
455	\N	1	1	expense	{"en_US": "Impairment losses on non-current debt securities, group companies", "es_ES": "Pérdidas por deterioro en valores representativos de deuda, empresas del grupo"}	{"1": "696500"}	\N	f	f	f	2026-04-08 08:35:31.66018	2026-04-08 08:35:31.66018
456	\N	1	1	expense	{"en_US": "Impairment losses on non-current debt securities, associates", "es_ES": "Pérdidas por deterioro en valores representativos de deuda, empresas asociadas"}	{"1": "696600"}	\N	f	f	f	2026-04-08 08:35:31.66018	2026-04-08 08:35:31.66018
457	\N	1	1	expense	{"en_US": "Impairment losses on non-current debt securities, other related parties", "es_ES": "Pérdidas por deterioro en valores representativos de deuda, otras partes vinculadas"}	{"1": "696700"}	\N	f	f	f	2026-04-08 08:35:31.66018	2026-04-08 08:35:31.66018
458	\N	1	1	expense	{"en_US": "Impairment losses on non-current debt securities, other companies", "es_ES": "Pérdidas por deterioro en valores representativos de deuda, otras empresas"}	{"1": "696800"}	\N	f	f	f	2026-04-08 08:35:31.66018	2026-04-08 08:35:31.66018
459	\N	1	1	expense	{"en_US": "Impairment losses on non-current loans, group companies", "es_ES": "Pérdidas por deterioro de créditos, empresas del grupo"}	{"1": "697000"}	\N	f	f	f	2026-04-08 08:35:31.66018	2026-04-08 08:35:31.66018
460	\N	1	1	expense	{"en_US": "Impairment losses on non-current loans, associates", "es_ES": "Pérdidas por deterioro de créditos, empresas asociadas"}	{"1": "697100"}	\N	f	f	f	2026-04-08 08:35:31.66018	2026-04-08 08:35:31.66018
461	\N	1	1	expense	{"en_US": "Impairment losses on non-current loans, other related parties", "es_ES": "Pérdidas por deterioro de créditos, otras partes vinculadas"}	{"1": "697200"}	\N	f	f	f	2026-04-08 08:35:31.66018	2026-04-08 08:35:31.66018
462	\N	1	1	expense	{"en_US": "Impairment losses on non-current loans, other companies", "es_ES": "Pérdidas por deterioro de créditos, otras empresas"}	{"1": "697300"}	\N	f	f	f	2026-04-08 08:35:31.66018	2026-04-08 08:35:31.66018
463	\N	1	1	expense	{"en_US": "Impairment losses on current investments, group companies", "es_ES": "Pérdidas por deterioro de participaciones en instrumentos de patrimonio neto a corto plazo, empresas del grupo"}	{"1": "698000"}	\N	f	f	f	2026-04-08 08:35:31.66018	2026-04-08 08:35:31.66018
464	\N	1	1	expense	{"en_US": "Impairment losses on current investments, associates", "es_ES": "Pérdidas por deterioro de participaciones en instrumentos de patrimonio neto a corto plazo, empresas asociadas"}	{"1": "698100"}	\N	f	f	f	2026-04-08 08:35:31.66018	2026-04-08 08:35:31.66018
465	\N	1	1	expense	{"en_US": "Impairment losses on current debt securities, group companies", "es_ES": "Pérdidas por deterioro en valores representativos de deuda a corto plazo, empresas del grupo"}	{"1": "698500"}	\N	f	f	f	2026-04-08 08:35:31.66018	2026-04-08 08:35:31.66018
466	\N	1	1	expense	{"en_US": "Impairment losses on current debt securities, associates", "es_ES": "Pérdidas por deterioro en valores representativos de deuda a corto plazo, empresas asociadas"}	{"1": "698600"}	\N	f	f	f	2026-04-08 08:35:31.66018	2026-04-08 08:35:31.66018
467	\N	1	1	expense	{"en_US": "Impairment losses on current debt securities, other related parties", "es_ES": "Pérdidas por deterioro en valores representativos de deuda a corto plazo, otras partes vinculadas"}	{"1": "698700"}	\N	f	f	f	2026-04-08 08:35:31.66018	2026-04-08 08:35:31.66018
468	\N	1	1	expense	{"en_US": "Impairment losses on current debt securities, other companies", "es_ES": "Pérdidas por deterioro en valores representativos de deuda a corto plazo, otras empresas"}	{"1": "698800"}	\N	f	f	f	2026-04-08 08:35:31.66018	2026-04-08 08:35:31.66018
469	\N	1	1	expense	{"en_US": "Impairment losses on current loans, group companies", "es_ES": "Pérdidas por deterioro de créditos a corto plazo, empresas del grupo"}	{"1": "699000"}	\N	f	f	f	2026-04-08 08:35:31.66018	2026-04-08 08:35:31.66018
470	\N	1	1	expense	{"en_US": "Impairment losses on current loans, associates", "es_ES": "Pérdidas por deterioro de créditos a corto plazo, empresas asociadas"}	{"1": "699100"}	\N	f	f	f	2026-04-08 08:35:31.66018	2026-04-08 08:35:31.66018
471	\N	1	1	expense	{"en_US": "Impairment losses on current loans, other related parties", "es_ES": "Pérdidas por deterioro de créditos a corto plazo, otras partes vinculadas"}	{"1": "699200"}	\N	f	f	f	2026-04-08 08:35:31.66018	2026-04-08 08:35:31.66018
472	\N	1	1	expense	{"en_US": "Impairment losses on current loans, other companies", "es_ES": "Pérdidas por deterioro de créditos a corto plazo, otras empresas"}	{"1": "699300"}	\N	f	f	f	2026-04-08 08:35:31.66018	2026-04-08 08:35:31.66018
473	\N	1	1	income	{"en_US": "Merchandise sold Spain", "es_ES": "Ventas de mercaderías en España"}	{"1": "700000"}	\N	f	f	f	2026-04-08 08:35:31.66018	2026-04-08 08:35:31.66018
474	\N	1	1	income	{"en_US": "Merchandise sold Intra-community", "es_ES": "Ventas de mercaderías Intracomunitarias"}	{"1": "700100"}	\N	f	f	f	2026-04-08 08:35:31.66018	2026-04-08 08:35:31.66018
475	\N	1	1	income	{"en_US": "Merchandise sold Export", "es_ES": "Ventas de mercaderías Exportación"}	{"1": "700200"}	\N	f	f	f	2026-04-08 08:35:31.66018	2026-04-08 08:35:31.66018
476	\N	1	1	income	{"en_US": "Finished goods sold Spain", "es_ES": "Ventas de productos terminados en España"}	{"1": "701000"}	\N	f	f	f	2026-04-08 08:35:31.66018	2026-04-08 08:35:31.66018
477	\N	1	1	income	{"en_US": "Finished goods sold Intra-community", "es_ES": "Ventas de productos terminados Intracomunitarias"}	{"1": "701100"}	\N	f	f	f	2026-04-08 08:35:31.66018	2026-04-08 08:35:31.66018
478	\N	1	1	income	{"en_US": "Finished goods sold Export", "es_ES": "Ventas de productos terminados Exportación"}	{"1": "701200"}	\N	f	f	f	2026-04-08 08:35:31.66018	2026-04-08 08:35:31.66018
479	\N	1	1	income	{"en_US": "Semi-finished goods sold Spain", "es_ES": "Ventas de productos semiterminados en España"}	{"1": "702000"}	\N	f	f	f	2026-04-08 08:35:31.66018	2026-04-08 08:35:31.66018
480	\N	1	1	income	{"en_US": "Semi-finished goods sold Intra-community", "es_ES": "Ventas de productos semiterminados Intracomunitarias"}	{"1": "702100"}	\N	f	f	f	2026-04-08 08:35:31.66018	2026-04-08 08:35:31.66018
481	\N	1	1	income	{"en_US": "Semi-finished goods sold Export", "es_ES": "Ventas de productos semiterminados Exportación"}	{"1": "702200"}	\N	f	f	f	2026-04-08 08:35:31.66018	2026-04-08 08:35:31.66018
482	\N	1	1	income	{"en_US": "By-products and wastes sold Spain", "es_ES": "Ventas de subproductos y residuos en España"}	{"1": "703000"}	\N	f	f	f	2026-04-08 08:35:31.66018	2026-04-08 08:35:31.66018
483	\N	1	1	income	{"en_US": "By-products and wastes sold Intra-community", "es_ES": "Ventas de subproductos y residuos Intracomunitarias"}	{"1": "703100"}	\N	f	f	f	2026-04-08 08:35:31.66018	2026-04-08 08:35:31.66018
484	\N	1	1	income	{"en_US": "By-products and wastes sold Export", "es_ES": "Ventas de subproductos y residuos Exportación"}	{"1": "703200"}	\N	f	f	f	2026-04-08 08:35:31.66018	2026-04-08 08:35:31.66018
485	\N	1	1	income	{"en_US": "Containers and packaging sold Spain", "es_ES": "Ventas de envases y embalajes en España"}	{"1": "704000"}	\N	f	f	f	2026-04-08 08:35:31.66018	2026-04-08 08:35:31.66018
486	\N	1	1	income	{"en_US": "Containers and packaging sold Intra-community", "es_ES": "Ventas de envases y embalajes Intracomunitarias"}	{"1": "704100"}	\N	f	f	f	2026-04-08 08:35:31.66018	2026-04-08 08:35:31.66018
487	\N	1	1	income	{"en_US": "Containers and packaging sold Export", "es_ES": "Ventas de envases y embalajes Exportación"}	{"1": "704200"}	\N	f	f	f	2026-04-08 08:35:31.66018	2026-04-08 08:35:31.66018
488	\N	1	1	income	{"en_US": "Services rendered Spain", "es_ES": "Prestaciones de servicios en España"}	{"1": "705000"}	\N	f	f	f	2026-04-08 08:35:31.66018	2026-04-08 08:35:31.66018
489	\N	1	1	income	{"en_US": "Services rendered Intra-community", "es_ES": "Prestaciones de servicios Intracomunitarias"}	{"1": "705100"}	\N	f	f	f	2026-04-08 08:35:31.66018	2026-04-08 08:35:31.66018
490	\N	1	1	income	{"en_US": "Services rendered Export", "es_ES": "Prestaciones de servicios fuera de la UE"}	{"1": "705200"}	\N	f	f	f	2026-04-08 08:35:31.66018	2026-04-08 08:35:31.66018
491	\N	1	1	income	{"en_US": "Prompt payment discounts on merchandise sold", "es_ES": "Descuentos sobre ventas por pronto pago de mercaderías"}	{"1": "706000"}	\N	f	f	f	2026-04-08 08:35:31.66018	2026-04-08 08:35:31.66018
492	\N	1	1	income	{"en_US": "Prompt payment discounts on finished goods sold", "es_ES": "Descuentos sobre ventas por pronto pago de productos terminados"}	{"1": "706100"}	\N	f	f	f	2026-04-08 08:35:31.66018	2026-04-08 08:35:31.66018
493	\N	1	1	income	{"en_US": "Prompt payment discounts on semi-finished goods sold", "es_ES": "Descuentos sobre ventas por pronto pago de productos semiterminados"}	{"1": "706200"}	\N	f	f	f	2026-04-08 08:35:31.66018	2026-04-08 08:35:31.66018
494	\N	1	1	income	{"en_US": "Prompt payment discounts on by-products and waste sold", "es_ES": "Descuentos sobre ventas por pronto pago de subproductos y residuos"}	{"1": "706300"}	\N	f	f	f	2026-04-08 08:35:31.66018	2026-04-08 08:35:31.66018
495	\N	1	1	income	{"en_US": "Returns of merchandise sold", "es_ES": "Devoluciones de ventas de mercaderías"}	{"1": "708000"}	\N	f	f	f	2026-04-08 08:35:31.66018	2026-04-08 08:35:31.66018
496	\N	1	1	income	{"en_US": "Returns of finished goods sold", "es_ES": "Devoluciones de ventas de productos terminados"}	{"1": "708100"}	\N	f	f	f	2026-04-08 08:35:31.66018	2026-04-08 08:35:31.66018
497	\N	1	1	income	{"en_US": "Returns of semi-finished goods sold", "es_ES": "Devoluciones de ventas de productos semiterminados"}	{"1": "708200"}	\N	f	f	f	2026-04-08 08:35:31.66018	2026-04-08 08:35:31.66018
498	\N	1	1	income	{"en_US": "Returns of by-products and waste sold", "es_ES": "Devoluciones de ventas de subproductos y residuos"}	{"1": "708300"}	\N	f	f	f	2026-04-08 08:35:31.66018	2026-04-08 08:35:31.66018
499	\N	1	1	income	{"en_US": "Returns of containers and packaging sold", "es_ES": "Devoluciones de ventas de envases y embalajes"}	{"1": "708400"}	\N	f	f	f	2026-04-08 08:35:31.66018	2026-04-08 08:35:31.66018
500	\N	1	1	income	{"en_US": "\\"Rappels\\" of merchandise sales", "es_ES": "\\"Rappels\\" sobre ventas de mercaderías"}	{"1": "709000"}	\N	f	f	f	2026-04-08 08:35:31.66018	2026-04-08 08:35:31.66018
501	\N	1	1	income	{"en_US": "\\"Rappels\\" of finished goods sales", "es_ES": "\\"Rappels\\" sobre ventas de productos terminados"}	{"1": "709100"}	\N	f	f	f	2026-04-08 08:35:31.66018	2026-04-08 08:35:31.66018
502	\N	1	1	income	{"en_US": "\\"Rappels\\" of semi-finished goods sales", "es_ES": "\\"Rappels\\" sobre ventas de productos semiterminados"}	{"1": "709200"}	\N	f	f	f	2026-04-08 08:35:31.66018	2026-04-08 08:35:31.66018
503	\N	1	1	income	{"en_US": "\\"Rappels\\" of by-products and waste sales", "es_ES": "\\"Rappels\\" sobre ventas de subproductos y residuos"}	{"1": "709300"}	\N	f	f	f	2026-04-08 08:35:31.66018	2026-04-08 08:35:31.66018
504	\N	1	1	income	{"en_US": "\\"Rappels\\" of containers and packaging sales", "es_ES": "\\"Rappels\\" sobre ventas de envases y embalajes"}	{"1": "709400"}	\N	f	f	f	2026-04-08 08:35:31.66018	2026-04-08 08:35:31.66018
505	\N	1	1	income	{"en_US": "Changes in inventories of work in progress", "es_ES": "Variación de existencias de productos en curso"}	{"1": "710000"}	\N	f	f	f	2026-04-08 08:35:31.66018	2026-04-08 08:35:31.66018
506	\N	1	1	income	{"en_US": "Changes in inventories of semi-finished goods", "es_ES": "Variación de existencias de productos semiterminados"}	{"1": "711000"}	\N	f	f	f	2026-04-08 08:35:31.66018	2026-04-08 08:35:31.66018
507	\N	1	1	income	{"en_US": "Changes in inventories of finished goods", "es_ES": "Variación de existencias de productos terminados"}	{"1": "712000"}	\N	f	f	f	2026-04-08 08:35:31.66018	2026-04-08 08:35:31.66018
508	\N	1	1	income	{"en_US": "Changes in inventories of by-products, waste and recovered materials", "es_ES": "Variación de existencias de subproductos, residuos y materiales recuperados"}	{"1": "713000"}	\N	f	f	f	2026-04-08 08:35:31.66018	2026-04-08 08:35:31.66018
509	\N	1	1	income	{"en_US": "Work carried out by the company for intangible assets", "es_ES": "Trabajos realizados para el inmovilizado intangible"}	{"1": "730000"}	\N	f	f	f	2026-04-08 08:35:31.66018	2026-04-08 08:35:31.66018
510	\N	1	1	income	{"en_US": "Work carried out by the company for property, plant and equipment", "es_ES": "Trabajos realizados para el inmovilizado material"}	{"1": "731000"}	\N	f	f	f	2026-04-08 08:35:31.66018	2026-04-08 08:35:31.66018
511	\N	1	1	income	{"en_US": "Work carried out by the company for investment property", "es_ES": "Trabajos realizados en inversiones inmobiliarias"}	{"1": "732000"}	\N	f	f	f	2026-04-08 08:35:31.66018	2026-04-08 08:35:31.66018
512	\N	1	1	income	{"en_US": "Work carried out by the company for property, plant and equipment in progress", "es_ES": "Trabajos realizados para el inmovilizado material en curso"}	{"1": "733000"}	\N	f	f	f	2026-04-08 08:35:31.66018	2026-04-08 08:35:31.66018
513	\N	1	1	income	{"en_US": "Operating grants, donations and bequests", "es_ES": "Subvenciones, donaciones y legados a la explotación"}	{"1": "740000"}	\N	f	f	f	2026-04-08 08:35:31.66018	2026-04-08 08:35:31.66018
514	\N	1	1	income	{"en_US": "Capital grants, donations and bequests taken to income of a non-financial nature", "es_ES": "Subvenciones, donaciones y legados de capital transferidos al resultado del ejercicio de carácter no financiero"}	{"1": "746000"}	\N	f	f	f	2026-04-08 08:35:31.66018	2026-04-08 08:35:31.66018
515	\N	1	1	income	{"en_US": "Capital grants, donations and bequests taken to income of a financial nature", "es_ES": "Subvenciones, donaciones y legados de capital transferidos al resultado del ejercicio de carácter financiero"}	{"1": "746100"}	\N	f	f	f	2026-04-08 08:35:31.66018	2026-04-08 08:35:31.66018
516	\N	1	1	income	{"en_US": "Other grants, donations and bequests taken to income", "es_ES": "Otras subvenciones, donaciones y legados transferidos al resultado del ejercicio"}	{"1": "747000"}	\N	f	f	f	2026-04-08 08:35:31.66018	2026-04-08 08:35:31.66018
517	\N	1	1	income	{"en_US": "Losses transferred (trustee)", "es_ES": "Pérdida transferido (gestor)"}	{"1": "751000"}	\N	f	f	f	2026-04-08 08:35:31.66018	2026-04-08 08:35:31.66018
518	\N	1	1	income	{"en_US": "Attributable profit (non-trustee venturer or associate)", "es_ES": "Beneficio atribuido (partícipe o asociado no gestor)"}	{"1": "751100"}	\N	f	f	f	2026-04-08 08:35:31.66018	2026-04-08 08:35:31.66018
519	\N	1	1	income	{"en_US": "Income from lease agreements", "es_ES": "Ingresos por arrendamientos"}	{"1": "752000"}	\N	f	f	f	2026-04-08 08:35:31.66018	2026-04-08 08:35:31.66018
520	\N	1	1	income	{"en_US": "Income from transfer of industrial property rights", "es_ES": "Ingresos de propiedad industrial cedida en explotación"}	{"1": "753000"}	\N	f	f	f	2026-04-08 08:35:31.66018	2026-04-08 08:35:31.66018
521	\N	1	1	income	{"en_US": "Commission income", "es_ES": "Ingresos por comisiones"}	{"1": "754000"}	\N	f	f	f	2026-04-08 08:35:31.66018	2026-04-08 08:35:31.66018
522	\N	1	1	income	{"en_US": "Income from services to personnel", "es_ES": "Ingresos por servicios al personal"}	{"1": "755000"}	\N	f	f	f	2026-04-08 08:35:31.66018	2026-04-08 08:35:31.66018
523	\N	1	1	income	{"en_US": "Income from other services", "es_ES": "Ingresos por servicios diversos"}	{"1": "759000"}	\N	f	f	f	2026-04-08 08:35:31.66018	2026-04-08 08:35:31.66018
524	\N	1	1	income	{"en_US": "Dividends, group companies", "es_ES": "Ingresos de participaciones en instrumentos de patrimonio, empresas del grupo"}	{"1": "760000"}	\N	f	f	f	2026-04-08 08:35:31.66018	2026-04-08 08:35:31.66018
525	\N	1	1	income	{"en_US": "Dividends, associates", "es_ES": "Ingresos de participaciones en instrumentos de patrimonio, empresas asociadas"}	{"1": "760100"}	\N	f	f	f	2026-04-08 08:35:31.66018	2026-04-08 08:35:31.66018
526	\N	1	1	income	{"en_US": "Dividends, other related parties", "es_ES": "Ingresos de participaciones en instrumentos de patrimonio, otras partes vinculadas"}	{"1": "760200"}	\N	f	f	f	2026-04-08 08:35:31.66018	2026-04-08 08:35:31.66018
527	\N	1	1	income	{"en_US": "Dividends, other companies", "es_ES": "Ingresos de participaciones en instrumentos de patrimonio, otras empresas"}	{"1": "760300"}	\N	f	f	f	2026-04-08 08:35:31.66018	2026-04-08 08:35:31.66018
528	\N	1	1	income	{"en_US": "Income from debt securities, group companies", "es_ES": "Ingresos de valores representativos de deuda, empresas del grupo"}	{"1": "761000"}	\N	f	f	f	2026-04-08 08:35:31.66018	2026-04-08 08:35:31.66018
529	\N	1	1	income	{"en_US": "Income from debt securities, associates", "es_ES": "Ingresos de valores representativos de deuda, empresas asociadas"}	{"1": "761100"}	\N	f	f	f	2026-04-08 08:35:31.66018	2026-04-08 08:35:31.66018
530	\N	1	1	income	{"en_US": "Income from debt securities, other related parties", "es_ES": "Ingresos de valores representativos de deuda, otras partes vinculadas"}	{"1": "761200"}	\N	f	f	f	2026-04-08 08:35:31.66018	2026-04-08 08:35:31.66018
531	\N	1	1	income	{"en_US": "Income from debt securities, other companies", "es_ES": "Ingresos de valores representativos de deuda, otras empresas"}	{"1": "761300"}	\N	f	f	f	2026-04-08 08:35:31.66018	2026-04-08 08:35:31.66018
532	\N	1	1	income	{"en_US": "Income from non-current loans, group companies", "es_ES": "Ingresos de créditos a largo plazo, empresas del grupo"}	{"1": "762000"}	\N	f	f	f	2026-04-08 08:35:31.66018	2026-04-08 08:35:31.66018
533	\N	1	1	income	{"en_US": "Income from non-current loans, associates", "es_ES": "Ingresos de créditos a largo plazo, empresas asociadas"}	{"1": "762010"}	\N	f	f	f	2026-04-08 08:35:31.66018	2026-04-08 08:35:31.66018
534	\N	1	1	income	{"en_US": "Income from non-current loans, other related parties", "es_ES": "Ingresos de créditos a largo plazo, otras partes vinculadas"}	{"1": "762020"}	\N	f	f	f	2026-04-08 08:35:31.66018	2026-04-08 08:35:31.66018
535	\N	1	1	income	{"en_US": "Income from non-current loans, other companies", "es_ES": "Ingresos de créditos a largo plazo, otras empresas"}	{"1": "762030"}	\N	f	f	f	2026-04-08 08:35:31.66018	2026-04-08 08:35:31.66018
536	\N	1	1	income	{"en_US": "Income from current loans, group companies", "es_ES": "Ingresos de créditos a corto plazo, empresas del grupo"}	{"1": "762100"}	\N	f	f	f	2026-04-08 08:35:31.66018	2026-04-08 08:35:31.66018
537	\N	1	1	income	{"en_US": "Income from current loans, associates", "es_ES": "Ingresos de créditos a corto plazo, empresas asociadas"}	{"1": "762110"}	\N	f	f	f	2026-04-08 08:35:31.66018	2026-04-08 08:35:31.66018
538	\N	1	1	income	{"en_US": "Income from current loans, other related parties", "es_ES": "Ingresos de créditos a corto plazo, otras partes vinculadas"}	{"1": "762120"}	\N	f	f	f	2026-04-08 08:35:31.66018	2026-04-08 08:35:31.66018
539	\N	1	1	income	{"en_US": "Income from current loans, other companies", "es_ES": "Ingresos de créditos a corto plazo, otras empresas"}	{"1": "762130"}	\N	f	f	f	2026-04-08 08:35:31.66018	2026-04-08 08:35:31.66018
540	\N	1	1	income	{"en_US": "Gains on non-current debt securities, group companies", "es_ES": "Beneficios en valores representativos de deuda a largo plazo, empresas del grupo"}	{"1": "766000"}	\N	f	f	f	2026-04-08 08:35:31.66018	2026-04-08 08:35:31.66018
541	\N	1	1	income	{"en_US": "Gains on non-current debt securities, associates", "es_ES": "Beneficios en valores representativos de deuda a largo plazo, empresas asociadas"}	{"1": "766100"}	\N	f	f	f	2026-04-08 08:35:31.66018	2026-04-08 08:35:31.66018
542	\N	1	1	income	{"en_US": "Gains on non-current debt securities, other related parties", "es_ES": "Beneficios en valores representativos de deuda a largo plazo, otras partes vinculadas"}	{"1": "766200"}	\N	f	f	f	2026-04-08 08:35:31.66018	2026-04-08 08:35:31.66018
543	\N	1	1	income	{"en_US": "Gains on non-current investments and debt securities, other companies", "es_ES": "Beneficios en valores representativos de deuda a largo plazo, otras empresas"}	{"1": "766300"}	\N	f	f	f	2026-04-08 08:35:31.66018	2026-04-08 08:35:31.66018
544	\N	1	1	income	{"en_US": "Gains on current investments and debt securities, group companies", "es_ES": "Beneficios en valores representativos de deuda a corto plazo, empresas del grupo"}	{"1": "766500"}	\N	f	f	f	2026-04-08 08:35:31.66018	2026-04-08 08:35:31.66018
545	\N	1	1	income	{"en_US": "Gains on current investments and debt securities, associates", "es_ES": "Beneficios en valores representativos de deuda a corto plazo, empresas asociadas"}	{"1": "766600"}	\N	f	f	f	2026-04-08 08:35:31.66018	2026-04-08 08:35:31.66018
546	\N	1	1	income	{"en_US": "Gains on current debt securities, other related parties", "es_ES": "Beneficios en valores representativos de deuda a corto plazo, otras partes vinculadas"}	{"1": "766700"}	\N	f	f	f	2026-04-08 08:35:31.66018	2026-04-08 08:35:31.66018
547	\N	1	1	income	{"en_US": "Gains on current debt securities, other companies", "es_ES": "Beneficios en valores representativos de deuda a corto plazo, otras empresas"}	{"1": "766800"}	\N	f	f	f	2026-04-08 08:35:31.66018	2026-04-08 08:35:31.66018
548	\N	1	1	income_other	{"en_US": "Exchange gains", "es_ES": "Diferencias positivas de cambio"}	{"1": "768000"}	\N	f	f	f	2026-04-08 08:35:31.66018	2026-04-08 08:35:31.66018
549	\N	1	1	income	{"en_US": "Other financial income", "es_ES": "Otros ingresos financieros"}	{"1": "769000"}	\N	f	f	f	2026-04-08 08:35:31.66018	2026-04-08 08:35:31.66018
550	\N	1	1	income	{"en_US": "Gains on intangible assets", "es_ES": "Beneficios procedentes del inmovilizado intangible"}	{"1": "770000"}	\N	f	f	f	2026-04-08 08:35:31.66018	2026-04-08 08:35:31.66018
551	\N	1	1	income	{"en_US": "Gains on property, plant and equipment", "es_ES": "Beneficios procedentes del inmovilizado material"}	{"1": "771000"}	\N	f	f	f	2026-04-08 08:35:31.66018	2026-04-08 08:35:31.66018
552	\N	1	1	income	{"en_US": "Gains on investment property", "es_ES": "Beneficios procedentes de las inversiones inmobiliarias"}	{"1": "772000"}	\N	f	f	f	2026-04-08 08:35:31.66018	2026-04-08 08:35:31.66018
553	\N	1	1	income	{"en_US": "Gains on non-current investments, group companies", "es_ES": "Beneficios procedentes de participaciones a largo plazo, empresas del grupo"}	{"1": "773300"}	\N	f	f	f	2026-04-08 08:35:31.66018	2026-04-08 08:35:31.66018
554	\N	1	1	income	{"en_US": "Gains on non-current investments, associates", "es_ES": "Beneficios procedentes de participaciones a largo plazo, empresas asociadas"}	{"1": "773400"}	\N	f	f	f	2026-04-08 08:35:31.66018	2026-04-08 08:35:31.66018
555	\N	1	1	income	{"en_US": "Gains on non-current investments, other related parties", "es_ES": "Beneficios procedentes de participaciones a largo plazo, otras partes vinculadas"}	{"1": "773500"}	\N	f	f	f	2026-04-08 08:35:31.66018	2026-04-08 08:35:31.66018
556	\N	1	1	income	{"en_US": "Gains on transaction with own bonds", "es_ES": "Beneficos por operaciones con obligaciones propias"}	{"1": "775000"}	\N	f	f	f	2026-04-08 08:35:31.66018	2026-04-08 08:35:31.66018
557	\N	1	1	income	{"en_US": "Exceptional income", "es_ES": "Ingresos excepcionales"}	{"1": "778000"}	\N	f	f	f	2026-04-08 08:35:31.66018	2026-04-08 08:35:31.66018
558	\N	1	1	income	{"en_US": "Reversal of impairment of intangible assets", "es_ES": "Reversión del deterioro del inmovilizado intangible"}	{"1": "790000"}	\N	f	f	f	2026-04-08 08:35:31.66018	2026-04-08 08:35:31.66018
559	\N	1	1	income	{"en_US": "Reversal of impairment of investment property", "es_ES": "Reversión del deterioro de las inversiones inmobiliarias"}	{"1": "792000"}	\N	f	f	f	2026-04-08 08:35:31.66018	2026-04-08 08:35:31.66018
560	\N	1	1	income	{"en_US": "Reversal of impairment of finished goods and work in progress", "es_ES": "Reversión del deterioro de productos terminados y en curso de fabricación"}	{"1": "793000"}	\N	f	f	f	2026-04-08 08:35:31.66018	2026-04-08 08:35:31.66018
561	\N	1	1	income	{"en_US": "Reversal of impairment of merchandise", "es_ES": "Reversión del deterioro de mercaderías"}	{"1": "793100"}	\N	f	f	f	2026-04-08 08:35:31.66018	2026-04-08 08:35:31.66018
562	\N	1	1	income	{"en_US": "Reversal of impairment of raw materials", "es_ES": "Reversión del deterioro de materias primas"}	{"1": "793200"}	\N	f	f	f	2026-04-08 08:35:31.66018	2026-04-08 08:35:31.66018
563	\N	1	1	income	{"en_US": "Reversal of impairment of other supplies", "es_ES": "Reversión del deterioro de otros aprovisionamientos"}	{"1": "793300"}	\N	f	f	f	2026-04-08 08:35:31.66018	2026-04-08 08:35:31.66018
564	\N	1	1	income	{"en_US": "Surplus provisions for taxes", "es_ES": "Exceso de provisión para impuestos"}	{"1": "795100"}	\N	f	f	f	2026-04-08 08:35:31.66018	2026-04-08 08:35:31.66018
565	\N	1	1	income	{"en_US": "Surplus provisions for other liabilities", "es_ES": "Exceso de provisión para otras responsabilidades"}	{"1": "795200"}	\N	f	f	f	2026-04-08 08:35:31.66018	2026-04-08 08:35:31.66018
566	\N	1	1	income	{"en_US": "Surplus provisions for onerous contracts", "es_ES": "Exceso de provisión por contratos onerosos"}	{"1": "795440"}	\N	f	f	f	2026-04-08 08:35:31.66018	2026-04-08 08:35:31.66018
567	\N	1	1	income	{"en_US": "Surplus provisions for other trade operations", "es_ES": "Exceso de provisión para otras operaciones comerciales"}	{"1": "795490"}	\N	f	f	f	2026-04-08 08:35:31.66018	2026-04-08 08:35:31.66018
568	\N	1	1	income	{"en_US": "Surplus provisions for environmental actions", "es_ES": "Exceso de provisión para actuaciones medioambientales"}	{"1": "795500"}	\N	f	f	f	2026-04-08 08:35:31.66018	2026-04-08 08:35:31.66018
569	\N	1	1	income	{"en_US": "Reversal of impairment of non-current investments, group companies", "es_ES": "Reversión del deterioro de participaciones en instrumentos de patrimonio neto a largo plazo, empresas del grupo"}	{"1": "796000"}	\N	f	f	f	2026-04-08 08:35:31.66018	2026-04-08 08:35:31.66018
570	\N	1	1	income	{"en_US": "Reversal of impairment of non-current investments, associates", "es_ES": "Reversión del deterioro de participaciones en instrumentos de patrimonio neto a largo plazo, empresas asociadas"}	{"1": "796100"}	\N	f	f	f	2026-04-08 08:35:31.66018	2026-04-08 08:35:31.66018
571	\N	1	1	income	{"en_US": "Reversal of impairment of non-current debt securities, group companies", "es_ES": "Reversión del deterioro de valores representativos de deuda a largo plazo, empresas del grupo"}	{"1": "796500"}	\N	f	f	f	2026-04-08 08:35:31.66018	2026-04-08 08:35:31.66018
572	\N	1	1	income	{"en_US": "Reversal of impairment of non-current debt securities, associates", "es_ES": "Reversión del deterioro de valores representativos de deuda a largo plazo, empresas asociadas"}	{"1": "796600"}	\N	f	f	f	2026-04-08 08:35:31.66018	2026-04-08 08:35:31.66018
573	\N	1	1	income	{"en_US": "Reversal of impairment of non-current debt securities, other related parties", "es_ES": "Reversión del deterioro de valores representativos de deuda a largo plazo, otras partes vinculadas"}	{"1": "796700"}	\N	f	f	f	2026-04-08 08:35:31.66018	2026-04-08 08:35:31.66018
574	\N	1	1	income	{"en_US": "Reversal of impairment of non-current debt securities, other companies", "es_ES": "Reversión del deterioro de valores representativos de deuda a largo plazo, otras empresas"}	{"1": "796800"}	\N	f	f	f	2026-04-08 08:35:31.66018	2026-04-08 08:35:31.66018
575	\N	1	1	income	{"en_US": "Reversal of impairment of non-current loans, group companies", "es_ES": "Reversión del deterioro de créditos a largo plazo, empresas del grupo"}	{"1": "797000"}	\N	f	f	f	2026-04-08 08:35:31.66018	2026-04-08 08:35:31.66018
576	\N	1	1	income	{"en_US": "Reversal of impairment of non-current loans, associates", "es_ES": "Reversión del deterioro de créditos a largo plazo, empresas asociadas"}	{"1": "797100"}	\N	f	f	f	2026-04-08 08:35:31.66018	2026-04-08 08:35:31.66018
577	\N	1	1	income	{"en_US": "Reversal of impairment of non-current loans, other related parties", "es_ES": "Reversión del deterioro de créditos a largo plazo, otras partes vinculadas"}	{"1": "797200"}	\N	f	f	f	2026-04-08 08:35:31.66018	2026-04-08 08:35:31.66018
578	\N	1	1	income	{"en_US": "Reversal of impairment of non-current loans, other companies", "es_ES": "Reversión del deterioro de créditos a largo plazo, otras empresas"}	{"1": "797300"}	\N	f	f	f	2026-04-08 08:35:31.66018	2026-04-08 08:35:31.66018
579	\N	1	1	income	{"en_US": "Reversal of impairment of current investments, group companies", "es_ES": "Reversión del deterioro de participaciones en instrumentos de patrimonio neto a corto plazo, empresas del grupo"}	{"1": "798000"}	\N	f	f	f	2026-04-08 08:35:31.66018	2026-04-08 08:35:31.66018
580	\N	1	1	income	{"en_US": "Reversal of impairment of current investments, associates", "es_ES": "Reversión del deterioro de participaciones en instrumentos de patrimonio neto a corto plazo, empresas asociadas"}	{"1": "798100"}	\N	f	f	f	2026-04-08 08:35:31.66018	2026-04-08 08:35:31.66018
581	\N	1	1	income	{"en_US": "Reversal of impairment of current debt securities, group companies", "es_ES": "Reversión del deterioro de valores representativos de deuda a corto plazo, empresas del grupo"}	{"1": "798500"}	\N	f	f	f	2026-04-08 08:35:31.66018	2026-04-08 08:35:31.66018
582	\N	1	1	income	{"en_US": "Reversal of impairment of current debt securities, associates", "es_ES": "Reversión del deterioro de valores representativos de deuda a corto plazo, empresas asociadas"}	{"1": "798600"}	\N	f	f	f	2026-04-08 08:35:31.66018	2026-04-08 08:35:31.66018
583	\N	1	1	income	{"en_US": "Reversal of impairment of current debt securities, other related parties", "es_ES": "Reversión del deterioro de valores representativos de deuda a corto plazo, otras partes vinculadas"}	{"1": "798700"}	\N	f	f	f	2026-04-08 08:35:31.66018	2026-04-08 08:35:31.66018
584	\N	1	1	income	{"en_US": "Reversal of impairment of current debt securities, other companies", "es_ES": "Reversión del deterioro de valores representativos de deuda a corto plazo, otras empresas"}	{"1": "798800"}	\N	f	f	f	2026-04-08 08:35:31.66018	2026-04-08 08:35:31.66018
585	\N	1	1	income	{"en_US": "Reversal of impairment of current loans, group companies", "es_ES": "Reversión del deterioro de créditos a corto plazo, empresas del grupo"}	{"1": "799000"}	\N	f	f	f	2026-04-08 08:35:31.66018	2026-04-08 08:35:31.66018
586	\N	1	1	income	{"en_US": "Reversal of impairment of current loans, associates", "es_ES": "Reversión del deterioro de créditos a corto plazo, empresas asociadas"}	{"1": "799100"}	\N	f	f	f	2026-04-08 08:35:31.66018	2026-04-08 08:35:31.66018
587	\N	1	1	income	{"en_US": "Reversal of impairment of current loans, other related parties", "es_ES": "Reversión del deterioro de créditos a corto plazo, otras partes vinculadas"}	{"1": "799200"}	\N	f	f	f	2026-04-08 08:35:31.66018	2026-04-08 08:35:31.66018
588	\N	1	1	income	{"en_US": "Reversal of impairment of current loans, other companies", "es_ES": "Reversión del deterioro de créditos a corto plazo, otras empresas"}	{"1": "799300"}	\N	f	f	f	2026-04-08 08:35:31.66018	2026-04-08 08:35:31.66018
589	\N	1	1	equity	{"en_US": "Share capital", "es_ES": "Capital social"}	{"1": "100000"}	\N	f	f	f	2026-04-08 08:35:31.66018	2026-04-08 08:35:31.66018
590	\N	1	1	equity	{"en_US": "Uncalled capital", "es_ES": "Socios por desembolsos no exigidos, capital social"}	{"1": "103000"}	\N	f	f	f	2026-04-08 08:35:31.66018	2026-04-08 08:35:31.66018
591	\N	1	1	equity	{"en_US": "Uncalled capital pending registration", "es_ES": "Socios por desembolsos no exigidos, capital pendiente de inscripción"}	{"1": "103400"}	\N	f	f	f	2026-04-08 08:35:31.66018	2026-04-08 08:35:31.66018
592	\N	1	1	equity	{"en_US": "Uncalled non-monetary contributions, capital", "es_ES": "Socios por aportaciones no dinerarias pendientes, capital social"}	{"1": "104000"}	\N	f	f	f	2026-04-08 08:35:31.66018	2026-04-08 08:35:31.66018
593	\N	1	1	equity	{"en_US": "Uncalled non-monetary contributions, capital pending registration", "es_ES": "Socios por aportaciones no dinerarias pendientes, capital pendiente de inscripción"}	{"1": "104400"}	\N	f	f	f	2026-04-08 08:35:31.66018	2026-04-08 08:35:31.66018
594	\N	1	1	equity	{"en_US": "Legal reserve", "es_ES": "Reserva legal"}	{"1": "112000"}	\N	f	f	f	2026-04-08 08:35:31.66018	2026-04-08 08:35:31.66018
595	\N	1	1	equity	{"en_US": "Voluntary reserves", "es_ES": "Reservas voluntarias"}	{"1": "113000"}	\N	f	f	f	2026-04-08 08:35:31.66018	2026-04-08 08:35:31.66018
596	\N	1	1	equity	{"en_US": "Retained earnings", "es_ES": "Remanente"}	{"1": "120000"}	\N	f	f	f	2026-04-08 08:35:31.66018	2026-04-08 08:35:31.66018
597	\N	1	1	equity	{"en_US": "Prior period's losses", "es_ES": "Resultados negativos de ejercicios anteriores"}	{"1": "121000"}	\N	f	f	f	2026-04-08 08:35:31.66018	2026-04-08 08:35:31.66018
598	\N	1	1	equity_unaffected	{"en_US": "Profit/loss for the period", "es_ES": "Resultado del ejercicio"}	{"1": "129000"}	\N	f	f	f	2026-04-08 08:35:31.66018	2026-04-08 08:35:31.66018
599	\N	1	1	equity	{"en_US": "Government capital grants", "es_ES": "Subvenciones oficiales de capital"}	{"1": "130000"}	\N	f	f	f	2026-04-08 08:35:31.66018	2026-04-08 08:35:31.66018
600	\N	1	1	equity	{"en_US": "Other grants, donations and bequests", "es_ES": "Otras subvenciones, donaciones y legados"}	{"1": "132000"}	\N	f	f	f	2026-04-08 08:35:31.66018	2026-04-08 08:35:31.66018
601	\N	1	1	liability_non_current	{"en_US": "Non-current liability-classified shares or equity holdings", "es_ES": "Acciones o participaciones consideradas como pasivos financieros"}	{"1": "150000"}	\N	f	f	f	2026-04-08 08:35:31.66018	2026-04-08 08:35:31.66018
602	\N	1	1	liability_non_current	{"en_US": "Non-current payables", "es_ES": "Deudas"}	{"1": "171000"}	\N	f	f	f	2026-04-08 08:35:31.66018	2026-04-08 08:35:31.66018
603	\N	1	1	asset_fixed	{"en_US": "Non-current investments in group companies", "es_ES": "Participaciones en empresas del grupo"}	{"1": "240300"}	\N	f	f	f	2026-04-08 08:35:31.66018	2026-04-08 08:35:31.66018
604	\N	1	1	asset_fixed	{"en_US": "Non-current investments in associates", "es_ES": "Participaciones en empresas asociadas"}	{"1": "240400"}	\N	f	f	f	2026-04-08 08:35:31.66018	2026-04-08 08:35:31.66018
605	\N	1	1	asset_fixed	{"en_US": "Non-current investments in other related parties", "es_ES": "Participaciones en otras partes vinculadas"}	{"1": "240500"}	\N	f	f	f	2026-04-08 08:35:31.66018	2026-04-08 08:35:31.66018
606	\N	1	1	asset_fixed	{"en_US": "Non-current uncalled equity holdings in group companies", "es_ES": "Desembolsos pendientes sobre participaciones en empresas del grupo"}	{"1": "249300"}	\N	f	f	f	2026-04-08 08:35:31.66018	2026-04-08 08:35:31.66018
607	\N	1	1	asset_fixed	{"en_US": "Non-current uncalled equity holdings in associates", "es_ES": "Desembolsos pendientes sobre participaciones en empresas asociadas"}	{"1": "249400"}	\N	f	f	f	2026-04-08 08:35:31.66018	2026-04-08 08:35:31.66018
608	\N	1	1	asset_fixed	{"en_US": "Non-current uncalled equity holdings in other related parties", "es_ES": "Desembolsos pendientes sobre participaciones en otras partes vinculadas"}	{"1": "249500"}	\N	f	f	f	2026-04-08 08:35:31.66018	2026-04-08 08:35:31.66018
609	\N	1	1	asset_fixed	{"en_US": "Non-current assets arising from derivative financial instruments", "es_ES": "Activos por derivados financieros"}	{"1": "255000"}	\N	f	f	f	2026-04-08 08:35:31.66018	2026-04-08 08:35:31.66018
610	\N	1	1	asset_fixed	{"en_US": "Impairment of non-current investments in other related parties", "es_ES": "Deterioro de valor de participaciones a largo plazo en otras partes vinculadas"}	{"1": "293500"}	\N	f	f	f	2026-04-08 08:35:31.66018	2026-04-08 08:35:31.66018
611	\N	1	1	asset_fixed	{"en_US": "Impairment of non-current investments", "es_ES": "Deterioro de  valor de participaciones en el patrimonio neto a largo plazo"}	{"1": "296000"}	\N	f	f	f	2026-04-08 08:35:31.66018	2026-04-08 08:35:31.66018
612	\N	1	1	liability_current	{"en_US": "Impairment of trade receivables", "es_ES": "Deterioro de valor de créditos por operaciones comerciales"}	{"1": "490000"}	\N	f	f	f	2026-04-08 08:35:31.66018	2026-04-08 08:35:31.66018
613	\N	1	1	liability_current	{"en_US": "Current liability-classified shares or equity holdings", "es_ES": "Acciones o participaciones a corto plazo consideradas como pasivos financieros"}	{"1": "502000"}	\N	f	f	f	2026-04-08 08:35:31.66018	2026-04-08 08:35:31.66018
614	\N	1	1	liability_current	{"en_US": "Current payables", "es_ES": "Deudas a corto plazo"}	{"1": "521000"}	\N	f	f	f	2026-04-08 08:35:31.66018	2026-04-08 08:35:31.66018
615	\N	1	1	liability_payable	{"en_US": "Dividend payable", "es_ES": "Dividendo activo a pagar"}	{"1": "526000"}	\N	f	t	f	2026-04-08 08:35:31.66018	2026-04-08 08:35:31.66018
616	\N	1	1	asset_current	{"en_US": "Current account with equity holders and directors", "es_ES": "Cuenta corriente con socios y administradores"}	{"1": "551000"}	\N	f	f	f	2026-04-08 08:35:31.66018	2026-04-08 08:35:31.66018
617	\N	1	1	liability_current	{"en_US": "Receivable on called-up liability-classified shares or equity holdings", "es_ES": "Socios por desembolsos exigidos sobre acciones o participaciones consideradas como pasivos financieros"}	{"1": "558500"}	\N	f	f	f	2026-04-08 08:35:31.66018	2026-04-08 08:35:31.66018
618	\N	1	1	asset_current	{"en_US": "Impairment of current investments in other related parties", "es_ES": "Deterioro de valor de participaciones a corto plazo en otras partes vinculadas"}	{"1": "593500"}	\N	f	f	f	2026-04-08 08:35:31.66018	2026-04-08 08:35:31.66018
619	\N	1	1	asset_current	{"en_US": "Impairment of current investments", "es_ES": "Deterioro de valor de participaciones a corto plazo"}	{"1": "596000"}	\N	f	f	f	2026-04-08 08:35:31.66018	2026-04-08 08:35:31.66018
620	\N	1	1	expense	{"en_US": "Losses on irrecoverable trade receivables", "es_ES": "Pérdidas de créditos comerciales incobrables"}	{"1": "650000"}	\N	f	f	f	2026-04-08 08:35:31.66018	2026-04-08 08:35:31.66018
621	\N	1	1	expense	{"en_US": "Profit transferred (trustee)", "es_ES": "Beneficio transferido (gestor)"}	{"1": "651000"}	\N	f	f	f	2026-04-08 08:35:31.66018	2026-04-08 08:35:31.66018
622	\N	1	1	expense	{"en_US": "Losses incurred (non-trustee venturer or associate)", "es_ES": "Pérdida soportada (partícipe o asociado no gestor)"}	{"1": "651100"}	\N	f	f	f	2026-04-08 08:35:31.66018	2026-04-08 08:35:31.66018
623	\N	1	1	expense	{"en_US": "Other operating losses", "es_ES": "Otras pérdidas en gestión corriente"}	{"1": "659000"}	\N	f	f	f	2026-04-08 08:35:31.66018	2026-04-08 08:35:31.66018
624	\N	1	1	expense	{"en_US": "Losses on fair value measurement of financial instruments", "es_ES": "Pérdidas por valoración de instrumentos financieros por su valor razonable"}	{"1": "663000"}	\N	f	f	f	2026-04-08 08:35:31.66018	2026-04-08 08:35:31.66018
625	\N	1	1	expense	{"en_US": "Losses on property, plant and equipment", "es_ES": "Pérdidas procedentes del inmovilizado material"}	{"1": "671000"}	\N	f	f	f	2026-04-08 08:35:31.66018	2026-04-08 08:35:31.66018
626	\N	1	1	expense	{"en_US": "Impairment losses on property, plant and equipment", "es_ES": "Pérdidas por deterioro del inmovilizado material"}	{"1": "691000"}	\N	f	f	f	2026-04-08 08:35:31.66018	2026-04-08 08:35:31.66018
627	\N	1	1	expense	{"en_US": "Impairment losses on trade receivables", "es_ES": "Pérdidas por deterioro de créditos por operaciones comerciales"}	{"1": "694000"}	\N	f	f	f	2026-04-08 08:35:31.66018	2026-04-08 08:35:31.66018
628	\N	1	1	income	{"en_US": "Gains on fair value measurement of financial instruments", "es_ES": "Beneficios por valoración de instrumentos financieros por su valor razonable"}	{"1": "763000"}	\N	f	f	f	2026-04-08 08:35:31.66018	2026-04-08 08:35:31.66018
629	\N	1	1	income	{"en_US": "Reversal of impairment of property, plant and equipment", "es_ES": "Reversión del deterioro del inmovilizado material"}	{"1": "791000"}	\N	f	f	f	2026-04-08 08:35:31.66018	2026-04-08 08:35:31.66018
630	\N	1	1	income	{"en_US": "Reversal of impairment of trade receivables", "es_ES": "Reversión del deterioro de créditos por operaciones comerciales"}	{"1": "794000"}	\N	f	f	f	2026-04-08 08:35:31.66018	2026-04-08 08:35:31.66018
631	\N	1	1	income	{"en_US": "Reversal of impairment of non-current investments, other related parties", "es_ES": "Reversión del deterioro de participaciones en instrumentos de patrimonio neto a largo plazo, otras partes vinculadas"}	{"1": "796200"}	\N	f	f	f	2026-04-08 08:35:31.66018	2026-04-08 08:35:31.66018
632	\N	1	1	income	{"en_US": "Reversal of impairment of non-current investments, other companies", "es_ES": "Reversión del deterioro de participaciones en instrumentos de patrimonio neto a largo plazo, otras empresas"}	{"1": "796300"}	\N	f	f	f	2026-04-08 08:35:31.66018	2026-04-08 08:35:31.66018
633	\N	1	1	asset_cash	{"en_US": "Bank", "es_ES": "Banco"}	{"1": "572001"}	\N	f	f	f	2026-04-08 08:35:31.66018	2026-04-08 08:35:31.66018
634	\N	1	1	asset_cash	{"en_US": "Cash", "es_ES": "Efectivo"}	{"1": "570001"}	\N	f	f	f	2026-04-08 08:35:31.66018	2026-04-08 08:35:31.66018
635	\N	1	1	asset_current	{"en_US": "Liquidity Transfer", "es_ES": "Transferencia de liquidez"}	{"1": "572991"}	\N	f	t	f	2026-04-08 08:35:31.66018	2026-04-08 08:35:31.66018
636	\N	1	1	asset_current	{"en_US": "Recibos pendientes", "es_ES": "Recibos pendientes"}	{"1": "572002"}	\N	f	t	f	2026-04-08 08:35:31.66018	2026-04-08 08:46:14.325631
637	\N	1	1	asset_current	{"en_US": "Pagos pendientes", "es_ES": "Pagos pendientes"}	{"1": "572003"}	\N	f	t	f	2026-04-08 08:35:31.66018	2026-04-08 08:46:14.325631
\.


--
-- Data for Name: account_account_account_journal_rel; Type: TABLE DATA; Schema: public; Owner: odoo
--

COPY public.account_account_account_journal_rel (account_account_id, account_journal_id) FROM stdin;
\.


--
-- Data for Name: account_account_account_merge_wizard_rel; Type: TABLE DATA; Schema: public; Owner: odoo
--

COPY public.account_account_account_merge_wizard_rel (account_merge_wizard_id, account_account_id) FROM stdin;
\.


--
-- Data for Name: account_account_account_tag; Type: TABLE DATA; Schema: public; Owner: odoo
--

COPY public.account_account_account_tag (account_account_id, account_account_tag_id) FROM stdin;
\.


--
-- Data for Name: account_account_res_company_rel; Type: TABLE DATA; Schema: public; Owner: odoo
--

COPY public.account_account_res_company_rel (account_account_id, res_company_id) FROM stdin;
1	1
2	1
3	1
4	1
5	1
6	1
7	1
8	1
9	1
10	1
11	1
12	1
13	1
14	1
15	1
16	1
17	1
18	1
19	1
20	1
21	1
22	1
23	1
24	1
25	1
26	1
27	1
28	1
29	1
30	1
31	1
32	1
33	1
34	1
35	1
36	1
37	1
38	1
39	1
40	1
41	1
42	1
43	1
44	1
45	1
46	1
47	1
48	1
49	1
50	1
51	1
52	1
53	1
54	1
55	1
56	1
57	1
58	1
59	1
60	1
61	1
62	1
63	1
64	1
65	1
66	1
67	1
68	1
69	1
70	1
71	1
72	1
73	1
74	1
75	1
76	1
77	1
78	1
79	1
80	1
81	1
82	1
83	1
84	1
85	1
86	1
87	1
88	1
89	1
90	1
91	1
92	1
93	1
94	1
95	1
96	1
97	1
98	1
99	1
100	1
101	1
102	1
103	1
104	1
105	1
106	1
107	1
108	1
109	1
110	1
111	1
112	1
113	1
114	1
115	1
116	1
117	1
118	1
119	1
120	1
121	1
122	1
123	1
124	1
125	1
126	1
127	1
128	1
129	1
130	1
131	1
132	1
133	1
134	1
135	1
136	1
137	1
138	1
139	1
140	1
141	1
142	1
143	1
144	1
145	1
146	1
147	1
148	1
149	1
150	1
151	1
152	1
153	1
154	1
155	1
156	1
157	1
158	1
159	1
160	1
161	1
162	1
163	1
164	1
165	1
166	1
167	1
168	1
169	1
170	1
171	1
172	1
173	1
174	1
175	1
176	1
177	1
178	1
179	1
180	1
181	1
182	1
183	1
184	1
185	1
186	1
187	1
188	1
189	1
190	1
191	1
192	1
193	1
194	1
195	1
196	1
197	1
198	1
199	1
200	1
201	1
202	1
203	1
204	1
205	1
206	1
207	1
208	1
209	1
210	1
211	1
212	1
213	1
214	1
215	1
216	1
217	1
218	1
219	1
220	1
221	1
222	1
223	1
224	1
225	1
226	1
227	1
228	1
229	1
230	1
231	1
232	1
233	1
234	1
235	1
236	1
237	1
238	1
239	1
240	1
241	1
242	1
243	1
244	1
245	1
246	1
247	1
248	1
249	1
250	1
251	1
252	1
253	1
254	1
255	1
256	1
257	1
258	1
259	1
260	1
261	1
262	1
263	1
264	1
265	1
266	1
267	1
268	1
269	1
270	1
271	1
272	1
273	1
274	1
275	1
276	1
277	1
278	1
279	1
280	1
281	1
282	1
283	1
284	1
285	1
286	1
287	1
288	1
289	1
290	1
291	1
292	1
293	1
294	1
295	1
296	1
297	1
298	1
299	1
300	1
301	1
302	1
303	1
304	1
305	1
306	1
307	1
308	1
309	1
310	1
311	1
312	1
313	1
314	1
315	1
316	1
317	1
318	1
319	1
320	1
321	1
322	1
323	1
324	1
325	1
326	1
327	1
328	1
329	1
330	1
331	1
332	1
333	1
334	1
335	1
336	1
337	1
338	1
339	1
340	1
341	1
342	1
343	1
344	1
345	1
346	1
347	1
348	1
349	1
350	1
351	1
352	1
353	1
354	1
355	1
356	1
357	1
358	1
359	1
360	1
361	1
362	1
363	1
364	1
365	1
366	1
367	1
368	1
369	1
370	1
371	1
372	1
373	1
374	1
375	1
376	1
377	1
378	1
379	1
380	1
381	1
382	1
383	1
384	1
385	1
386	1
387	1
388	1
389	1
390	1
391	1
392	1
393	1
394	1
395	1
396	1
397	1
398	1
399	1
400	1
401	1
402	1
403	1
404	1
405	1
406	1
407	1
408	1
409	1
410	1
411	1
412	1
413	1
414	1
415	1
416	1
417	1
418	1
419	1
420	1
421	1
422	1
423	1
424	1
425	1
426	1
427	1
428	1
429	1
430	1
431	1
432	1
433	1
434	1
435	1
436	1
437	1
438	1
439	1
440	1
441	1
442	1
443	1
444	1
445	1
446	1
447	1
448	1
449	1
450	1
451	1
452	1
453	1
454	1
455	1
456	1
457	1
458	1
459	1
460	1
461	1
462	1
463	1
464	1
465	1
466	1
467	1
468	1
469	1
470	1
471	1
472	1
473	1
474	1
475	1
476	1
477	1
478	1
479	1
480	1
481	1
482	1
483	1
484	1
485	1
486	1
487	1
488	1
489	1
490	1
491	1
492	1
493	1
494	1
495	1
496	1
497	1
498	1
499	1
500	1
501	1
502	1
503	1
504	1
505	1
506	1
507	1
508	1
509	1
510	1
511	1
512	1
513	1
514	1
515	1
516	1
517	1
518	1
519	1
520	1
521	1
522	1
523	1
524	1
525	1
526	1
527	1
528	1
529	1
530	1
531	1
532	1
533	1
534	1
535	1
536	1
537	1
538	1
539	1
540	1
541	1
542	1
543	1
544	1
545	1
546	1
547	1
548	1
549	1
550	1
551	1
552	1
553	1
554	1
555	1
556	1
557	1
558	1
559	1
560	1
561	1
562	1
563	1
564	1
565	1
566	1
567	1
568	1
569	1
570	1
571	1
572	1
573	1
574	1
575	1
576	1
577	1
578	1
579	1
580	1
581	1
582	1
583	1
584	1
585	1
586	1
587	1
588	1
589	1
590	1
591	1
592	1
593	1
594	1
595	1
596	1
597	1
598	1
599	1
600	1
601	1
602	1
603	1
604	1
605	1
606	1
607	1
608	1
609	1
610	1
611	1
612	1
613	1
614	1
615	1
616	1
617	1
618	1
619	1
620	1
621	1
622	1
623	1
624	1
625	1
626	1
627	1
628	1
629	1
630	1
631	1
632	1
633	1
634	1
635	1
636	1
637	1
\.


--
-- Data for Name: account_account_tag; Type: TABLE DATA; Schema: public; Owner: odoo
--

COPY public.account_account_tag (id, color, country_id, create_uid, write_uid, applicability, name, active, tax_negate, create_date, write_date) FROM stdin;
1	\N	\N	1	1	accounts	{"en_US": "Operating Activities", "es_ES": "Actividades operativas"}	t	\N	2026-04-08 08:34:46.340378	2026-04-08 08:34:46.340378
2	\N	\N	1	1	accounts	{"en_US": "Financing Activities", "es_ES": "Actividades financieras"}	t	\N	2026-04-08 08:34:46.340378	2026-04-08 08:34:46.340378
3	\N	\N	1	1	accounts	{"en_US": "Investing & Extraordinary Activities", "es_ES": "Actividades de inversión y extraordinarias"}	t	\N	2026-04-08 08:34:46.340378	2026-04-08 08:34:46.340378
19	\N	68	1	1	taxes	{"en_US": "-mod111[02]"}	t	t	2026-04-08 08:34:56.804345	2026-04-08 08:34:56.804345
20	\N	68	1	1	taxes	{"en_US": "+mod111[02]"}	t	f	2026-04-08 08:34:56.804345	2026-04-08 08:34:56.804345
21	\N	68	1	1	taxes	{"en_US": "-mod111[03]"}	t	t	2026-04-08 08:34:56.804345	2026-04-08 08:34:56.804345
22	\N	68	1	1	taxes	{"en_US": "+mod111[03]"}	t	f	2026-04-08 08:34:56.804345	2026-04-08 08:34:56.804345
23	\N	68	1	1	taxes	{"en_US": "-mod111[05]"}	t	t	2026-04-08 08:34:56.804345	2026-04-08 08:34:56.804345
24	\N	68	1	1	taxes	{"en_US": "+mod111[05]"}	t	f	2026-04-08 08:34:56.804345	2026-04-08 08:34:56.804345
25	\N	68	1	1	taxes	{"en_US": "-mod111[06]"}	t	t	2026-04-08 08:34:56.804345	2026-04-08 08:34:56.804345
26	\N	68	1	1	taxes	{"en_US": "+mod111[06]"}	t	f	2026-04-08 08:34:56.804345	2026-04-08 08:34:56.804345
27	\N	68	1	1	taxes	{"en_US": "-mod111[08]"}	t	t	2026-04-08 08:34:56.804345	2026-04-08 08:34:56.804345
28	\N	68	1	1	taxes	{"en_US": "+mod111[08]"}	t	f	2026-04-08 08:34:56.804345	2026-04-08 08:34:56.804345
29	\N	68	1	1	taxes	{"en_US": "-mod111[09]"}	t	t	2026-04-08 08:34:56.804345	2026-04-08 08:34:56.804345
30	\N	68	1	1	taxes	{"en_US": "+mod111[09]"}	t	f	2026-04-08 08:34:56.804345	2026-04-08 08:34:56.804345
31	\N	68	1	1	taxes	{"en_US": "-mod111[11]"}	t	t	2026-04-08 08:34:56.804345	2026-04-08 08:34:56.804345
32	\N	68	1	1	taxes	{"en_US": "+mod111[11]"}	t	f	2026-04-08 08:34:56.804345	2026-04-08 08:34:56.804345
33	\N	68	1	1	taxes	{"en_US": "-mod111[12]"}	t	t	2026-04-08 08:34:56.804345	2026-04-08 08:34:56.804345
34	\N	68	1	1	taxes	{"en_US": "+mod111[12]"}	t	f	2026-04-08 08:34:56.804345	2026-04-08 08:34:56.804345
35	\N	68	1	1	taxes	{"en_US": "-mod115[02]"}	t	t	2026-04-08 08:34:56.804345	2026-04-08 08:34:56.804345
36	\N	68	1	1	taxes	{"en_US": "+mod115[02]"}	t	f	2026-04-08 08:34:56.804345	2026-04-08 08:34:56.804345
37	\N	68	1	1	taxes	{"en_US": "-mod115[03]"}	t	t	2026-04-08 08:34:56.804345	2026-04-08 08:34:56.804345
38	\N	68	1	1	taxes	{"en_US": "+mod115[03]"}	t	f	2026-04-08 08:34:56.804345	2026-04-08 08:34:56.804345
39	\N	68	1	1	taxes	{"en_US": "-mod303[150]"}	t	t	2026-04-08 08:34:56.804345	2026-04-08 08:34:56.804345
40	\N	68	1	1	taxes	{"en_US": "+mod303[150]"}	t	f	2026-04-08 08:34:56.804345	2026-04-08 08:34:56.804345
41	\N	68	1	1	taxes	{"en_US": "-mod303[152]"}	t	t	2026-04-08 08:34:56.804345	2026-04-08 08:34:56.804345
42	\N	68	1	1	taxes	{"en_US": "+mod303[152]"}	t	f	2026-04-08 08:34:56.804345	2026-04-08 08:34:56.804345
43	\N	68	1	1	taxes	{"en_US": "-mod303[165]"}	t	t	2026-04-08 08:34:56.804345	2026-04-08 08:34:56.804345
44	\N	68	1	1	taxes	{"en_US": "+mod303[165]"}	t	f	2026-04-08 08:34:56.804345	2026-04-08 08:34:56.804345
45	\N	68	1	1	taxes	{"en_US": "-mod303[167]"}	t	t	2026-04-08 08:34:56.804345	2026-04-08 08:34:56.804345
46	\N	68	1	1	taxes	{"en_US": "+mod303[167]"}	t	f	2026-04-08 08:34:56.804345	2026-04-08 08:34:56.804345
47	\N	68	1	1	taxes	{"en_US": "-mod303[01]"}	t	t	2026-04-08 08:34:56.804345	2026-04-08 08:34:56.804345
48	\N	68	1	1	taxes	{"en_US": "+mod303[01]"}	t	f	2026-04-08 08:34:56.804345	2026-04-08 08:34:56.804345
49	\N	68	1	1	taxes	{"en_US": "-mod303[03]"}	t	t	2026-04-08 08:34:56.804345	2026-04-08 08:34:56.804345
50	\N	68	1	1	taxes	{"en_US": "+mod303[03]"}	t	f	2026-04-08 08:34:56.804345	2026-04-08 08:34:56.804345
51	\N	68	1	1	taxes	{"en_US": "-mod303[153]"}	t	t	2026-04-08 08:34:56.804345	2026-04-08 08:34:56.804345
52	\N	68	1	1	taxes	{"en_US": "+mod303[153]"}	t	f	2026-04-08 08:34:56.804345	2026-04-08 08:34:56.804345
53	\N	68	1	1	taxes	{"en_US": "-mod303[155]"}	t	t	2026-04-08 08:34:56.804345	2026-04-08 08:34:56.804345
54	\N	68	1	1	taxes	{"en_US": "+mod303[155]"}	t	f	2026-04-08 08:34:56.804345	2026-04-08 08:34:56.804345
55	\N	68	1	1	taxes	{"en_US": "-mod303[04]"}	t	t	2026-04-08 08:34:56.804345	2026-04-08 08:34:56.804345
56	\N	68	1	1	taxes	{"en_US": "+mod303[04]"}	t	f	2026-04-08 08:34:56.804345	2026-04-08 08:34:56.804345
57	\N	68	1	1	taxes	{"en_US": "-mod303[06]"}	t	t	2026-04-08 08:34:56.804345	2026-04-08 08:34:56.804345
58	\N	68	1	1	taxes	{"en_US": "+mod303[06]"}	t	f	2026-04-08 08:34:56.804345	2026-04-08 08:34:56.804345
59	\N	68	1	1	taxes	{"en_US": "-mod303[07]"}	t	t	2026-04-08 08:34:56.804345	2026-04-08 08:34:56.804345
60	\N	68	1	1	taxes	{"en_US": "+mod303[07]"}	t	f	2026-04-08 08:34:56.804345	2026-04-08 08:34:56.804345
61	\N	68	1	1	taxes	{"en_US": "-mod303[09]"}	t	t	2026-04-08 08:34:56.804345	2026-04-08 08:34:56.804345
62	\N	68	1	1	taxes	{"en_US": "+mod303[09]"}	t	f	2026-04-08 08:34:56.804345	2026-04-08 08:34:56.804345
63	\N	68	1	1	taxes	{"en_US": "-mod303[10]"}	t	t	2026-04-08 08:34:56.804345	2026-04-08 08:34:56.804345
64	\N	68	1	1	taxes	{"en_US": "+mod303[10]"}	t	f	2026-04-08 08:34:56.804345	2026-04-08 08:34:56.804345
65	\N	68	1	1	taxes	{"en_US": "-mod303[11]"}	t	t	2026-04-08 08:34:56.804345	2026-04-08 08:34:56.804345
66	\N	68	1	1	taxes	{"en_US": "+mod303[11]"}	t	f	2026-04-08 08:34:56.804345	2026-04-08 08:34:56.804345
67	\N	68	1	1	taxes	{"en_US": "-mod303[12]"}	t	t	2026-04-08 08:34:56.804345	2026-04-08 08:34:56.804345
68	\N	68	1	1	taxes	{"en_US": "+mod303[12]"}	t	f	2026-04-08 08:34:56.804345	2026-04-08 08:34:56.804345
69	\N	68	1	1	taxes	{"en_US": "-mod303[13]"}	t	t	2026-04-08 08:34:56.804345	2026-04-08 08:34:56.804345
70	\N	68	1	1	taxes	{"en_US": "+mod303[13]"}	t	f	2026-04-08 08:34:56.804345	2026-04-08 08:34:56.804345
71	\N	68	1	1	taxes	{"en_US": "-mod303[14_sale]"}	t	t	2026-04-08 08:34:56.804345	2026-04-08 08:34:56.804345
72	\N	68	1	1	taxes	{"en_US": "+mod303[14_sale]"}	t	f	2026-04-08 08:34:56.804345	2026-04-08 08:34:56.804345
73	\N	68	1	1	taxes	{"en_US": "-mod303[14_purchase]"}	t	t	2026-04-08 08:34:56.804345	2026-04-08 08:34:56.804345
74	\N	68	1	1	taxes	{"en_US": "+mod303[14_purchase]"}	t	f	2026-04-08 08:34:56.804345	2026-04-08 08:34:56.804345
75	\N	68	1	1	taxes	{"en_US": "-mod303[15]"}	t	t	2026-04-08 08:34:56.804345	2026-04-08 08:34:56.804345
76	\N	68	1	1	taxes	{"en_US": "+mod303[15]"}	t	f	2026-04-08 08:34:56.804345	2026-04-08 08:34:56.804345
77	\N	68	1	1	taxes	{"en_US": "-mod303[156]"}	t	t	2026-04-08 08:34:56.804345	2026-04-08 08:34:56.804345
78	\N	68	1	1	taxes	{"en_US": "+mod303[156]"}	t	f	2026-04-08 08:34:56.804345	2026-04-08 08:34:56.804345
79	\N	68	1	1	taxes	{"en_US": "-mod303[158]"}	t	t	2026-04-08 08:34:56.804345	2026-04-08 08:34:56.804345
80	\N	68	1	1	taxes	{"en_US": "+mod303[158]"}	t	f	2026-04-08 08:34:56.804345	2026-04-08 08:34:56.804345
81	\N	68	1	1	taxes	{"en_US": "-mod303[168]"}	t	t	2026-04-08 08:34:56.804345	2026-04-08 08:34:56.804345
82	\N	68	1	1	taxes	{"en_US": "+mod303[168]"}	t	f	2026-04-08 08:34:56.804345	2026-04-08 08:34:56.804345
83	\N	68	1	1	taxes	{"en_US": "-mod303[170]"}	t	t	2026-04-08 08:34:56.804345	2026-04-08 08:34:56.804345
84	\N	68	1	1	taxes	{"en_US": "+mod303[170]"}	t	f	2026-04-08 08:34:56.804345	2026-04-08 08:34:56.804345
85	\N	68	1	1	taxes	{"en_US": "-mod303[16]"}	t	t	2026-04-08 08:34:56.804345	2026-04-08 08:34:56.804345
86	\N	68	1	1	taxes	{"en_US": "+mod303[16]"}	t	f	2026-04-08 08:34:56.804345	2026-04-08 08:34:56.804345
87	\N	68	1	1	taxes	{"en_US": "-mod303[18]"}	t	t	2026-04-08 08:34:56.804345	2026-04-08 08:34:56.804345
88	\N	68	1	1	taxes	{"en_US": "+mod303[18]"}	t	f	2026-04-08 08:34:56.804345	2026-04-08 08:34:56.804345
89	\N	68	1	1	taxes	{"en_US": "-mod303[19]"}	t	t	2026-04-08 08:34:56.804345	2026-04-08 08:34:56.804345
90	\N	68	1	1	taxes	{"en_US": "+mod303[19]"}	t	f	2026-04-08 08:34:56.804345	2026-04-08 08:34:56.804345
91	\N	68	1	1	taxes	{"en_US": "-mod303[21]"}	t	t	2026-04-08 08:34:56.804345	2026-04-08 08:34:56.804345
92	\N	68	1	1	taxes	{"en_US": "+mod303[21]"}	t	f	2026-04-08 08:34:56.804345	2026-04-08 08:34:56.804345
93	\N	68	1	1	taxes	{"en_US": "-mod303[22]"}	t	t	2026-04-08 08:34:56.804345	2026-04-08 08:34:56.804345
94	\N	68	1	1	taxes	{"en_US": "+mod303[22]"}	t	f	2026-04-08 08:34:56.804345	2026-04-08 08:34:56.804345
95	\N	68	1	1	taxes	{"en_US": "-mod303[24]"}	t	t	2026-04-08 08:34:56.804345	2026-04-08 08:34:56.804345
96	\N	68	1	1	taxes	{"en_US": "+mod303[24]"}	t	f	2026-04-08 08:34:56.804345	2026-04-08 08:34:56.804345
97	\N	68	1	1	taxes	{"en_US": "-mod303[25]"}	t	t	2026-04-08 08:34:56.804345	2026-04-08 08:34:56.804345
98	\N	68	1	1	taxes	{"en_US": "+mod303[25]"}	t	f	2026-04-08 08:34:56.804345	2026-04-08 08:34:56.804345
99	\N	68	1	1	taxes	{"en_US": "-mod303[26]"}	t	t	2026-04-08 08:34:56.804345	2026-04-08 08:34:56.804345
100	\N	68	1	1	taxes	{"en_US": "+mod303[26]"}	t	f	2026-04-08 08:34:56.804345	2026-04-08 08:34:56.804345
101	\N	68	1	1	taxes	{"en_US": "-mod303[28]"}	t	t	2026-04-08 08:34:56.804345	2026-04-08 08:34:56.804345
102	\N	68	1	1	taxes	{"en_US": "+mod303[28]"}	t	f	2026-04-08 08:34:56.804345	2026-04-08 08:34:56.804345
103	\N	68	1	1	taxes	{"en_US": "-mod303[29]"}	t	t	2026-04-08 08:34:56.804345	2026-04-08 08:34:56.804345
104	\N	68	1	1	taxes	{"en_US": "+mod303[29]"}	t	f	2026-04-08 08:34:56.804345	2026-04-08 08:34:56.804345
105	\N	68	1	1	taxes	{"en_US": "-mod303[30]"}	t	t	2026-04-08 08:34:56.804345	2026-04-08 08:34:56.804345
106	\N	68	1	1	taxes	{"en_US": "+mod303[30]"}	t	f	2026-04-08 08:34:56.804345	2026-04-08 08:34:56.804345
107	\N	68	1	1	taxes	{"en_US": "-mod303[31]"}	t	t	2026-04-08 08:34:56.804345	2026-04-08 08:34:56.804345
108	\N	68	1	1	taxes	{"en_US": "+mod303[31]"}	t	f	2026-04-08 08:34:56.804345	2026-04-08 08:34:56.804345
109	\N	68	1	1	taxes	{"en_US": "-mod303[32]"}	t	t	2026-04-08 08:34:56.804345	2026-04-08 08:34:56.804345
110	\N	68	1	1	taxes	{"en_US": "+mod303[32]"}	t	f	2026-04-08 08:34:56.804345	2026-04-08 08:34:56.804345
111	\N	68	1	1	taxes	{"en_US": "-mod303[33]"}	t	t	2026-04-08 08:34:56.804345	2026-04-08 08:34:56.804345
112	\N	68	1	1	taxes	{"en_US": "+mod303[33]"}	t	f	2026-04-08 08:34:56.804345	2026-04-08 08:34:56.804345
113	\N	68	1	1	taxes	{"en_US": "-mod303[34]"}	t	t	2026-04-08 08:34:56.804345	2026-04-08 08:34:56.804345
114	\N	68	1	1	taxes	{"en_US": "+mod303[34]"}	t	f	2026-04-08 08:34:56.804345	2026-04-08 08:34:56.804345
115	\N	68	1	1	taxes	{"en_US": "-mod303[35]"}	t	t	2026-04-08 08:34:56.804345	2026-04-08 08:34:56.804345
116	\N	68	1	1	taxes	{"en_US": "+mod303[35]"}	t	f	2026-04-08 08:34:56.804345	2026-04-08 08:34:56.804345
117	\N	68	1	1	taxes	{"en_US": "-mod303[36]"}	t	t	2026-04-08 08:34:56.804345	2026-04-08 08:34:56.804345
118	\N	68	1	1	taxes	{"en_US": "+mod303[36]"}	t	f	2026-04-08 08:34:56.804345	2026-04-08 08:34:56.804345
119	\N	68	1	1	taxes	{"en_US": "-mod303[37]"}	t	t	2026-04-08 08:34:56.804345	2026-04-08 08:34:56.804345
120	\N	68	1	1	taxes	{"en_US": "+mod303[37]"}	t	f	2026-04-08 08:34:56.804345	2026-04-08 08:34:56.804345
121	\N	68	1	1	taxes	{"en_US": "-mod303[38]"}	t	t	2026-04-08 08:34:56.804345	2026-04-08 08:34:56.804345
122	\N	68	1	1	taxes	{"en_US": "+mod303[38]"}	t	f	2026-04-08 08:34:56.804345	2026-04-08 08:34:56.804345
123	\N	68	1	1	taxes	{"en_US": "-mod303[39]"}	t	t	2026-04-08 08:34:56.804345	2026-04-08 08:34:56.804345
124	\N	68	1	1	taxes	{"en_US": "+mod303[39]"}	t	f	2026-04-08 08:34:56.804345	2026-04-08 08:34:56.804345
125	\N	68	1	1	taxes	{"en_US": "-mod303[40]"}	t	t	2026-04-08 08:34:56.804345	2026-04-08 08:34:56.804345
126	\N	68	1	1	taxes	{"en_US": "+mod303[40]"}	t	f	2026-04-08 08:34:56.804345	2026-04-08 08:34:56.804345
127	\N	68	1	1	taxes	{"en_US": "-mod303[41]"}	t	t	2026-04-08 08:34:56.804345	2026-04-08 08:34:56.804345
128	\N	68	1	1	taxes	{"en_US": "+mod303[41]"}	t	f	2026-04-08 08:34:56.804345	2026-04-08 08:34:56.804345
129	\N	68	1	1	taxes	{"en_US": "-mod303[42]"}	t	t	2026-04-08 08:34:56.804345	2026-04-08 08:34:56.804345
130	\N	68	1	1	taxes	{"en_US": "+mod303[42]"}	t	f	2026-04-08 08:34:56.804345	2026-04-08 08:34:56.804345
131	\N	68	1	1	taxes	{"en_US": "-mod303[59]"}	t	t	2026-04-08 08:34:56.804345	2026-04-08 08:34:56.804345
132	\N	68	1	1	taxes	{"en_US": "+mod303[59]"}	t	f	2026-04-08 08:34:56.804345	2026-04-08 08:34:56.804345
133	\N	68	1	1	taxes	{"en_US": "-mod303[60]"}	t	t	2026-04-08 08:34:56.804345	2026-04-08 08:34:56.804345
134	\N	68	1	1	taxes	{"en_US": "+mod303[60]"}	t	f	2026-04-08 08:34:56.804345	2026-04-08 08:34:56.804345
135	\N	68	1	1	taxes	{"en_US": "-mod303[120]"}	t	t	2026-04-08 08:34:56.804345	2026-04-08 08:34:56.804345
136	\N	68	1	1	taxes	{"en_US": "+mod303[120]"}	t	f	2026-04-08 08:34:56.804345	2026-04-08 08:34:56.804345
137	\N	68	1	1	taxes	{"en_US": "-mod303[122]"}	t	t	2026-04-08 08:34:56.804345	2026-04-08 08:34:56.804345
138	\N	68	1	1	taxes	{"en_US": "+mod303[122]"}	t	f	2026-04-08 08:34:56.804345	2026-04-08 08:34:56.804345
139	\N	68	1	1	taxes	{"en_US": "-mod303[123]"}	t	t	2026-04-08 08:34:56.804345	2026-04-08 08:34:56.804345
140	\N	68	1	1	taxes	{"en_US": "+mod303[123]"}	t	f	2026-04-08 08:34:56.804345	2026-04-08 08:34:56.804345
141	\N	68	1	1	taxes	{"en_US": "-mod303[124]"}	t	t	2026-04-08 08:34:56.804345	2026-04-08 08:34:56.804345
142	\N	68	1	1	taxes	{"en_US": "+mod303[124]"}	t	f	2026-04-08 08:34:56.804345	2026-04-08 08:34:56.804345
143	\N	68	1	1	taxes	{"en_US": "-mod390[701]"}	t	t	2026-04-08 08:34:56.804345	2026-04-08 08:34:56.804345
144	\N	68	1	1	taxes	{"en_US": "+mod390[701]"}	t	f	2026-04-08 08:34:56.804345	2026-04-08 08:34:56.804345
145	\N	68	1	1	taxes	{"en_US": "-mod390[669]"}	t	t	2026-04-08 08:34:56.804345	2026-04-08 08:34:56.804345
146	\N	68	1	1	taxes	{"en_US": "+mod390[669]"}	t	f	2026-04-08 08:34:56.804345	2026-04-08 08:34:56.804345
147	\N	68	1	1	taxes	{"en_US": "-mod390[670]"}	t	t	2026-04-08 08:34:56.804345	2026-04-08 08:34:56.804345
148	\N	68	1	1	taxes	{"en_US": "+mod390[670]"}	t	f	2026-04-08 08:34:56.804345	2026-04-08 08:34:56.804345
149	\N	68	1	1	taxes	{"en_US": "-mod390[716]"}	t	t	2026-04-08 08:34:56.804345	2026-04-08 08:34:56.804345
150	\N	68	1	1	taxes	{"en_US": "+mod390[716]"}	t	f	2026-04-08 08:34:56.804345	2026-04-08 08:34:56.804345
151	\N	68	1	1	taxes	{"en_US": "-mod390[717]"}	t	t	2026-04-08 08:34:56.804345	2026-04-08 08:34:56.804345
152	\N	68	1	1	taxes	{"en_US": "+mod390[717]"}	t	f	2026-04-08 08:34:56.804345	2026-04-08 08:34:56.804345
153	\N	68	1	1	taxes	{"en_US": "-mod390[683]"}	t	t	2026-04-08 08:34:56.804345	2026-04-08 08:34:56.804345
154	\N	68	1	1	taxes	{"en_US": "+mod390[683]"}	t	f	2026-04-08 08:34:56.804345	2026-04-08 08:34:56.804345
155	\N	68	1	1	taxes	{"en_US": "-mod390[684]"}	t	t	2026-04-08 08:34:56.804345	2026-04-08 08:34:56.804345
156	\N	68	1	1	taxes	{"en_US": "+mod390[684]"}	t	f	2026-04-08 08:34:56.804345	2026-04-08 08:34:56.804345
157	\N	68	1	1	taxes	{"en_US": "-mod390[21]"}	t	t	2026-04-08 08:34:56.804345	2026-04-08 08:34:56.804345
158	\N	68	1	1	taxes	{"en_US": "+mod390[21]"}	t	f	2026-04-08 08:34:56.804345	2026-04-08 08:34:56.804345
159	\N	68	1	1	taxes	{"en_US": "-mod390[22]"}	t	t	2026-04-08 08:34:56.804345	2026-04-08 08:34:56.804345
160	\N	68	1	1	taxes	{"en_US": "+mod390[22]"}	t	f	2026-04-08 08:34:56.804345	2026-04-08 08:34:56.804345
161	\N	68	1	1	taxes	{"en_US": "-mod390[718]"}	t	t	2026-04-08 08:34:56.804345	2026-04-08 08:34:56.804345
162	\N	68	1	1	taxes	{"en_US": "+mod390[718]"}	t	f	2026-04-08 08:34:56.804345	2026-04-08 08:34:56.804345
163	\N	68	1	1	taxes	{"en_US": "-mod390[719]"}	t	t	2026-04-08 08:34:56.804345	2026-04-08 08:34:56.804345
164	\N	68	1	1	taxes	{"en_US": "+mod390[719]"}	t	f	2026-04-08 08:34:56.804345	2026-04-08 08:34:56.804345
165	\N	68	1	1	taxes	{"en_US": "-mod390[685]"}	t	t	2026-04-08 08:34:56.804345	2026-04-08 08:34:56.804345
166	\N	68	1	1	taxes	{"en_US": "+mod390[685]"}	t	f	2026-04-08 08:34:56.804345	2026-04-08 08:34:56.804345
167	\N	68	1	1	taxes	{"en_US": "-mod390[686]"}	t	t	2026-04-08 08:34:56.804345	2026-04-08 08:34:56.804345
168	\N	68	1	1	taxes	{"en_US": "+mod390[686]"}	t	f	2026-04-08 08:34:56.804345	2026-04-08 08:34:56.804345
169	\N	68	1	1	taxes	{"en_US": "-mod390[23]"}	t	t	2026-04-08 08:34:56.804345	2026-04-08 08:34:56.804345
170	\N	68	1	1	taxes	{"en_US": "+mod390[23]"}	t	f	2026-04-08 08:34:56.804345	2026-04-08 08:34:56.804345
171	\N	68	1	1	taxes	{"en_US": "-mod390[24]"}	t	t	2026-04-08 08:34:56.804345	2026-04-08 08:34:56.804345
172	\N	68	1	1	taxes	{"en_US": "+mod390[24]"}	t	f	2026-04-08 08:34:56.804345	2026-04-08 08:34:56.804345
173	\N	68	1	1	taxes	{"en_US": "-mod390[25]"}	t	t	2026-04-08 08:34:56.804345	2026-04-08 08:34:56.804345
174	\N	68	1	1	taxes	{"en_US": "+mod390[25]"}	t	f	2026-04-08 08:34:56.804345	2026-04-08 08:34:56.804345
175	\N	68	1	1	taxes	{"en_US": "-mod390[26]"}	t	t	2026-04-08 08:34:56.804345	2026-04-08 08:34:56.804345
176	\N	68	1	1	taxes	{"en_US": "+mod390[26]"}	t	f	2026-04-08 08:34:56.804345	2026-04-08 08:34:56.804345
177	\N	68	1	1	taxes	{"en_US": "-mod390[720]"}	t	t	2026-04-08 08:34:56.804345	2026-04-08 08:34:56.804345
178	\N	68	1	1	taxes	{"en_US": "+mod390[720]"}	t	f	2026-04-08 08:34:56.804345	2026-04-08 08:34:56.804345
179	\N	68	1	1	taxes	{"en_US": "-mod390[721]"}	t	t	2026-04-08 08:34:56.804345	2026-04-08 08:34:56.804345
180	\N	68	1	1	taxes	{"en_US": "+mod390[721]"}	t	f	2026-04-08 08:34:56.804345	2026-04-08 08:34:56.804345
181	\N	68	1	1	taxes	{"en_US": "-mod390[687]"}	t	t	2026-04-08 08:34:56.804345	2026-04-08 08:34:56.804345
182	\N	68	1	1	taxes	{"en_US": "+mod390[687]"}	t	f	2026-04-08 08:34:56.804345	2026-04-08 08:34:56.804345
183	\N	68	1	1	taxes	{"en_US": "-mod390[688]"}	t	t	2026-04-08 08:34:56.804345	2026-04-08 08:34:56.804345
184	\N	68	1	1	taxes	{"en_US": "+mod390[688]"}	t	f	2026-04-08 08:34:56.804345	2026-04-08 08:34:56.804345
185	\N	68	1	1	taxes	{"en_US": "-mod390[545]"}	t	t	2026-04-08 08:34:56.804345	2026-04-08 08:34:56.804345
186	\N	68	1	1	taxes	{"en_US": "+mod390[545]"}	t	f	2026-04-08 08:34:56.804345	2026-04-08 08:34:56.804345
187	\N	68	1	1	taxes	{"en_US": "-mod390[546]"}	t	t	2026-04-08 08:34:56.804345	2026-04-08 08:34:56.804345
188	\N	68	1	1	taxes	{"en_US": "+mod390[546]"}	t	f	2026-04-08 08:34:56.804345	2026-04-08 08:34:56.804345
189	\N	68	1	1	taxes	{"en_US": "-mod390[722]"}	t	t	2026-04-08 08:34:56.804345	2026-04-08 08:34:56.804345
190	\N	68	1	1	taxes	{"en_US": "+mod390[722]"}	t	f	2026-04-08 08:34:56.804345	2026-04-08 08:34:56.804345
191	\N	68	1	1	taxes	{"en_US": "-mod390[723]"}	t	t	2026-04-08 08:34:56.804345	2026-04-08 08:34:56.804345
192	\N	68	1	1	taxes	{"en_US": "+mod390[723]"}	t	f	2026-04-08 08:34:56.804345	2026-04-08 08:34:56.804345
193	\N	68	1	1	taxes	{"en_US": "-mod390[689]"}	t	t	2026-04-08 08:34:56.804345	2026-04-08 08:34:56.804345
194	\N	68	1	1	taxes	{"en_US": "+mod390[689]"}	t	f	2026-04-08 08:34:56.804345	2026-04-08 08:34:56.804345
195	\N	68	1	1	taxes	{"en_US": "-mod390[690]"}	t	t	2026-04-08 08:34:56.804345	2026-04-08 08:34:56.804345
196	\N	68	1	1	taxes	{"en_US": "+mod390[690]"}	t	f	2026-04-08 08:34:56.804345	2026-04-08 08:34:56.804345
197	\N	68	1	1	taxes	{"en_US": "-mod390[547]"}	t	t	2026-04-08 08:34:56.804345	2026-04-08 08:34:56.804345
198	\N	68	1	1	taxes	{"en_US": "+mod390[547]"}	t	f	2026-04-08 08:34:56.804345	2026-04-08 08:34:56.804345
199	\N	68	1	1	taxes	{"en_US": "-mod390[548]"}	t	t	2026-04-08 08:34:56.804345	2026-04-08 08:34:56.804345
200	\N	68	1	1	taxes	{"en_US": "+mod390[548]"}	t	f	2026-04-08 08:34:56.804345	2026-04-08 08:34:56.804345
201	\N	68	1	1	taxes	{"en_US": "-mod390[551]"}	t	t	2026-04-08 08:34:56.804345	2026-04-08 08:34:56.804345
202	\N	68	1	1	taxes	{"en_US": "+mod390[551]"}	t	f	2026-04-08 08:34:56.804345	2026-04-08 08:34:56.804345
203	\N	68	1	1	taxes	{"en_US": "-mod390[552]"}	t	t	2026-04-08 08:34:56.804345	2026-04-08 08:34:56.804345
204	\N	68	1	1	taxes	{"en_US": "+mod390[552]"}	t	f	2026-04-08 08:34:56.804345	2026-04-08 08:34:56.804345
205	\N	68	1	1	taxes	{"en_US": "-mod390[695]"}	t	t	2026-04-08 08:34:56.804345	2026-04-08 08:34:56.804345
206	\N	68	1	1	taxes	{"en_US": "+mod390[695]"}	t	f	2026-04-08 08:34:56.804345	2026-04-08 08:34:56.804345
207	\N	68	1	1	taxes	{"en_US": "-mod390[696]"}	t	t	2026-04-08 08:34:56.804345	2026-04-08 08:34:56.804345
208	\N	68	1	1	taxes	{"en_US": "+mod390[696]"}	t	f	2026-04-08 08:34:56.804345	2026-04-08 08:34:56.804345
209	\N	68	1	1	taxes	{"en_US": "-mod390[190]"}	t	t	2026-04-08 08:34:56.804345	2026-04-08 08:34:56.804345
210	\N	68	1	1	taxes	{"en_US": "+mod390[190]"}	t	f	2026-04-08 08:34:56.804345	2026-04-08 08:34:56.804345
211	\N	68	1	1	taxes	{"en_US": "-mod390[191]"}	t	t	2026-04-08 08:34:56.804345	2026-04-08 08:34:56.804345
212	\N	68	1	1	taxes	{"en_US": "+mod390[191]"}	t	f	2026-04-08 08:34:56.804345	2026-04-08 08:34:56.804345
213	\N	68	1	1	taxes	{"en_US": "-mod390[724]"}	t	t	2026-04-08 08:34:56.804345	2026-04-08 08:34:56.804345
214	\N	68	1	1	taxes	{"en_US": "+mod390[724]"}	t	f	2026-04-08 08:34:56.804345	2026-04-08 08:34:56.804345
215	\N	68	1	1	taxes	{"en_US": "-mod390[725]"}	t	t	2026-04-08 08:34:56.804345	2026-04-08 08:34:56.804345
216	\N	68	1	1	taxes	{"en_US": "+mod390[725]"}	t	f	2026-04-08 08:34:56.804345	2026-04-08 08:34:56.804345
217	\N	68	1	1	taxes	{"en_US": "-mod390[697]"}	t	t	2026-04-08 08:34:56.804345	2026-04-08 08:34:56.804345
218	\N	68	1	1	taxes	{"en_US": "+mod390[697]"}	t	f	2026-04-08 08:34:56.804345	2026-04-08 08:34:56.804345
219	\N	68	1	1	taxes	{"en_US": "-mod390[698]"}	t	t	2026-04-08 08:34:56.804345	2026-04-08 08:34:56.804345
220	\N	68	1	1	taxes	{"en_US": "+mod390[698]"}	t	f	2026-04-08 08:34:56.804345	2026-04-08 08:34:56.804345
221	\N	68	1	1	taxes	{"en_US": "-mod390[603]"}	t	t	2026-04-08 08:34:56.804345	2026-04-08 08:34:56.804345
222	\N	68	1	1	taxes	{"en_US": "+mod390[603]"}	t	f	2026-04-08 08:34:56.804345	2026-04-08 08:34:56.804345
223	\N	68	1	1	taxes	{"en_US": "-mod390[604]"}	t	t	2026-04-08 08:34:56.804345	2026-04-08 08:34:56.804345
224	\N	68	1	1	taxes	{"en_US": "+mod390[604]"}	t	f	2026-04-08 08:34:56.804345	2026-04-08 08:34:56.804345
225	\N	68	1	1	taxes	{"en_US": "-mod390[605]"}	t	t	2026-04-08 08:34:56.804345	2026-04-08 08:34:56.804345
226	\N	68	1	1	taxes	{"en_US": "+mod390[605]"}	t	f	2026-04-08 08:34:56.804345	2026-04-08 08:34:56.804345
227	\N	68	1	1	taxes	{"en_US": "-mod390[606]"}	t	t	2026-04-08 08:34:56.804345	2026-04-08 08:34:56.804345
228	\N	68	1	1	taxes	{"en_US": "+mod390[606]"}	t	f	2026-04-08 08:34:56.804345	2026-04-08 08:34:56.804345
229	\N	68	1	1	taxes	{"en_US": "-mod390[749]"}	t	t	2026-04-08 08:34:56.804345	2026-04-08 08:34:56.804345
230	\N	68	1	1	taxes	{"en_US": "+mod390[749]"}	t	f	2026-04-08 08:34:56.804345	2026-04-08 08:34:56.804345
231	\N	68	1	1	taxes	{"en_US": "-mod390[197]"}	t	t	2026-04-08 08:34:56.804345	2026-04-08 08:34:56.804345
232	\N	68	1	1	taxes	{"en_US": "+mod390[197]"}	t	f	2026-04-08 08:34:56.804345	2026-04-08 08:34:56.804345
233	\N	68	1	1	taxes	{"en_US": "-mod390[196]"}	t	t	2026-04-08 08:34:56.804345	2026-04-08 08:34:56.804345
234	\N	68	1	1	taxes	{"en_US": "+mod390[196]"}	t	f	2026-04-08 08:34:56.804345	2026-04-08 08:34:56.804345
235	\N	68	1	1	taxes	{"en_US": "-mod390[728]"}	t	t	2026-04-08 08:34:56.804345	2026-04-08 08:34:56.804345
236	\N	68	1	1	taxes	{"en_US": "+mod390[728]"}	t	f	2026-04-08 08:34:56.804345	2026-04-08 08:34:56.804345
237	\N	68	1	1	taxes	{"en_US": "-mod390[729]"}	t	t	2026-04-08 08:34:56.804345	2026-04-08 08:34:56.804345
238	\N	68	1	1	taxes	{"en_US": "+mod390[729]"}	t	f	2026-04-08 08:34:56.804345	2026-04-08 08:34:56.804345
239	\N	68	1	1	taxes	{"en_US": "-mod390[751]"}	t	t	2026-04-08 08:34:56.804345	2026-04-08 08:34:56.804345
240	\N	68	1	1	taxes	{"en_US": "+mod390[751]"}	t	f	2026-04-08 08:34:56.804345	2026-04-08 08:34:56.804345
241	\N	68	1	1	taxes	{"en_US": "-mod390[752]"}	t	t	2026-04-08 08:34:56.804345	2026-04-08 08:34:56.804345
242	\N	68	1	1	taxes	{"en_US": "+mod390[752]"}	t	f	2026-04-08 08:34:56.804345	2026-04-08 08:34:56.804345
243	\N	68	1	1	taxes	{"en_US": "-mod390[611]"}	t	t	2026-04-08 08:34:56.804345	2026-04-08 08:34:56.804345
244	\N	68	1	1	taxes	{"en_US": "+mod390[611]"}	t	f	2026-04-08 08:34:56.804345	2026-04-08 08:34:56.804345
245	\N	68	1	1	taxes	{"en_US": "-mod390[612]"}	t	t	2026-04-08 08:34:56.804345	2026-04-08 08:34:56.804345
246	\N	68	1	1	taxes	{"en_US": "+mod390[612]"}	t	f	2026-04-08 08:34:56.804345	2026-04-08 08:34:56.804345
247	\N	68	1	1	taxes	{"en_US": "-mod390[613]"}	t	t	2026-04-08 08:34:56.804345	2026-04-08 08:34:56.804345
248	\N	68	1	1	taxes	{"en_US": "+mod390[613]"}	t	f	2026-04-08 08:34:56.804345	2026-04-08 08:34:56.804345
249	\N	68	1	1	taxes	{"en_US": "-mod390[614]"}	t	t	2026-04-08 08:34:56.804345	2026-04-08 08:34:56.804345
250	\N	68	1	1	taxes	{"en_US": "+mod390[614]"}	t	f	2026-04-08 08:34:56.804345	2026-04-08 08:34:56.804345
251	\N	68	1	1	taxes	{"en_US": "-mod390[757]"}	t	t	2026-04-08 08:34:56.804345	2026-04-08 08:34:56.804345
252	\N	68	1	1	taxes	{"en_US": "+mod390[757]"}	t	f	2026-04-08 08:34:56.804345	2026-04-08 08:34:56.804345
253	\N	68	1	1	taxes	{"en_US": "-mod390[758]"}	t	t	2026-04-08 08:34:56.804345	2026-04-08 08:34:56.804345
254	\N	68	1	1	taxes	{"en_US": "+mod390[758]"}	t	f	2026-04-08 08:34:56.804345	2026-04-08 08:34:56.804345
255	\N	68	1	1	taxes	{"en_US": "-mod390[202]"}	t	t	2026-04-08 08:34:56.804345	2026-04-08 08:34:56.804345
256	\N	68	1	1	taxes	{"en_US": "+mod390[202]"}	t	f	2026-04-08 08:34:56.804345	2026-04-08 08:34:56.804345
257	\N	68	1	1	taxes	{"en_US": "-mod390[203]"}	t	t	2026-04-08 08:34:56.804345	2026-04-08 08:34:56.804345
258	\N	68	1	1	taxes	{"en_US": "+mod390[203]"}	t	f	2026-04-08 08:34:56.804345	2026-04-08 08:34:56.804345
259	\N	68	1	1	taxes	{"en_US": "-mod390[732]"}	t	t	2026-04-08 08:34:56.804345	2026-04-08 08:34:56.804345
260	\N	68	1	1	taxes	{"en_US": "+mod390[732]"}	t	f	2026-04-08 08:34:56.804345	2026-04-08 08:34:56.804345
261	\N	68	1	1	taxes	{"en_US": "-mod390[733]"}	t	t	2026-04-08 08:34:56.804345	2026-04-08 08:34:56.804345
262	\N	68	1	1	taxes	{"en_US": "+mod390[733]"}	t	f	2026-04-08 08:34:56.804345	2026-04-08 08:34:56.804345
263	\N	68	1	1	taxes	{"en_US": "-mod390[759]"}	t	t	2026-04-08 08:34:56.804345	2026-04-08 08:34:56.804345
264	\N	68	1	1	taxes	{"en_US": "+mod390[759]"}	t	f	2026-04-08 08:34:56.804345	2026-04-08 08:34:56.804345
265	\N	68	1	1	taxes	{"en_US": "-mod390[760]"}	t	t	2026-04-08 08:34:56.804345	2026-04-08 08:34:56.804345
266	\N	68	1	1	taxes	{"en_US": "+mod390[760]"}	t	f	2026-04-08 08:34:56.804345	2026-04-08 08:34:56.804345
267	\N	68	1	1	taxes	{"en_US": "-mod390[619]"}	t	t	2026-04-08 08:34:56.804345	2026-04-08 08:34:56.804345
268	\N	68	1	1	taxes	{"en_US": "+mod390[619]"}	t	f	2026-04-08 08:34:56.804345	2026-04-08 08:34:56.804345
269	\N	68	1	1	taxes	{"en_US": "-mod390[620]"}	t	t	2026-04-08 08:34:56.804345	2026-04-08 08:34:56.804345
270	\N	68	1	1	taxes	{"en_US": "+mod390[620]"}	t	f	2026-04-08 08:34:56.804345	2026-04-08 08:34:56.804345
271	\N	68	1	1	taxes	{"en_US": "-mod390[621]"}	t	t	2026-04-08 08:34:56.804345	2026-04-08 08:34:56.804345
272	\N	68	1	1	taxes	{"en_US": "+mod390[621]"}	t	f	2026-04-08 08:34:56.804345	2026-04-08 08:34:56.804345
273	\N	68	1	1	taxes	{"en_US": "-mod390[622]"}	t	t	2026-04-08 08:34:56.804345	2026-04-08 08:34:56.804345
274	\N	68	1	1	taxes	{"en_US": "+mod390[622]"}	t	f	2026-04-08 08:34:56.804345	2026-04-08 08:34:56.804345
275	\N	68	1	1	taxes	{"en_US": "-mod390[761]"}	t	t	2026-04-08 08:34:56.804345	2026-04-08 08:34:56.804345
276	\N	68	1	1	taxes	{"en_US": "+mod390[761]"}	t	f	2026-04-08 08:34:56.804345	2026-04-08 08:34:56.804345
277	\N	68	1	1	taxes	{"en_US": "-mod390[762]"}	t	t	2026-04-08 08:34:56.804345	2026-04-08 08:34:56.804345
278	\N	68	1	1	taxes	{"en_US": "+mod390[762]"}	t	f	2026-04-08 08:34:56.804345	2026-04-08 08:34:56.804345
279	\N	68	1	1	taxes	{"en_US": "-mod390[208]"}	t	t	2026-04-08 08:34:56.804345	2026-04-08 08:34:56.804345
280	\N	68	1	1	taxes	{"en_US": "+mod390[208]"}	t	f	2026-04-08 08:34:56.804345	2026-04-08 08:34:56.804345
281	\N	68	1	1	taxes	{"en_US": "-mod390[209]"}	t	t	2026-04-08 08:34:56.804345	2026-04-08 08:34:56.804345
282	\N	68	1	1	taxes	{"en_US": "+mod390[209]"}	t	f	2026-04-08 08:34:56.804345	2026-04-08 08:34:56.804345
283	\N	68	1	1	taxes	{"en_US": "-mod390[734]"}	t	t	2026-04-08 08:34:56.804345	2026-04-08 08:34:56.804345
284	\N	68	1	1	taxes	{"en_US": "+mod390[734]"}	t	f	2026-04-08 08:34:56.804345	2026-04-08 08:34:56.804345
285	\N	68	1	1	taxes	{"en_US": "-mod390[735]"}	t	t	2026-04-08 08:34:56.804345	2026-04-08 08:34:56.804345
286	\N	68	1	1	taxes	{"en_US": "+mod390[735]"}	t	f	2026-04-08 08:34:56.804345	2026-04-08 08:34:56.804345
287	\N	68	1	1	taxes	{"en_US": "-mod390[763]"}	t	t	2026-04-08 08:34:56.804345	2026-04-08 08:34:56.804345
288	\N	68	1	1	taxes	{"en_US": "+mod390[763]"}	t	f	2026-04-08 08:34:56.804345	2026-04-08 08:34:56.804345
289	\N	68	1	1	taxes	{"en_US": "-mod390[764]"}	t	t	2026-04-08 08:34:56.804345	2026-04-08 08:34:56.804345
290	\N	68	1	1	taxes	{"en_US": "+mod390[764]"}	t	f	2026-04-08 08:34:56.804345	2026-04-08 08:34:56.804345
291	\N	68	1	1	taxes	{"en_US": "-mod390[623]"}	t	t	2026-04-08 08:34:56.804345	2026-04-08 08:34:56.804345
292	\N	68	1	1	taxes	{"en_US": "+mod390[623]"}	t	f	2026-04-08 08:34:56.804345	2026-04-08 08:34:56.804345
293	\N	68	1	1	taxes	{"en_US": "-mod390[624]"}	t	t	2026-04-08 08:34:56.804345	2026-04-08 08:34:56.804345
294	\N	68	1	1	taxes	{"en_US": "+mod390[624]"}	t	f	2026-04-08 08:34:56.804345	2026-04-08 08:34:56.804345
295	\N	68	1	1	taxes	{"en_US": "-mod390[625]"}	t	t	2026-04-08 08:34:56.804345	2026-04-08 08:34:56.804345
296	\N	68	1	1	taxes	{"en_US": "+mod390[625]"}	t	f	2026-04-08 08:34:56.804345	2026-04-08 08:34:56.804345
297	\N	68	1	1	taxes	{"en_US": "-mod390[626]"}	t	t	2026-04-08 08:34:56.804345	2026-04-08 08:34:56.804345
298	\N	68	1	1	taxes	{"en_US": "+mod390[626]"}	t	f	2026-04-08 08:34:56.804345	2026-04-08 08:34:56.804345
299	\N	68	1	1	taxes	{"en_US": "-mod390[765]"}	t	t	2026-04-08 08:34:56.804345	2026-04-08 08:34:56.804345
300	\N	68	1	1	taxes	{"en_US": "+mod390[765]"}	t	f	2026-04-08 08:34:56.804345	2026-04-08 08:34:56.804345
301	\N	68	1	1	taxes	{"en_US": "-mod390[766]"}	t	t	2026-04-08 08:34:56.804345	2026-04-08 08:34:56.804345
302	\N	68	1	1	taxes	{"en_US": "+mod390[766]"}	t	f	2026-04-08 08:34:56.804345	2026-04-08 08:34:56.804345
303	\N	68	1	1	taxes	{"en_US": "-mod390[214]"}	t	t	2026-04-08 08:34:56.804345	2026-04-08 08:34:56.804345
304	\N	68	1	1	taxes	{"en_US": "+mod390[214]"}	t	f	2026-04-08 08:34:56.804345	2026-04-08 08:34:56.804345
305	\N	68	1	1	taxes	{"en_US": "-mod390[215]"}	t	t	2026-04-08 08:34:56.804345	2026-04-08 08:34:56.804345
306	\N	68	1	1	taxes	{"en_US": "+mod390[215]"}	t	f	2026-04-08 08:34:56.804345	2026-04-08 08:34:56.804345
307	\N	68	1	1	taxes	{"en_US": "-mod390[736]"}	t	t	2026-04-08 08:34:56.804345	2026-04-08 08:34:56.804345
308	\N	68	1	1	taxes	{"en_US": "+mod390[736]"}	t	f	2026-04-08 08:34:56.804345	2026-04-08 08:34:56.804345
309	\N	68	1	1	taxes	{"en_US": "-mod390[737]"}	t	t	2026-04-08 08:34:56.804345	2026-04-08 08:34:56.804345
310	\N	68	1	1	taxes	{"en_US": "+mod390[737]"}	t	f	2026-04-08 08:34:56.804345	2026-04-08 08:34:56.804345
311	\N	68	1	1	taxes	{"en_US": "-mod390[767]"}	t	t	2026-04-08 08:34:56.804345	2026-04-08 08:34:56.804345
312	\N	68	1	1	taxes	{"en_US": "+mod390[767]"}	t	f	2026-04-08 08:34:56.804345	2026-04-08 08:34:56.804345
313	\N	68	1	1	taxes	{"en_US": "-mod390[768]"}	t	t	2026-04-08 08:34:56.804345	2026-04-08 08:34:56.804345
314	\N	68	1	1	taxes	{"en_US": "+mod390[768]"}	t	f	2026-04-08 08:34:56.804345	2026-04-08 08:34:56.804345
315	\N	68	1	1	taxes	{"en_US": "-mod390[627]"}	t	t	2026-04-08 08:34:56.804345	2026-04-08 08:34:56.804345
316	\N	68	1	1	taxes	{"en_US": "+mod390[627]"}	t	f	2026-04-08 08:34:56.804345	2026-04-08 08:34:56.804345
317	\N	68	1	1	taxes	{"en_US": "-mod390[628]"}	t	t	2026-04-08 08:34:56.804345	2026-04-08 08:34:56.804345
318	\N	68	1	1	taxes	{"en_US": "+mod390[628]"}	t	f	2026-04-08 08:34:56.804345	2026-04-08 08:34:56.804345
319	\N	68	1	1	taxes	{"en_US": "-mod390[629]"}	t	t	2026-04-08 08:34:56.804345	2026-04-08 08:34:56.804345
320	\N	68	1	1	taxes	{"en_US": "+mod390[629]"}	t	f	2026-04-08 08:34:56.804345	2026-04-08 08:34:56.804345
321	\N	68	1	1	taxes	{"en_US": "-mod390[630]"}	t	t	2026-04-08 08:34:56.804345	2026-04-08 08:34:56.804345
322	\N	68	1	1	taxes	{"en_US": "+mod390[630]"}	t	f	2026-04-08 08:34:56.804345	2026-04-08 08:34:56.804345
323	\N	68	1	1	taxes	{"en_US": "-mod390[769]"}	t	t	2026-04-08 08:34:56.804345	2026-04-08 08:34:56.804345
324	\N	68	1	1	taxes	{"en_US": "+mod390[769]"}	t	f	2026-04-08 08:34:56.804345	2026-04-08 08:34:56.804345
325	\N	68	1	1	taxes	{"en_US": "-mod390[770]"}	t	t	2026-04-08 08:34:56.804345	2026-04-08 08:34:56.804345
326	\N	68	1	1	taxes	{"en_US": "+mod390[770]"}	t	f	2026-04-08 08:34:56.804345	2026-04-08 08:34:56.804345
327	\N	68	1	1	taxes	{"en_US": "-mod390[220]"}	t	t	2026-04-08 08:34:56.804345	2026-04-08 08:34:56.804345
328	\N	68	1	1	taxes	{"en_US": "+mod390[220]"}	t	f	2026-04-08 08:34:56.804345	2026-04-08 08:34:56.804345
329	\N	68	1	1	taxes	{"en_US": "-mod390[221]"}	t	t	2026-04-08 08:34:56.804345	2026-04-08 08:34:56.804345
330	\N	68	1	1	taxes	{"en_US": "+mod390[221]"}	t	f	2026-04-08 08:34:56.804345	2026-04-08 08:34:56.804345
331	\N	68	1	1	taxes	{"en_US": "-mod390[738]"}	t	t	2026-04-08 08:34:56.804345	2026-04-08 08:34:56.804345
332	\N	68	1	1	taxes	{"en_US": "+mod390[738]"}	t	f	2026-04-08 08:34:56.804345	2026-04-08 08:34:56.804345
333	\N	68	1	1	taxes	{"en_US": "-mod390[739]"}	t	t	2026-04-08 08:34:56.804345	2026-04-08 08:34:56.804345
334	\N	68	1	1	taxes	{"en_US": "+mod390[739]"}	t	f	2026-04-08 08:34:56.804345	2026-04-08 08:34:56.804345
335	\N	68	1	1	taxes	{"en_US": "-mod390[771]"}	t	t	2026-04-08 08:34:56.804345	2026-04-08 08:34:56.804345
336	\N	68	1	1	taxes	{"en_US": "+mod390[771]"}	t	f	2026-04-08 08:34:56.804345	2026-04-08 08:34:56.804345
337	\N	68	1	1	taxes	{"en_US": "-mod390[772]"}	t	t	2026-04-08 08:34:56.804345	2026-04-08 08:34:56.804345
338	\N	68	1	1	taxes	{"en_US": "+mod390[772]"}	t	f	2026-04-08 08:34:56.804345	2026-04-08 08:34:56.804345
339	\N	68	1	1	taxes	{"en_US": "-mod390[631]"}	t	t	2026-04-08 08:34:56.804345	2026-04-08 08:34:56.804345
340	\N	68	1	1	taxes	{"en_US": "+mod390[631]"}	t	f	2026-04-08 08:34:56.804345	2026-04-08 08:34:56.804345
341	\N	68	1	1	taxes	{"en_US": "-mod390[632]"}	t	t	2026-04-08 08:34:56.804345	2026-04-08 08:34:56.804345
342	\N	68	1	1	taxes	{"en_US": "+mod390[632]"}	t	f	2026-04-08 08:34:56.804345	2026-04-08 08:34:56.804345
343	\N	68	1	1	taxes	{"en_US": "-mod390[633]"}	t	t	2026-04-08 08:34:56.804345	2026-04-08 08:34:56.804345
344	\N	68	1	1	taxes	{"en_US": "+mod390[633]"}	t	f	2026-04-08 08:34:56.804345	2026-04-08 08:34:56.804345
345	\N	68	1	1	taxes	{"en_US": "-mod390[634]"}	t	t	2026-04-08 08:34:56.804345	2026-04-08 08:34:56.804345
346	\N	68	1	1	taxes	{"en_US": "+mod390[634]"}	t	f	2026-04-08 08:34:56.804345	2026-04-08 08:34:56.804345
347	\N	68	1	1	taxes	{"en_US": "-mod390[587]"}	t	t	2026-04-08 08:34:56.804345	2026-04-08 08:34:56.804345
348	\N	68	1	1	taxes	{"en_US": "+mod390[587]"}	t	f	2026-04-08 08:34:56.804345	2026-04-08 08:34:56.804345
349	\N	68	1	1	taxes	{"en_US": "-mod390[588]"}	t	t	2026-04-08 08:34:56.804345	2026-04-08 08:34:56.804345
350	\N	68	1	1	taxes	{"en_US": "+mod390[588]"}	t	f	2026-04-08 08:34:56.804345	2026-04-08 08:34:56.804345
351	\N	68	1	1	taxes	{"en_US": "-mod390[740]"}	t	t	2026-04-08 08:34:56.804345	2026-04-08 08:34:56.804345
352	\N	68	1	1	taxes	{"en_US": "+mod390[740]"}	t	f	2026-04-08 08:34:56.804345	2026-04-08 08:34:56.804345
353	\N	68	1	1	taxes	{"en_US": "-mod390[741]"}	t	t	2026-04-08 08:34:56.804345	2026-04-08 08:34:56.804345
354	\N	68	1	1	taxes	{"en_US": "+mod390[741]"}	t	f	2026-04-08 08:34:56.804345	2026-04-08 08:34:56.804345
355	\N	68	1	1	taxes	{"en_US": "-mod390[635]"}	t	t	2026-04-08 08:34:56.804345	2026-04-08 08:34:56.804345
356	\N	68	1	1	taxes	{"en_US": "+mod390[635]"}	t	f	2026-04-08 08:34:56.804345	2026-04-08 08:34:56.804345
357	\N	68	1	1	taxes	{"en_US": "-mod390[636]"}	t	t	2026-04-08 08:34:56.804345	2026-04-08 08:34:56.804345
358	\N	68	1	1	taxes	{"en_US": "+mod390[636]"}	t	f	2026-04-08 08:34:56.804345	2026-04-08 08:34:56.804345
359	\N	68	1	1	taxes	{"en_US": "-mod390[637]"}	t	t	2026-04-08 08:34:56.804345	2026-04-08 08:34:56.804345
360	\N	68	1	1	taxes	{"en_US": "+mod390[637]"}	t	f	2026-04-08 08:34:56.804345	2026-04-08 08:34:56.804345
361	\N	68	1	1	taxes	{"en_US": "-mod390[638]"}	t	t	2026-04-08 08:34:56.804345	2026-04-08 08:34:56.804345
362	\N	68	1	1	taxes	{"en_US": "+mod390[638]"}	t	f	2026-04-08 08:34:56.804345	2026-04-08 08:34:56.804345
363	\N	68	1	1	taxes	{"en_US": "-mod390[60]"}	t	t	2026-04-08 08:34:56.804345	2026-04-08 08:34:56.804345
364	\N	68	1	1	taxes	{"en_US": "+mod390[60]"}	t	f	2026-04-08 08:34:56.804345	2026-04-08 08:34:56.804345
365	\N	68	1	1	taxes	{"en_US": "-mod390[61]"}	t	t	2026-04-08 08:34:56.804345	2026-04-08 08:34:56.804345
366	\N	68	1	1	taxes	{"en_US": "+mod390[61]"}	t	f	2026-04-08 08:34:56.804345	2026-04-08 08:34:56.804345
367	\N	68	1	1	taxes	{"en_US": "-mod390[110]"}	t	t	2026-04-08 08:34:56.804345	2026-04-08 08:34:56.804345
368	\N	68	1	1	taxes	{"en_US": "+mod390[110]"}	t	f	2026-04-08 08:34:56.804345	2026-04-08 08:34:56.804345
369	\N	68	1	1	taxes	{"en_US": "-mod420[1]"}	t	t	2026-04-08 08:34:56.804345	2026-04-08 08:34:56.804345
370	\N	68	1	1	taxes	{"en_US": "+mod420[1]"}	t	f	2026-04-08 08:34:56.804345	2026-04-08 08:34:56.804345
371	\N	68	1	1	taxes	{"en_US": "-mod420[4]"}	t	t	2026-04-08 08:34:56.804345	2026-04-08 08:34:56.804345
372	\N	68	1	1	taxes	{"en_US": "+mod420[4]"}	t	f	2026-04-08 08:34:56.804345	2026-04-08 08:34:56.804345
373	\N	68	1	1	taxes	{"en_US": "-mod420[6]"}	t	t	2026-04-08 08:34:56.804345	2026-04-08 08:34:56.804345
374	\N	68	1	1	taxes	{"en_US": "+mod420[6]"}	t	f	2026-04-08 08:34:56.804345	2026-04-08 08:34:56.804345
375	\N	68	1	1	taxes	{"en_US": "-mod420[7]"}	t	t	2026-04-08 08:34:56.804345	2026-04-08 08:34:56.804345
376	\N	68	1	1	taxes	{"en_US": "+mod420[7]"}	t	f	2026-04-08 08:34:56.804345	2026-04-08 08:34:56.804345
377	\N	68	1	1	taxes	{"en_US": "-mod420[9]"}	t	t	2026-04-08 08:34:56.804345	2026-04-08 08:34:56.804345
378	\N	68	1	1	taxes	{"en_US": "+mod420[9]"}	t	f	2026-04-08 08:34:56.804345	2026-04-08 08:34:56.804345
379	\N	68	1	1	taxes	{"en_US": "-mod420[10]"}	t	t	2026-04-08 08:34:56.804345	2026-04-08 08:34:56.804345
380	\N	68	1	1	taxes	{"en_US": "+mod420[10]"}	t	f	2026-04-08 08:34:56.804345	2026-04-08 08:34:56.804345
381	\N	68	1	1	taxes	{"en_US": "-mod420[12]"}	t	t	2026-04-08 08:34:56.804345	2026-04-08 08:34:56.804345
382	\N	68	1	1	taxes	{"en_US": "+mod420[12]"}	t	f	2026-04-08 08:34:56.804345	2026-04-08 08:34:56.804345
383	\N	68	1	1	taxes	{"en_US": "-mod420[13]"}	t	t	2026-04-08 08:34:56.804345	2026-04-08 08:34:56.804345
384	\N	68	1	1	taxes	{"en_US": "+mod420[13]"}	t	f	2026-04-08 08:34:56.804345	2026-04-08 08:34:56.804345
385	\N	68	1	1	taxes	{"en_US": "-mod420[15]"}	t	t	2026-04-08 08:34:56.804345	2026-04-08 08:34:56.804345
386	\N	68	1	1	taxes	{"en_US": "+mod420[15]"}	t	f	2026-04-08 08:34:56.804345	2026-04-08 08:34:56.804345
387	\N	68	1	1	taxes	{"en_US": "-mod420[16]"}	t	t	2026-04-08 08:34:56.804345	2026-04-08 08:34:56.804345
388	\N	68	1	1	taxes	{"en_US": "+mod420[16]"}	t	f	2026-04-08 08:34:56.804345	2026-04-08 08:34:56.804345
389	\N	68	1	1	taxes	{"en_US": "-mod420[18]"}	t	t	2026-04-08 08:34:56.804345	2026-04-08 08:34:56.804345
390	\N	68	1	1	taxes	{"en_US": "+mod420[18]"}	t	f	2026-04-08 08:34:56.804345	2026-04-08 08:34:56.804345
391	\N	68	1	1	taxes	{"en_US": "-mod420[19]"}	t	t	2026-04-08 08:34:56.804345	2026-04-08 08:34:56.804345
392	\N	68	1	1	taxes	{"en_US": "+mod420[19]"}	t	f	2026-04-08 08:34:56.804345	2026-04-08 08:34:56.804345
393	\N	68	1	1	taxes	{"en_US": "-mod420[20]"}	t	t	2026-04-08 08:34:56.804345	2026-04-08 08:34:56.804345
394	\N	68	1	1	taxes	{"en_US": "+mod420[20]"}	t	f	2026-04-08 08:34:56.804345	2026-04-08 08:34:56.804345
395	\N	68	1	1	taxes	{"en_US": "-mod420[21]"}	t	t	2026-04-08 08:34:56.804345	2026-04-08 08:34:56.804345
396	\N	68	1	1	taxes	{"en_US": "+mod420[21]"}	t	f	2026-04-08 08:34:56.804345	2026-04-08 08:34:56.804345
397	\N	68	1	1	taxes	{"en_US": "-mod420[22]"}	t	t	2026-04-08 08:34:56.804345	2026-04-08 08:34:56.804345
398	\N	68	1	1	taxes	{"en_US": "+mod420[22]"}	t	f	2026-04-08 08:34:56.804345	2026-04-08 08:34:56.804345
399	\N	68	1	1	taxes	{"en_US": "-mod420[23]"}	t	t	2026-04-08 08:34:56.804345	2026-04-08 08:34:56.804345
400	\N	68	1	1	taxes	{"en_US": "+mod420[23]"}	t	f	2026-04-08 08:34:56.804345	2026-04-08 08:34:56.804345
401	\N	68	1	1	taxes	{"en_US": "-mod420[24]"}	t	t	2026-04-08 08:34:56.804345	2026-04-08 08:34:56.804345
402	\N	68	1	1	taxes	{"en_US": "+mod420[24]"}	t	f	2026-04-08 08:34:56.804345	2026-04-08 08:34:56.804345
403	\N	68	1	1	taxes	{"en_US": "-mod420[26]"}	t	t	2026-04-08 08:34:56.804345	2026-04-08 08:34:56.804345
404	\N	68	1	1	taxes	{"en_US": "+mod420[26]"}	t	f	2026-04-08 08:34:56.804345	2026-04-08 08:34:56.804345
405	\N	68	1	1	taxes	{"en_US": "-mod420[27]"}	t	t	2026-04-08 08:34:56.804345	2026-04-08 08:34:56.804345
406	\N	68	1	1	taxes	{"en_US": "+mod420[27]"}	t	f	2026-04-08 08:34:56.804345	2026-04-08 08:34:56.804345
407	\N	68	1	1	taxes	{"en_US": "-mod420[28]"}	t	t	2026-04-08 08:34:56.804345	2026-04-08 08:34:56.804345
408	\N	68	1	1	taxes	{"en_US": "+mod420[28]"}	t	f	2026-04-08 08:34:56.804345	2026-04-08 08:34:56.804345
409	\N	68	1	1	taxes	{"en_US": "-mod420[29]"}	t	t	2026-04-08 08:34:56.804345	2026-04-08 08:34:56.804345
410	\N	68	1	1	taxes	{"en_US": "+mod420[29]"}	t	f	2026-04-08 08:34:56.804345	2026-04-08 08:34:56.804345
411	\N	68	1	1	taxes	{"en_US": "-mod420[30]"}	t	t	2026-04-08 08:34:56.804345	2026-04-08 08:34:56.804345
412	\N	68	1	1	taxes	{"en_US": "+mod420[30]"}	t	f	2026-04-08 08:34:56.804345	2026-04-08 08:34:56.804345
413	\N	68	1	1	taxes	{"en_US": "-mod420[31]"}	t	t	2026-04-08 08:34:56.804345	2026-04-08 08:34:56.804345
414	\N	68	1	1	taxes	{"en_US": "+mod420[31]"}	t	f	2026-04-08 08:34:56.804345	2026-04-08 08:34:56.804345
415	\N	68	1	1	taxes	{"en_US": "-mod420[32]"}	t	t	2026-04-08 08:34:56.804345	2026-04-08 08:34:56.804345
416	\N	68	1	1	taxes	{"en_US": "+mod420[32]"}	t	f	2026-04-08 08:34:56.804345	2026-04-08 08:34:56.804345
417	\N	68	1	1	taxes	{"en_US": "-mod420[33]"}	t	t	2026-04-08 08:34:56.804345	2026-04-08 08:34:56.804345
418	\N	68	1	1	taxes	{"en_US": "+mod420[33]"}	t	f	2026-04-08 08:34:56.804345	2026-04-08 08:34:56.804345
419	\N	68	1	1	taxes	{"en_US": "-mod420[34]"}	t	t	2026-04-08 08:34:56.804345	2026-04-08 08:34:56.804345
420	\N	68	1	1	taxes	{"en_US": "+mod420[34]"}	t	f	2026-04-08 08:34:56.804345	2026-04-08 08:34:56.804345
421	\N	68	1	1	taxes	{"en_US": "-mod420[35]"}	t	t	2026-04-08 08:34:56.804345	2026-04-08 08:34:56.804345
422	\N	68	1	1	taxes	{"en_US": "+mod420[35]"}	t	f	2026-04-08 08:34:56.804345	2026-04-08 08:34:56.804345
4	\N	68	1	1	taxes	{"en_US": "+mod390[103]", "es_ES": "+mod390[103]"}	t	\N	2026-04-08 08:34:56.804345	2026-04-08 08:34:56.804345
5	\N	68	1	1	taxes	{"en_US": "+mod390[104]", "es_ES": "+mod390[104]"}	t	\N	2026-04-08 08:34:56.804345	2026-04-08 08:34:56.804345
6	\N	68	1	1	taxes	{"en_US": "-mod390[104]", "es_ES": "-mod390[104]"}	t	\N	2026-04-08 08:34:56.804345	2026-04-08 08:34:56.804345
7	\N	68	1	1	taxes	{"en_US": "+mod390[230]", "es_ES": "+mod390[230]"}	t	\N	2026-04-08 08:34:56.804345	2026-04-08 08:34:56.804345
8	\N	68	1	1	taxes	{"en_US": "-mod390[230]", "es_ES": "-mod390[230]"}	t	\N	2026-04-08 08:34:56.804345	2026-04-08 08:34:56.804345
9	\N	68	1	1	taxes	{"en_US": "+mod390[232]", "es_ES": "+mod390[232]"}	t	\N	2026-04-08 08:34:56.804345	2026-04-08 08:34:56.804345
10	\N	68	1	1	taxes	{"en_US": "-mod390[232]", "es_ES": "-mod390[232]"}	t	\N	2026-04-08 08:34:56.804345	2026-04-08 08:34:56.804345
11	\N	68	1	1	taxes	{"en_US": "+mod390[775]", "es_ES": "+mod390[775]"}	t	\N	2026-04-08 08:34:56.804345	2026-04-08 08:34:56.804345
12	\N	68	1	1	taxes	{"en_US": "+mod390[773]", "es_ES": "+mod390[773]"}	t	\N	2026-04-08 08:34:56.804345	2026-04-08 08:34:56.804345
13	\N	68	1	1	taxes	{"en_US": "-mod390[773]", "es_ES": "-mod390[773]"}	t	\N	2026-04-08 08:34:56.804345	2026-04-08 08:34:56.804345
14	\N	68	1	1	taxes	{"en_US": "+mod390[774]", "es_ES": "+mod390[774]"}	t	\N	2026-04-08 08:34:56.804345	2026-04-08 08:34:56.804345
15	\N	68	1	1	taxes	{"en_US": "-mod390[774]", "es_ES": "-mod390[774]"}	t	\N	2026-04-08 08:34:56.804345	2026-04-08 08:34:56.804345
16	\N	68	1	1	taxes	{"en_US": "-mod390[775]", "es_ES": "-mod390[775]"}	t	\N	2026-04-08 08:34:56.804345	2026-04-08 08:34:56.804345
17	\N	68	1	1	taxes	{"en_US": "+mod390[776]", "es_ES": "+mod390[776]"}	t	\N	2026-04-08 08:34:56.804345	2026-04-08 08:34:56.804345
18	\N	68	1	1	taxes	{"en_US": "-mod390[776]", "es_ES": "-mod390[776]"}	t	\N	2026-04-08 08:34:56.804345	2026-04-08 08:34:56.804345
\.


--
-- Data for Name: account_account_tag_account_move_line_rel; Type: TABLE DATA; Schema: public; Owner: odoo
--

COPY public.account_account_tag_account_move_line_rel (account_move_line_id, account_account_tag_id) FROM stdin;
13	102
13	226
\.


--
-- Data for Name: account_account_tag_account_tax_repartition_line_rel; Type: TABLE DATA; Schema: public; Owner: odoo
--

COPY public.account_account_tag_account_tax_repartition_line_rel (account_tax_repartition_line_id, account_account_tag_id) FROM stdin;
21	28
22	29
23	27
24	30
25	36
26	37
27	35
28	38
29	28
30	29
31	27
32	30
33	36
34	37
35	35
36	38
37	36
38	37
39	35
40	38
41	28
42	29
43	27
44	30
45	28
46	29
47	27
48	30
49	28
50	29
51	27
52	30
53	28
54	29
55	27
56	30
97	28
98	29
99	27
100	30
101	28
102	29
103	27
104	30
105	20
106	21
107	19
108	22
109	24
110	25
111	23
112	26
113	32
114	33
115	31
116	34
117	32
118	33
119	31
120	34
121	28
122	29
123	27
124	30
125	36
126	37
127	35
128	38
129	28
130	29
131	27
132	30
133	20
134	21
135	19
136	22
137	20
138	21
139	19
140	22
141	28
142	29
143	27
144	30
153	20
154	21
155	19
156	22
157	20
158	21
159	19
160	22
161	20
162	21
163	19
164	22
209	60
210	62
211	71
212	75
213	60
214	62
215	71
216	75
217	102
217	226
218	104
218	228
219	125
219	225
220	127
220	227
221	102
221	226
222	104
222	228
223	125
223	225
224	127
224	227
225	64
225	118
225	360
225	202
226	120
226	362
227	65
227	203
228	74
228	125
228	359
228	201
229	127
229	361
230	76
230	204
231	118
231	64
231	174
231	320
232	120
232	322
233	65
233	175
234	125
234	74
234	173
234	319
235	127
235	321
236	76
236	176
237	64
237	122
237	344
237	174
238	124
238	346
239	65
239	175
240	125
240	74
240	343
240	173
241	127
241	345
242	76
242	176
243	110
243	272
244	112
244	274
245	125
245	271
246	127
246	273
247	114
247	296
248	116
248	298
249	125
249	295
250	127
250	297
251	102
251	68
251	226
252	104
252	228
253	69
254	125
254	74
254	225
255	127
255	227
256	76
257	102
257	68
257	226
258	104
258	228
259	69
260	125
260	74
260	225
261	127
261	227
262	76
263	102
263	68
263	226
264	104
264	228
265	69
266	125
266	74
266	225
267	127
267	227
268	76
269	118
269	64
269	158
269	304
270	120
270	306
271	65
271	159
272	125
272	74
272	157
272	303
273	127
273	305
274	76
274	160
275	122
275	64
275	328
275	158
276	124
276	330
277	65
277	159
278	125
278	74
278	327
278	157
279	127
279	329
280	76
280	160
281	122
281	64
281	332
281	162
282	124
282	334
283	65
283	163
284	125
284	74
284	331
284	161
285	127
285	333
286	76
286	164
287	118
287	64
287	170
287	316
288	120
288	318
289	65
289	171
290	125
290	74
290	169
290	315
291	127
291	317
292	76
292	172
293	122
293	64
293	170
293	340
294	124
294	342
295	65
295	171
296	125
296	74
296	169
296	339
297	127
297	341
298	76
298	172
299	118
299	64
299	162
299	311
300	120
300	314
301	65
301	163
302	125
302	74
302	161
302	312
303	127
303	313
304	76
304	164
305	118
305	64
305	194
305	11
306	120
306	17
307	65
307	195
308	125
308	74
308	193
308	16
309	127
309	18
310	76
310	196
311	118
311	64
311	162
311	308
312	120
312	310
313	65
313	163
314	125
314	74
314	161
314	307
315	127
315	309
316	76
316	164
317	118
317	64
317	190
317	352
318	120
318	354
319	65
319	189
320	125
320	74
320	189
320	351
321	127
321	353
322	76
322	192
323	118
323	64
323	154
323	300
324	120
324	302
325	65
325	155
326	125
326	74
326	161
326	299
327	127
327	301
328	76
328	164
329	118
329	64
329	182
329	12
330	120
330	14
331	65
331	184
332	125
332	74
332	181
332	13
333	127
333	15
334	76
334	184
335	118
335	64
335	150
337	125
337	74
337	149
339	118
339	64
339	178
341	125
341	74
341	177
343	132
343	4
345	131
345	4
347	136
347	368
349	135
349	367
351	140
353	139
355	136
355	368
357	135
357	367
359	140
361	140
363	136
363	368
365	135
365	367
367	110
367	256
368	112
368	258
369	125
369	255
370	127
370	257
371	114
371	280
372	116
372	282
373	125
373	279
374	127
374	281
375	110
375	284
376	112
376	286
377	125
377	283
378	127
378	285
379	110
379	268
380	112
380	270
381	125
381	267
382	127
382	269
383	114
383	292
384	116
384	294
385	125
385	291
386	127
386	293
387	110
387	264
388	112
388	266
389	125
389	263
390	127
390	265
391	102
391	68
391	226
392	104
392	228
393	69
394	125
394	74
394	225
395	127
395	227
396	76
397	110
397	260
398	112
398	262
399	125
399	259
400	127
400	261
401	102
401	68
401	226
402	104
402	228
403	69
404	125
404	74
404	225
405	127
405	227
406	76
407	110
407	260
408	112
408	262
409	125
409	259
410	127
410	261
411	102
411	68
411	226
412	104
412	228
413	69
414	125
414	74
414	225
415	127
415	227
416	76
417	109
419	125
421	109
423	125
425	102
427	125
429	102
431	125
433	102
433	214
434	104
434	216
435	125
435	213
436	127
436	215
437	102
437	214
438	104
438	216
439	125
439	213
440	127
440	215
441	106
441	234
442	108
442	232
443	125
443	233
444	127
444	231
445	102
445	236
446	104
446	238
447	126
447	235
448	128
448	237
449	102
449	210
450	104
450	212
451	125
451	209
452	127
452	211
453	102
453	214
454	104
454	216
455	125
455	213
456	127
456	215
457	102
457	214
458	104
458	216
459	125
459	213
460	127
460	215
461	102
461	218
462	104
462	220
463	125
463	217
464	127
464	219
465	102
465	218
466	104
466	220
467	125
467	217
468	127
468	219
469	106
469	244
470	108
470	246
471	125
471	243
472	127
472	245
473	106
473	248
474	108
474	250
475	125
475	247
476	127
476	249
477	102
477	222
478	104
478	224
479	125
479	221
480	127
480	223
481	102
481	210
482	104
482	212
483	125
483	209
484	127
484	211
485	102
485	222
486	104
486	224
487	125
487	221
488	127
488	223
493	134
495	133
497	134
499	133
509	86
511	97
513	82
514	84
515	97
516	99
517	82
518	84
519	97
520	99
521	86
522	88
523	97
524	99
525	86
526	88
527	97
528	99
529	48
530	50
531	71
532	75
533	56
534	58
535	71
536	75
537	9
539	10
541	9
543	10
545	9
547	10
549	9
551	10
553	9
555	10
557	9
559	10
561	40
563	71
565	40
567	71
569	44
570	46
571	71
572	75
573	44
574	46
575	71
576	75
577	48
578	50
579	71
580	75
581	52
582	54
583	71
584	75
585	52
586	54
587	71
588	75
589	52
589	146
590	54
590	148
591	71
591	145
592	75
592	147
593	52
593	146
594	54
594	148
595	71
595	145
596	75
596	147
597	56
598	58
599	71
600	75
601	90
602	92
603	97
604	99
605	94
606	96
607	97
608	99
609	7
611	8
613	9
615	10
617	9
619	10
622	130
624	129
626	130
626	364
628	129
628	365
629	102
630	104
631	125
632	127
633	102
635	125
637	102
638	104
639	125
640	127
641	102
642	104
643	125
644	127
645	102
646	104
647	125
648	127
649	102
650	104
651	125
652	127
653	102
654	104
655	125
656	127
657	118
657	64
657	198
657	355
658	120
658	358
659	65
659	199
660	125
660	74
660	197
660	356
661	127
661	357
662	76
662	200
663	118
663	64
663	186
663	348
664	120
664	350
665	65
665	187
666	125
666	74
666	185
666	347
667	127
667	349
668	76
668	188
669	138
671	137
673	102
673	68
673	210
674	104
674	212
675	69
676	125
676	74
676	209
677	127
677	211
678	76
679	102
679	68
679	222
680	104
680	224
681	69
682	125
682	74
682	221
683	127
683	223
684	76
685	102
685	68
685	226
686	104
686	228
687	69
688	125
688	74
688	225
689	127
689	227
690	76
691	106
691	68
691	234
692	108
692	232
693	69
694	125
694	74
694	233
695	127
695	231
696	76
697	106
697	68
697	244
698	108
698	246
699	69
700	125
700	74
700	243
701	127
701	245
702	76
703	106
703	68
703	248
704	108
704	250
705	69
706	125
706	74
706	247
707	127
707	249
708	76
721	132
721	4
723	131
723	4
725	134
725	5
727	133
727	6
\.


--
-- Data for Name: account_account_tag_product_template_rel; Type: TABLE DATA; Schema: public; Owner: odoo
--

COPY public.account_account_tag_product_template_rel (product_template_id, account_account_tag_id) FROM stdin;
\.


--
-- Data for Name: account_account_tax_default_rel; Type: TABLE DATA; Schema: public; Owner: odoo
--

COPY public.account_account_tax_default_rel (account_id, tax_id) FROM stdin;
\.


--
-- Data for Name: account_accrued_orders_wizard; Type: TABLE DATA; Schema: public; Owner: odoo
--

COPY public.account_accrued_orders_wizard (id, company_id, journal_id, currency_id, account_id, create_uid, write_uid, date, reversal_date, amount, create_date, write_date) FROM stdin;
\.


--
-- Data for Name: account_analytic_account; Type: TABLE DATA; Schema: public; Owner: odoo
--

COPY public.account_analytic_account (id, plan_id, root_plan_id, company_id, partner_id, create_uid, write_uid, code, name, active, create_date, write_date) FROM stdin;
\.


--
-- Data for Name: account_analytic_account_mrp_bom_rel; Type: TABLE DATA; Schema: public; Owner: odoo
--

COPY public.account_analytic_account_mrp_bom_rel (account_analytic_account_id, mrp_bom_id) FROM stdin;
\.


--
-- Data for Name: account_analytic_account_mrp_production_rel; Type: TABLE DATA; Schema: public; Owner: odoo
--

COPY public.account_analytic_account_mrp_production_rel (account_analytic_account_id, mrp_production_id) FROM stdin;
\.


--
-- Data for Name: account_analytic_account_mrp_workcenter_rel; Type: TABLE DATA; Schema: public; Owner: odoo
--

COPY public.account_analytic_account_mrp_workcenter_rel (account_analytic_account_id, mrp_workcenter_id) FROM stdin;
\.


--
-- Data for Name: account_analytic_applicability; Type: TABLE DATA; Schema: public; Owner: odoo
--

COPY public.account_analytic_applicability (id, analytic_plan_id, company_id, create_uid, write_uid, business_domain, applicability, create_date, write_date, product_categ_id, account_prefix) FROM stdin;
\.


--
-- Data for Name: account_analytic_distribution_model; Type: TABLE DATA; Schema: public; Owner: odoo
--

COPY public.account_analytic_distribution_model (id, sequence, partner_id, partner_category_id, company_id, create_uid, write_uid, analytic_distribution, create_date, write_date, product_id, product_categ_id, account_prefix) FROM stdin;
\.


--
-- Data for Name: account_analytic_line; Type: TABLE DATA; Schema: public; Owner: odoo
--

COPY public.account_analytic_line (id, account_id, product_uom_id, partner_id, user_id, company_id, currency_id, create_uid, write_uid, name, category, date, amount, create_date, write_date, unit_amount, product_id, general_account_id, journal_id, move_line_id, code, ref, so_line) FROM stdin;
\.


--
-- Data for Name: account_analytic_line_stock_move_rel; Type: TABLE DATA; Schema: public; Owner: odoo
--

COPY public.account_analytic_line_stock_move_rel (stock_move_id, account_analytic_line_id) FROM stdin;
\.


--
-- Data for Name: account_analytic_plan; Type: TABLE DATA; Schema: public; Owner: odoo
--

COPY public.account_analytic_plan (id, parent_id, color, sequence, create_uid, write_uid, parent_path, complete_name, name, default_applicability, description, create_date, write_date) FROM stdin;
1	\N	1	10	1	1	1/	Project	{"en_US": "Project", "es_ES": "Proyecto"}	\N	\N	2026-04-08 08:34:32.743761	2026-04-08 08:34:32.743761
\.


--
-- Data for Name: account_automatic_entry_wizard; Type: TABLE DATA; Schema: public; Owner: odoo
--

COPY public.account_automatic_entry_wizard (id, company_id, destination_account_id, create_uid, write_uid, action, account_type, date, total_amount, create_date, write_date, percentage) FROM stdin;
\.


--
-- Data for Name: account_automatic_entry_wizard_account_move_line_rel; Type: TABLE DATA; Schema: public; Owner: odoo
--

COPY public.account_automatic_entry_wizard_account_move_line_rel (account_automatic_entry_wizard_id, account_move_line_id) FROM stdin;
\.


--
-- Data for Name: account_autopost_bills_wizard; Type: TABLE DATA; Schema: public; Owner: odoo
--

COPY public.account_autopost_bills_wizard (id, partner_id, nb_unmodified_bills, create_uid, write_uid, create_date, write_date) FROM stdin;
\.


--
-- Data for Name: account_bank_statement; Type: TABLE DATA; Schema: public; Owner: odoo
--

COPY public.account_bank_statement (id, company_id, journal_id, create_uid, write_uid, name, reference, first_line_index, date, balance_start, balance_end, balance_end_real, is_complete, create_date, write_date) FROM stdin;
\.


--
-- Data for Name: account_bank_statement_ir_attachment_rel; Type: TABLE DATA; Schema: public; Owner: odoo
--

COPY public.account_bank_statement_ir_attachment_rel (account_bank_statement_id, ir_attachment_id) FROM stdin;
\.


--
-- Data for Name: account_bank_statement_line; Type: TABLE DATA; Schema: public; Owner: odoo
--

COPY public.account_bank_statement_line (id, move_id, journal_id, company_id, statement_id, sequence, partner_id, currency_id, foreign_currency_id, create_uid, write_uid, account_number, partner_name, transaction_type, payment_ref, internal_index, transaction_details, amount, amount_currency, is_reconciled, create_date, write_date, amount_residual) FROM stdin;
\.


--
-- Data for Name: account_cash_rounding; Type: TABLE DATA; Schema: public; Owner: odoo
--

COPY public.account_cash_rounding (id, create_uid, write_uid, strategy, rounding_method, name, profit_account_id, loss_account_id, create_date, write_date, rounding) FROM stdin;
\.


--
-- Data for Name: account_edi_proxy_client_user; Type: TABLE DATA; Schema: public; Owner: odoo
--

COPY public.account_edi_proxy_client_user (id, company_id, private_key_id, create_uid, write_uid, id_client, edi_identification, refresh_token, proxy_type, edi_mode, active, create_date, write_date, peppol_verification_code) FROM stdin;
\.


--
-- Data for Name: account_financial_year_op; Type: TABLE DATA; Schema: public; Owner: odoo
--

COPY public.account_financial_year_op (id, company_id, create_uid, write_uid, create_date, write_date) FROM stdin;
\.


--
-- Data for Name: account_fiscal_position; Type: TABLE DATA; Schema: public; Owner: odoo
--

COPY public.account_fiscal_position (id, sequence, company_id, country_id, country_group_id, create_uid, write_uid, zip_from, zip_to, foreign_vat, name, note, active, auto_apply, vat_required, create_date, write_date) FROM stdin;
1	1	1	68	\N	1	1	\N	\N	\N	{"en_US": "Domestic", "es_ES": "Régimen Nacional"}	\N	t	t	t	2026-04-08 08:35:31.66018	2026-04-08 08:35:31.66018
2	2	1	\N	1	1	1	\N	\N	\N	{"en_US": "EU private", "es_ES": "EU privado"}	\N	t	t	\N	2026-04-08 08:35:31.66018	2026-04-08 08:35:31.66018
3	3	1	\N	1	1	1	\N	\N	\N	{"en_US": "Intra-community", "es_ES": "Régimen Intracomunitario"}	\N	t	t	t	2026-04-08 08:35:31.66018	2026-04-08 08:35:31.66018
4	4	1	\N	\N	1	1	\N	\N	\N	{"en_US": "Extra-community", "es_ES": "Régimen Extracomunitario"}	\N	t	t	\N	2026-04-08 08:35:31.66018	2026-04-08 08:35:31.66018
5	\N	1	\N	\N	1	1	\N	\N	\N	{"en_US": "Regime not subject to localization rules", "es_ES": "Régimen No sujeto por reglas de localización"}	\N	t	\N	\N	2026-04-08 08:35:31.66018	2026-04-08 08:35:31.66018
6	\N	1	\N	\N	1	1	\N	\N	\N	{"en_US": "Equivalence surcharge", "es_ES": "Recargo de Equivalencia"}	\N	t	\N	\N	2026-04-08 08:35:31.66018	2026-04-08 08:35:31.66018
7	\N	1	\N	\N	1	1	\N	\N	\N	{"en_US": "ISP reseller equivalence surcharge", "es_ES": "Recargo de Equivalencia Revendedor con ISP"}	\N	t	\N	\N	2026-04-08 08:35:31.66018	2026-04-08 08:35:31.66018
8	\N	1	\N	\N	1	1	\N	\N	\N	{"en_US": "Personal income tax withholding 1%", "es_ES": "Retención IRPF 1%"}	\N	t	\N	\N	2026-04-08 08:35:31.66018	2026-04-08 08:35:31.66018
9	\N	1	\N	\N	1	1	\N	\N	\N	{"en_US": "Personal income tax withholding 2%", "es_ES": "Retención IRPF 2%"}	\N	t	\N	\N	2026-04-08 08:35:31.66018	2026-04-08 08:35:31.66018
10	\N	1	\N	\N	1	1	\N	\N	\N	{"en_US": "Personal income tax withholding 7%", "es_ES": "Retención IRPF 7%"}	\N	t	\N	\N	2026-04-08 08:35:31.66018	2026-04-08 08:35:31.66018
11	\N	1	\N	\N	1	1	\N	\N	\N	{"en_US": "Perosnal income tax withholding 9%", "es_ES": "Retención IRPF 9%"}	\N	t	\N	\N	2026-04-08 08:35:31.66018	2026-04-08 08:35:31.66018
12	\N	1	\N	\N	1	1	\N	\N	\N	{"en_US": "Personal income tax withholding 15%", "es_ES": "Retención IRPF 15%"}	\N	t	\N	\N	2026-04-08 08:35:31.66018	2026-04-08 08:35:31.66018
13	\N	1	\N	\N	1	1	\N	\N	\N	{"en_US": "Personal income tax withholding 18%", "es_ES": "Retención IRPF 18%"}	\N	t	\N	\N	2026-04-08 08:35:31.66018	2026-04-08 08:35:31.66018
14	\N	1	\N	\N	1	1	\N	\N	\N	{"en_US": "Personal income tax withholding 19%", "es_ES": "Retención IRPF 19%"}	\N	t	\N	\N	2026-04-08 08:35:31.66018	2026-04-08 08:35:31.66018
15	\N	1	\N	\N	1	1	\N	\N	\N	{"en_US": "Retention 19% leases", "es_ES": "Retención 19% arrendamientos"}	\N	t	\N	\N	2026-04-08 08:35:31.66018	2026-04-08 08:35:31.66018
16	\N	1	\N	\N	1	1	\N	\N	\N	{"en_US": "Withholding 19.5% leases", "es_ES": "Retención 19,5% arrendamientos"}	\N	t	\N	\N	2026-04-08 08:35:31.66018	2026-04-08 08:35:31.66018
17	\N	1	\N	\N	1	1	\N	\N	\N	{"en_US": "Personal income tax withholding 20%", "es_ES": "Retención IRPF 20%"}	\N	t	\N	\N	2026-04-08 08:35:31.66018	2026-04-08 08:35:31.66018
18	\N	1	\N	\N	1	1	\N	\N	\N	{"en_US": "Personal income tax withholding 24%", "es_ES": "Retención IRPF 24%"}	\N	t	\N	\N	2026-04-08 08:35:31.66018	2026-04-08 08:35:31.66018
19	\N	1	\N	\N	1	1	\N	\N	\N	{"en_US": "Withholding 19% leases", "es_ES": "Retención 20% arrendamientos"}	\N	t	\N	\N	2026-04-08 08:35:31.66018	2026-04-08 08:35:31.66018
20	\N	1	\N	\N	1	1	\N	\N	\N	{"en_US": "Personal tax income withholding 21%", "es_ES": "Retención IRPF 21%"}	\N	t	\N	\N	2026-04-08 08:35:31.66018	2026-04-08 08:35:31.66018
21	\N	1	\N	\N	1	1	\N	\N	\N	{"en_US": "Withholding 21% leases", "es_ES": "Retención 21% arrendamientos"}	\N	t	\N	\N	2026-04-08 08:35:31.66018	2026-04-08 08:35:31.66018
22	\N	1	\N	\N	1	1	\N	\N	\N	{"en_US": "National Reverse charge", "es_ES": "Inversion del Sujeto Pasivo Nacional"}	\N	t	\N	\N	2026-04-08 08:35:31.66018	2026-04-08 08:35:31.66018
23	\N	1	\N	\N	1	1	\N	\N	\N	{"en_US": "REAGYP - Agriculture", "es_ES": "REAGYP - Agricultura"}	\N	t	\N	\N	2026-04-08 08:35:31.66018	2026-04-08 08:35:31.66018
24	\N	1	\N	\N	1	1	\N	\N	\N	{"en_US": "REAGYP - animal breeding and fishing", "es_ES": "REAGYP - Ganadería y pesca"}	\N	t	\N	\N	2026-04-08 08:35:31.66018	2026-04-08 08:35:31.66018
25	\N	1	\N	\N	1	1	\N	\N	\N	{"en_US": "DUA", "es_ES": "DUA"}	\N	t	\N	\N	2026-04-08 08:35:31.66018	2026-04-08 08:35:31.66018
26	\N	1	\N	\N	1	1	\N	\N	\N	{"en_US": "24% Withholding for non-EU residents", "es_ES": "Retención IRPF No residentes UE 24%"}	\N	t	\N	\N	2026-04-08 08:35:31.66018	2026-04-08 08:35:31.66018
27	\N	1	\N	\N	1	1	\N	\N	\N	{"en_US": "19% Withholding for non-EU residents", "es_ES": "Retención IRPF No residentes UE 19%"}	\N	t	\N	\N	2026-04-08 08:35:31.66018	2026-04-08 08:35:31.66018
28	\N	1	\N	\N	1	1	\N	\N	\N	{"en_US": "Exempt Withholding EU residents", "es_ES": "Retención IRPF residentes UE exento por convenio"}	\N	t	\N	\N	2026-04-08 08:35:31.66018	2026-04-08 08:35:31.66018
29	\N	1	\N	\N	1	1	\N	\N	\N	{"en_US": "Exempt Withholding Non EU residents", "es_ES": "Retención IRPF No residentes UE exento por convenio"}	\N	t	\N	\N	2026-04-08 08:35:31.66018	2026-04-08 08:35:31.66018
\.


--
