-- Data for Name: sale_order_line_invoice_rel; Type: TABLE DATA; Schema: public; Owner: odoo
--

COPY public.sale_order_line_invoice_rel (invoice_line_id, order_line_id) FROM stdin;
\.


--
-- Data for Name: sale_order_line_product_document_rel; Type: TABLE DATA; Schema: public; Owner: odoo
--

COPY public.sale_order_line_product_document_rel (sale_order_line_id, product_document_id) FROM stdin;
\.


--
-- Data for Name: sale_order_mass_cancel_wizard_rel; Type: TABLE DATA; Schema: public; Owner: odoo
--

COPY public.sale_order_mass_cancel_wizard_rel (sale_mass_cancel_orders_id, sale_order_id) FROM stdin;
\.


--
-- Data for Name: sale_order_option; Type: TABLE DATA; Schema: public; Owner: odoo
--

COPY public.sale_order_option (id, order_id, product_id, line_id, sequence, uom_id, create_uid, write_uid, name, quantity, price_unit, discount, create_date, write_date) FROM stdin;
\.


--
-- Data for Name: sale_order_tag_rel; Type: TABLE DATA; Schema: public; Owner: odoo
--

COPY public.sale_order_tag_rel (order_id, tag_id) FROM stdin;
\.


--
-- Data for Name: sale_order_template; Type: TABLE DATA; Schema: public; Owner: odoo
--

COPY public.sale_order_template (id, company_id, sequence, mail_template_id, number_of_days, create_uid, write_uid, name, note, journal_id, active, require_signature, require_payment, create_date, write_date, prepayment_percent) FROM stdin;
\.


--
-- Data for Name: sale_order_template_line; Type: TABLE DATA; Schema: public; Owner: odoo
--

COPY public.sale_order_template_line (id, sale_order_template_id, sequence, company_id, product_id, product_uom_id, create_uid, write_uid, display_type, name, product_uom_qty, create_date, write_date) FROM stdin;
\.


--
-- Data for Name: sale_order_template_option; Type: TABLE DATA; Schema: public; Owner: odoo
--

COPY public.sale_order_template_option (id, sale_order_template_id, company_id, product_id, uom_id, create_uid, write_uid, name, quantity, create_date, write_date) FROM stdin;
\.


--
-- Data for Name: sale_order_transaction_rel; Type: TABLE DATA; Schema: public; Owner: odoo
--

COPY public.sale_order_transaction_rel (transaction_id, sale_order_id) FROM stdin;
\.


--
-- Data for Name: sale_payment_provider_onboarding_wizard; Type: TABLE DATA; Schema: public; Owner: odoo
--

COPY public.sale_payment_provider_onboarding_wizard (id, create_uid, write_uid, payment_method, paypal_email_account, manual_name, journal_name, acc_number, manual_post_msg, create_date, write_date) FROM stdin;
\.


--
-- Data for Name: sale_pdf_form_field; Type: TABLE DATA; Schema: public; Owner: odoo
--

COPY public.sale_pdf_form_field (id, create_uid, write_uid, name, document_type, path, create_date, write_date) FROM stdin;
1	1	1	amount_total	quotation_document	amount_total	2026-04-08 08:35:06.530911	2026-04-08 08:35:06.530911
2	1	1	amount_untaxed	quotation_document	amount_untaxed	2026-04-08 08:35:06.530911	2026-04-08 08:35:06.530911
3	1	1	client_order_ref	quotation_document	client_order_ref	2026-04-08 08:35:06.530911	2026-04-08 08:35:06.530911
4	1	1	delivery_date	quotation_document	commitment_date	2026-04-08 08:35:06.530911	2026-04-08 08:35:06.530911
5	1	1	order_date	quotation_document	date_order	2026-04-08 08:35:06.530911	2026-04-08 08:35:06.530911
6	1	1	name	quotation_document	name	2026-04-08 08:35:06.530911	2026-04-08 08:35:06.530911
7	1	1	partner_id__name	quotation_document	partner_id.name	2026-04-08 08:35:06.530911	2026-04-08 08:35:06.530911
8	1	1	user_id__email	quotation_document	user_id.login	2026-04-08 08:35:06.530911	2026-04-08 08:35:06.530911
9	1	1	user_id__name	quotation_document	user_id.name	2026-04-08 08:35:06.530911	2026-04-08 08:35:06.530911
10	1	1	validity_date	quotation_document	validity_date	2026-04-08 08:35:06.530911	2026-04-08 08:35:06.530911
11	1	1	amount_total	product_document	order_id.amount_total	2026-04-08 08:35:06.530911	2026-04-08 08:35:06.530911
12	1	1	amount_untaxed	product_document	order_id.amount_untaxed	2026-04-08 08:35:06.530911	2026-04-08 08:35:06.530911
13	1	1	client_order_ref	product_document	order_id.client_order_ref	2026-04-08 08:35:06.530911	2026-04-08 08:35:06.530911
14	1	1	delivery_date	product_document	order_id.commitment_date	2026-04-08 08:35:06.530911	2026-04-08 08:35:06.530911
15	1	1	description	product_document	name	2026-04-08 08:35:06.530911	2026-04-08 08:35:06.530911
16	1	1	discount	product_document	discount	2026-04-08 08:35:06.530911	2026-04-08 08:35:06.530911
17	1	1	name	product_document	order_id.name	2026-04-08 08:35:06.530911	2026-04-08 08:35:06.530911
18	1	1	partner_id__name	product_document	order_partner_id.name	2026-04-08 08:35:06.530911	2026-04-08 08:35:06.530911
19	1	1	price_unit	product_document	price_unit	2026-04-08 08:35:06.530911	2026-04-08 08:35:06.530911
20	1	1	product_sale_price	product_document	product_id.lst_price	2026-04-08 08:35:06.530911	2026-04-08 08:35:06.530911
21	1	1	quantity	product_document	product_uom_qty	2026-04-08 08:35:06.530911	2026-04-08 08:35:06.530911
22	1	1	tax_excl_price	product_document	price_subtotal	2026-04-08 08:35:06.530911	2026-04-08 08:35:06.530911
23	1	1	tax_incl_price	product_document	price_total	2026-04-08 08:35:06.530911	2026-04-08 08:35:06.530911
24	1	1	taxes	product_document	tax_id	2026-04-08 08:35:06.530911	2026-04-08 08:35:06.530911
25	1	1	uom	product_document	product_uom.name	2026-04-08 08:35:06.530911	2026-04-08 08:35:06.530911
26	1	1	user_id__name	product_document	salesman_id.name	2026-04-08 08:35:06.530911	2026-04-08 08:35:06.530911
27	1	1	validity_date	product_document	order_id.validity_date	2026-04-08 08:35:06.530911	2026-04-08 08:35:06.530911
\.


--
-- Data for Name: scheduled_message_attachment_rel; Type: TABLE DATA; Schema: public; Owner: odoo
--

COPY public.scheduled_message_attachment_rel (scheduled_message_id, attachment_id) FROM stdin;
\.


--
-- Data for Name: sms_account_code; Type: TABLE DATA; Schema: public; Owner: odoo
--

COPY public.sms_account_code (id, account_id, create_uid, write_uid, verification_code, create_date, write_date) FROM stdin;
\.


--
-- Data for Name: sms_account_phone; Type: TABLE DATA; Schema: public; Owner: odoo
--

COPY public.sms_account_phone (id, account_id, create_uid, write_uid, phone_number, create_date, write_date) FROM stdin;
\.


--
-- Data for Name: sms_account_sender; Type: TABLE DATA; Schema: public; Owner: odoo
--

COPY public.sms_account_sender (id, account_id, create_uid, write_uid, sender_name, create_date, write_date) FROM stdin;
\.


--
-- Data for Name: sms_composer; Type: TABLE DATA; Schema: public; Owner: odoo
--

COPY public.sms_composer (id, res_id, template_id, create_uid, write_uid, composition_mode, res_model, res_ids, recipient_single_number_itf, number_field_name, numbers, body, mass_keep_log, mass_force_send, mass_use_blacklist, create_date, write_date) FROM stdin;
\.


--
-- Data for Name: sms_resend; Type: TABLE DATA; Schema: public; Owner: odoo
--

COPY public.sms_resend (id, mail_message_id, create_uid, write_uid, create_date, write_date) FROM stdin;
\.


--
-- Data for Name: sms_resend_recipient; Type: TABLE DATA; Schema: public; Owner: odoo
--

COPY public.sms_resend_recipient (id, sms_resend_id, notification_id, create_uid, write_uid, partner_name, sms_number, resend, create_date, write_date) FROM stdin;
\.


--
-- Data for Name: sms_sms; Type: TABLE DATA; Schema: public; Owner: odoo
--

COPY public.sms_sms (id, partner_id, mail_message_id, create_uid, write_uid, uuid, number, state, failure_type, body, to_delete, create_date, write_date) FROM stdin;
\.


--
-- Data for Name: sms_template; Type: TABLE DATA; Schema: public; Owner: odoo
--

COPY public.sms_template (id, model_id, sidebar_action_id, create_uid, write_uid, template_fs, lang, model, name, body, create_date, write_date) FROM stdin;
1	632	\N	1	1	calendar_sms/data/sms_data.xml	\N	calendar.event	{"en_US": "Calendar Event: Reminder", "es_ES": "Evento del calendario: recordatorio"}	{"en_US": "Event reminder: {{ object.name }}, {{ object.get_display_time_tz(object.partner_id.tz) }}", "es_ES": "Recordatorio de evento: {{ object.name }}, {{ object.get_display_time_tz(object.partner_id.tz) }}"}	2026-04-08 08:38:56.871515	2026-04-08 08:38:56.871515
2	672	\N	1	1	stock_sms/data/sms_data.xml	\N	stock.picking	{"en_US": "Delivery: Send by SMS Text Message", "es_ES": "Entrega: Enviar por mensaje de texto SMS"}	{"en_US": "\\n                {{ (object.company_id.name + ': We are glad to inform you that your order n° ' + object.origin + ' has been shipped.' if object.origin else object.company_id.name + ': We are glad to inform you that your order has been shipped.') + (' Your tracking reference is ' + (object.carrier_tracking_ref) + '.' if hasattr(object, 'carrier_tracking_ref') and object.carrier_tracking_ref else '') }}\\n            ", "es_ES": "\\n                {{ (object.company_id.name + ': Nos alegra informarle que su orden con el número ' + object.origin + ' ha sido enviada.' if object.origin else object.company_id.name + ': Nos alegra informarle que su orden ha sido enviada.') + (' Su referencia de rastreo es ' + (object.carrier_tracking_ref) + '.' if hasattr(object, 'carrier_tracking_ref') and object.carrier_tracking_ref else '') }}\\n            "}	2026-04-08 08:46:15.876097	2026-04-08 08:46:15.876097
\.


--
-- Data for Name: sms_template_preview; Type: TABLE DATA; Schema: public; Owner: odoo
--

COPY public.sms_template_preview (id, sms_template_id, create_uid, write_uid, lang, resource_ref, create_date, write_date) FROM stdin;
\.


--
-- Data for Name: sms_template_reset; Type: TABLE DATA; Schema: public; Owner: odoo
--

COPY public.sms_template_reset (id, create_uid, write_uid, create_date, write_date) FROM stdin;
\.


--
-- Data for Name: sms_template_sms_template_reset_rel; Type: TABLE DATA; Schema: public; Owner: odoo
--

COPY public.sms_template_sms_template_reset_rel (sms_template_reset_id, sms_template_id) FROM stdin;
\.


--
-- Data for Name: sms_tracker; Type: TABLE DATA; Schema: public; Owner: odoo
--

COPY public.sms_tracker (id, mail_notification_id, create_uid, write_uid, sms_uuid, create_date, write_date) FROM stdin;
\.


--
-- Data for Name: snailmail_letter; Type: TABLE DATA; Schema: public; Owner: odoo
--

COPY public.snailmail_letter (id, user_id, res_id, partner_id, company_id, report_template, attachment_id, message_id, state_id, country_id, create_uid, write_uid, model, state, error_code, street, street2, zip, city, info_msg, color, cover, duplex, create_date, write_date) FROM stdin;
\.


--
-- Data for Name: snailmail_letter_format_error; Type: TABLE DATA; Schema: public; Owner: odoo
--

COPY public.snailmail_letter_format_error (id, message_id, create_uid, write_uid, snailmail_cover, create_date, write_date) FROM stdin;
\.


--
-- Data for Name: snailmail_letter_missing_required_fields; Type: TABLE DATA; Schema: public; Owner: odoo
--

COPY public.snailmail_letter_missing_required_fields (id, partner_id, letter_id, state_id, country_id, create_uid, write_uid, street, street2, zip, city, create_date, write_date) FROM stdin;
\.


--
-- Data for Name: spreadsheet_dashboard; Type: TABLE DATA; Schema: public; Owner: odoo
--

COPY public.spreadsheet_dashboard (id, dashboard_group_id, sequence, company_id, create_uid, write_uid, sample_dashboard_file_path, name, is_published, create_date, write_date) FROM stdin;
1	1	20	\N	1	1	spreadsheet_dashboard_account/data/files/invoicing_sample_dashboard.json	{"en_US": "Invoicing", "es_ES": "Facturación"}	t	2026-04-08 08:34:55.779674	2026-04-08 08:34:55.779674
2	2	100	\N	1	1	spreadsheet_dashboard_sale/data/files/sales_sample_dashboard.json	{"en_US": "Sales", "es_ES": "Ventas"}	t	2026-04-08 08:35:06.354452	2026-04-08 08:35:06.354452
3	2	200	\N	1	1	spreadsheet_dashboard_sale/data/files/product_sample_dashboard.json	{"en_US": "Product", "es_ES": "Producto"}	t	2026-04-08 08:35:06.354452	2026-04-08 08:35:06.354452
4	6	300	\N	1	1	spreadsheet_dashboard_stock_account/data/files/warehouse_metrics_sample_dashboard.json	{"en_US": "Warehouse Metrics", "es_ES": "Métricas del almacén"}	t	2026-04-08 08:46:16.817419	2026-04-08 08:46:16.817419
\.


--
-- Data for Name: spreadsheet_dashboard_group; Type: TABLE DATA; Schema: public; Owner: odoo
--

COPY public.spreadsheet_dashboard_group (id, sequence, create_uid, write_uid, name, create_date, write_date) FROM stdin;
1	300	1	1	{"en_US": "Finance", "es_ES": "Finanzas"}	2026-04-08 08:34:52.241103	2026-04-08 08:34:52.241103
2	100	1	1	{"en_US": "Sales", "es_ES": "Ventas"}	2026-04-08 08:34:52.241103	2026-04-08 08:34:52.241103
3	800	1	1	{"en_US": "Human Resources", "es_ES": "Recursos Humanos"}	2026-04-08 08:34:52.241103	2026-04-08 08:34:52.241103
4	700	1	1	{"en_US": "Website", "es_ES": "Sitio web"}	2026-04-08 08:34:52.241103	2026-04-08 08:34:52.241103
5	500	1	1	{"en_US": "Services", "es_ES": "Servicios"}	2026-04-08 08:34:52.241103	2026-04-08 08:34:52.241103
6	400	1	1	{"en_US": "Logistics", "es_ES": "Logística"}	2026-04-08 08:34:52.241103	2026-04-08 08:34:52.241103
7	600	1	1	{"en_US": "Marketing", "es_ES": "Marketing"}	2026-04-08 08:34:52.241103	2026-04-08 08:34:52.241103
\.


--
-- Data for Name: spreadsheet_dashboard_share; Type: TABLE DATA; Schema: public; Owner: odoo
--

COPY public.spreadsheet_dashboard_share (id, dashboard_id, create_uid, write_uid, access_token, create_date, write_date) FROM stdin;
\.


--
-- Data for Name: stock_backorder_confirmation; Type: TABLE DATA; Schema: public; Owner: odoo
--

COPY public.stock_backorder_confirmation (id, create_uid, write_uid, show_transfers, create_date, write_date) FROM stdin;
\.


--
-- Data for Name: stock_backorder_confirmation_line; Type: TABLE DATA; Schema: public; Owner: odoo
--

COPY public.stock_backorder_confirmation_line (id, backorder_confirmation_id, picking_id, create_uid, write_uid, to_backorder, create_date, write_date) FROM stdin;
\.


--
-- Data for Name: stock_change_product_qty; Type: TABLE DATA; Schema: public; Owner: odoo
--

COPY public.stock_change_product_qty (id, product_id, product_tmpl_id, create_uid, write_uid, new_quantity, create_date, write_date) FROM stdin;
\.


--
-- Data for Name: stock_conflict_quant_rel; Type: TABLE DATA; Schema: public; Owner: odoo
--

COPY public.stock_conflict_quant_rel (stock_inventory_conflict_id, stock_quant_id) FROM stdin;
\.


--
-- Data for Name: stock_inventory_adjustment_name; Type: TABLE DATA; Schema: public; Owner: odoo
--

COPY public.stock_inventory_adjustment_name (id, create_uid, write_uid, inventory_adjustment_name, create_date, write_date) FROM stdin;
\.


--
-- Data for Name: stock_inventory_adjustment_name_stock_quant_rel; Type: TABLE DATA; Schema: public; Owner: odoo
--

COPY public.stock_inventory_adjustment_name_stock_quant_rel (stock_inventory_adjustment_name_id, stock_quant_id) FROM stdin;
\.


--
-- Data for Name: stock_inventory_conflict; Type: TABLE DATA; Schema: public; Owner: odoo
--

COPY public.stock_inventory_conflict (id, create_uid, write_uid, create_date, write_date) FROM stdin;
\.


--
-- Data for Name: stock_inventory_conflict_stock_quant_rel; Type: TABLE DATA; Schema: public; Owner: odoo
--

COPY public.stock_inventory_conflict_stock_quant_rel (stock_inventory_conflict_id, stock_quant_id) FROM stdin;
\.


--
-- Data for Name: stock_inventory_warning; Type: TABLE DATA; Schema: public; Owner: odoo
--

COPY public.stock_inventory_warning (id, create_uid, write_uid, create_date, write_date) FROM stdin;
\.


--
-- Data for Name: stock_inventory_warning_stock_quant_rel; Type: TABLE DATA; Schema: public; Owner: odoo
--

COPY public.stock_inventory_warning_stock_quant_rel (stock_inventory_warning_id, stock_quant_id) FROM stdin;
\.


--
-- Data for Name: stock_location; Type: TABLE DATA; Schema: public; Owner: odoo
--

COPY public.stock_location (id, location_id, posx, posy, posz, company_id, removal_strategy_id, cyclic_inventory_frequency, warehouse_id, storage_category_id, create_uid, write_uid, name, complete_name, usage, parent_path, barcode, last_inventory_date, next_inventory_date, comment, active, scrap_location, replenish_location, create_date, write_date, valuation_in_account_id, valuation_out_account_id) FROM stdin;
1	\N	0	0	0	\N	\N	0	\N	\N	1	1	Physical Locations	Physical Locations	view	1/	\N	\N	\N	\N	t	f	f	2026-04-08 08:46:08.412603	2026-04-08 08:46:08.412603	\N	\N
2	\N	0	0	1	\N	\N	0	\N	\N	1	1	Partners	Partners	view	2/	\N	\N	\N	\N	t	f	f	2026-04-08 08:46:08.412603	2026-04-08 08:46:08.412603	\N	\N
3	\N	0	0	1	\N	\N	0	\N	\N	1	1	Virtual Locations	Virtual Locations	view	3/	\N	\N	\N	\N	t	f	f	2026-04-08 08:46:08.412603	2026-04-08 08:46:08.412603	\N	\N
4	2	0	0	0	\N	\N	0	\N	\N	1	1	Vendors	Partners/Vendors	supplier	2/4/	\N	\N	\N	\N	t	f	f	2026-04-08 08:46:08.412603	2026-04-08 08:46:08.412603	\N	\N
5	2	0	0	0	\N	\N	0	\N	\N	1	1	Customers	Partners/Customers	customer	2/5/	\N	\N	\N	\N	t	f	f	2026-04-08 08:46:08.412603	2026-04-08 08:46:08.412603	\N	\N
6	3	0	0	0	\N	\N	0	\N	\N	1	1	Inter-company transit	Virtual Locations/Inter-company transit	transit	3/6/	\N	\N	\N	\N	f	f	f	2026-04-08 08:46:08.412603	2026-04-08 08:46:08.412603	\N	\N
9	7	0	0	0	1	\N	0	1	\N	1	1	Entrada	WH/Entrada	internal	1/7/9/	WHINPUT	\N	\N	\N	f	f	\N	2026-04-08 08:46:08.412603	2026-04-08 08:46:08.412603	\N	\N
10	7	0	0	0	1	\N	0	1	\N	1	1	Control de calidad	WH/Control de calidad	internal	1/7/10/	WHQUALITY	\N	\N	\N	f	f	\N	2026-04-08 08:46:08.412603	2026-04-08 08:46:08.412603	\N	\N
11	7	0	0	0	1	\N	0	1	\N	1	1	Salida	WH/Salida	internal	1/7/11/	WHOUTPUT	\N	\N	\N	f	f	\N	2026-04-08 08:46:08.412603	2026-04-08 08:46:08.412603	\N	\N
12	7	0	0	0	1	\N	0	1	\N	1	1	Zona de empaquetado	WH/Zona de empaquetado	internal	1/7/12/	WHPACKING	\N	\N	\N	f	f	\N	2026-04-08 08:46:08.412603	2026-04-08 08:46:08.412603	\N	\N
7	1	0	0	0	1	\N	0	1	\N	1	1	WH	WH	view	1/7/	\N	\N	\N	\N	t	f	f	2026-04-08 08:46:08.412603	2026-04-08 08:46:08.412603	\N	\N
8	7	0	0	0	1	\N	0	1	\N	1	1	Stock	WH/Stock	internal	1/7/8/	WHSTOCK	\N	\N	\N	t	f	t	2026-04-08 08:46:08.412603	2026-04-08 08:46:08.412603	\N	\N
13	1	0	0	0	1	\N	0	\N	\N	1	1	Tránsito entre almacenes	Physical Locations/Tránsito entre almacenes	transit	1/13/	\N	\N	\N	\N	f	f	f	2026-04-08 08:46:08.412603	2026-04-08 08:46:08.412603	\N	\N
14	3	0	0	0	1	\N	0	\N	\N	1	1	Inventory adjustment	Virtual Locations/Inventory adjustment	inventory	3/14/	\N	\N	\N	\N	t	f	f	2026-04-08 08:46:08.412603	2026-04-08 08:46:08.412603	\N	\N
15	3	0	0	0	1	\N	0	\N	\N	1	1	Production	Virtual Locations/Production	production	3/15/	\N	\N	\N	\N	t	f	f	2026-04-08 08:46:08.412603	2026-04-08 08:46:08.412603	\N	\N
16	3	0	0	0	1	\N	0	\N	\N	1	1	Scrap	Virtual Locations/Scrap	inventory	3/16/	\N	\N	\N	\N	t	t	f	2026-04-08 08:46:08.412603	2026-04-08 08:46:08.412603	\N	\N
17	7	0	0	0	1	\N	0	1	\N	1	1	Preproducción	WH/Preproducción	internal	1/7/17/	WHPREPRODUCTION	\N	\N	\N	f	f	\N	2026-04-08 09:11:55.219689	2026-04-08 09:11:55.219689	\N	\N
18	7	0	0	0	1	\N	0	1	\N	1	1	Posproducción	WH/Posproducción	internal	1/7/18/	WHPOSTPRODUCTION	\N	\N	\N	f	f	\N	2026-04-08 09:11:55.219689	2026-04-08 09:11:55.219689	\N	\N
\.


--
-- Data for Name: stock_lot; Type: TABLE DATA; Schema: public; Owner: odoo
--

COPY public.stock_lot (id, product_id, product_uom_id, company_id, location_id, create_uid, write_uid, name, ref, lot_properties, note, create_date, write_date, standard_price) FROM stdin;
\.


--
-- Data for Name: stock_move; Type: TABLE DATA; Schema: public; Owner: odoo
--

COPY public.stock_move (id, sequence, company_id, product_id, product_uom, location_id, location_dest_id, location_final_id, partner_id, picking_id, scrap_id, group_id, rule_id, picking_type_id, origin_returned_move_id, restrict_partner_id, warehouse_id, package_level_id, next_serial_count, orderpoint_id, product_packaging_id, create_uid, write_uid, name, priority, state, origin, procure_method, reference, next_serial, reservation_date, description_picking, product_qty, product_uom_qty, quantity, picked, scrapped, propagate_cancel, is_inventory, additional, date, date_deadline, delay_alert_date, create_date, write_date, price_unit, to_refund, sale_line_id, repair_id, repair_line_type, is_done, unit_factor, manual_consumption, created_production_id, production_id, raw_material_production_id, unbuild_id, consume_unbuild_id, operation_id, workorder_id, bom_line_id, byproduct_id, order_finished_lot_id, cost_share, purchase_line_id) FROM stdin;
1	11	1	4	1	8	5	5	13	1	\N	2	2	2	\N	\N	1	\N	\N	\N	\N	2	19	lol	0	done	S00002	make_to_stock	WH/OUT/00001	\N	2026-04-08	lol	1.0	1.00	1.00	t	f	f	\N	f	2026-04-15 09:05:36	2026-04-08 09:27:12	\N	2026-04-08 09:27:12.897871	2026-04-15 09:05:36.056991	\N	\N	\N	\N	\N	t	1	f	\N	\N	\N	\N	\N	\N	\N	\N	\N	\N	\N	\N
2	10	1	5	1	8	5	5	21	2	\N	3	2	2	\N	\N	1	\N	\N	\N	\N	19	17	h	0	cancel	S00004	make_to_stock	WH/OUT/00002	\N	2026-05-05	h	2.0	2.00	0.00	f	f	f	\N	f	2026-05-05 08:24:31	2026-05-05 08:24:31	\N	2026-05-05 08:24:31.644831	2026-05-05 08:35:36.44902	\N	\N	\N	\N	\N	t	1	f	\N	\N	\N	\N	\N	\N	\N	\N	\N	\N	\N	\N
3	11	1	4	1	8	5	5	21	2	\N	3	2	2	\N	\N	1	\N	\N	\N	\N	19	17	lol	0	cancel	S00004	make_to_stock	WH/OUT/00002	\N	2026-05-05	lol	2.0	2.00	0.00	f	f	f	\N	f	2026-05-05 08:24:31	2026-05-05 08:24:31	\N	2026-05-05 08:24:31.644831	2026-05-05 08:35:36.44902	\N	\N	\N	\N	\N	t	1	f	\N	\N	\N	\N	\N	\N	\N	\N	\N	\N	\N	\N
6	10	1	6	1	8	5	5	19	4	\N	14	2	2	\N	\N	1	\N	\N	\N	\N	19	2	prueba	0	cancel	S00007	make_to_stock	WH/OUT/00004	\N	2026-05-05	prueba	1.0	1.00	0.00	f	f	f	\N	f	2026-05-05 09:22:02	2026-05-05 09:22:02	\N	2026-05-05 09:22:02.816837	2026-05-07 07:09:58.336908	\N	\N	\N	\N	\N	t	1	f	\N	\N	\N	\N	\N	\N	\N	\N	\N	\N	\N	\N
7	11	1	5	1	8	5	5	19	4	\N	14	2	2	\N	\N	1	\N	\N	\N	\N	19	2	h	0	cancel	S00007	make_to_stock	WH/OUT/00004	\N	2026-05-05	h	1.0	1.00	0.00	f	f	f	\N	f	2026-05-05 09:22:02	2026-05-05 09:22:02	\N	2026-05-05 09:22:02.816837	2026-05-07 07:09:58.336908	\N	\N	\N	\N	\N	t	1	f	\N	\N	\N	\N	\N	\N	\N	\N	\N	\N	\N	\N
5	10	1	6	1	8	5	5	19	3	\N	13	2	2	\N	\N	1	\N	\N	\N	\N	19	2	prueba	0	cancel	S00006	make_to_stock	WH/OUT/00003	\N	2026-05-05	prueba	1.0	1.00	0.00	f	f	f	\N	f	2026-05-05 08:50:32	2026-05-05 08:50:32	\N	2026-05-05 08:50:32.199193	2026-05-07 07:09:58.336908	\N	\N	\N	\N	\N	t	1	f	\N	\N	\N	\N	\N	\N	\N	\N	\N	\N	\N	\N
4	10	1	6	1	15	8	8	\N	\N	\N	12	\N	12	\N	\N	1	\N	\N	\N	\N	19	19	WH/MO/00001	0	done	WH/MO/00001	make_to_stock	WH/MO/00001	\N	2026-05-05	\N	1.0	1.00	1.00	t	f	f	\N	f	2026-05-05 08:44:28	\N	\N	2026-05-05 08:44:11.949611	2026-05-05 08:44:28.132293	\N	\N	\N	\N	\N	t	1	f	\N	1	\N	\N	\N	\N	\N	\N	\N	\N	0.0	\N
8	10	1	7	1	8	5	5	2788	986	\N	16	2	2	\N	\N	1	\N	\N	\N	\N	22	22	mesa de billar	0	cancel	S00009	make_to_stock	WH/OUT/01298	\N	2026-05-07	mesa de billar	20.0	20.00	0.00	f	f	f	\N	f	2026-05-07 08:31:17	2026-05-07 08:31:17	\N	2026-05-07 08:31:17.227086	2026-05-07 08:32:54.25528	\N	\N	\N	\N	\N	t	1	f	\N	\N	\N	\N	\N	\N	\N	\N	\N	\N	\N	\N
\.


--
-- Data for Name: stock_move_created_purchase_line_rel; Type: TABLE DATA; Schema: public; Owner: odoo
--

COPY public.stock_move_created_purchase_line_rel (created_purchase_line_id, move_id) FROM stdin;
\.


--
-- Data for Name: stock_move_line; Type: TABLE DATA; Schema: public; Owner: odoo
--

COPY public.stock_move_line (id, picking_id, move_id, company_id, product_id, product_uom_id, package_id, package_level_id, lot_id, result_package_id, owner_id, location_id, location_dest_id, create_uid, write_uid, lot_name, state, reference, description_picking, quantity, quantity_product_uom, picked, date, create_date, write_date, workorder_id, production_id) FROM stdin;
1	1	1	1	4	1	\N	\N	\N	\N	\N	8	5	2	19	\N	done	WH/OUT/00001	\N	1.00	1.00	t	2026-04-15 09:05:36	2026-04-08 09:27:12.897871	2026-04-15 09:05:36.056991	\N	\N
3	\N	4	1	6	1	\N	\N	\N	\N	\N	15	8	19	19	\N	done	WH/MO/00001	\N	1.00	1.00	t	2026-05-05 08:44:28	2026-05-05 08:44:12.078594	2026-05-05 08:44:28.132293	\N	\N
\.


--
-- Data for Name: stock_move_line_consume_rel; Type: TABLE DATA; Schema: public; Owner: odoo
--

COPY public.stock_move_line_consume_rel (consume_line_id, produce_line_id) FROM stdin;
\.


--
-- Data for Name: stock_move_move_rel; Type: TABLE DATA; Schema: public; Owner: odoo
--

COPY public.stock_move_move_rel (move_orig_id, move_dest_id) FROM stdin;
\.


--
-- Data for Name: stock_orderpoint_snooze; Type: TABLE DATA; Schema: public; Owner: odoo
--

COPY public.stock_orderpoint_snooze (id, create_uid, write_uid, predefined_date, snoozed_until, create_date, write_date) FROM stdin;
\.


--
-- Data for Name: stock_orderpoint_snooze_stock_warehouse_orderpoint_rel; Type: TABLE DATA; Schema: public; Owner: odoo
--

COPY public.stock_orderpoint_snooze_stock_warehouse_orderpoint_rel (stock_orderpoint_snooze_id, stock_warehouse_orderpoint_id) FROM stdin;
\.


--
-- Data for Name: stock_package_destination; Type: TABLE DATA; Schema: public; Owner: odoo
--

COPY public.stock_package_destination (id, picking_id, location_dest_id, create_uid, write_uid, create_date, write_date) FROM stdin;
\.


--
-- Data for Name: stock_package_level; Type: TABLE DATA; Schema: public; Owner: odoo
--

COPY public.stock_package_level (id, package_id, picking_id, location_dest_id, company_id, create_uid, write_uid, create_date, write_date) FROM stdin;
\.


--
-- Data for Name: stock_package_type; Type: TABLE DATA; Schema: public; Owner: odoo
--

COPY public.stock_package_type (id, sequence, company_id, create_uid, write_uid, name, barcode, create_date, write_date, height, width, packaging_length, base_weight, max_weight) FROM stdin;
\.


--
-- Data for Name: stock_package_type_stock_putaway_rule_rel; Type: TABLE DATA; Schema: public; Owner: odoo
--

COPY public.stock_package_type_stock_putaway_rule_rel (stock_putaway_rule_id, stock_package_type_id) FROM stdin;
\.


--
-- Data for Name: stock_picking; Type: TABLE DATA; Schema: public; Owner: odoo
--

COPY public.stock_picking (id, backorder_id, return_id, group_id, location_id, location_dest_id, picking_type_id, partner_id, company_id, user_id, owner_id, create_uid, write_uid, name, origin, move_type, state, priority, picking_properties, note, has_deadline_issue, printed, is_locked, scheduled_date, date_deadline, date, date_done, create_date, write_date, project_id, sale_id) FROM stdin;
1961	\N	\N	\N	4	8	1	\N	1	19	\N	19	19	WH/IN/00844	\N	direct	draft	0	\N	\N	f	\N	t	2026-05-07 11:01:12	\N	2026-05-07 11:01:12	\N	2026-05-07 11:01:11.673339	2026-05-07 11:02:02.489667	\N	\N
1962	\N	\N	\N	4	8	1	\N	1	19	\N	19	19	WH/IN/00845	\N	direct	draft	0	\N	\N	f	\N	t	2026-05-07 11:01:12	\N	2026-05-07 11:01:12	\N	2026-05-07 11:01:11.673339	2026-05-07 11:02:02.489667	\N	\N
1963	\N	\N	\N	4	8	1	\N	1	19	\N	19	19	WH/IN/00846	\N	direct	draft	0	\N	\N	f	\N	t	2026-05-07 11:01:12	\N	2026-05-07 11:01:12	\N	2026-05-07 11:01:11.673339	2026-05-07 11:02:02.489667	\N	\N
2	\N	\N	3	8	5	2	21	1	\N	\N	19	2	WH/OUT/00002	S00004	direct	cancel	0	\N	\N	f	\N	t	2026-05-05 08:24:31	2026-05-05 08:24:31	2026-05-05 08:24:31	\N	2026-05-05 08:24:31.644831	2026-05-07 07:09:58.336908	\N	\N
1	\N	\N	2	8	5	2	13	1	\N	\N	2	19	WH/OUT/00001	S00002	direct	done	0	\N	\N	f	\N	t	2026-04-08 09:27:12	2026-04-08 09:27:12	2026-04-08 09:27:13	2026-04-15 09:05:36	2026-04-08 09:27:12.897871	2026-04-15 09:05:36.056991	\N	\N
4	\N	\N	14	8	5	2	19	1	\N	\N	19	2	WH/OUT/00004	S00007	direct	cancel	0	\N	\N	f	\N	t	2026-05-05 09:22:02	2026-05-05 09:22:02	2026-05-05 09:22:02	\N	2026-05-05 09:22:02.816837	2026-05-07 07:09:58.336908	\N	\N
3	\N	\N	13	8	5	2	19	1	\N	\N	19	2	WH/OUT/00003	S00006	direct	cancel	0	\N	\N	f	t	t	2026-05-05 08:50:32	2026-05-05 08:50:32	2026-05-05 08:50:32	\N	2026-05-05 08:50:32.199193	2026-05-07 07:09:58.336908	\N	\N
1964	\N	\N	\N	4	8	1	\N	1	19	\N	19	19	WH/IN/00847	\N	direct	draft	0	\N	\N	f	\N	t	2026-05-07 11:01:12	\N	2026-05-07 11:01:12	\N	2026-05-07 11:01:11.673339	2026-05-07 11:02:02.489667	\N	\N
1965	\N	\N	\N	4	8	1	\N	1	19	\N	19	19	WH/IN/00848	\N	direct	draft	0	\N	\N	f	\N	t	2026-05-07 11:01:12	\N	2026-05-07 11:01:12	\N	2026-05-07 11:01:11.673339	2026-05-07 11:02:02.489667	\N	\N
1966	\N	\N	\N	4	8	1	\N	1	19	\N	19	19	WH/IN/00849	\N	direct	draft	0	\N	\N	f	\N	t	2026-05-07 11:01:12	\N	2026-05-07 11:01:12	\N	2026-05-07 11:01:11.673339	2026-05-07 11:02:02.489667	\N	\N
1967	\N	\N	\N	4	8	1	\N	1	19	\N	19	19	WH/IN/00850	\N	direct	draft	0	\N	\N	f	\N	t	2026-05-07 11:01:12	\N	2026-05-07 11:01:12	\N	2026-05-07 11:01:11.673339	2026-05-07 11:02:02.489667	\N	\N
1968	\N	\N	\N	4	8	1	\N	1	19	\N	19	19	WH/IN/00851	\N	direct	draft	0	\N	\N	f	\N	t	2026-05-07 11:01:12	\N	2026-05-07 11:01:12	\N	2026-05-07 11:01:11.673339	2026-05-07 11:02:02.489667	\N	\N
1969	\N	\N	\N	4	8	1	\N	1	19	\N	19	19	WH/IN/00852	\N	direct	draft	0	\N	\N	f	\N	t	2026-05-07 11:01:12	\N	2026-05-07 11:01:12	\N	2026-05-07 11:01:11.673339	2026-05-07 11:02:02.489667	\N	\N
1970	\N	\N	\N	4	8	1	\N	1	19	\N	19	19	WH/IN/00853	\N	direct	draft	0	\N	\N	f	\N	t	2026-05-07 11:01:12	\N	2026-05-07 11:01:12	\N	2026-05-07 11:01:11.673339	2026-05-07 11:02:02.489667	\N	\N
1971	\N	\N	\N	4	8	1	\N	1	19	\N	19	19	WH/IN/00854	\N	direct	draft	0	\N	\N	f	\N	t	2026-05-07 11:01:12	\N	2026-05-07 11:01:12	\N	2026-05-07 11:01:11.673339	2026-05-07 11:02:02.489667	\N	\N
986	\N	\N	16	8	5	2	2788	1	\N	\N	22	22	WH/OUT/01298	S00009	direct	cancel	0	\N	\N	f	\N	t	2026-05-07 08:31:17	2026-05-07 08:31:17	2026-05-07 08:31:17	\N	2026-05-07 08:31:17.227086	2026-05-07 08:32:54.25528	\N	\N
1972	\N	\N	\N	4	8	1	\N	1	19	\N	19	19	WH/IN/00855	\N	direct	draft	0	\N	\N	f	\N	t	2026-05-07 11:01:12	\N	2026-05-07 11:01:12	\N	2026-05-07 11:01:11.673339	2026-05-07 11:02:02.489667	\N	\N
1973	\N	\N	\N	4	8	1	\N	1	19	\N	19	19	WH/IN/00856	\N	direct	draft	0	\N	\N	f	\N	t	2026-05-07 11:01:12	\N	2026-05-07 11:01:12	\N	2026-05-07 11:01:11.673339	2026-05-07 11:02:02.489667	\N	\N
987	\N	\N	\N	4	8	1	\N	1	13	\N	13	13	WH/IN/00004	\N	direct	draft	0	\N	\N	f	\N	t	2026-05-07 09:18:13	\N	2026-05-07 09:18:28	\N	2026-05-07 09:18:28.948152	2026-05-07 09:18:28.948152	\N	\N
1974	\N	\N	\N	4	8	1	\N	1	19	\N	19	19	WH/IN/00857	\N	direct	draft	0	\N	\N	f	\N	t	2026-05-07 11:01:12	\N	2026-05-07 11:01:12	\N	2026-05-07 11:01:11.673339	2026-05-07 11:02:02.489667	\N	\N
1975	\N	\N	\N	4	8	1	\N	1	19	\N	19	19	WH/IN/00858	\N	direct	draft	0	\N	\N	f	\N	t	2026-05-07 11:01:12	\N	2026-05-07 11:01:12	\N	2026-05-07 11:01:11.673339	2026-05-07 11:02:02.489667	\N	\N
1976	\N	\N	\N	4	8	1	\N	1	19	\N	19	19	WH/IN/00859	\N	direct	draft	0	\N	\N	f	\N	t	2026-05-07 11:01:12	\N	2026-05-07 11:01:12	\N	2026-05-07 11:01:11.673339	2026-05-07 11:02:02.489667	\N	\N
1977	\N	\N	\N	4	8	1	\N	1	19	\N	19	19	WH/IN/00860	\N	direct	draft	0	\N	\N	f	\N	t	2026-05-07 11:01:12	\N	2026-05-07 11:01:12	\N	2026-05-07 11:01:11.673339	2026-05-07 11:02:02.489667	\N	\N
1978	\N	\N	\N	4	8	1	\N	1	19	\N	19	19	WH/IN/00861	\N	direct	draft	0	\N	\N	f	\N	t	2026-05-07 11:01:12	\N	2026-05-07 11:01:12	\N	2026-05-07 11:01:11.673339	2026-05-07 11:02:02.489667	\N	\N
1979	\N	\N	\N	4	8	1	\N	1	19	\N	19	19	WH/IN/00862	\N	direct	draft	0	\N	\N	f	\N	t	2026-05-07 11:01:12	\N	2026-05-07 11:01:12	\N	2026-05-07 11:01:11.673339	2026-05-07 11:02:02.489667	\N	\N
1980	\N	\N	\N	4	8	1	\N	1	19	\N	19	19	WH/IN/00863	\N	direct	draft	0	\N	\N	f	\N	t	2026-05-07 11:01:12	\N	2026-05-07 11:01:12	\N	2026-05-07 11:01:11.673339	2026-05-07 11:02:02.489667	\N	\N
1981	\N	\N	\N	4	8	1	\N	1	19	\N	19	19	WH/IN/00864	\N	direct	draft	0	\N	\N	f	\N	t	2026-05-07 11:01:12	\N	2026-05-07 11:01:12	\N	2026-05-07 11:01:11.673339	2026-05-07 11:02:02.489667	\N	\N
1982	\N	\N	\N	4	8	1	\N	1	19	\N	19	19	WH/IN/00865	\N	direct	draft	0	\N	\N	f	\N	t	2026-05-07 11:01:12	\N	2026-05-07 11:01:12	\N	2026-05-07 11:01:11.673339	2026-05-07 11:02:02.489667	\N	\N
1983	\N	\N	\N	4	8	1	\N	1	19	\N	19	19	WH/IN/00866	\N	direct	draft	0	\N	\N	f	\N	t	2026-05-07 11:01:12	\N	2026-05-07 11:01:12	\N	2026-05-07 11:01:11.673339	2026-05-07 11:02:02.489667	\N	\N
1984	\N	\N	\N	4	8	1	\N	1	19	\N	19	19	WH/IN/00867	\N	direct	draft	0	\N	\N	f	\N	t	2026-05-07 11:01:12	\N	2026-05-07 11:01:12	\N	2026-05-07 11:01:11.673339	2026-05-07 11:02:02.489667	\N	\N
1985	\N	\N	\N	4	8	1	\N	1	19	\N	19	19	WH/IN/00868	\N	direct	draft	0	\N	\N	f	\N	t	2026-05-07 11:01:12	\N	2026-05-07 11:01:12	\N	2026-05-07 11:01:11.673339	2026-05-07 11:02:02.489667	\N	\N
1986	\N	\N	\N	4	8	1	\N	1	19	\N	19	19	WH/IN/00869	\N	direct	draft	0	\N	\N	f	\N	t	2026-05-07 11:01:12	\N	2026-05-07 11:01:12	\N	2026-05-07 11:01:11.673339	2026-05-07 11:02:02.489667	\N	\N
1987	\N	\N	\N	4	8	1	\N	1	19	\N	19	19	WH/IN/00870	\N	direct	draft	0	\N	\N	f	\N	t	2026-05-07 11:01:12	\N	2026-05-07 11:01:12	\N	2026-05-07 11:01:11.673339	2026-05-07 11:02:02.489667	\N	\N
1988	\N	\N	\N	4	8	1	\N	1	19	\N	19	19	WH/IN/00871	\N	direct	draft	0	\N	\N	f	\N	t	2026-05-07 11:01:12	\N	2026-05-07 11:01:12	\N	2026-05-07 11:01:11.673339	2026-05-07 11:02:02.489667	\N	\N
1989	\N	\N	\N	4	8	1	\N	1	19	\N	19	19	WH/IN/00872	\N	direct	draft	0	\N	\N	f	\N	t	2026-05-07 11:01:12	\N	2026-05-07 11:01:12	\N	2026-05-07 11:01:11.673339	2026-05-07 11:02:02.489667	\N	\N
1990	\N	\N	\N	4	8	1	\N	1	19	\N	19	19	WH/IN/00873	\N	direct	draft	0	\N	\N	f	\N	t	2026-05-07 11:01:12	\N	2026-05-07 11:01:12	\N	2026-05-07 11:01:11.673339	2026-05-07 11:02:02.489667	\N	\N
1991	\N	\N	\N	4	8	1	\N	1	19	\N	19	19	WH/IN/00874	\N	direct	draft	0	\N	\N	f	\N	t	2026-05-07 11:01:12	\N	2026-05-07 11:01:12	\N	2026-05-07 11:01:11.673339	2026-05-07 11:02:02.489667	\N	\N
1992	\N	\N	\N	4	8	1	\N	1	19	\N	19	19	WH/IN/00875	\N	direct	draft	0	\N	\N	f	\N	t	2026-05-07 11:01:12	\N	2026-05-07 11:01:12	\N	2026-05-07 11:01:11.673339	2026-05-07 11:02:02.489667	\N	\N
1993	\N	\N	\N	4	8	1	\N	1	19	\N	19	19	WH/IN/00876	\N	direct	draft	0	\N	\N	f	\N	t	2026-05-07 11:01:12	\N	2026-05-07 11:01:12	\N	2026-05-07 11:01:11.673339	2026-05-07 11:02:02.489667	\N	\N
1994	\N	\N	\N	4	8	1	\N	1	19	\N	19	19	WH/IN/00877	\N	direct	draft	0	\N	\N	f	\N	t	2026-05-07 11:01:12	\N	2026-05-07 11:01:12	\N	2026-05-07 11:01:11.673339	2026-05-07 11:02:02.489667	\N	\N
1995	\N	\N	\N	4	8	1	\N	1	19	\N	19	19	WH/IN/00878	\N	direct	draft	0	\N	\N	f	\N	t	2026-05-07 11:01:12	\N	2026-05-07 11:01:12	\N	2026-05-07 11:01:11.673339	2026-05-07 11:02:02.489667	\N	\N
1996	\N	\N	\N	4	8	1	\N	1	19	\N	19	19	WH/IN/00879	\N	direct	draft	0	\N	\N	f	\N	t	2026-05-07 11:01:12	\N	2026-05-07 11:01:12	\N	2026-05-07 11:01:11.673339	2026-05-07 11:02:02.489667	\N	\N
1997	\N	\N	\N	4	8	1	\N	1	19	\N	19	19	WH/IN/00880	\N	direct	draft	0	\N	\N	f	\N	t	2026-05-07 11:01:12	\N	2026-05-07 11:01:12	\N	2026-05-07 11:01:11.673339	2026-05-07 11:02:02.489667	\N	\N
1998	\N	\N	\N	4	8	1	\N	1	19	\N	19	19	WH/IN/00881	\N	direct	draft	0	\N	\N	f	\N	t	2026-05-07 11:01:12	\N	2026-05-07 11:01:12	\N	2026-05-07 11:01:11.673339	2026-05-07 11:02:02.489667	\N	\N
1999	\N	\N	\N	4	8	1	\N	1	19	\N	19	19	WH/IN/00882	\N	direct	draft	0	\N	\N	f	\N	t	2026-05-07 11:01:12	\N	2026-05-07 11:01:12	\N	2026-05-07 11:01:11.673339	2026-05-07 11:02:02.489667	\N	\N
2000	\N	\N	\N	4	8	1	\N	1	19	\N	19	19	WH/IN/00883	\N	direct	draft	0	\N	\N	f	\N	t	2026-05-07 11:01:12	\N	2026-05-07 11:01:12	\N	2026-05-07 11:01:11.673339	2026-05-07 11:02:02.489667	\N	\N
2001	\N	\N	\N	4	8	1	\N	1	19	\N	19	19	WH/IN/00884	\N	direct	draft	0	\N	\N	f	\N	t	2026-05-07 11:01:12	\N	2026-05-07 11:01:12	\N	2026-05-07 11:01:11.673339	2026-05-07 11:02:02.489667	\N	\N
2002	\N	\N	\N	4	8	1	\N	1	19	\N	19	19	WH/IN/00885	\N	direct	draft	0	\N	\N	f	\N	t	2026-05-07 11:01:12	\N	2026-05-07 11:01:12	\N	2026-05-07 11:01:11.673339	2026-05-07 11:02:02.489667	\N	\N
2003	\N	\N	\N	4	8	1	\N	1	19	\N	19	19	WH/IN/00886	\N	direct	draft	0	\N	\N	f	\N	t	2026-05-07 11:01:12	\N	2026-05-07 11:01:12	\N	2026-05-07 11:01:11.673339	2026-05-07 11:02:02.489667	\N	\N
2004	\N	\N	\N	4	8	1	\N	1	19	\N	19	19	WH/IN/00887	\N	direct	draft	0	\N	\N	f	\N	t	2026-05-07 11:01:12	\N	2026-05-07 11:01:12	\N	2026-05-07 11:01:11.673339	2026-05-07 11:02:02.489667	\N	\N
2005	\N	\N	\N	4	8	1	\N	1	19	\N	19	19	WH/IN/00888	\N	direct	draft	0	\N	\N	f	\N	t	2026-05-07 11:01:12	\N	2026-05-07 11:01:12	\N	2026-05-07 11:01:11.673339	2026-05-07 11:02:02.489667	\N	\N
2006	\N	\N	\N	4	8	1	\N	1	19	\N	19	19	WH/IN/00889	\N	direct	draft	0	\N	\N	f	\N	t	2026-05-07 11:01:12	\N	2026-05-07 11:01:12	\N	2026-05-07 11:01:11.673339	2026-05-07 11:02:02.489667	\N	\N
2007	\N	\N	\N	4	8	1	\N	1	19	\N	19	19	WH/IN/00890	\N	direct	draft	0	\N	\N	f	\N	t	2026-05-07 11:01:12	\N	2026-05-07 11:01:12	\N	2026-05-07 11:01:11.673339	2026-05-07 11:02:02.489667	\N	\N
2008	\N	\N	\N	4	8	1	\N	1	19	\N	19	19	WH/IN/00891	\N	direct	draft	0	\N	\N	f	\N	t	2026-05-07 11:01:12	\N	2026-05-07 11:01:12	\N	2026-05-07 11:01:11.673339	2026-05-07 11:02:02.489667	\N	\N
2009	\N	\N	\N	4	8	1	\N	1	19	\N	19	19	WH/IN/00892	\N	direct	draft	0	\N	\N	f	\N	t	2026-05-07 11:01:12	\N	2026-05-07 11:01:12	\N	2026-05-07 11:01:11.673339	2026-05-07 11:02:02.489667	\N	\N
2010	\N	\N	\N	4	8	1	\N	1	19	\N	19	19	WH/IN/00893	\N	direct	draft	0	\N	\N	f	\N	t	2026-05-07 11:01:12	\N	2026-05-07 11:01:12	\N	2026-05-07 11:01:11.673339	2026-05-07 11:02:02.489667	\N	\N
2011	\N	\N	\N	4	8	1	\N	1	19	\N	19	19	WH/IN/00894	\N	direct	draft	0	\N	\N	f	\N	t	2026-05-07 11:01:12	\N	2026-05-07 11:01:12	\N	2026-05-07 11:01:11.673339	2026-05-07 11:02:02.489667	\N	\N
2012	\N	\N	\N	4	8	1	\N	1	19	\N	19	19	WH/IN/00895	\N	direct	draft	0	\N	\N	f	\N	t	2026-05-07 11:01:12	\N	2026-05-07 11:01:12	\N	2026-05-07 11:01:11.673339	2026-05-07 11:02:02.489667	\N	\N
2013	\N	\N	\N	4	8	1	\N	1	19	\N	19	19	WH/IN/00896	\N	direct	draft	0	\N	\N	f	\N	t	2026-05-07 11:01:12	\N	2026-05-07 11:01:12	\N	2026-05-07 11:01:11.673339	2026-05-07 11:02:02.489667	\N	\N
2014	\N	\N	\N	4	8	1	\N	1	19	\N	19	19	WH/IN/00897	\N	direct	draft	0	\N	\N	f	\N	t	2026-05-07 11:01:12	\N	2026-05-07 11:01:12	\N	2026-05-07 11:01:11.673339	2026-05-07 11:02:02.489667	\N	\N
2015	\N	\N	\N	4	8	1	\N	1	19	\N	19	19	WH/IN/00898	\N	direct	draft	0	\N	\N	f	\N	t	2026-05-07 11:01:12	\N	2026-05-07 11:01:12	\N	2026-05-07 11:01:11.673339	2026-05-07 11:02:02.489667	\N	\N
2016	\N	\N	\N	4	8	1	\N	1	19	\N	19	19	WH/IN/00899	\N	direct	draft	0	\N	\N	f	\N	t	2026-05-07 11:01:12	\N	2026-05-07 11:01:12	\N	2026-05-07 11:01:11.673339	2026-05-07 11:02:02.489667	\N	\N
2017	\N	\N	\N	4	8	1	\N	1	19	\N	19	19	WH/IN/00900	\N	direct	draft	0	\N	\N	f	\N	t	2026-05-07 11:01:12	\N	2026-05-07 11:01:12	\N	2026-05-07 11:01:11.673339	2026-05-07 11:02:02.489667	\N	\N
2018	\N	\N	\N	4	8	1	\N	1	19	\N	19	19	WH/IN/00901	\N	direct	draft	0	\N	\N	f	\N	t	2026-05-07 11:01:12	\N	2026-05-07 11:01:12	\N	2026-05-07 11:01:11.673339	2026-05-07 11:02:02.489667	\N	\N
2019	\N	\N	\N	4	8	1	\N	1	19	\N	19	19	WH/IN/00902	\N	direct	draft	0	\N	\N	f	\N	t	2026-05-07 11:01:12	\N	2026-05-07 11:01:12	\N	2026-05-07 11:01:11.673339	2026-05-07 11:02:02.489667	\N	\N
2020	\N	\N	\N	4	8	1	\N	1	19	\N	19	19	WH/IN/00903	\N	direct	draft	0	\N	\N	f	\N	t	2026-05-07 11:01:12	\N	2026-05-07 11:01:12	\N	2026-05-07 11:01:11.673339	2026-05-07 11:02:02.489667	\N	\N
2021	\N	\N	\N	4	8	1	\N	1	19	\N	19	19	WH/IN/00904	\N	direct	draft	0	\N	\N	f	\N	t	2026-05-07 11:01:12	\N	2026-05-07 11:01:12	\N	2026-05-07 11:01:11.673339	2026-05-07 11:02:02.489667	\N	\N
2022	\N	\N	\N	4	8	1	\N	1	19	\N	19	19	WH/IN/00905	\N	direct	draft	0	\N	\N	f	\N	t	2026-05-07 11:01:12	\N	2026-05-07 11:01:12	\N	2026-05-07 11:01:11.673339	2026-05-07 11:02:02.489667	\N	\N
2023	\N	\N	\N	4	8	1	\N	1	19	\N	19	19	WH/IN/00906	\N	direct	draft	0	\N	\N	f	\N	t	2026-05-07 11:01:12	\N	2026-05-07 11:01:12	\N	2026-05-07 11:01:11.673339	2026-05-07 11:02:02.489667	\N	\N
2024	\N	\N	\N	4	8	1	\N	1	19	\N	19	19	WH/IN/00907	\N	direct	draft	0	\N	\N	f	\N	t	2026-05-07 11:01:12	\N	2026-05-07 11:01:12	\N	2026-05-07 11:01:11.673339	2026-05-07 11:02:02.489667	\N	\N
2025	\N	\N	\N	4	8	1	\N	1	19	\N	19	19	WH/IN/00908	\N	direct	draft	0	\N	\N	f	\N	t	2026-05-07 11:01:12	\N	2026-05-07 11:01:12	\N	2026-05-07 11:01:11.673339	2026-05-07 11:02:02.489667	\N	\N
2026	\N	\N	\N	4	8	1	\N	1	19	\N	19	19	WH/IN/00909	\N	direct	draft	0	\N	\N	f	\N	t	2026-05-07 11:01:12	\N	2026-05-07 11:01:12	\N	2026-05-07 11:01:11.673339	2026-05-07 11:02:02.489667	\N	\N
2027	\N	\N	\N	4	8	1	\N	1	19	\N	19	19	WH/IN/00910	\N	direct	draft	0	\N	\N	f	\N	t	2026-05-07 11:01:12	\N	2026-05-07 11:01:12	\N	2026-05-07 11:01:11.673339	2026-05-07 11:02:02.489667	\N	\N
2028	\N	\N	\N	4	8	1	\N	1	19	\N	19	19	WH/IN/00911	\N	direct	draft	0	\N	\N	f	\N	t	2026-05-07 11:01:12	\N	2026-05-07 11:01:12	\N	2026-05-07 11:01:11.673339	2026-05-07 11:02:02.489667	\N	\N
2029	\N	\N	\N	4	8	1	\N	1	19	\N	19	19	WH/IN/00912	\N	direct	draft	0	\N	\N	f	\N	t	2026-05-07 11:01:12	\N	2026-05-07 11:01:12	\N	2026-05-07 11:01:11.673339	2026-05-07 11:02:02.489667	\N	\N
2030	\N	\N	\N	4	8	1	\N	1	19	\N	19	19	WH/IN/00913	\N	direct	draft	0	\N	\N	f	\N	t	2026-05-07 11:01:12	\N	2026-05-07 11:01:12	\N	2026-05-07 11:01:11.673339	2026-05-07 11:02:02.489667	\N	\N
2031	\N	\N	\N	4	8	1	\N	1	19	\N	19	19	WH/IN/00914	\N	direct	draft	0	\N	\N	f	\N	t	2026-05-07 11:01:12	\N	2026-05-07 11:01:12	\N	2026-05-07 11:01:11.673339	2026-05-07 11:02:02.489667	\N	\N
2032	\N	\N	\N	4	8	1	\N	1	19	\N	19	19	WH/IN/00915	\N	direct	draft	0	\N	\N	f	\N	t	2026-05-07 11:01:12	\N	2026-05-07 11:01:12	\N	2026-05-07 11:01:11.673339	2026-05-07 11:02:02.489667	\N	\N
2033	\N	\N	\N	4	8	1	\N	1	19	\N	19	19	WH/IN/00916	\N	direct	draft	0	\N	\N	f	\N	t	2026-05-07 11:01:12	\N	2026-05-07 11:01:12	\N	2026-05-07 11:01:11.673339	2026-05-07 11:02:02.489667	\N	\N
2034	\N	\N	\N	4	8	1	\N	1	19	\N	19	19	WH/IN/00917	\N	direct	draft	0	\N	\N	f	\N	t	2026-05-07 11:01:12	\N	2026-05-07 11:01:12	\N	2026-05-07 11:01:11.673339	2026-05-07 11:02:02.489667	\N	\N
2035	\N	\N	\N	4	8	1	\N	1	19	\N	19	19	WH/IN/00918	\N	direct	draft	0	\N	\N	f	\N	t	2026-05-07 11:01:12	\N	2026-05-07 11:01:12	\N	2026-05-07 11:01:11.673339	2026-05-07 11:02:02.489667	\N	\N
2036	\N	\N	\N	4	8	1	\N	1	19	\N	19	19	WH/IN/00919	\N	direct	draft	0	\N	\N	f	\N	t	2026-05-07 11:01:12	\N	2026-05-07 11:01:12	\N	2026-05-07 11:01:11.673339	2026-05-07 11:02:02.489667	\N	\N
2037	\N	\N	\N	4	8	1	\N	1	19	\N	19	19	WH/IN/00920	\N	direct	draft	0	\N	\N	f	\N	t	2026-05-07 11:01:12	\N	2026-05-07 11:01:12	\N	2026-05-07 11:01:11.673339	2026-05-07 11:02:02.489667	\N	\N
2038	\N	\N	\N	4	8	1	\N	1	19	\N	19	19	WH/IN/00921	\N	direct	draft	0	\N	\N	f	\N	t	2026-05-07 11:01:12	\N	2026-05-07 11:01:12	\N	2026-05-07 11:01:11.673339	2026-05-07 11:02:02.489667	\N	\N
2039	\N	\N	\N	4	8	1	\N	1	19	\N	19	19	WH/IN/00922	\N	direct	draft	0	\N	\N	f	\N	t	2026-05-07 11:01:12	\N	2026-05-07 11:01:12	\N	2026-05-07 11:01:11.673339	2026-05-07 11:02:02.489667	\N	\N
2040	\N	\N	\N	4	8	1	\N	1	19	\N	19	19	WH/IN/00923	\N	direct	draft	0	\N	\N	f	\N	t	2026-05-07 11:01:12	\N	2026-05-07 11:01:12	\N	2026-05-07 11:01:11.673339	2026-05-07 11:02:02.489667	\N	\N
2041	\N	\N	\N	4	8	1	\N	1	19	\N	19	19	WH/IN/00924	\N	direct	draft	0	\N	\N	f	\N	t	2026-05-07 11:01:12	\N	2026-05-07 11:01:12	\N	2026-05-07 11:01:11.673339	2026-05-07 11:02:02.489667	\N	\N
2042	\N	\N	\N	4	8	1	\N	1	19	\N	19	19	WH/IN/00925	\N	direct	draft	0	\N	\N	f	\N	t	2026-05-07 11:01:12	\N	2026-05-07 11:01:12	\N	2026-05-07 11:01:11.673339	2026-05-07 11:02:02.489667	\N	\N
2043	\N	\N	\N	4	8	1	\N	1	19	\N	19	19	WH/IN/00926	\N	direct	draft	0	\N	\N	f	\N	t	2026-05-07 11:01:12	\N	2026-05-07 11:01:12	\N	2026-05-07 11:01:11.673339	2026-05-07 11:02:02.489667	\N	\N
2044	\N	\N	\N	4	8	1	\N	1	19	\N	19	19	WH/IN/00927	\N	direct	draft	0	\N	\N	f	\N	t	2026-05-07 11:01:12	\N	2026-05-07 11:01:12	\N	2026-05-07 11:01:11.673339	2026-05-07 11:02:02.489667	\N	\N
2045	\N	\N	\N	4	8	1	\N	1	19	\N	19	19	WH/IN/00928	\N	direct	draft	0	\N	\N	f	\N	t	2026-05-07 11:01:12	\N	2026-05-07 11:01:12	\N	2026-05-07 11:01:11.673339	2026-05-07 11:02:02.489667	\N	\N
2046	\N	\N	\N	4	8	1	\N	1	19	\N	19	19	WH/IN/00929	\N	direct	draft	0	\N	\N	f	\N	t	2026-05-07 11:01:12	\N	2026-05-07 11:01:12	\N	2026-05-07 11:01:11.673339	2026-05-07 11:02:02.489667	\N	\N
2047	\N	\N	\N	4	8	1	\N	1	19	\N	19	19	WH/IN/00930	\N	direct	draft	0	\N	\N	f	\N	t	2026-05-07 11:01:12	\N	2026-05-07 11:01:12	\N	2026-05-07 11:01:11.673339	2026-05-07 11:02:02.489667	\N	\N
2048	\N	\N	\N	4	8	1	\N	1	19	\N	19	19	WH/IN/00931	\N	direct	draft	0	\N	\N	f	\N	t	2026-05-07 11:01:12	\N	2026-05-07 11:01:12	\N	2026-05-07 11:01:11.673339	2026-05-07 11:02:02.489667	\N	\N
2049	\N	\N	\N	4	8	1	\N	1	19	\N	19	19	WH/IN/00932	\N	direct	draft	0	\N	\N	f	\N	t	2026-05-07 11:01:12	\N	2026-05-07 11:01:12	\N	2026-05-07 11:01:11.673339	2026-05-07 11:02:02.489667	\N	\N
2050	\N	\N	\N	4	8	1	\N	1	19	\N	19	19	WH/IN/00933	\N	direct	draft	0	\N	\N	f	\N	t	2026-05-07 11:01:12	\N	2026-05-07 11:01:12	\N	2026-05-07 11:01:11.673339	2026-05-07 11:02:02.489667	\N	\N
2051	\N	\N	\N	4	8	1	\N	1	19	\N	19	19	WH/IN/00934	\N	direct	draft	0	\N	\N	f	\N	t	2026-05-07 11:01:12	\N	2026-05-07 11:01:12	\N	2026-05-07 11:01:11.673339	2026-05-07 11:02:02.489667	\N	\N
2052	\N	\N	\N	4	8	1	\N	1	19	\N	19	19	WH/IN/00935	\N	direct	draft	0	\N	\N	f	\N	t	2026-05-07 11:01:12	\N	2026-05-07 11:01:12	\N	2026-05-07 11:01:11.673339	2026-05-07 11:02:02.489667	\N	\N
2053	\N	\N	\N	4	8	1	\N	1	19	\N	19	19	WH/IN/00936	\N	direct	draft	0	\N	\N	f	\N	t	2026-05-07 11:01:12	\N	2026-05-07 11:01:12	\N	2026-05-07 11:01:11.673339	2026-05-07 11:02:02.489667	\N	\N
2054	\N	\N	\N	4	8	1	\N	1	19	\N	19	19	WH/IN/00937	\N	direct	draft	0	\N	\N	f	\N	t	2026-05-07 11:01:12	\N	2026-05-07 11:01:12	\N	2026-05-07 11:01:11.673339	2026-05-07 11:02:02.489667	\N	\N
2055	\N	\N	\N	4	8	1	\N	1	19	\N	19	19	WH/IN/00938	\N	direct	draft	0	\N	\N	f	\N	t	2026-05-07 11:01:12	\N	2026-05-07 11:01:12	\N	2026-05-07 11:01:11.673339	2026-05-07 11:02:02.489667	\N	\N
2056	\N	\N	\N	4	8	1	\N	1	19	\N	19	19	WH/IN/00939	\N	direct	draft	0	\N	\N	f	\N	t	2026-05-07 11:01:12	\N	2026-05-07 11:01:12	\N	2026-05-07 11:01:11.673339	2026-05-07 11:02:02.489667	\N	\N
2057	\N	\N	\N	4	8	1	\N	1	19	\N	19	19	WH/IN/00940	\N	direct	draft	0	\N	\N	f	\N	t	2026-05-07 11:01:12	\N	2026-05-07 11:01:12	\N	2026-05-07 11:01:11.673339	2026-05-07 11:02:02.489667	\N	\N
2058	\N	\N	\N	4	8	1	\N	1	19	\N	19	19	WH/IN/00941	\N	direct	draft	0	\N	\N	f	\N	t	2026-05-07 11:01:12	\N	2026-05-07 11:01:12	\N	2026-05-07 11:01:11.673339	2026-05-07 11:02:02.489667	\N	\N
2059	\N	\N	\N	4	8	1	\N	1	19	\N	19	19	WH/IN/00942	\N	direct	draft	0	\N	\N	f	\N	t	2026-05-07 11:01:12	\N	2026-05-07 11:01:12	\N	2026-05-07 11:01:11.673339	2026-05-07 11:02:02.489667	\N	\N
2060	\N	\N	\N	4	8	1	\N	1	19	\N	19	19	WH/IN/00943	\N	direct	draft	0	\N	\N	f	\N	t	2026-05-07 11:01:12	\N	2026-05-07 11:01:12	\N	2026-05-07 11:01:11.673339	2026-05-07 11:02:02.489667	\N	\N
2061	\N	\N	\N	4	8	1	\N	1	19	\N	19	19	WH/IN/00944	\N	direct	draft	0	\N	\N	f	\N	t	2026-05-07 11:01:12	\N	2026-05-07 11:01:12	\N	2026-05-07 11:01:11.673339	2026-05-07 11:02:02.489667	\N	\N
2062	\N	\N	\N	4	8	1	\N	1	19	\N	19	19	WH/IN/00945	\N	direct	draft	0	\N	\N	f	\N	t	2026-05-07 11:01:12	\N	2026-05-07 11:01:12	\N	2026-05-07 11:01:11.673339	2026-05-07 11:02:02.489667	\N	\N
2063	\N	\N	\N	4	8	1	\N	1	19	\N	19	19	WH/IN/00946	\N	direct	draft	0	\N	\N	f	\N	t	2026-05-07 11:01:12	\N	2026-05-07 11:01:12	\N	2026-05-07 11:01:11.673339	2026-05-07 11:02:02.489667	\N	\N
2064	\N	\N	\N	4	8	1	\N	1	19	\N	19	19	WH/IN/00947	\N	direct	draft	0	\N	\N	f	\N	t	2026-05-07 11:01:12	\N	2026-05-07 11:01:12	\N	2026-05-07 11:01:11.673339	2026-05-07 11:02:02.489667	\N	\N
2065	\N	\N	\N	4	8	1	\N	1	19	\N	19	19	WH/IN/00948	\N	direct	draft	0	\N	\N	f	\N	t	2026-05-07 11:01:12	\N	2026-05-07 11:01:12	\N	2026-05-07 11:01:11.673339	2026-05-07 11:02:02.489667	\N	\N
2066	\N	\N	\N	4	8	1	\N	1	19	\N	19	19	WH/IN/00949	\N	direct	draft	0	\N	\N	f	\N	t	2026-05-07 11:01:12	\N	2026-05-07 11:01:12	\N	2026-05-07 11:01:11.673339	2026-05-07 11:02:02.489667	\N	\N
2067	\N	\N	\N	4	8	1	\N	1	19	\N	19	19	WH/IN/00950	\N	direct	draft	0	\N	\N	f	\N	t	2026-05-07 11:01:12	\N	2026-05-07 11:01:12	\N	2026-05-07 11:01:11.673339	2026-05-07 11:02:02.489667	\N	\N
2068	\N	\N	\N	4	8	1	\N	1	19	\N	19	19	WH/IN/00951	\N	direct	draft	0	\N	\N	f	\N	t	2026-05-07 11:01:12	\N	2026-05-07 11:01:12	\N	2026-05-07 11:01:11.673339	2026-05-07 11:02:02.489667	\N	\N
2069	\N	\N	\N	4	8	1	\N	1	19	\N	19	19	WH/IN/00952	\N	direct	draft	0	\N	\N	f	\N	t	2026-05-07 11:01:12	\N	2026-05-07 11:01:12	\N	2026-05-07 11:01:11.673339	2026-05-07 11:02:02.489667	\N	\N
2070	\N	\N	\N	4	8	1	\N	1	19	\N	19	19	WH/IN/00953	\N	direct	draft	0	\N	\N	f	\N	t	2026-05-07 11:01:12	\N	2026-05-07 11:01:12	\N	2026-05-07 11:01:11.673339	2026-05-07 11:02:02.489667	\N	\N
2071	\N	\N	\N	4	8	1	\N	1	19	\N	19	19	WH/IN/00954	\N	direct	draft	0	\N	\N	f	\N	t	2026-05-07 11:01:12	\N	2026-05-07 11:01:12	\N	2026-05-07 11:01:11.673339	2026-05-07 11:02:02.489667	\N	\N
2072	\N	\N	\N	4	8	1	\N	1	19	\N	19	19	WH/IN/00955	\N	direct	draft	0	\N	\N	f	\N	t	2026-05-07 11:01:12	\N	2026-05-07 11:01:12	\N	2026-05-07 11:01:11.673339	2026-05-07 11:02:02.489667	\N	\N
2073	\N	\N	\N	4	8	1	\N	1	19	\N	19	19	WH/IN/00956	\N	direct	draft	0	\N	\N	f	\N	t	2026-05-07 11:01:12	\N	2026-05-07 11:01:12	\N	2026-05-07 11:01:11.673339	2026-05-07 11:02:02.489667	\N	\N
2074	\N	\N	\N	4	8	1	\N	1	19	\N	19	19	WH/IN/00957	\N	direct	draft	0	\N	\N	f	\N	t	2026-05-07 11:01:12	\N	2026-05-07 11:01:12	\N	2026-05-07 11:01:11.673339	2026-05-07 11:02:02.489667	\N	\N
2075	\N	\N	\N	4	8	1	\N	1	19	\N	19	19	WH/IN/00958	\N	direct	draft	0	\N	\N	f	\N	t	2026-05-07 11:01:12	\N	2026-05-07 11:01:12	\N	2026-05-07 11:01:11.673339	2026-05-07 11:02:02.489667	\N	\N
2076	\N	\N	\N	4	8	1	\N	1	19	\N	19	19	WH/IN/00959	\N	direct	draft	0	\N	\N	f	\N	t	2026-05-07 11:01:12	\N	2026-05-07 11:01:12	\N	2026-05-07 11:01:11.673339	2026-05-07 11:02:02.489667	\N	\N
2077	\N	\N	\N	4	8	1	\N	1	19	\N	19	19	WH/IN/00960	\N	direct	draft	0	\N	\N	f	\N	t	2026-05-07 11:01:12	\N	2026-05-07 11:01:12	\N	2026-05-07 11:01:11.673339	2026-05-07 11:02:02.489667	\N	\N
2078	\N	\N	\N	4	8	1	\N	1	19	\N	19	19	WH/IN/00961	\N	direct	draft	0	\N	\N	f	\N	t	2026-05-07 11:01:12	\N	2026-05-07 11:01:12	\N	2026-05-07 11:01:11.673339	2026-05-07 11:02:02.489667	\N	\N
2079	\N	\N	\N	4	8	1	\N	1	19	\N	19	19	WH/IN/00962	\N	direct	draft	0	\N	\N	f	\N	t	2026-05-07 11:01:12	\N	2026-05-07 11:01:12	\N	2026-05-07 11:01:11.673339	2026-05-07 11:02:02.489667	\N	\N
2080	\N	\N	\N	4	8	1	\N	1	19	\N	19	19	WH/IN/00963	\N	direct	draft	0	\N	\N	f	\N	t	2026-05-07 11:01:12	\N	2026-05-07 11:01:12	\N	2026-05-07 11:01:11.673339	2026-05-07 11:02:02.489667	\N	\N
2081	\N	\N	\N	4	8	1	\N	1	19	\N	19	19	WH/IN/00964	\N	direct	draft	0	\N	\N	f	\N	t	2026-05-07 11:01:12	\N	2026-05-07 11:01:12	\N	2026-05-07 11:01:11.673339	2026-05-07 11:02:02.489667	\N	\N
2082	\N	\N	\N	4	8	1	\N	1	19	\N	19	19	WH/IN/00965	\N	direct	draft	0	\N	\N	f	\N	t	2026-05-07 11:01:12	\N	2026-05-07 11:01:12	\N	2026-05-07 11:01:11.673339	2026-05-07 11:02:02.489667	\N	\N
2083	\N	\N	\N	4	8	1	\N	1	19	\N	19	19	WH/IN/00966	\N	direct	draft	0	\N	\N	f	\N	t	2026-05-07 11:01:12	\N	2026-05-07 11:01:12	\N	2026-05-07 11:01:11.673339	2026-05-07 11:02:02.489667	\N	\N
2084	\N	\N	\N	4	8	1	\N	1	19	\N	19	19	WH/IN/00967	\N	direct	draft	0	\N	\N	f	\N	t	2026-05-07 11:01:12	\N	2026-05-07 11:01:12	\N	2026-05-07 11:01:11.673339	2026-05-07 11:02:02.489667	\N	\N
2085	\N	\N	\N	4	8	1	\N	1	19	\N	19	19	WH/IN/00968	\N	direct	draft	0	\N	\N	f	\N	t	2026-05-07 11:01:12	\N	2026-05-07 11:01:12	\N	2026-05-07 11:01:11.673339	2026-05-07 11:02:02.489667	\N	\N
2086	\N	\N	\N	4	8	1	\N	1	19	\N	19	19	WH/IN/00969	\N	direct	draft	0	\N	\N	f	\N	t	2026-05-07 11:01:12	\N	2026-05-07 11:01:12	\N	2026-05-07 11:01:11.673339	2026-05-07 11:02:02.489667	\N	\N
2087	\N	\N	\N	4	8	1	\N	1	19	\N	19	19	WH/IN/00970	\N	direct	draft	0	\N	\N	f	\N	t	2026-05-07 11:01:12	\N	2026-05-07 11:01:12	\N	2026-05-07 11:01:11.673339	2026-05-07 11:02:02.489667	\N	\N
2088	\N	\N	\N	4	8	1	\N	1	19	\N	19	19	WH/IN/00971	\N	direct	draft	0	\N	\N	f	\N	t	2026-05-07 11:01:12	\N	2026-05-07 11:01:12	\N	2026-05-07 11:01:11.673339	2026-05-07 11:02:02.489667	\N	\N
2089	\N	\N	\N	4	8	1	\N	1	19	\N	19	19	WH/IN/00972	\N	direct	draft	0	\N	\N	f	\N	t	2026-05-07 11:01:12	\N	2026-05-07 11:01:12	\N	2026-05-07 11:01:11.673339	2026-05-07 11:02:02.489667	\N	\N
2090	\N	\N	\N	4	8	1	\N	1	19	\N	19	19	WH/IN/00973	\N	direct	draft	0	\N	\N	f	\N	t	2026-05-07 11:01:12	\N	2026-05-07 11:01:12	\N	2026-05-07 11:01:11.673339	2026-05-07 11:02:02.489667	\N	\N
2091	\N	\N	\N	4	8	1	\N	1	19	\N	19	19	WH/IN/00974	\N	direct	draft	0	\N	\N	f	\N	t	2026-05-07 11:01:12	\N	2026-05-07 11:01:12	\N	2026-05-07 11:01:11.673339	2026-05-07 11:02:02.489667	\N	\N
2092	\N	\N	\N	4	8	1	\N	1	19	\N	19	19	WH/IN/00975	\N	direct	draft	0	\N	\N	f	\N	t	2026-05-07 11:01:12	\N	2026-05-07 11:01:12	\N	2026-05-07 11:01:11.673339	2026-05-07 11:02:02.489667	\N	\N
2093	\N	\N	\N	4	8	1	\N	1	19	\N	19	19	WH/IN/00976	\N	direct	draft	0	\N	\N	f	\N	t	2026-05-07 11:01:12	\N	2026-05-07 11:01:12	\N	2026-05-07 11:01:11.673339	2026-05-07 11:02:02.489667	\N	\N
2094	\N	\N	\N	4	8	1	\N	1	19	\N	19	19	WH/IN/00977	\N	direct	draft	0	\N	\N	f	\N	t	2026-05-07 11:01:12	\N	2026-05-07 11:01:12	\N	2026-05-07 11:01:11.673339	2026-05-07 11:02:02.489667	\N	\N
2095	\N	\N	\N	4	8	1	\N	1	19	\N	19	19	WH/IN/00978	\N	direct	draft	0	\N	\N	f	\N	t	2026-05-07 11:01:12	\N	2026-05-07 11:01:12	\N	2026-05-07 11:01:11.673339	2026-05-07 11:02:02.489667	\N	\N
2096	\N	\N	\N	4	8	1	\N	1	19	\N	19	19	WH/IN/00979	\N	direct	draft	0	\N	\N	f	\N	t	2026-05-07 11:01:12	\N	2026-05-07 11:01:12	\N	2026-05-07 11:01:11.673339	2026-05-07 11:02:02.489667	\N	\N
2097	\N	\N	\N	4	8	1	\N	1	19	\N	19	19	WH/IN/00980	\N	direct	draft	0	\N	\N	f	\N	t	2026-05-07 11:01:12	\N	2026-05-07 11:01:12	\N	2026-05-07 11:01:11.673339	2026-05-07 11:02:02.489667	\N	\N
2098	\N	\N	\N	4	8	1	\N	1	19	\N	19	19	WH/IN/00981	\N	direct	draft	0	\N	\N	f	\N	t	2026-05-07 11:01:12	\N	2026-05-07 11:01:12	\N	2026-05-07 11:01:11.673339	2026-05-07 11:02:02.489667	\N	\N
2099	\N	\N	\N	4	8	1	\N	1	19	\N	19	19	WH/IN/00982	\N	direct	draft	0	\N	\N	f	\N	t	2026-05-07 11:01:12	\N	2026-05-07 11:01:12	\N	2026-05-07 11:01:11.673339	2026-05-07 11:02:02.489667	\N	\N
2100	\N	\N	\N	4	8	1	\N	1	19	\N	19	19	WH/IN/00983	\N	direct	draft	0	\N	\N	f	\N	t	2026-05-07 11:01:12	\N	2026-05-07 11:01:12	\N	2026-05-07 11:01:11.673339	2026-05-07 11:02:02.489667	\N	\N
2101	\N	\N	\N	4	8	1	\N	1	19	\N	19	19	WH/IN/00984	\N	direct	draft	0	\N	\N	f	\N	t	2026-05-07 11:01:12	\N	2026-05-07 11:01:12	\N	2026-05-07 11:01:11.673339	2026-05-07 11:02:02.489667	\N	\N
2102	\N	\N	\N	4	8	1	\N	1	19	\N	19	19	WH/IN/00985	\N	direct	draft	0	\N	\N	f	\N	t	2026-05-07 11:01:12	\N	2026-05-07 11:01:12	\N	2026-05-07 11:01:11.673339	2026-05-07 11:02:02.489667	\N	\N
2103	\N	\N	\N	4	8	1	\N	1	19	\N	19	19	WH/IN/00986	\N	direct	draft	0	\N	\N	f	\N	t	2026-05-07 11:01:12	\N	2026-05-07 11:01:12	\N	2026-05-07 11:01:11.673339	2026-05-07 11:02:02.489667	\N	\N
2104	\N	\N	\N	4	8	1	\N	1	19	\N	19	19	WH/IN/00987	\N	direct	draft	0	\N	\N	f	\N	t	2026-05-07 11:01:12	\N	2026-05-07 11:01:12	\N	2026-05-07 11:01:11.673339	2026-05-07 11:02:02.489667	\N	\N
2105	\N	\N	\N	4	8	1	\N	1	19	\N	19	19	WH/IN/00988	\N	direct	draft	0	\N	\N	f	\N	t	2026-05-07 11:01:12	\N	2026-05-07 11:01:12	\N	2026-05-07 11:01:11.673339	2026-05-07 11:02:02.489667	\N	\N
2106	\N	\N	\N	4	8	1	\N	1	19	\N	19	19	WH/IN/00989	\N	direct	draft	0	\N	\N	f	\N	t	2026-05-07 11:01:12	\N	2026-05-07 11:01:12	\N	2026-05-07 11:01:11.673339	2026-05-07 11:02:02.489667	\N	\N
2107	\N	\N	\N	4	8	1	\N	1	19	\N	19	19	WH/IN/00990	\N	direct	draft	0	\N	\N	f	\N	t	2026-05-07 11:01:12	\N	2026-05-07 11:01:12	\N	2026-05-07 11:01:11.673339	2026-05-07 11:02:02.489667	\N	\N
2108	\N	\N	\N	4	8	1	\N	1	19	\N	19	19	WH/IN/00991	\N	direct	draft	0	\N	\N	f	\N	t	2026-05-07 11:01:12	\N	2026-05-07 11:01:12	\N	2026-05-07 11:01:11.673339	2026-05-07 11:02:02.489667	\N	\N
2109	\N	\N	\N	4	8	1	\N	1	19	\N	19	19	WH/IN/00992	\N	direct	draft	0	\N	\N	f	\N	t	2026-05-07 11:01:12	\N	2026-05-07 11:01:12	\N	2026-05-07 11:01:11.673339	2026-05-07 11:02:02.489667	\N	\N
2110	\N	\N	\N	4	8	1	\N	1	19	\N	19	19	WH/IN/00993	\N	direct	draft	0	\N	\N	f	\N	t	2026-05-07 11:01:12	\N	2026-05-07 11:01:12	\N	2026-05-07 11:01:11.673339	2026-05-07 11:02:02.489667	\N	\N
2111	\N	\N	\N	4	8	1	\N	1	19	\N	19	19	WH/IN/00994	\N	direct	draft	0	\N	\N	f	\N	t	2026-05-07 11:01:12	\N	2026-05-07 11:01:12	\N	2026-05-07 11:01:11.673339	2026-05-07 11:02:02.489667	\N	\N
2112	\N	\N	\N	4	8	1	\N	1	19	\N	19	19	WH/IN/00995	\N	direct	draft	0	\N	\N	f	\N	t	2026-05-07 11:01:12	\N	2026-05-07 11:01:12	\N	2026-05-07 11:01:11.673339	2026-05-07 11:02:02.489667	\N	\N
2113	\N	\N	\N	4	8	1	\N	1	19	\N	19	19	WH/IN/00996	\N	direct	draft	0	\N	\N	f	\N	t	2026-05-07 11:01:12	\N	2026-05-07 11:01:12	\N	2026-05-07 11:01:11.673339	2026-05-07 11:02:02.489667	\N	\N
2114	\N	\N	\N	4	8	1	\N	1	19	\N	19	19	WH/IN/00997	\N	direct	draft	0	\N	\N	f	\N	t	2026-05-07 11:01:12	\N	2026-05-07 11:01:12	\N	2026-05-07 11:01:11.673339	2026-05-07 11:02:02.489667	\N	\N
2115	\N	\N	\N	4	8	1	\N	1	19	\N	19	19	WH/IN/00998	\N	direct	draft	0	\N	\N	f	\N	t	2026-05-07 11:01:12	\N	2026-05-07 11:01:12	\N	2026-05-07 11:01:11.673339	2026-05-07 11:02:02.489667	\N	\N
2116	\N	\N	\N	4	8	1	\N	1	19	\N	19	19	WH/IN/00999	\N	direct	draft	0	\N	\N	f	\N	t	2026-05-07 11:01:12	\N	2026-05-07 11:01:12	\N	2026-05-07 11:01:11.673339	2026-05-07 11:02:02.489667	\N	\N
2117	\N	\N	\N	4	8	1	\N	1	19	\N	19	19	WH/IN/01000	\N	direct	draft	0	\N	\N	f	\N	t	2026-05-07 11:01:12	\N	2026-05-07 11:01:12	\N	2026-05-07 11:01:11.673339	2026-05-07 11:02:02.489667	\N	\N
2118	\N	\N	\N	4	8	1	\N	1	19	\N	19	19	WH/IN/01001	\N	direct	draft	0	\N	\N	f	\N	t	2026-05-07 11:01:12	\N	2026-05-07 11:01:12	\N	2026-05-07 11:01:11.673339	2026-05-07 11:02:02.489667	\N	\N
2119	\N	\N	\N	4	8	1	\N	1	19	\N	19	19	WH/IN/01002	\N	direct	draft	0	\N	\N	f	\N	t	2026-05-07 11:01:12	\N	2026-05-07 11:01:12	\N	2026-05-07 11:01:11.673339	2026-05-07 11:02:02.489667	\N	\N
2120	\N	\N	\N	4	8	1	\N	1	19	\N	19	19	WH/IN/01003	\N	direct	draft	0	\N	\N	f	\N	t	2026-05-07 11:01:12	\N	2026-05-07 11:01:12	\N	2026-05-07 11:01:11.673339	2026-05-07 11:02:02.489667	\N	\N
2121	\N	\N	\N	4	8	1	\N	1	19	\N	19	19	WH/IN/01004	\N	direct	draft	0	\N	\N	f	\N	t	2026-05-07 11:01:12	\N	2026-05-07 11:01:12	\N	2026-05-07 11:01:11.673339	2026-05-07 11:02:02.489667	\N	\N
2122	\N	\N	\N	4	8	1	\N	1	19	\N	19	19	WH/IN/01005	\N	direct	draft	0	\N	\N	f	\N	t	2026-05-07 11:01:12	\N	2026-05-07 11:01:12	\N	2026-05-07 11:01:11.673339	2026-05-07 11:02:02.489667	\N	\N
2123	\N	\N	\N	4	8	1	\N	1	19	\N	19	19	WH/IN/01006	\N	direct	draft	0	\N	\N	f	\N	t	2026-05-07 11:01:12	\N	2026-05-07 11:01:12	\N	2026-05-07 11:01:11.673339	2026-05-07 11:02:02.489667	\N	\N
2124	\N	\N	\N	4	8	1	\N	1	19	\N	19	19	WH/IN/01007	\N	direct	draft	0	\N	\N	f	\N	t	2026-05-07 11:01:12	\N	2026-05-07 11:01:12	\N	2026-05-07 11:01:11.673339	2026-05-07 11:02:02.489667	\N	\N
2125	\N	\N	\N	4	8	1	\N	1	19	\N	19	19	WH/IN/01008	\N	direct	draft	0	\N	\N	f	\N	t	2026-05-07 11:01:12	\N	2026-05-07 11:01:12	\N	2026-05-07 11:01:11.673339	2026-05-07 11:02:02.489667	\N	\N
2126	\N	\N	\N	4	8	1	\N	1	19	\N	19	19	WH/IN/01009	\N	direct	draft	0	\N	\N	f	\N	t	2026-05-07 11:01:12	\N	2026-05-07 11:01:12	\N	2026-05-07 11:01:11.673339	2026-05-07 11:02:02.489667	\N	\N
2127	\N	\N	\N	4	8	1	\N	1	19	\N	19	19	WH/IN/01010	\N	direct	draft	0	\N	\N	f	\N	t	2026-05-07 11:01:12	\N	2026-05-07 11:01:12	\N	2026-05-07 11:01:11.673339	2026-05-07 11:02:02.489667	\N	\N
2128	\N	\N	\N	4	8	1	\N	1	19	\N	19	19	WH/IN/01011	\N	direct	draft	0	\N	\N	f	\N	t	2026-05-07 11:01:12	\N	2026-05-07 11:01:12	\N	2026-05-07 11:01:11.673339	2026-05-07 11:02:02.489667	\N	\N
2129	\N	\N	\N	4	8	1	\N	1	19	\N	19	19	WH/IN/01012	\N	direct	draft	0	\N	\N	f	\N	t	2026-05-07 11:01:12	\N	2026-05-07 11:01:12	\N	2026-05-07 11:01:11.673339	2026-05-07 11:02:02.489667	\N	\N
2130	\N	\N	\N	4	8	1	\N	1	19	\N	19	19	WH/IN/01013	\N	direct	draft	0	\N	\N	f	\N	t	2026-05-07 11:01:12	\N	2026-05-07 11:01:12	\N	2026-05-07 11:01:11.673339	2026-05-07 11:02:02.489667	\N	\N
2131	\N	\N	\N	4	8	1	\N	1	19	\N	19	19	WH/IN/01014	\N	direct	draft	0	\N	\N	f	\N	t	2026-05-07 11:01:12	\N	2026-05-07 11:01:12	\N	2026-05-07 11:01:11.673339	2026-05-07 11:02:02.489667	\N	\N
2132	\N	\N	\N	4	8	1	\N	1	19	\N	19	19	WH/IN/01015	\N	direct	draft	0	\N	\N	f	\N	t	2026-05-07 11:01:12	\N	2026-05-07 11:01:12	\N	2026-05-07 11:01:11.673339	2026-05-07 11:02:02.489667	\N	\N
2133	\N	\N	\N	4	8	1	\N	1	19	\N	19	19	WH/IN/01016	\N	direct	draft	0	\N	\N	f	\N	t	2026-05-07 11:01:12	\N	2026-05-07 11:01:12	\N	2026-05-07 11:01:11.673339	2026-05-07 11:02:02.489667	\N	\N
2134	\N	\N	\N	4	8	1	\N	1	19	\N	19	19	WH/IN/01017	\N	direct	draft	0	\N	\N	f	\N	t	2026-05-07 11:01:12	\N	2026-05-07 11:01:12	\N	2026-05-07 11:01:11.673339	2026-05-07 11:02:02.489667	\N	\N
2135	\N	\N	\N	4	8	1	\N	1	19	\N	19	19	WH/IN/01018	\N	direct	draft	0	\N	\N	f	\N	t	2026-05-07 11:01:12	\N	2026-05-07 11:01:12	\N	2026-05-07 11:01:11.673339	2026-05-07 11:02:02.489667	\N	\N
2136	\N	\N	\N	4	8	1	\N	1	19	\N	19	19	WH/IN/01019	\N	direct	draft	0	\N	\N	f	\N	t	2026-05-07 11:01:12	\N	2026-05-07 11:01:12	\N	2026-05-07 11:01:11.673339	2026-05-07 11:02:02.489667	\N	\N
2137	\N	\N	\N	4	8	1	\N	1	19	\N	19	19	WH/IN/01020	\N	direct	draft	0	\N	\N	f	\N	t	2026-05-07 11:01:12	\N	2026-05-07 11:01:12	\N	2026-05-07 11:01:11.673339	2026-05-07 11:02:02.489667	\N	\N
2138	\N	\N	\N	4	8	1	\N	1	19	\N	19	19	WH/IN/01021	\N	direct	draft	0	\N	\N	f	\N	t	2026-05-07 11:01:12	\N	2026-05-07 11:01:12	\N	2026-05-07 11:01:11.673339	2026-05-07 11:02:02.489667	\N	\N
2139	\N	\N	\N	4	8	1	\N	1	19	\N	19	19	WH/IN/01022	\N	direct	draft	0	\N	\N	f	\N	t	2026-05-07 11:01:12	\N	2026-05-07 11:01:12	\N	2026-05-07 11:01:11.673339	2026-05-07 11:02:02.489667	\N	\N
2140	\N	\N	\N	4	8	1	\N	1	19	\N	19	19	WH/IN/01023	\N	direct	draft	0	\N	\N	f	\N	t	2026-05-07 11:01:12	\N	2026-05-07 11:01:12	\N	2026-05-07 11:01:11.673339	2026-05-07 11:02:02.489667	\N	\N
2141	\N	\N	\N	4	8	1	\N	1	19	\N	19	19	WH/IN/01024	\N	direct	draft	0	\N	\N	f	\N	t	2026-05-07 11:01:12	\N	2026-05-07 11:01:12	\N	2026-05-07 11:01:11.673339	2026-05-07 11:02:02.489667	\N	\N
2142	\N	\N	\N	4	8	1	\N	1	19	\N	19	19	WH/IN/01025	\N	direct	draft	0	\N	\N	f	\N	t	2026-05-07 11:01:12	\N	2026-05-07 11:01:12	\N	2026-05-07 11:01:11.673339	2026-05-07 11:02:02.489667	\N	\N
2143	\N	\N	\N	4	8	1	\N	1	19	\N	19	19	WH/IN/01026	\N	direct	draft	0	\N	\N	f	\N	t	2026-05-07 11:01:12	\N	2026-05-07 11:01:12	\N	2026-05-07 11:01:11.673339	2026-05-07 11:02:02.489667	\N	\N
2144	\N	\N	\N	4	8	1	\N	1	19	\N	19	19	WH/IN/01027	\N	direct	draft	0	\N	\N	f	\N	t	2026-05-07 11:01:12	\N	2026-05-07 11:01:12	\N	2026-05-07 11:01:11.673339	2026-05-07 11:02:02.489667	\N	\N
2145	\N	\N	\N	4	8	1	\N	1	19	\N	19	19	WH/IN/01028	\N	direct	draft	0	\N	\N	f	\N	t	2026-05-07 11:01:12	\N	2026-05-07 11:01:12	\N	2026-05-07 11:01:11.673339	2026-05-07 11:02:02.489667	\N	\N
2146	\N	\N	\N	4	8	1	\N	1	19	\N	19	19	WH/IN/01029	\N	direct	draft	0	\N	\N	f	\N	t	2026-05-07 11:01:12	\N	2026-05-07 11:01:12	\N	2026-05-07 11:01:11.673339	2026-05-07 11:02:02.489667	\N	\N
2147	\N	\N	\N	4	8	1	\N	1	19	\N	19	19	WH/IN/01030	\N	direct	draft	0	\N	\N	f	\N	t	2026-05-07 11:01:12	\N	2026-05-07 11:01:12	\N	2026-05-07 11:01:11.673339	2026-05-07 11:02:02.489667	\N	\N
2148	\N	\N	\N	4	8	1	\N	1	19	\N	19	19	WH/IN/01031	\N	direct	draft	0	\N	\N	f	\N	t	2026-05-07 11:01:12	\N	2026-05-07 11:01:12	\N	2026-05-07 11:01:11.673339	2026-05-07 11:02:02.489667	\N	\N
2149	\N	\N	\N	4	8	1	\N	1	19	\N	19	19	WH/IN/01032	\N	direct	draft	0	\N	\N	f	\N	t	2026-05-07 11:01:12	\N	2026-05-07 11:01:12	\N	2026-05-07 11:01:11.673339	2026-05-07 11:02:02.489667	\N	\N
2150	\N	\N	\N	4	8	1	\N	1	19	\N	19	19	WH/IN/01033	\N	direct	draft	0	\N	\N	f	\N	t	2026-05-07 11:01:12	\N	2026-05-07 11:01:12	\N	2026-05-07 11:01:11.673339	2026-05-07 11:02:02.489667	\N	\N
2151	\N	\N	\N	4	8	1	\N	1	19	\N	19	19	WH/IN/01034	\N	direct	draft	0	\N	\N	f	\N	t	2026-05-07 11:01:12	\N	2026-05-07 11:01:12	\N	2026-05-07 11:01:11.673339	2026-05-07 11:02:02.489667	\N	\N
2152	\N	\N	\N	4	8	1	\N	1	19	\N	19	19	WH/IN/01035	\N	direct	draft	0	\N	\N	f	\N	t	2026-05-07 11:01:12	\N	2026-05-07 11:01:12	\N	2026-05-07 11:01:11.673339	2026-05-07 11:02:02.489667	\N	\N
2153	\N	\N	\N	4	8	1	\N	1	19	\N	19	19	WH/IN/01036	\N	direct	draft	0	\N	\N	f	\N	t	2026-05-07 11:01:12	\N	2026-05-07 11:01:12	\N	2026-05-07 11:01:11.673339	2026-05-07 11:02:02.489667	\N	\N
2154	\N	\N	\N	4	8	1	\N	1	19	\N	19	19	WH/IN/01037	\N	direct	draft	0	\N	\N	f	\N	t	2026-05-07 11:01:12	\N	2026-05-07 11:01:12	\N	2026-05-07 11:01:11.673339	2026-05-07 11:02:02.489667	\N	\N
2155	\N	\N	\N	4	8	1	\N	1	19	\N	19	19	WH/IN/01038	\N	direct	draft	0	\N	\N	f	\N	t	2026-05-07 11:01:12	\N	2026-05-07 11:01:12	\N	2026-05-07 11:01:11.673339	2026-05-07 11:02:02.489667	\N	\N
2156	\N	\N	\N	4	8	1	\N	1	19	\N	19	19	WH/IN/01039	\N	direct	draft	0	\N	\N	f	\N	t	2026-05-07 11:01:12	\N	2026-05-07 11:01:12	\N	2026-05-07 11:01:11.673339	2026-05-07 11:02:02.489667	\N	\N
2157	\N	\N	\N	4	8	1	\N	1	19	\N	19	19	WH/IN/01040	\N	direct	draft	0	\N	\N	f	\N	t	2026-05-07 11:01:12	\N	2026-05-07 11:01:12	\N	2026-05-07 11:01:11.673339	2026-05-07 11:02:02.489667	\N	\N
2158	\N	\N	\N	4	8	1	\N	1	19	\N	19	19	WH/IN/01041	\N	direct	draft	0	\N	\N	f	\N	t	2026-05-07 11:01:12	\N	2026-05-07 11:01:12	\N	2026-05-07 11:01:11.673339	2026-05-07 11:02:02.489667	\N	\N
2159	\N	\N	\N	4	8	1	\N	1	19	\N	19	19	WH/IN/01042	\N	direct	draft	0	\N	\N	f	\N	t	2026-05-07 11:01:12	\N	2026-05-07 11:01:12	\N	2026-05-07 11:01:11.673339	2026-05-07 11:02:02.489667	\N	\N
2160	\N	\N	\N	4	8	1	\N	1	19	\N	19	19	WH/IN/01043	\N	direct	draft	0	\N	\N	f	\N	t	2026-05-07 11:01:12	\N	2026-05-07 11:01:12	\N	2026-05-07 11:01:11.673339	2026-05-07 11:02:02.489667	\N	\N
2161	\N	\N	\N	4	8	1	\N	1	19	\N	19	19	WH/IN/01044	\N	direct	draft	0	\N	\N	f	\N	t	2026-05-07 11:01:12	\N	2026-05-07 11:01:12	\N	2026-05-07 11:01:11.673339	2026-05-07 11:02:02.489667	\N	\N
2162	\N	\N	\N	4	8	1	\N	1	19	\N	19	19	WH/IN/01045	\N	direct	draft	0	\N	\N	f	\N	t	2026-05-07 11:01:12	\N	2026-05-07 11:01:12	\N	2026-05-07 11:01:11.673339	2026-05-07 11:02:02.489667	\N	\N
2163	\N	\N	\N	4	8	1	\N	1	19	\N	19	19	WH/IN/01046	\N	direct	draft	0	\N	\N	f	\N	t	2026-05-07 11:01:12	\N	2026-05-07 11:01:12	\N	2026-05-07 11:01:11.673339	2026-05-07 11:02:02.489667	\N	\N
2164	\N	\N	\N	4	8	1	\N	1	19	\N	19	19	WH/IN/01047	\N	direct	draft	0	\N	\N	f	\N	t	2026-05-07 11:01:12	\N	2026-05-07 11:01:12	\N	2026-05-07 11:01:11.673339	2026-05-07 11:02:02.489667	\N	\N
2165	\N	\N	\N	4	8	1	\N	1	19	\N	19	19	WH/IN/01048	\N	direct	draft	0	\N	\N	f	\N	t	2026-05-07 11:01:12	\N	2026-05-07 11:01:12	\N	2026-05-07 11:01:11.673339	2026-05-07 11:02:02.489667	\N	\N
2166	\N	\N	\N	4	8	1	\N	1	19	\N	19	19	WH/IN/01049	\N	direct	draft	0	\N	\N	f	\N	t	2026-05-07 11:01:12	\N	2026-05-07 11:01:12	\N	2026-05-07 11:01:11.673339	2026-05-07 11:02:02.489667	\N	\N
2167	\N	\N	\N	4	8	1	\N	1	19	\N	19	19	WH/IN/01050	\N	direct	draft	0	\N	\N	f	\N	t	2026-05-07 11:01:12	\N	2026-05-07 11:01:12	\N	2026-05-07 11:01:11.673339	2026-05-07 11:02:02.489667	\N	\N
2168	\N	\N	\N	4	8	1	\N	1	19	\N	19	19	WH/IN/01051	\N	direct	draft	0	\N	\N	f	\N	t	2026-05-07 11:01:12	\N	2026-05-07 11:01:12	\N	2026-05-07 11:01:11.673339	2026-05-07 11:02:02.489667	\N	\N
2169	\N	\N	\N	4	8	1	\N	1	19	\N	19	19	WH/IN/01052	\N	direct	draft	0	\N	\N	f	\N	t	2026-05-07 11:01:12	\N	2026-05-07 11:01:12	\N	2026-05-07 11:01:11.673339	2026-05-07 11:02:02.489667	\N	\N
2170	\N	\N	\N	4	8	1	\N	1	19	\N	19	19	WH/IN/01053	\N	direct	draft	0	\N	\N	f	\N	t	2026-05-07 11:01:12	\N	2026-05-07 11:01:12	\N	2026-05-07 11:01:11.673339	2026-05-07 11:02:02.489667	\N	\N
2171	\N	\N	\N	4	8	1	\N	1	19	\N	19	19	WH/IN/01054	\N	direct	draft	0	\N	\N	f	\N	t	2026-05-07 11:01:12	\N	2026-05-07 11:01:12	\N	2026-05-07 11:01:11.673339	2026-05-07 11:02:02.489667	\N	\N
2172	\N	\N	\N	4	8	1	\N	1	19	\N	19	19	WH/IN/01055	\N	direct	draft	0	\N	\N	f	\N	t	2026-05-07 11:01:12	\N	2026-05-07 11:01:12	\N	2026-05-07 11:01:11.673339	2026-05-07 11:02:02.489667	\N	\N
2173	\N	\N	\N	4	8	1	\N	1	19	\N	19	19	WH/IN/01056	\N	direct	draft	0	\N	\N	f	\N	t	2026-05-07 11:01:12	\N	2026-05-07 11:01:12	\N	2026-05-07 11:01:11.673339	2026-05-07 11:02:02.489667	\N	\N
2174	\N	\N	\N	4	8	1	\N	1	19	\N	19	19	WH/IN/01057	\N	direct	draft	0	\N	\N	f	\N	t	2026-05-07 11:01:12	\N	2026-05-07 11:01:12	\N	2026-05-07 11:01:11.673339	2026-05-07 11:02:02.489667	\N	\N
2175	\N	\N	\N	4	8	1	\N	1	19	\N	19	19	WH/IN/01058	\N	direct	draft	0	\N	\N	f	\N	t	2026-05-07 11:01:12	\N	2026-05-07 11:01:12	\N	2026-05-07 11:01:11.673339	2026-05-07 11:02:02.489667	\N	\N
2176	\N	\N	\N	4	8	1	\N	1	19	\N	19	19	WH/IN/01059	\N	direct	draft	0	\N	\N	f	\N	t	2026-05-07 11:01:12	\N	2026-05-07 11:01:12	\N	2026-05-07 11:01:11.673339	2026-05-07 11:02:02.489667	\N	\N
2177	\N	\N	\N	4	8	1	\N	1	19	\N	19	19	WH/IN/01060	\N	direct	draft	0	\N	\N	f	\N	t	2026-05-07 11:01:12	\N	2026-05-07 11:01:12	\N	2026-05-07 11:01:11.673339	2026-05-07 11:02:02.489667	\N	\N
2178	\N	\N	\N	4	8	1	\N	1	19	\N	19	19	WH/IN/01061	\N	direct	draft	0	\N	\N	f	\N	t	2026-05-07 11:01:12	\N	2026-05-07 11:01:12	\N	2026-05-07 11:01:11.673339	2026-05-07 11:02:02.489667	\N	\N
2179	\N	\N	\N	4	8	1	\N	1	19	\N	19	19	WH/IN/01062	\N	direct	draft	0	\N	\N	f	\N	t	2026-05-07 11:01:12	\N	2026-05-07 11:01:12	\N	2026-05-07 11:01:11.673339	2026-05-07 11:02:02.489667	\N	\N
2180	\N	\N	\N	4	8	1	\N	1	19	\N	19	19	WH/IN/01063	\N	direct	draft	0	\N	\N	f	\N	t	2026-05-07 11:01:12	\N	2026-05-07 11:01:12	\N	2026-05-07 11:01:11.673339	2026-05-07 11:02:02.489667	\N	\N
2181	\N	\N	\N	4	8	1	\N	1	19	\N	19	19	WH/IN/01064	\N	direct	draft	0	\N	\N	f	\N	t	2026-05-07 11:01:12	\N	2026-05-07 11:01:12	\N	2026-05-07 11:01:11.673339	2026-05-07 11:02:02.489667	\N	\N
2182	\N	\N	\N	4	8	1	\N	1	19	\N	19	19	WH/IN/01065	\N	direct	draft	0	\N	\N	f	\N	t	2026-05-07 11:01:12	\N	2026-05-07 11:01:12	\N	2026-05-07 11:01:11.673339	2026-05-07 11:02:02.489667	\N	\N
2183	\N	\N	\N	4	8	1	\N	1	19	\N	19	19	WH/IN/01066	\N	direct	draft	0	\N	\N	f	\N	t	2026-05-07 11:01:12	\N	2026-05-07 11:01:12	\N	2026-05-07 11:01:11.673339	2026-05-07 11:02:02.489667	\N	\N
2184	\N	\N	\N	4	8	1	\N	1	19	\N	19	19	WH/IN/01067	\N	direct	draft	0	\N	\N	f	\N	t	2026-05-07 11:01:12	\N	2026-05-07 11:01:12	\N	2026-05-07 11:01:11.673339	2026-05-07 11:02:02.489667	\N	\N
2185	\N	\N	\N	4	8	1	\N	1	19	\N	19	19	WH/IN/01068	\N	direct	draft	0	\N	\N	f	\N	t	2026-05-07 11:01:12	\N	2026-05-07 11:01:12	\N	2026-05-07 11:01:11.673339	2026-05-07 11:02:02.489667	\N	\N
2186	\N	\N	\N	4	8	1	\N	1	19	\N	19	19	WH/IN/01069	\N	direct	draft	0	\N	\N	f	\N	t	2026-05-07 11:01:12	\N	2026-05-07 11:01:12	\N	2026-05-07 11:01:11.673339	2026-05-07 11:02:02.489667	\N	\N
2187	\N	\N	\N	4	8	1	\N	1	19	\N	19	19	WH/IN/01070	\N	direct	draft	0	\N	\N	f	\N	t	2026-05-07 11:01:12	\N	2026-05-07 11:01:12	\N	2026-05-07 11:01:11.673339	2026-05-07 11:02:02.489667	\N	\N
2188	\N	\N	\N	4	8	1	\N	1	19	\N	19	19	WH/IN/01071	\N	direct	draft	0	\N	\N	f	\N	t	2026-05-07 11:01:12	\N	2026-05-07 11:01:12	\N	2026-05-07 11:01:11.673339	2026-05-07 11:02:02.489667	\N	\N
2189	\N	\N	\N	4	8	1	\N	1	19	\N	19	19	WH/IN/01072	\N	direct	draft	0	\N	\N	f	\N	t	2026-05-07 11:01:12	\N	2026-05-07 11:01:12	\N	2026-05-07 11:01:11.673339	2026-05-07 11:02:02.489667	\N	\N
2190	\N	\N	\N	4	8	1	\N	1	19	\N	19	19	WH/IN/01073	\N	direct	draft	0	\N	\N	f	\N	t	2026-05-07 11:01:12	\N	2026-05-07 11:01:12	\N	2026-05-07 11:01:11.673339	2026-05-07 11:02:02.489667	\N	\N
2191	\N	\N	\N	4	8	1	\N	1	19	\N	19	19	WH/IN/01074	\N	direct	draft	0	\N	\N	f	\N	t	2026-05-07 11:01:12	\N	2026-05-07 11:01:12	\N	2026-05-07 11:01:11.673339	2026-05-07 11:02:02.489667	\N	\N
2192	\N	\N	\N	4	8	1	\N	1	19	\N	19	19	WH/IN/01075	\N	direct	draft	0	\N	\N	f	\N	t	2026-05-07 11:01:12	\N	2026-05-07 11:01:12	\N	2026-05-07 11:01:11.673339	2026-05-07 11:02:02.489667	\N	\N
2193	\N	\N	\N	4	8	1	\N	1	19	\N	19	19	WH/IN/01076	\N	direct	draft	0	\N	\N	f	\N	t	2026-05-07 11:01:12	\N	2026-05-07 11:01:12	\N	2026-05-07 11:01:11.673339	2026-05-07 11:02:02.489667	\N	\N
2194	\N	\N	\N	4	8	1	\N	1	19	\N	19	19	WH/IN/01077	\N	direct	draft	0	\N	\N	f	\N	t	2026-05-07 11:01:12	\N	2026-05-07 11:01:12	\N	2026-05-07 11:01:11.673339	2026-05-07 11:02:02.489667	\N	\N
2195	\N	\N	\N	4	8	1	\N	1	19	\N	19	19	WH/IN/01078	\N	direct	draft	0	\N	\N	f	\N	t	2026-05-07 11:01:12	\N	2026-05-07 11:01:12	\N	2026-05-07 11:01:11.673339	2026-05-07 11:02:02.489667	\N	\N
2196	\N	\N	\N	4	8	1	\N	1	19	\N	19	19	WH/IN/01079	\N	direct	draft	0	\N	\N	f	\N	t	2026-05-07 11:01:12	\N	2026-05-07 11:01:12	\N	2026-05-07 11:01:11.673339	2026-05-07 11:02:02.489667	\N	\N
2197	\N	\N	\N	4	8	1	\N	1	19	\N	19	19	WH/IN/01080	\N	direct	draft	0	\N	\N	f	\N	t	2026-05-07 11:01:12	\N	2026-05-07 11:01:12	\N	2026-05-07 11:01:11.673339	2026-05-07 11:02:02.489667	\N	\N
1956	\N	\N	\N	4	8	1	\N	1	19	\N	19	19	WH/IN/00839	\N	direct	draft	0	\N	\N	f	\N	t	2026-05-07 11:01:12	\N	2026-05-07 11:01:12	\N	2026-05-07 11:01:11.673339	2026-05-07 11:02:02.489667	\N	\N
1957	\N	\N	\N	4	8	1	\N	1	19	\N	19	19	WH/IN/00840	\N	direct	draft	0	\N	\N	f	\N	t	2026-05-07 11:01:12	\N	2026-05-07 11:01:12	\N	2026-05-07 11:01:11.673339	2026-05-07 11:02:02.489667	\N	\N
1958	\N	\N	\N	4	8	1	\N	1	19	\N	19	19	WH/IN/00841	\N	direct	draft	0	\N	\N	f	\N	t	2026-05-07 11:01:12	\N	2026-05-07 11:01:12	\N	2026-05-07 11:01:11.673339	2026-05-07 11:02:02.489667	\N	\N
1959	\N	\N	\N	4	8	1	\N	1	19	\N	19	19	WH/IN/00842	\N	direct	draft	0	\N	\N	f	\N	t	2026-05-07 11:01:12	\N	2026-05-07 11:01:12	\N	2026-05-07 11:01:11.673339	2026-05-07 11:02:02.489667	\N	\N
1960	\N	\N	\N	4	8	1	\N	1	19	\N	19	19	WH/IN/00843	\N	direct	draft	0	\N	\N	f	\N	t	2026-05-07 11:01:12	\N	2026-05-07 11:01:12	\N	2026-05-07 11:01:11.673339	2026-05-07 11:02:02.489667	\N	\N
2198	\N	\N	\N	4	8	1	\N	1	19	\N	19	19	WH/IN/01081	\N	direct	draft	0	\N	\N	f	\N	t	2026-05-07 11:01:12	\N	2026-05-07 11:01:12	\N	2026-05-07 11:01:11.673339	2026-05-07 11:02:02.489667	\N	\N
2199	\N	\N	\N	4	8	1	\N	1	19	\N	19	19	WH/IN/01082	\N	direct	draft	0	\N	\N	f	\N	t	2026-05-07 11:01:12	\N	2026-05-07 11:01:12	\N	2026-05-07 11:01:11.673339	2026-05-07 11:02:02.489667	\N	\N
2200	\N	\N	\N	4	8	1	\N	1	19	\N	19	19	WH/IN/01083	\N	direct	draft	0	\N	\N	f	\N	t	2026-05-07 11:01:12	\N	2026-05-07 11:01:12	\N	2026-05-07 11:01:11.673339	2026-05-07 11:02:02.489667	\N	\N
2201	\N	\N	\N	4	8	1	\N	1	19	\N	19	19	WH/IN/01084	\N	direct	draft	0	\N	\N	f	\N	t	2026-05-07 11:01:12	\N	2026-05-07 11:01:12	\N	2026-05-07 11:01:11.673339	2026-05-07 11:02:02.489667	\N	\N
2202	\N	\N	\N	4	8	1	\N	1	19	\N	19	19	WH/IN/01085	\N	direct	draft	0	\N	\N	f	\N	t	2026-05-07 11:01:12	\N	2026-05-07 11:01:12	\N	2026-05-07 11:01:11.673339	2026-05-07 11:02:02.489667	\N	\N
2203	\N	\N	\N	4	8	1	\N	1	19	\N	19	19	WH/IN/01086	\N	direct	draft	0	\N	\N	f	\N	t	2026-05-07 11:01:12	\N	2026-05-07 11:01:12	\N	2026-05-07 11:01:11.673339	2026-05-07 11:02:02.489667	\N	\N
2204	\N	\N	\N	4	8	1	\N	1	19	\N	19	19	WH/IN/01087	\N	direct	draft	0	\N	\N	f	\N	t	2026-05-07 11:01:12	\N	2026-05-07 11:01:12	\N	2026-05-07 11:01:11.673339	2026-05-07 11:02:02.489667	\N	\N
2205	\N	\N	\N	4	8	1	\N	1	19	\N	19	19	WH/IN/01088	\N	direct	draft	0	\N	\N	f	\N	t	2026-05-07 11:01:12	\N	2026-05-07 11:01:12	\N	2026-05-07 11:01:11.673339	2026-05-07 11:02:02.489667	\N	\N
2206	\N	\N	\N	4	8	1	\N	1	19	\N	19	19	WH/IN/01089	\N	direct	draft	0	\N	\N	f	\N	t	2026-05-07 11:01:12	\N	2026-05-07 11:01:12	\N	2026-05-07 11:01:11.673339	2026-05-07 11:02:02.489667	\N	\N
2207	\N	\N	\N	4	8	1	\N	1	19	\N	19	19	WH/IN/01090	\N	direct	draft	0	\N	\N	f	\N	t	2026-05-07 11:01:12	\N	2026-05-07 11:01:12	\N	2026-05-07 11:01:11.673339	2026-05-07 11:02:02.489667	\N	\N
2208	\N	\N	\N	4	8	1	\N	1	19	\N	19	19	WH/IN/01091	\N	direct	draft	0	\N	\N	f	\N	t	2026-05-07 11:01:12	\N	2026-05-07 11:01:12	\N	2026-05-07 11:01:11.673339	2026-05-07 11:02:02.489667	\N	\N
2209	\N	\N	\N	4	8	1	\N	1	19	\N	19	19	WH/IN/01092	\N	direct	draft	0	\N	\N	f	\N	t	2026-05-07 11:01:12	\N	2026-05-07 11:01:12	\N	2026-05-07 11:01:11.673339	2026-05-07 11:02:02.489667	\N	\N
2210	\N	\N	\N	4	8	1	\N	1	19	\N	19	19	WH/IN/01093	\N	direct	draft	0	\N	\N	f	\N	t	2026-05-07 11:01:12	\N	2026-05-07 11:01:12	\N	2026-05-07 11:01:11.673339	2026-05-07 11:02:02.489667	\N	\N
2211	\N	\N	\N	4	8	1	\N	1	19	\N	19	19	WH/IN/01094	\N	direct	draft	0	\N	\N	f	\N	t	2026-05-07 11:01:12	\N	2026-05-07 11:01:12	\N	2026-05-07 11:01:11.673339	2026-05-07 11:02:02.489667	\N	\N
2212	\N	\N	\N	4	8	1	\N	1	19	\N	19	19	WH/IN/01095	\N	direct	draft	0	\N	\N	f	\N	t	2026-05-07 11:01:12	\N	2026-05-07 11:01:12	\N	2026-05-07 11:01:11.673339	2026-05-07 11:02:02.489667	\N	\N
2213	\N	\N	\N	4	8	1	\N	1	19	\N	19	19	WH/IN/01096	\N	direct	draft	0	\N	\N	f	\N	t	2026-05-07 11:01:12	\N	2026-05-07 11:01:12	\N	2026-05-07 11:01:11.673339	2026-05-07 11:02:02.489667	\N	\N
2214	\N	\N	\N	4	8	1	\N	1	19	\N	19	19	WH/IN/01097	\N	direct	draft	0	\N	\N	f	\N	t	2026-05-07 11:01:12	\N	2026-05-07 11:01:12	\N	2026-05-07 11:01:11.673339	2026-05-07 11:02:02.489667	\N	\N
2215	\N	\N	\N	4	8	1	\N	1	19	\N	19	19	WH/IN/01098	\N	direct	draft	0	\N	\N	f	\N	t	2026-05-07 11:01:12	\N	2026-05-07 11:01:12	\N	2026-05-07 11:01:11.673339	2026-05-07 11:02:02.489667	\N	\N
2216	\N	\N	\N	4	8	1	\N	1	19	\N	19	19	WH/IN/01099	\N	direct	draft	0	\N	\N	f	\N	t	2026-05-07 11:01:12	\N	2026-05-07 11:01:12	\N	2026-05-07 11:01:11.673339	2026-05-07 11:02:02.489667	\N	\N
2217	\N	\N	\N	4	8	1	\N	1	19	\N	19	19	WH/IN/01100	\N	direct	draft	0	\N	\N	f	\N	t	2026-05-07 11:01:12	\N	2026-05-07 11:01:12	\N	2026-05-07 11:01:11.673339	2026-05-07 11:02:02.489667	\N	\N
2218	\N	\N	\N	4	8	1	\N	1	19	\N	19	19	WH/IN/01101	\N	direct	draft	0	\N	\N	f	\N	t	2026-05-07 11:01:12	\N	2026-05-07 11:01:12	\N	2026-05-07 11:01:11.673339	2026-05-07 11:02:02.489667	\N	\N
2219	\N	\N	\N	4	8	1	\N	1	19	\N	19	19	WH/IN/01102	\N	direct	draft	0	\N	\N	f	\N	t	2026-05-07 11:01:12	\N	2026-05-07 11:01:12	\N	2026-05-07 11:01:11.673339	2026-05-07 11:02:02.489667	\N	\N
2220	\N	\N	\N	4	8	1	\N	1	19	\N	19	19	WH/IN/01103	\N	direct	draft	0	\N	\N	f	\N	t	2026-05-07 11:01:12	\N	2026-05-07 11:01:12	\N	2026-05-07 11:01:11.673339	2026-05-07 11:02:02.489667	\N	\N
2221	\N	\N	\N	4	8	1	\N	1	19	\N	19	19	WH/IN/01104	\N	direct	draft	0	\N	\N	f	\N	t	2026-05-07 11:01:12	\N	2026-05-07 11:01:12	\N	2026-05-07 11:01:11.673339	2026-05-07 11:02:02.489667	\N	\N
2222	\N	\N	\N	4	8	1	\N	1	19	\N	19	19	WH/IN/01105	\N	direct	draft	0	\N	\N	f	\N	t	2026-05-07 11:01:12	\N	2026-05-07 11:01:12	\N	2026-05-07 11:01:11.673339	2026-05-07 11:02:02.489667	\N	\N
2223	\N	\N	\N	4	8	1	\N	1	19	\N	19	19	WH/IN/01106	\N	direct	draft	0	\N	\N	f	\N	t	2026-05-07 11:01:12	\N	2026-05-07 11:01:12	\N	2026-05-07 11:01:11.673339	2026-05-07 11:02:02.489667	\N	\N
2224	\N	\N	\N	4	8	1	\N	1	19	\N	19	19	WH/IN/01107	\N	direct	draft	0	\N	\N	f	\N	t	2026-05-07 11:01:12	\N	2026-05-07 11:01:12	\N	2026-05-07 11:01:11.673339	2026-05-07 11:02:02.489667	\N	\N
2225	\N	\N	\N	4	8	1	\N	1	19	\N	19	19	WH/IN/01108	\N	direct	draft	0	\N	\N	f	\N	t	2026-05-07 11:01:12	\N	2026-05-07 11:01:12	\N	2026-05-07 11:01:11.673339	2026-05-07 11:02:02.489667	\N	\N
2226	\N	\N	\N	4	8	1	\N	1	19	\N	19	19	WH/IN/01109	\N	direct	draft	0	\N	\N	f	\N	t	2026-05-07 11:01:12	\N	2026-05-07 11:01:12	\N	2026-05-07 11:01:11.673339	2026-05-07 11:02:02.489667	\N	\N
2227	\N	\N	\N	4	8	1	\N	1	19	\N	19	19	WH/IN/01110	\N	direct	draft	0	\N	\N	f	\N	t	2026-05-07 11:01:12	\N	2026-05-07 11:01:12	\N	2026-05-07 11:01:11.673339	2026-05-07 11:02:02.489667	\N	\N
2228	\N	\N	\N	4	8	1	\N	1	19	\N	19	19	WH/IN/01111	\N	direct	draft	0	\N	\N	f	\N	t	2026-05-07 11:01:12	\N	2026-05-07 11:01:12	\N	2026-05-07 11:01:11.673339	2026-05-07 11:02:02.489667	\N	\N
2229	\N	\N	\N	4	8	1	\N	1	19	\N	19	19	WH/IN/01112	\N	direct	draft	0	\N	\N	f	\N	t	2026-05-07 11:01:12	\N	2026-05-07 11:01:12	\N	2026-05-07 11:01:11.673339	2026-05-07 11:02:02.489667	\N	\N
2230	\N	\N	\N	4	8	1	\N	1	19	\N	19	19	WH/IN/01113	\N	direct	draft	0	\N	\N	f	\N	t	2026-05-07 11:01:12	\N	2026-05-07 11:01:12	\N	2026-05-07 11:01:11.673339	2026-05-07 11:02:02.489667	\N	\N
2231	\N	\N	\N	4	8	1	\N	1	19	\N	19	19	WH/IN/01114	\N	direct	draft	0	\N	\N	f	\N	t	2026-05-07 11:01:12	\N	2026-05-07 11:01:12	\N	2026-05-07 11:01:11.673339	2026-05-07 11:02:02.489667	\N	\N
2232	\N	\N	\N	4	8	1	\N	1	19	\N	19	19	WH/IN/01115	\N	direct	draft	0	\N	\N	f	\N	t	2026-05-07 11:01:12	\N	2026-05-07 11:01:12	\N	2026-05-07 11:01:11.673339	2026-05-07 11:02:02.489667	\N	\N
2233	\N	\N	\N	4	8	1	\N	1	19	\N	19	19	WH/IN/01116	\N	direct	draft	0	\N	\N	f	\N	t	2026-05-07 11:01:12	\N	2026-05-07 11:01:12	\N	2026-05-07 11:01:11.673339	2026-05-07 11:02:02.489667	\N	\N
2234	\N	\N	\N	4	8	1	\N	1	19	\N	19	19	WH/IN/01117	\N	direct	draft	0	\N	\N	f	\N	t	2026-05-07 11:01:12	\N	2026-05-07 11:01:12	\N	2026-05-07 11:01:11.673339	2026-05-07 11:02:02.489667	\N	\N
2235	\N	\N	\N	4	8	1	\N	1	19	\N	19	19	WH/IN/01118	\N	direct	draft	0	\N	\N	f	\N	t	2026-05-07 11:01:12	\N	2026-05-07 11:01:12	\N	2026-05-07 11:01:11.673339	2026-05-07 11:02:02.489667	\N	\N
2236	\N	\N	\N	4	8	1	\N	1	19	\N	19	19	WH/IN/01119	\N	direct	draft	0	\N	\N	f	\N	t	2026-05-07 11:01:12	\N	2026-05-07 11:01:12	\N	2026-05-07 11:01:11.673339	2026-05-07 11:02:02.489667	\N	\N
2237	\N	\N	\N	4	8	1	\N	1	19	\N	19	19	WH/IN/01120	\N	direct	draft	0	\N	\N	f	\N	t	2026-05-07 11:01:12	\N	2026-05-07 11:01:12	\N	2026-05-07 11:01:11.673339	2026-05-07 11:02:02.489667	\N	\N
2238	\N	\N	\N	4	8	1	\N	1	19	\N	19	19	WH/IN/01121	\N	direct	draft	0	\N	\N	f	\N	t	2026-05-07 11:01:12	\N	2026-05-07 11:01:12	\N	2026-05-07 11:01:11.673339	2026-05-07 11:02:02.489667	\N	\N
2239	\N	\N	\N	4	8	1	\N	1	19	\N	19	19	WH/IN/01122	\N	direct	draft	0	\N	\N	f	\N	t	2026-05-07 11:01:12	\N	2026-05-07 11:01:12	\N	2026-05-07 11:01:11.673339	2026-05-07 11:02:02.489667	\N	\N
2240	\N	\N	\N	4	8	1	\N	1	19	\N	19	19	WH/IN/01123	\N	direct	draft	0	\N	\N	f	\N	t	2026-05-07 11:01:12	\N	2026-05-07 11:01:12	\N	2026-05-07 11:01:11.673339	2026-05-07 11:02:02.489667	\N	\N
2241	\N	\N	\N	4	8	1	\N	1	19	\N	19	19	WH/IN/01124	\N	direct	draft	0	\N	\N	f	\N	t	2026-05-07 11:01:12	\N	2026-05-07 11:01:12	\N	2026-05-07 11:01:11.673339	2026-05-07 11:02:02.489667	\N	\N
2242	\N	\N	\N	4	8	1	\N	1	19	\N	19	19	WH/IN/01125	\N	direct	draft	0	\N	\N	f	\N	t	2026-05-07 11:01:12	\N	2026-05-07 11:01:12	\N	2026-05-07 11:01:11.673339	2026-05-07 11:02:02.489667	\N	\N
2243	\N	\N	\N	4	8	1	\N	1	19	\N	19	19	WH/IN/01126	\N	direct	draft	0	\N	\N	f	\N	t	2026-05-07 11:01:12	\N	2026-05-07 11:01:12	\N	2026-05-07 11:01:11.673339	2026-05-07 11:02:02.489667	\N	\N
2244	\N	\N	\N	4	8	1	\N	1	19	\N	19	19	WH/IN/01127	\N	direct	draft	0	\N	\N	f	\N	t	2026-05-07 11:01:12	\N	2026-05-07 11:01:12	\N	2026-05-07 11:01:11.673339	2026-05-07 11:02:02.489667	\N	\N
2245	\N	\N	\N	4	8	1	\N	1	19	\N	19	19	WH/IN/01128	\N	direct	draft	0	\N	\N	f	\N	t	2026-05-07 11:01:12	\N	2026-05-07 11:01:12	\N	2026-05-07 11:01:11.673339	2026-05-07 11:02:02.489667	\N	\N
2246	\N	\N	\N	4	8	1	\N	1	19	\N	19	19	WH/IN/01129	\N	direct	draft	0	\N	\N	f	\N	t	2026-05-07 11:01:12	\N	2026-05-07 11:01:12	\N	2026-05-07 11:01:11.673339	2026-05-07 11:02:02.489667	\N	\N
2247	\N	\N	\N	4	8	1	\N	1	19	\N	19	19	WH/IN/01130	\N	direct	draft	0	\N	\N	f	\N	t	2026-05-07 11:01:12	\N	2026-05-07 11:01:12	\N	2026-05-07 11:01:11.673339	2026-05-07 11:02:02.489667	\N	\N
2248	\N	\N	\N	4	8	1	\N	1	19	\N	19	19	WH/IN/01131	\N	direct	draft	0	\N	\N	f	\N	t	2026-05-07 11:01:12	\N	2026-05-07 11:01:12	\N	2026-05-07 11:01:11.673339	2026-05-07 11:02:02.489667	\N	\N
2249	\N	\N	\N	4	8	1	\N	1	19	\N	19	19	WH/IN/01132	\N	direct	draft	0	\N	\N	f	\N	t	2026-05-07 11:01:12	\N	2026-05-07 11:01:12	\N	2026-05-07 11:01:11.673339	2026-05-07 11:02:02.489667	\N	\N
2250	\N	\N	\N	4	8	1	\N	1	19	\N	19	19	WH/IN/01133	\N	direct	draft	0	\N	\N	f	\N	t	2026-05-07 11:01:12	\N	2026-05-07 11:01:12	\N	2026-05-07 11:01:11.673339	2026-05-07 11:02:02.489667	\N	\N
2251	\N	\N	\N	4	8	1	\N	1	19	\N	19	19	WH/IN/01134	\N	direct	draft	0	\N	\N	f	\N	t	2026-05-07 11:01:12	\N	2026-05-07 11:01:12	\N	2026-05-07 11:01:11.673339	2026-05-07 11:02:02.489667	\N	\N
2252	\N	\N	\N	4	8	1	\N	1	19	\N	19	19	WH/IN/01135	\N	direct	draft	0	\N	\N	f	\N	t	2026-05-07 11:01:12	\N	2026-05-07 11:01:12	\N	2026-05-07 11:01:11.673339	2026-05-07 11:02:02.489667	\N	\N
2253	\N	\N	\N	4	8	1	\N	1	19	\N	19	19	WH/IN/01136	\N	direct	draft	0	\N	\N	f	\N	t	2026-05-07 11:01:12	\N	2026-05-07 11:01:12	\N	2026-05-07 11:01:11.673339	2026-05-07 11:02:02.489667	\N	\N
2254	\N	\N	\N	4	8	1	\N	1	19	\N	19	19	WH/IN/01137	\N	direct	draft	0	\N	\N	f	\N	t	2026-05-07 11:01:12	\N	2026-05-07 11:01:12	\N	2026-05-07 11:01:11.673339	2026-05-07 11:02:02.489667	\N	\N
2255	\N	\N	\N	4	8	1	\N	1	19	\N	19	19	WH/IN/01138	\N	direct	draft	0	\N	\N	f	\N	t	2026-05-07 11:01:12	\N	2026-05-07 11:01:12	\N	2026-05-07 11:01:11.673339	2026-05-07 11:02:02.489667	\N	\N
2256	\N	\N	\N	4	8	1	\N	1	19	\N	19	19	WH/IN/01139	\N	direct	draft	0	\N	\N	f	\N	t	2026-05-07 11:01:12	\N	2026-05-07 11:01:12	\N	2026-05-07 11:01:11.673339	2026-05-07 11:02:02.489667	\N	\N
2257	\N	\N	\N	4	8	1	\N	1	19	\N	19	19	WH/IN/01140	\N	direct	draft	0	\N	\N	f	\N	t	2026-05-07 11:01:12	\N	2026-05-07 11:01:12	\N	2026-05-07 11:01:11.673339	2026-05-07 11:02:02.489667	\N	\N
2258	\N	\N	\N	4	8	1	\N	1	19	\N	19	19	WH/IN/01141	\N	direct	draft	0	\N	\N	f	\N	t	2026-05-07 11:01:12	\N	2026-05-07 11:01:12	\N	2026-05-07 11:01:11.673339	2026-05-07 11:02:02.489667	\N	\N
2259	\N	\N	\N	4	8	1	\N	1	19	\N	19	19	WH/IN/01142	\N	direct	draft	0	\N	\N	f	\N	t	2026-05-07 11:01:12	\N	2026-05-07 11:01:12	\N	2026-05-07 11:01:11.673339	2026-05-07 11:02:02.489667	\N	\N
2260	\N	\N	\N	4	8	1	\N	1	19	\N	19	19	WH/IN/01143	\N	direct	draft	0	\N	\N	f	\N	t	2026-05-07 11:01:12	\N	2026-05-07 11:01:12	\N	2026-05-07 11:01:11.673339	2026-05-07 11:02:02.489667	\N	\N
2261	\N	\N	\N	4	8	1	\N	1	19	\N	19	19	WH/IN/01144	\N	direct	draft	0	\N	\N	f	\N	t	2026-05-07 11:01:12	\N	2026-05-07 11:01:12	\N	2026-05-07 11:01:11.673339	2026-05-07 11:02:02.489667	\N	\N
2262	\N	\N	\N	4	8	1	\N	1	19	\N	19	19	WH/IN/01145	\N	direct	draft	0	\N	\N	f	\N	t	2026-05-07 11:01:12	\N	2026-05-07 11:01:12	\N	2026-05-07 11:01:11.673339	2026-05-07 11:02:02.489667	\N	\N
2263	\N	\N	\N	4	8	1	\N	1	19	\N	19	19	WH/IN/01146	\N	direct	draft	0	\N	\N	f	\N	t	2026-05-07 11:01:12	\N	2026-05-07 11:01:12	\N	2026-05-07 11:01:11.673339	2026-05-07 11:02:02.489667	\N	\N
2264	\N	\N	\N	4	8	1	\N	1	19	\N	19	19	WH/IN/01147	\N	direct	draft	0	\N	\N	f	\N	t	2026-05-07 11:01:12	\N	2026-05-07 11:01:12	\N	2026-05-07 11:01:11.673339	2026-05-07 11:02:02.489667	\N	\N
2265	\N	\N	\N	4	8	1	\N	1	19	\N	19	19	WH/IN/01148	\N	direct	draft	0	\N	\N	f	\N	t	2026-05-07 11:01:12	\N	2026-05-07 11:01:12	\N	2026-05-07 11:01:11.673339	2026-05-07 11:02:02.489667	\N	\N
2266	\N	\N	\N	4	8	1	\N	1	19	\N	19	19	WH/IN/01149	\N	direct	draft	0	\N	\N	f	\N	t	2026-05-07 11:01:12	\N	2026-05-07 11:01:12	\N	2026-05-07 11:01:11.673339	2026-05-07 11:02:02.489667	\N	\N
2267	\N	\N	\N	4	8	1	\N	1	19	\N	19	19	WH/IN/01150	\N	direct	draft	0	\N	\N	f	\N	t	2026-05-07 11:01:12	\N	2026-05-07 11:01:12	\N	2026-05-07 11:01:11.673339	2026-05-07 11:02:02.489667	\N	\N
2268	\N	\N	\N	4	8	1	\N	1	19	\N	19	19	WH/IN/01151	\N	direct	draft	0	\N	\N	f	\N	t	2026-05-07 11:01:12	\N	2026-05-07 11:01:12	\N	2026-05-07 11:01:11.673339	2026-05-07 11:02:02.489667	\N	\N
\.


--
-- Data for Name: stock_picking_backorder_rel; Type: TABLE DATA; Schema: public; Owner: odoo
--

COPY public.stock_picking_backorder_rel (stock_backorder_confirmation_id, stock_picking_id) FROM stdin;
\.


--
-- Data for Name: stock_picking_sms_rel; Type: TABLE DATA; Schema: public; Owner: odoo
--

COPY public.stock_picking_sms_rel (confirm_stock_sms_id, stock_picking_id) FROM stdin;
\.


--
-- Data for Name: stock_picking_type; Type: TABLE DATA; Schema: public; Owner: odoo
--

COPY public.stock_picking_type (id, color, sequence, sequence_id, default_location_src_id, default_location_dest_id, return_picking_type_id, warehouse_id, reservation_days_before, reservation_days_before_priority, company_id, create_uid, write_uid, sequence_code, code, reservation_method, product_label_format, lot_label_format, package_label_to_print, barcode, create_backorder, move_type, name, picking_properties_definition, show_entire_packs, active, use_create_lots, use_existing_lots, print_label, show_operations, auto_show_reception_report, auto_print_delivery_slip, auto_print_return_slip, auto_print_product_labels, auto_print_lot_labels, auto_print_reception_report, auto_print_reception_report_labels, auto_print_packages, auto_print_package_label, create_date, write_date, analytic_costs, default_product_location_src_id, default_product_location_dest_id, default_remove_location_dest_id, default_recycle_location_dest_id, repair_properties_definition, is_repairable, mrp_product_label_to_print, done_mrp_lot_label_to_print, generated_mrp_lot_label_to_print, use_create_components_lots, auto_print_done_production_order, auto_print_done_mrp_product_labels, auto_print_done_mrp_lot, auto_print_mrp_reception_report, auto_print_mrp_reception_report_labels, auto_print_generated_mrp_lot) FROM stdin;
1	0	1	5	4	8	2	1	\N	\N	1	1	1	IN	incoming	at_confirm	2x7xprice	4x12_lots	pdf	WHIN	ask	direct	{"en_US": "Recepciones", "es_ES": "Recepciones"}	\N	\N	t	t	f	f	f	\N	\N	\N	\N	\N	\N	\N	\N	\N	2026-04-08 08:46:08.412603	2026-04-14 08:54:08.878044	\N	\N	\N	\N	\N	\N	\N	pdf	pdf	pdf	\N	\N	\N	\N	\N	\N	\N
2	0	7	6	8	5	1	1	\N	\N	1	1	1	OUT	outgoing	at_confirm	2x7xprice	4x12_lots	pdf	WHOUT	ask	direct	{"en_US": "Órdenes de entrega", "es_ES": "Órdenes de entrega"}	\N	\N	t	f	t	t	f	\N	\N	\N	\N	\N	\N	\N	\N	\N	2026-04-08 08:46:08.412603	2026-04-14 08:54:08.878044	\N	\N	\N	\N	\N	\N	\N	pdf	pdf	pdf	\N	\N	\N	\N	\N	\N	\N
3	0	5	7	8	12	\N	1	\N	\N	1	1	1	PICK	internal	at_confirm	2x7xprice	4x12_lots	pdf	WHPICK	ask	direct	{"en_US": "Elegir"}	\N	\N	f	f	t	f	f	\N	\N	\N	\N	\N	\N	\N	\N	\N	2026-04-08 08:46:08.412603	2026-04-14 08:54:08.878044	\N	\N	\N	\N	\N	\N	f	pdf	pdf	pdf	\N	\N	\N	\N	\N	\N	\N
4	0	6	8	12	8	\N	1	\N	\N	1	1	1	PACK	internal	at_confirm	2x7xprice	4x12_lots	pdf	WHPACK	ask	direct	{"en_US": "Empaquetar"}	\N	\N	f	f	t	f	f	\N	\N	\N	\N	\N	\N	\N	\N	\N	2026-04-08 08:46:08.412603	2026-04-14 08:54:08.878044	\N	\N	\N	\N	\N	\N	f	pdf	pdf	pdf	\N	\N	\N	\N	\N	\N	\N
5	0	2	9	9	10	\N	1	\N	\N	1	1	1	QC	internal	at_confirm	2x7xprice	4x12_lots	pdf	WHQC	ask	direct	{"en_US": "Control de calidad"}	\N	\N	f	f	t	f	f	\N	\N	\N	\N	\N	\N	\N	\N	\N	2026-04-08 08:46:08.412603	2026-04-14 08:54:08.878044	\N	\N	\N	\N	\N	\N	f	pdf	pdf	pdf	\N	\N	\N	\N	\N	\N	\N
6	0	3	10	10	8	\N	1	\N	\N	1	1	1	STOR	internal	at_confirm	2x7xprice	4x12_lots	pdf	WHSTOR	ask	direct	{"en_US": "Almacenamiento"}	\N	\N	f	f	t	f	f	\N	\N	\N	\N	\N	\N	\N	\N	\N	2026-04-08 08:46:08.412603	2026-04-14 08:54:08.878044	\N	\N	\N	\N	\N	\N	f	pdf	pdf	pdf	\N	\N	\N	\N	\N	\N	\N
7	0	4	11	8	8	\N	1	\N	\N	1	1	1	INT	internal	at_confirm	2x7xprice	4x12_lots	pdf	WHINT	ask	direct	{"en_US": "Traslados internos", "es_ES": "Traslados internos"}	\N	\N	f	f	t	f	f	\N	\N	\N	\N	\N	\N	\N	\N	\N	2026-04-08 08:46:08.412603	2026-04-14 08:54:08.878044	\N	\N	\N	\N	\N	\N	f	pdf	pdf	pdf	\N	\N	\N	\N	\N	\N	\N
8	0	8	12	9	11	\N	1	\N	\N	1	1	1	XD	internal	at_confirm	2x7xprice	4x12_lots	pdf	WHXD	ask	direct	{"en_US": "Sin almacenaje intermedio (cross dock)"}	\N	\N	f	f	t	f	f	\N	\N	\N	\N	\N	\N	\N	\N	\N	2026-04-08 08:46:08.412603	2026-04-14 08:54:08.878044	\N	\N	\N	\N	\N	\N	f	pdf	pdf	pdf	\N	\N	\N	\N	\N	\N	\N
10	0	11	21	8	17	\N	1	\N	\N	1	1	1	PC	internal	at_confirm	2x7xprice	4x12_lots	pdf	WHPC	ask	direct	{"en_US": "Elegir componentes"}	\N	\N	f	t	t	f	f	\N	\N	\N	\N	\N	\N	\N	\N	\N	2026-04-08 09:11:55.219689	2026-04-14 08:54:08.878044	\N	\N	\N	\N	\N	\N	f	pdf	pdf	pdf	f	\N	\N	\N	\N	\N	\N
11	0	13	22	18	8	\N	1	\N	\N	1	1	1	SFP	internal	at_confirm	2x7xprice	4x12_lots	pdf	WHSFP	ask	direct	{"en_US": "Almacenar producto terminado"}	\N	\N	f	t	t	f	f	\N	\N	\N	\N	\N	\N	\N	\N	\N	2026-04-08 09:11:55.219689	2026-04-14 08:54:08.878044	\N	\N	\N	\N	\N	\N	f	pdf	pdf	pdf	f	\N	\N	\N	\N	\N	\N
12	0	12	23	8	8	\N	1	\N	\N	1	1	1	MO	mrp_operation	at_confirm	2x7xprice	4x12_lots	pdf	WHMANUF	ask	direct	{"en_US": "Fabricación"}	\N	\N	t	t	t	\N	f	\N	\N	\N	\N	\N	\N	\N	\N	\N	2026-04-08 09:11:55.219689	2026-04-14 08:54:08.878044	\N	\N	\N	\N	\N	\N	f	pdf	pdf	pdf	f	\N	\N	\N	\N	\N	\N
9	\N	\N	19	8	15	\N	1	\N	\N	1	1	1	RO	repair_operation	at_confirm	2x7xprice	4x12_lots	pdf	WHRO	ask	direct	{"en_US": "Repairs", "es_ES": "Reparaciones"}	\N	\N	t	t	t	\N	f	\N	\N	\N	\N	\N	\N	\N	\N	\N	2026-04-08 09:05:50.079825	2026-04-14 08:54:08.878044	\N	8	8	16	8	\N	f	pdf	pdf	pdf	\N	\N	\N	\N	\N	\N	\N
\.


--
-- Data for Name: stock_putaway_rule; Type: TABLE DATA; Schema: public; Owner: odoo
--

COPY public.stock_putaway_rule (id, product_id, category_id, location_in_id, location_out_id, sequence, company_id, storage_category_id, create_uid, write_uid, sublocation, active, create_date, write_date) FROM stdin;
\.


--
-- Data for Name: stock_quant; Type: TABLE DATA; Schema: public; Owner: odoo
--

COPY public.stock_quant (id, product_id, company_id, location_id, storage_category_id, lot_id, package_id, owner_id, user_id, create_uid, write_uid, inventory_date, quantity, reserved_quantity, inventory_quantity, inventory_diff_quantity, inventory_quantity_set, in_date, create_date, write_date, accounting_date) FROM stdin;
\.


--
-- Data for Name: stock_quant_package; Type: TABLE DATA; Schema: public; Owner: odoo
--

COPY public.stock_quant_package (id, package_type_id, location_id, company_id, create_uid, write_uid, name, package_use, pack_date, create_date, write_date, shipping_weight) FROM stdin;
\.


--
-- Data for Name: stock_quant_relocate; Type: TABLE DATA; Schema: public; Owner: odoo
--

COPY public.stock_quant_relocate (id, dest_location_id, dest_package_id, create_uid, write_uid, message, create_date, write_date) FROM stdin;
\.


--
-- Data for Name: stock_quant_stock_quant_relocate_rel; Type: TABLE DATA; Schema: public; Owner: odoo
--

COPY public.stock_quant_stock_quant_relocate_rel (stock_quant_relocate_id, stock_quant_id) FROM stdin;
\.


--
-- Data for Name: stock_quant_stock_request_count_rel; Type: TABLE DATA; Schema: public; Owner: odoo
--

COPY public.stock_quant_stock_request_count_rel (stock_request_count_id, stock_quant_id) FROM stdin;
\.


--
-- Data for Name: stock_quant_stock_track_confirmation_rel; Type: TABLE DATA; Schema: public; Owner: odoo
--

COPY public.stock_quant_stock_track_confirmation_rel (stock_track_confirmation_id, stock_quant_id) FROM stdin;
\.


--
-- Data for Name: stock_quantity_history; Type: TABLE DATA; Schema: public; Owner: odoo
--

COPY public.stock_quantity_history (id, create_uid, write_uid, inventory_datetime, create_date, write_date) FROM stdin;
\.


--
-- Data for Name: stock_replenishment_info; Type: TABLE DATA; Schema: public; Owner: odoo
--

COPY public.stock_replenishment_info (id, orderpoint_id, create_uid, write_uid, create_date, write_date) FROM stdin;
\.


--
-- Data for Name: stock_replenishment_option; Type: TABLE DATA; Schema: public; Owner: odoo
--

COPY public.stock_replenishment_option (id, route_id, product_id, replenishment_info_id, create_uid, write_uid, create_date, write_date) FROM stdin;
\.


--
-- Data for Name: stock_request_count; Type: TABLE DATA; Schema: public; Owner: odoo
--

COPY public.stock_request_count (id, user_id, create_uid, write_uid, set_count, inventory_date, create_date, write_date, accounting_date) FROM stdin;
\.


--
-- Data for Name: stock_return_picking; Type: TABLE DATA; Schema: public; Owner: odoo
--

COPY public.stock_return_picking (id, picking_id, create_uid, write_uid, create_date, write_date) FROM stdin;
\.


--
-- Data for Name: stock_return_picking_line; Type: TABLE DATA; Schema: public; Owner: odoo
--

COPY public.stock_return_picking_line (id, product_id, wizard_id, move_id, create_uid, write_uid, quantity, create_date, write_date, to_refund) FROM stdin;
\.


--
-- Data for Name: stock_route; Type: TABLE DATA; Schema: public; Owner: odoo
--

COPY public.stock_route (id, sequence, supplied_wh_id, supplier_wh_id, company_id, create_uid, write_uid, name, active, product_selectable, product_categ_selectable, warehouse_selectable, packaging_selectable, create_date, write_date, sale_selectable) FROM stdin;
1	5	\N	\N	\N	1	1	{"en_US": "Replenish on Order (MTO)", "es_ES": "Reposición bajo pedido (fabricación sobre pedido)"}	f	t	\N	\N	\N	2026-04-08 08:46:08.412603	2026-04-08 08:46:17.232705	t
5	10	\N	\N	\N	1	1	{"en_US": "Manufacture", "es_ES": "Fabricar"}	t	t	\N	\N	\N	2026-04-08 09:11:55.219689	2026-04-08 09:11:55.219689	\N
6	10	\N	\N	1	1	1	{"en_US": "RELSUM HEREDEROS SL.: Fabricación (1 paso)"}	f	f	t	t	\N	2026-04-08 09:11:55.219689	2026-04-14 08:54:08.878044	\N
2	9	\N	\N	1	1	1	{"en_US": "RELSUM HEREDEROS SL.: Receive in 1 step (stock)"}	t	f	t	t	\N	2026-04-08 08:46:08.412603	2026-04-14 08:54:08.878044	\N
3	10	\N	\N	1	1	1	{"en_US": "RELSUM HEREDEROS SL.: Deliver in 1 step (ship)"}	t	f	t	t	\N	2026-04-08 08:46:08.412603	2026-04-14 08:54:08.878044	\N
4	20	\N	\N	1	1	1	{"en_US": "RELSUM HEREDEROS SL.: Cross-Dock"}	f	f	f	\N	\N	2026-04-08 08:46:08.412603	2026-04-14 08:54:08.878044	t
7	5	\N	\N	\N	1	1	{"en_US": "Buy", "es_ES": "Comprar"}	t	t	\N	\N	\N	2026-04-14 08:54:08.878044	2026-04-14 08:54:08.878044	\N
\.


--
-- Data for Name: stock_route_categ; Type: TABLE DATA; Schema: public; Owner: odoo
--

COPY public.stock_route_categ (route_id, categ_id) FROM stdin;
\.


--
-- Data for Name: stock_route_move; Type: TABLE DATA; Schema: public; Owner: odoo
--

COPY public.stock_route_move (move_id, route_id) FROM stdin;
\.


--
-- Data for Name: stock_route_packaging; Type: TABLE DATA; Schema: public; Owner: odoo
--

COPY public.stock_route_packaging (route_id, packaging_id) FROM stdin;
\.


--
-- Data for Name: stock_route_product; Type: TABLE DATA; Schema: public; Owner: odoo
--

COPY public.stock_route_product (route_id, product_id) FROM stdin;
7	5
7	6
7	7
7	8
7	9
7	10
\.


--
-- Data for Name: stock_route_stock_rules_report_rel; Type: TABLE DATA; Schema: public; Owner: odoo
--

COPY public.stock_route_stock_rules_report_rel (stock_rules_report_id, stock_route_id) FROM stdin;
\.


--
-- Data for Name: stock_route_warehouse; Type: TABLE DATA; Schema: public; Owner: odoo
--

COPY public.stock_route_warehouse (route_id, warehouse_id) FROM stdin;
2	1
3	1
6	1
\.


--
-- Data for Name: stock_rule; Type: TABLE DATA; Schema: public; Owner: odoo
--

COPY public.stock_rule (id, group_id, sequence, company_id, location_dest_id, location_src_id, route_id, route_sequence, picking_type_id, delay, partner_address_id, warehouse_id, propagate_warehouse_id, create_uid, write_uid, group_propagation_option, action, procure_method, auto, push_domain, name, active, location_dest_from_rule, propagate_cancel, propagate_carrier, create_date, write_date) FROM stdin;
5	\N	20	1	5	8	1	5	2	0	\N	1	\N	1	1	propagate	pull	make_to_order	manual	\N	{"en_US": "WH: Stock → Customers (MTO)"}	t	f	f	t	2026-04-08 08:46:08.412603	2026-04-14 08:54:08.878044
7	\N	20	1	8	\N	5	10	12	0	\N	1	\N	1	1	propagate	manufacture	make_to_order	manual	\N	{"en_US": "WH: Stock (Production)"}	t	f	f	f	2026-04-08 09:11:55.219689	2026-04-14 08:54:08.878044
1	\N	20	1	8	4	2	9	1	0	\N	1	\N	1	1	propagate	pull	make_to_stock	manual	\N	{"en_US": "WH: Vendors → Stock"}	f	f	f	f	2026-04-08 08:46:08.412603	2026-04-14 08:54:08.878044
2	\N	20	1	5	8	3	10	2	0	\N	1	\N	1	1	propagate	pull	make_to_stock	manual	\N	{"en_US": "WH: Stock → Customers"}	t	f	f	t	2026-04-08 08:46:08.412603	2026-04-14 08:54:08.878044
3	\N	20	1	5	4	4	20	1	0	\N	1	\N	1	1	propagate	pull	make_to_stock	manual	\N	{"en_US": "WH: Vendors → Customers"}	f	f	f	f	2026-04-08 08:46:08.412603	2026-04-14 08:54:08.878044
9	\N	20	1	17	8	1	5	10	0	\N	1	\N	1	1	propagate	pull	make_to_order	manual	\N	{"en_US": "WH: Stock → Preproducción (MTO)"}	f	f	f	f	2026-04-08 09:11:55.219689	2026-04-14 08:54:08.878044
4	\N	20	1	11	9	4	20	8	0	\N	1	\N	1	1	propagate	push	make_to_order	manual	\N	{"en_US": "WH: Entrada → Salida"}	t	f	f	f	2026-04-08 08:46:08.412603	2026-04-14 08:54:08.878044
10	\N	20	1	5	\N	4	20	1	0	\N	1	\N	1	1	propagate	buy	make_to_stock	manual	\N	{"en_US": "WH: False → Customers"}	t	f	f	f	2026-04-14 08:54:08.878044	2026-04-14 08:54:08.878044
11	\N	20	1	8	\N	7	5	1	0	\N	1	\N	1	1	none	buy	make_to_stock	manual	\N	{"en_US": "WH: Stock (Buy)"}	t	f	f	f	2026-04-14 08:54:08.878044	2026-04-14 08:54:08.878044
8	\N	20	1	15	8	1	5	12	0	\N	1	\N	1	1	propagate	pull	make_to_order	manual	\N	{"en_US": "WH: Stock → Production (MTO)"}	t	f	f	f	2026-04-08 09:11:55.219689	2026-04-14 08:54:08.878044
6	\N	20	1	15	8	1	5	9	0	\N	1	\N	1	1	propagate	pull	make_to_order	manual	\N	{"en_US": "WH: Stock → Production (MTO)"}	t	f	f	f	2026-04-08 09:05:50.079825	2026-04-14 08:54:08.878044
\.


--
-- Data for Name: stock_rules_report; Type: TABLE DATA; Schema: public; Owner: odoo
--

COPY public.stock_rules_report (id, product_id, product_tmpl_id, create_uid, write_uid, product_has_variants, create_date, write_date) FROM stdin;
\.


--
-- Data for Name: stock_rules_report_stock_warehouse_rel; Type: TABLE DATA; Schema: public; Owner: odoo
--

COPY public.stock_rules_report_stock_warehouse_rel (stock_rules_report_id, stock_warehouse_id) FROM stdin;
\.


--
-- Data for Name: stock_scrap; Type: TABLE DATA; Schema: public; Owner: odoo
--

COPY public.stock_scrap (id, company_id, product_id, product_uom_id, lot_id, package_id, owner_id, picking_id, location_id, scrap_location_id, create_uid, write_uid, name, origin, state, scrap_qty, should_replenish, date_done, create_date, write_date, production_id, workorder_id, bom_id) FROM stdin;
\.


--
-- Data for Name: stock_scrap_reason_tag; Type: TABLE DATA; Schema: public; Owner: odoo
--

COPY public.stock_scrap_reason_tag (id, sequence, create_uid, write_uid, color, name, create_date, write_date) FROM stdin;
\.


--
-- Data for Name: stock_scrap_stock_scrap_reason_tag_rel; Type: TABLE DATA; Schema: public; Owner: odoo
--

COPY public.stock_scrap_stock_scrap_reason_tag_rel (stock_scrap_id, stock_scrap_reason_tag_id) FROM stdin;
\.


--
-- Data for Name: stock_storage_category; Type: TABLE DATA; Schema: public; Owner: odoo
--

COPY public.stock_storage_category (id, company_id, create_uid, write_uid, name, allow_new_product, max_weight, create_date, write_date) FROM stdin;
\.


--
-- Data for Name: stock_storage_category_capacity; Type: TABLE DATA; Schema: public; Owner: odoo
--

COPY public.stock_storage_category_capacity (id, storage_category_id, product_id, package_type_id, create_uid, write_uid, create_date, write_date, quantity) FROM stdin;
\.


--
-- Data for Name: stock_traceability_report; Type: TABLE DATA; Schema: public; Owner: odoo
--

COPY public.stock_traceability_report (id, create_uid, write_uid, create_date, write_date) FROM stdin;
\.


--
-- Data for Name: stock_track_confirmation; Type: TABLE DATA; Schema: public; Owner: odoo
--

COPY public.stock_track_confirmation (id, create_uid, write_uid, create_date, write_date) FROM stdin;
\.


--
-- Data for Name: stock_track_line; Type: TABLE DATA; Schema: public; Owner: odoo
--

COPY public.stock_track_line (id, product_id, wizard_id, create_uid, write_uid, create_date, write_date) FROM stdin;
\.


--
-- Data for Name: stock_valuation_layer; Type: TABLE DATA; Schema: public; Owner: odoo
--

COPY public.stock_valuation_layer (id, company_id, product_id, categ_id, stock_valuation_layer_id, stock_move_id, account_move_id, account_move_line_id, lot_id, create_uid, write_uid, description, quantity, unit_cost, value, remaining_qty, remaining_value, create_date, write_date, price_diff_value) FROM stdin;
1	1	4	1	\N	1	\N	\N	\N	19	19	WH/OUT/00001 - lol	-1.00	0.0	0.00	-1.00	\N	2026-04-15 09:05:36.056991	2026-04-15 09:05:36.056991	\N
2	1	6	1	\N	4	\N	\N	\N	19	19	WH/MO/00001 - prueba	1.00	0.0	0.00	1.00	0.00	2026-05-05 08:44:28.132293	2026-05-05 08:44:28.132293	\N
\.


--
-- Data for Name: stock_valuation_layer_revaluation; Type: TABLE DATA; Schema: public; Owner: odoo
--

COPY public.stock_valuation_layer_revaluation (id, company_id, product_id, lot_id, account_journal_id, account_id, create_uid, write_uid, reason, date, added_value, create_date, write_date) FROM stdin;
\.


--
-- Data for Name: stock_valuation_layer_stock_valuation_layer_revaluation_rel; Type: TABLE DATA; Schema: public; Owner: odoo
--

COPY public.stock_valuation_layer_stock_valuation_layer_revaluation_rel (stock_valuation_layer_revaluation_id, stock_valuation_layer_id) FROM stdin;
\.


--
-- Data for Name: stock_warehouse; Type: TABLE DATA; Schema: public; Owner: odoo
--

COPY public.stock_warehouse (id, company_id, partner_id, view_location_id, lot_stock_id, wh_input_stock_loc_id, wh_qc_stock_loc_id, wh_output_stock_loc_id, wh_pack_stock_loc_id, mto_pull_id, pick_type_id, pack_type_id, out_type_id, in_type_id, int_type_id, qc_type_id, store_type_id, xdock_type_id, crossdock_route_id, reception_route_id, delivery_route_id, sequence, create_uid, write_uid, name, code, reception_steps, delivery_steps, active, create_date, write_date, repair_type_id, repair_mto_pull_id, manufacture_pull_id, manufacture_mto_pull_id, pbm_mto_pull_id, sam_rule_id, manu_type_id, pbm_type_id, sam_type_id, pbm_route_id, pbm_loc_id, sam_loc_id, manufacture_steps, manufacture_to_resupply, buy_pull_id, buy_to_resupply) FROM stdin;
1	1	1	7	8	9	10	11	12	5	3	4	2	1	7	5	6	8	4	2	3	10	1	1	RELSUM HEREDEROS SL.	WH	one_step	ship_only	t	2026-04-08 08:46:08.412603	2026-04-14 08:54:08.878044	9	6	7	8	9	\N	12	10	11	6	17	18	mrp_one_step	t	11	t
\.


--
-- Data for Name: stock_warehouse_orderpoint; Type: TABLE DATA; Schema: public; Owner: odoo
--

COPY public.stock_warehouse_orderpoint (id, warehouse_id, location_id, product_id, product_category_id, group_id, company_id, route_id, create_uid, write_uid, name, trigger, snoozed_until, product_min_qty, product_max_qty, qty_multiple, qty_to_order_manual, active, create_date, write_date, bom_id, manufacturing_visibility_days, supplier_id, vendor_id, product_supplier_id, purchase_visibility_days) FROM stdin;
\.


--
-- Data for Name: stock_warn_insufficient_qty_repair; Type: TABLE DATA; Schema: public; Owner: odoo
--

COPY public.stock_warn_insufficient_qty_repair (id, product_id, location_id, repair_id, create_uid, write_uid, product_uom_name, create_date, write_date, quantity) FROM stdin;
\.


--
-- Data for Name: stock_warn_insufficient_qty_scrap; Type: TABLE DATA; Schema: public; Owner: odoo
--

COPY public.stock_warn_insufficient_qty_scrap (id, product_id, location_id, scrap_id, create_uid, write_uid, product_uom_name, create_date, write_date, quantity) FROM stdin;
\.


--
-- Data for Name: stock_warn_insufficient_qty_unbuild; Type: TABLE DATA; Schema: public; Owner: odoo
--

COPY public.stock_warn_insufficient_qty_unbuild (id, product_id, location_id, unbuild_id, create_uid, write_uid, product_uom_name, create_date, write_date, quantity) FROM stdin;
\.


--
-- Data for Name: stock_wh_resupply_table; Type: TABLE DATA; Schema: public; Owner: odoo
--

COPY public.stock_wh_resupply_table (supplied_wh_id, supplier_wh_id) FROM stdin;
\.


--
-- Data for Name: task_dependencies_rel; Type: TABLE DATA; Schema: public; Owner: odoo
--

COPY public.task_dependencies_rel (task_id, depends_on_id) FROM stdin;
\.


--
-- Data for Name: team_favorite_user_rel; Type: TABLE DATA; Schema: public; Owner: odoo
--

COPY public.team_favorite_user_rel (team_id, user_id) FROM stdin;
1	1
2	1
3	1
\.


--
-- Data for Name: template_attribute_value_mrp_production_rel; Type: TABLE DATA; Schema: public; Owner: odoo
--

COPY public.template_attribute_value_mrp_production_rel (production_id, template_attribute_value_id) FROM stdin;
\.


--
-- Data for Name: template_attribute_value_stock_move_rel; Type: TABLE DATA; Schema: public; Owner: odoo
--

COPY public.template_attribute_value_stock_move_rel (move_id, template_attribute_value_id) FROM stdin;
\.


--
-- Data for Name: theme_ir_asset; Type: TABLE DATA; Schema: public; Owner: odoo
--

COPY public.theme_ir_asset (id, sequence, create_uid, write_uid, key, name, bundle, directive, path, target, active, create_date, write_date) FROM stdin;
\.


--
-- Data for Name: theme_ir_attachment; Type: TABLE DATA; Schema: public; Owner: odoo
--

COPY public.theme_ir_attachment (id, create_uid, write_uid, name, key, url, create_date, write_date) FROM stdin;
\.


--
-- Data for Name: theme_ir_ui_view; Type: TABLE DATA; Schema: public; Owner: odoo
--

COPY public.theme_ir_ui_view (id, priority, create_uid, write_uid, name, key, type, mode, arch_fs, inherit_id, arch, active, customize_show, create_date, write_date) FROM stdin;
\.


--
-- Data for Name: theme_website_menu; Type: TABLE DATA; Schema: public; Owner: odoo
--

COPY public.theme_website_menu (id, page_id, sequence, parent_id, create_uid, write_uid, url, mega_menu_classes, name, mega_menu_content, new_window, use_main_menu_as_parent, create_date, write_date) FROM stdin;
\.


--
-- Data for Name: theme_website_page; Type: TABLE DATA; Schema: public; Owner: odoo
--

COPY public.theme_website_page (id, view_id, create_uid, write_uid, url, header_color, website_indexed, is_published, is_new_page_template, header_overlay, header_visible, footer_visible, create_date, write_date) FROM stdin;
\.


--
-- Data for Name: uom_category; Type: TABLE DATA; Schema: public; Owner: odoo
--

COPY public.uom_category (id, create_uid, write_uid, name, create_date, write_date) FROM stdin;
1	1	1	{"en_US": "Unit", "es_ES": "Unidad"}	2026-04-08 08:34:23.145155	2026-04-08 08:34:23.145155
2	1	1	{"en_US": "Weight", "es_ES": "Peso"}	2026-04-08 08:34:23.145155	2026-04-08 08:34:23.145155
3	1	1	{"en_US": "Working Time", "es_ES": "Horario de trabajo"}	2026-04-08 08:34:23.145155	2026-04-08 08:34:23.145155
4	1	1	{"en_US": "Length / Distance", "es_ES": "Longitud / Distancia"}	2026-04-08 08:34:23.145155	2026-04-08 08:34:23.145155
5	1	1	{"en_US": "Surface", "es_ES": "Superficie"}	2026-04-08 08:34:23.145155	2026-04-08 08:34:23.145155
6	1	1	{"en_US": "Volume", "es_ES": "Volumen"}	2026-04-08 08:34:23.145155	2026-04-08 08:34:23.145155
7	1	1	{"en_US": "Energy", "es_ES": "Energía"}	2026-04-08 08:34:23.145155	2026-04-08 08:34:23.145155
\.


--
-- Data for Name: uom_uom; Type: TABLE DATA; Schema: public; Owner: odoo
--

COPY public.uom_uom (id, category_id, create_uid, write_uid, uom_type, name, factor, rounding, active, create_date, write_date, l10n_es_edi_facturae_uom_code) FROM stdin;
3	3	1	1	reference	{"en_US": "Days", "es_ES": "Días"}	1.0	0.01	t	2026-04-08 08:34:23.145155	2026-04-08 08:34:23.145155	05
28	7	1	1	reference	{"en_US": "KWH", "es_ES": "kWh"}	1.0	0.01	t	2026-04-08 08:34:23.145155	2026-04-08 08:34:23.145155	05
5	3	1	1	smaller	{"en_US": "Minutes", "es_ES": "Minutos"}	480.0	0.01	t	2026-04-08 08:34:23.145155	2026-04-08 08:34:23.145155	05
23	6	1	1	smaller	{"en_US": "fl oz (US)", "es_ES": "fl oz (EE. UU.)"}	33.814	0.01	t	2026-04-08 08:34:23.145155	2026-04-08 08:34:23.145155	05
19	4	1	1	smaller	{"en_US": "ft", "es_ES": "ft"}	3.28084	0.01	t	2026-04-08 08:34:23.145155	2026-04-08 08:34:23.145155	05
22	5	1	1	smaller	{"en_US": "ft²", "es_ES": "ft²"}	10.76391	0.01	t	2026-04-08 08:34:23.145155	2026-04-08 08:34:23.145155	05
27	6	1	1	bigger	{"en_US": "ft³", "es_ES": "ft³"}	0.035314724827664144	0.01	t	2026-04-08 08:34:23.145155	2026-04-08 08:34:23.145155	05
25	6	1	1	bigger	{"en_US": "gal (US)", "es_ES": "gal (EE. UU.)"}	0.26417217685798894	0.01	t	2026-04-08 08:34:23.145155	2026-04-08 08:34:23.145155	05
18	4	1	1	smaller	{"en_US": "in", "es_ES": "in"}	39.3701	0.01	t	2026-04-08 08:34:23.145155	2026-04-08 08:34:23.145155	05
6	4	1	1	reference	{"en_US": "m"}	1.0	0.01	t	2026-04-08 08:34:23.145155	2026-04-08 08:35:04.148936	25
11	6	1	1	reference	{"en_US": "L"}	1.0	0.01	t	2026-04-08 08:34:23.145155	2026-04-08 08:35:04.148936	04
14	2	1	1	smaller	{"en_US": "g"}	1000.0	0.01	t	2026-04-08 08:34:23.145155	2026-04-08 08:35:04.148936	21
15	2	1	1	bigger	{"en_US": "t"}	0.001	0.01	t	2026-04-08 08:34:23.145155	2026-04-08 08:35:04.148936	05
2	1	1	1	bigger	{"en_US": "Dozens", "es_ES": "Docenas"}	0.08333333333333333	0.01	t	2026-04-08 08:34:23.145155	2026-04-08 08:35:04.148936	18
4	3	1	1	smaller	{"en_US": "Hours", "es_ES": "Horas"}	8.0	0.01	t	2026-04-08 08:34:23.145155	2026-04-08 08:35:04.148936	02
1	1	1	1	reference	{"en_US": "Units", "es_ES": "Unidades"}	1.0	0.01	t	2026-04-08 08:34:23.145155	2026-04-08 08:35:04.148936	01
9	4	1	1	smaller	{"en_US": "cm", "es_ES": "cm"}	100.0	0.01	t	2026-04-08 08:34:23.145155	2026-04-08 08:35:04.148936	16
26	6	1	1	smaller	{"en_US": "in³", "es_ES": "in³"}	61.0237	0.01	t	2026-04-08 08:34:23.145155	2026-04-08 08:34:23.145155	05
16	2	1	1	smaller	{"en_US": "lb", "es_ES": "lb"}	2.20462	0.01	t	2026-04-08 08:34:23.145155	2026-04-08 08:34:23.145155	05
21	4	1	1	bigger	{"en_US": "mi", "es_ES": "mi"}	0.0006213727366498068	0.01	t	2026-04-08 08:34:23.145155	2026-04-08 08:34:23.145155	05
17	2	1	1	smaller	{"en_US": "oz", "es_ES": "oz"}	35.274	0.01	t	2026-04-08 08:34:23.145155	2026-04-08 08:34:23.145155	05
24	6	1	1	smaller	{"en_US": "qt (US)", "es_ES": "qt (EE. UU.)"}	1.05669	0.01	t	2026-04-08 08:34:23.145155	2026-04-08 08:34:23.145155	05
20	4	1	1	smaller	{"en_US": "yd", "es_ES": "yd"}	1.09361	0.01	t	2026-04-08 08:34:23.145155	2026-04-08 08:34:23.145155	05
13	2	1	1	reference	{"en_US": "kg", "es_ES": "kg"}	1.0	0.01	t	2026-04-08 08:34:23.145155	2026-04-08 08:35:04.148936	03
8	4	1	1	bigger	{"en_US": "km", "es_ES": "km"}	0.001	0.01	t	2026-04-08 08:34:23.145155	2026-04-08 08:35:04.148936	22
7	4	1	1	smaller	{"en_US": "mm", "es_ES": "mm"}	1000.0	0.01	t	2026-04-08 08:34:23.145155	2026-04-08 08:35:04.148936	26
10	5	1	1	reference	{"en_US": "m²", "es_ES": "m²"}	1.0	0.01	t	2026-04-08 08:34:23.145155	2026-04-08 08:35:04.148936	05
12	6	1	1	bigger	{"en_US": "m³", "es_ES": "m³"}	0.001	0.01	t	2026-04-08 08:34:23.145155	2026-04-08 08:35:04.148936	33
\.


--
-- Data for Name: update_product_attribute_value; Type: TABLE DATA; Schema: public; Owner: odoo
--

COPY public.update_product_attribute_value (id, attribute_value_id, create_uid, write_uid, mode, create_date, write_date) FROM stdin;
\.


--
-- Data for Name: utm_campaign; Type: TABLE DATA; Schema: public; Owner: odoo
--

COPY public.utm_campaign (id, user_id, stage_id, color, create_uid, write_uid, name, title, active, is_auto_campaign, create_date, write_date, company_id) FROM stdin;
\.


--
-- Data for Name: utm_medium; Type: TABLE DATA; Schema: public; Owner: odoo
--

COPY public.utm_medium (id, create_uid, write_uid, name, active, create_date, write_date) FROM stdin;
1	1	1	Website	t	2026-04-08 08:34:26.323112	2026-04-08 08:34:26.323112
2	1	1	Phone	t	2026-04-08 08:34:26.323112	2026-04-08 08:34:26.323112
3	1	1	Direct	t	2026-04-08 08:34:26.323112	2026-04-08 08:34:26.323112
4	1	1	Email	t	2026-04-08 08:34:26.323112	2026-04-08 08:34:26.323112
5	1	1	Banner	t	2026-04-08 08:34:26.323112	2026-04-08 08:34:26.323112
6	1	1	X	t	2026-04-08 08:34:26.323112	2026-04-08 08:34:26.323112
7	1	1	Facebook	t	2026-04-08 08:34:26.323112	2026-04-08 08:34:26.323112
8	1	1	LinkedIn	t	2026-04-08 08:34:26.323112	2026-04-08 08:34:26.323112
9	1	1	Television	t	2026-04-08 08:34:26.323112	2026-04-08 08:34:26.323112
10	1	1	Google Adwords	t	2026-04-08 08:34:26.323112	2026-04-08 08:34:26.323112
\.


--
-- Data for Name: utm_source; Type: TABLE DATA; Schema: public; Owner: odoo
--

COPY public.utm_source (id, create_uid, write_uid, name, create_date, write_date) FROM stdin;
1	1	1	Search engine	2026-04-08 08:34:26.323112	2026-04-08 08:34:26.323112
2	1	1	Lead Recall	2026-04-08 08:34:26.323112	2026-04-08 08:34:26.323112
3	1	1	Newsletter	2026-04-08 08:34:26.323112	2026-04-08 08:34:26.323112
4	1	1	Facebook	2026-04-08 08:34:26.323112	2026-04-08 08:34:26.323112
5	1	1	X	2026-04-08 08:34:26.323112	2026-04-08 08:34:26.323112
6	1	1	LinkedIn	2026-04-08 08:34:26.323112	2026-04-08 08:34:26.323112
7	1	1	Monster	2026-04-08 08:34:26.323112	2026-04-08 08:34:26.323112
8	1	1	Glassdoor	2026-04-08 08:34:26.323112	2026-04-08 08:34:26.323112
9	1	1	Craigslist	2026-04-08 08:34:26.323112	2026-04-08 08:34:26.323112
\.


--
-- Data for Name: utm_stage; Type: TABLE DATA; Schema: public; Owner: odoo
--

COPY public.utm_stage (id, sequence, create_uid, write_uid, name, create_date, write_date) FROM stdin;
1	10	1	1	{"en_US": "New", "es_ES": "Nuevo"}	2026-04-08 08:34:26.323112	2026-04-08 08:34:26.323112
\.


--
-- Data for Name: utm_tag; Type: TABLE DATA; Schema: public; Owner: odoo
--

COPY public.utm_tag (id, color, create_uid, write_uid, name, create_date, write_date) FROM stdin;
1	1	1	1	{"en_US": "Marketing", "es_ES": "Marketing"}	2026-04-08 08:34:26.323112	2026-04-08 08:34:26.323112
\.


--
-- Data for Name: utm_tag_rel; Type: TABLE DATA; Schema: public; Owner: odoo
--

COPY public.utm_tag_rel (tag_id, campaign_id) FROM stdin;
\.


--
-- Data for Name: validate_account_move; Type: TABLE DATA; Schema: public; Owner: odoo
--

COPY public.validate_account_move (id, create_uid, write_uid, force_post, ignore_abnormal_date, ignore_abnormal_amount, create_date, write_date) FROM stdin;
\.


--
-- Data for Name: web_editor_converter_test; Type: TABLE DATA; Schema: public; Owner: odoo
--

COPY public.web_editor_converter_test (id, "integer", many2one, create_uid, write_uid, "char", selection_str, date, html, text, "numeric", datetime, create_date, write_date, "float", "binary") FROM stdin;
\.


--
-- Data for Name: web_editor_converter_test_sub; Type: TABLE DATA; Schema: public; Owner: odoo
--

COPY public.web_editor_converter_test_sub (id, create_uid, write_uid, name, create_date, write_date) FROM stdin;
\.


--
-- Data for Name: web_tour_tour; Type: TABLE DATA; Schema: public; Owner: odoo
--

COPY public.web_tour_tour (id, sequence, create_uid, write_uid, name, url, rainbow_man_message, custom, create_date, write_date) FROM stdin;
1	2000	1	1	discuss_channel_tour	/odoo	{"en_US": "<span><b>Good job!</b> You went through all steps of this tour.</span>", "es_ES": "<span><b>¡Buen trabajo!</b> Pasó por todos los pasos de este recorrido.</span>"}	\N	2026-04-08 08:34:27.650619	2026-04-08 08:34:27.650619
2	60	1	1	account_tour	/odoo	{"en_US": "<span><b>Good job!</b> You went through all steps of this tour.</span>", "es_ES": "<span><b>¡Buen trabajo!</b> Pasó por todos los pasos de este recorrido.</span>"}	\N	2026-04-08 08:34:46.340378	2026-04-08 08:34:46.340378
3	20	1	1	sale_tour	/odoo	{"en_US": "<span><b>Congratulations</b>, your first quotation is sent!<br>Check your email to validate the quote.\\n        </span>", "es_ES": "<span><b>Felicidades</b>, envió su primer presupuesto.<br>Revise su correo electrónico para validarlo.\\n        </span>"}	\N	2026-04-08 08:35:00.749484	2026-04-08 08:35:00.749484
6	110	1	1	project_tour	/odoo	{"en_US": "<p>Congratulations, you are now a master of project management.</p>", "es_ES": "<p>Enhorabuena, ahora es usted un maestro de la gestión de proyectos.</p>"}	\N	2026-04-08 08:35:22.624638	2026-04-08 08:35:22.624638
7	10	1	1	crm_tour	/odoo	{"en_US": "<p>Congrats, best of luck catching such big fish! :)</p>", "es_ES": "<p>¡Felicidades! Este tipo de oportunidades no se ven diario, mucha suerte. :)</p>"}	\N	2026-04-08 08:38:57.179101	2026-04-08 08:38:57.179101
8	40	1	1	purchase_tour	/odoo	{"en_US": "<span><b>Good job!</b> You went through all steps of this tour.</span>", "es_ES": "<span><b>¡Buen trabajo!</b> Pasó por todos los pasos de este recorrido.</span>"}	\N	2026-04-14 08:54:03.289914	2026-04-14 08:54:03.289914
\.


--
-- Data for Name: web_tour_tour_step; Type: TABLE DATA; Schema: public; Owner: odoo
--

COPY public.web_tour_tour_step (id, tour_id, sequence, create_uid, write_uid, trigger, content, run, create_date, write_date) FROM stdin;
\.


--
-- Data for Name: website; Type: TABLE DATA; Schema: public; Owner: odoo
--

COPY public.website (id, sequence, company_id, default_lang_id, user_id, theme_id, create_uid, write_uid, name, domain, social_twitter, social_facebook, social_github, social_linkedin, social_youtube, social_instagram, social_tiktok, google_analytics_key, google_search_console, google_maps_api_key, plausible_shared_key, plausible_site, cdn_url, homepage_url, auth_signup_uninvited, custom_blocked_third_party_domains, cdn_filters, custom_code_head, custom_code_footer, robots_txt, auto_redirect_lang, cookies_bar, configurator_done, block_third_party_domains, has_social_default_image, cdn_activated, specific_user_account, create_date, write_date, crm_default_team_id, crm_default_user_id) FROM stdin;
1	10	1	83	4	\N	1	8	My Website	\N	\N	\N	\N	\N	\N	\N	\N	\N	\N	\N	\N	\N	\N	\N	b2b	\N	^/[^/]+/static/\n^/web/(css|js)/\n^/web/image\n^/web/content\n^/web/assets\n^/website/image/	\N	\N	\N	t	\N	\N	t	f	\N	\N	2026-05-07 08:37:45.432206	2026-05-08 07:17:52.869669	1	\N
\.


--
-- Data for Name: website_configurator_feature; Type: TABLE DATA; Schema: public; Owner: odoo
--

COPY public.website_configurator_feature (id, sequence, page_view_id, module_id, menu_sequence, create_uid, write_uid, icon, iap_page_code, website_config_preselection, feature_url, name, description, menu_company, create_date, write_date) FROM stdin;
1	1	2310	\N	50	1	1	fa-building	about_us	\N	/about-us	{"en_US": "About Us", "es_ES": "Sobre nosotros"}	{"en_US": "Info and stats about your company", "es_ES": "Información y estadísticas sobre su empresa"}	t	2026-05-07 08:37:45.432206	2026-05-07 08:37:45.432206
2	3	2311	\N	30	1	1	fa-handshake-o	our_services	\N	/our-services	{"en_US": "Services", "es_ES": "Servicios"}	{"en_US": "Description of your services offer", "es_ES": "Descripción de su oferta de servicios"}	\N	2026-05-07 08:37:45.432206	2026-05-07 08:37:45.432206
3	4	2312	\N	35	1	1	fa-random	pricing	\N	/pricing	{"en_US": "Pricing", "es_ES": "Precio"}	{"en_US": "Designed to drive conversion", "es_ES": "Diseñado para impulsar la conversión"}	\N	2026-05-07 08:37:45.432206	2026-05-07 08:37:45.432206
4	5	2313	\N	\N	1	1	fa-gavel	privacy_policy	\N	/privacy	{"en_US": "Privacy Policy", "es_ES": "Política de privacidad"}	{"en_US": "Explain how you protect privacy", "es_ES": "Explique cómo protege la privacidad"}	\N	2026-05-07 08:37:45.432206	2026-05-07 08:37:45.432206
5	6	\N	623	40	1	1	fa-rss	\N	blog	/blog	{"en_US": "News", "es_ES": "Noticias"}	{"en_US": "Blogging and posting relevant content", "es_ES": "Blogueo y publicación de contenido relevante"}	t	2026-05-07 08:37:45.432206	2026-05-07 08:37:45.432206
6	7	\N	623	45	1	1	fa-star	\N	\N	/blog	{"en_US": "Success Stories", "es_ES": "Historias de éxito"}	{"en_US": "Share your best case studies", "es_ES": "Comparta sus mejores estudios de casos"}	t	2026-05-07 08:37:45.432206	2026-05-07 08:37:45.432206
7	8	\N	648	\N	1	1	fa-address-card	\N	\N	\N	{"en_US": "Career", "es_ES": "Carrera profesional"}	{"en_US": "Publish job offers and let people apply", "es_ES": "Publicar ofertas de empleo y dejar que la gente solicite"}	\N	2026-05-07 08:37:45.432206	2026-05-07 08:37:45.432206
8	9	\N	662	15	1	1	fa-shopping-cart	\N	online_store	/shop	{"en_US": "Shop", "es_ES": "Tienda"}	{"en_US": "Sell more with an eCommerce", "es_ES": "Venda más con la aplicación Comercio electrónico"}	\N	2026-05-07 08:37:45.432206	2026-05-07 08:37:45.432206
9	10	\N	631	20	1	1	fa-ticket	\N	event	/event	{"en_US": "Events", "es_ES": "Eventos"}	{"en_US": "Publish on-site and online events", "es_ES": "Publicar eventos en el sitio y en línea"}	\N	2026-05-07 08:37:45.432206	2026-05-07 08:37:45.432206
10	11	\N	646	\N	1	1	fa-users	\N	\N	/forum	{"en_US": "Forum", "es_ES": "Foro"}	{"en_US": "Give visitors the information they need", "es_ES": "Proporcione a los visitantes la información que necesitan"}	\N	2026-05-07 08:37:45.432206	2026-05-07 08:37:45.432206
11	12	\N	651	\N	1	1	fa-comments	\N	\N	\N	{"en_US": "Live Chat", "es_ES": "Chat en directo"}	{"en_US": "Chat with visitors to improve traction", "es_ES": "Charlar con los visitantes para mejorar la tracción"}	\N	2026-05-07 08:37:45.432206	2026-05-07 08:37:45.432206
12	13	\N	676	25	1	1	fa-graduation-cap	\N	elearning	/slides	{"en_US": "eLearning", "es_ES": "eLearning"}	{"en_US": "Share knowledge publicly or for a fee", "es_ES": "Comparta sus conocimientos públicamente o a establezca una tarifa"}	\N	2026-05-07 08:37:45.432206	2026-05-07 08:37:45.432206
13	15	\N	647	\N	1	1	fa-map-marker	\N	\N	\N	{"en_US": "Stores Locator", "es_ES": "Localizador de tiendas"}	{"en_US": "A map and a listing of your stores", "es_ES": "Un mapa y una lista de sus tiendas"}	\N	2026-05-07 08:37:45.432206	2026-05-07 08:37:45.432206
\.


--
-- Data for Name: website_controller_page; Type: TABLE DATA; Schema: public; Owner: odoo
--

COPY public.website_controller_page (id, website_id, view_id, record_view_id, create_uid, write_uid, name, name_slugified, record_domain, default_layout, is_published, create_date, write_date) FROM stdin;
\.


--
-- Data for Name: website_custom_blocked_third_party_domains; Type: TABLE DATA; Schema: public; Owner: odoo
--

COPY public.website_custom_blocked_third_party_domains (id, create_uid, write_uid, content, create_date, write_date) FROM stdin;
\.


--
-- Data for Name: website_lang_rel; Type: TABLE DATA; Schema: public; Owner: odoo
--

COPY public.website_lang_rel (website_id, lang_id) FROM stdin;
1	1
1	83
\.


--
-- Data for Name: website_menu; Type: TABLE DATA; Schema: public; Owner: odoo
--

COPY public.website_menu (id, page_id, controller_page_id, sequence, website_id, parent_id, create_uid, write_uid, theme_template_id, url, parent_path, mega_menu_classes, name, mega_menu_content, new_window, create_date, write_date) FROM stdin;
4	\N	\N	0	1	\N	1	1	\N	/default-main-menu	4/	\N	{"en_US": "Menú principal para el sitio web 1"}	\N	f	2026-05-07 08:37:45.432206	2026-05-07 08:37:45.432206
1	\N	\N	0	\N	\N	1	1	\N	/default-main-menu	1/	\N	{"en_US": "Default Main Menu", "es_ES": "Menú principal por defecto "}	\N	\N	2026-05-07 08:37:45.432206	2026-05-07 08:37:45.432206
2	2	\N	10	\N	1	1	1	\N	/	1/2/	\N	{"en_US": "Home", "es_ES": "Inicio"}	\N	\N	2026-05-07 08:37:45.432206	2026-05-07 08:37:45.432206
3	3	\N	60	\N	1	1	1	\N	/contactus	1/3/	\N	{"en_US": "Contact us", "es_ES": "Contáctenos"}	\N	\N	2026-05-07 08:37:45.432206	2026-05-07 08:37:45.432206
6	3	\N	60	1	4	1	1	\N	/contactus	4/6/	\N	{"en_US": "Contact us", "es_ES": "Contáctenos"}	\N	f	2026-05-07 08:37:45.432206	2026-05-07 08:37:45.432206
5	4	\N	10	1	4	1	1	\N	/	4/5/	\N	{"en_US": "Home", "es_ES": "Inicio"}	\N	f	2026-05-07 08:37:45.432206	2026-05-07 08:37:45.432206
\.


--
-- Data for Name: website_page; Type: TABLE DATA; Schema: public; Owner: odoo
--

COPY public.website_page (id, website_id, view_id, create_uid, write_uid, theme_template_id, url, header_color, header_text_color, is_published, website_indexed, is_new_page_template, header_overlay, header_visible, footer_visible, date_publish, create_date, write_date) FROM stdin;
1	\N	2308	1	1	\N	/contactus-thank-you	\N	\N	t	f	\N	\N	t	t	\N	2026-05-07 08:37:45.432206	2026-05-07 08:37:45.432206
2	\N	2306	1	1	\N	/	\N	\N	t	t	\N	\N	t	t	\N	2026-05-07 08:37:45.432206	2026-05-07 08:37:45.432206
3	\N	2307	1	1	\N	/contactus	\N	\N	t	t	\N	\N	t	t	\N	2026-05-07 08:37:45.432206	2026-05-07 08:37:45.432206
4	1	2314	1	1	\N	/	\N	\N	t	t	f	f	t	t	\N	2026-05-07 08:37:45.432206	2026-05-07 08:37:45.432206
5	\N	3093	1	1	\N	/your-task-has-been-submitted	\N	\N	t	f	\N	\N	t	t	\N	2026-05-07 08:37:59.736011	2026-05-07 08:37:59.736011
\.


--
-- Data for Name: website_page_properties; Type: TABLE DATA; Schema: public; Owner: odoo
--

COPY public.website_page_properties (id, target_model_id, website_id, create_uid, write_uid, old_url, create_date, write_date) FROM stdin;
\.


--
-- Data for Name: website_page_properties_base; Type: TABLE DATA; Schema: public; Owner: odoo
--

COPY public.website_page_properties_base (id, website_id, create_uid, write_uid, target_model_id, url, create_date, write_date) FROM stdin;
\.


--
-- Data for Name: website_rewrite; Type: TABLE DATA; Schema: public; Owner: odoo
--

COPY public.website_rewrite (id, website_id, route_id, sequence, create_uid, write_uid, name, url_from, url_to, redirect_type, active, create_date, write_date) FROM stdin;
\.


--
-- Data for Name: website_robots; Type: TABLE DATA; Schema: public; Owner: odoo
--

COPY public.website_robots (id, create_uid, write_uid, content, create_date, write_date) FROM stdin;
\.


--
-- Data for Name: website_route; Type: TABLE DATA; Schema: public; Owner: odoo
--

COPY public.website_route (id, create_uid, write_uid, path, create_date, write_date) FROM stdin;
\.


--
-- Data for Name: website_snippet_filter; Type: TABLE DATA; Schema: public; Owner: odoo
--

COPY public.website_snippet_filter (id, website_id, action_server_id, filter_id, "limit", create_uid, write_uid, field_names, name, is_published, create_date, write_date) FROM stdin;
\.


--
-- Data for Name: website_track; Type: TABLE DATA; Schema: public; Owner: odoo
--

COPY public.website_track (id, visitor_id, page_id, url, visit_datetime) FROM stdin;
1	1	4	http://172.19.70.29:8069/	2026-05-07 08:38:35.922852
2	1	4	http://172.19.70.29:8069/	2026-05-07 08:38:49.390934
3	3	4	http://172.19.70.29:8069/	2026-05-07 08:38:51.129458
4	1	4	http://172.19.70.29:8069/	2026-05-07 08:38:51.7369
5	3	4	http://172.19.70.29:8069/	2026-05-07 08:48:31.803847
6	3	4	http://172.19.70.29:8069/	2026-05-07 08:52:55.844131
7	7	4	http://172.19.70.29:8069/	2026-05-07 08:53:28.605713
8	8	4	http://172.19.70.29:8069/	2026-05-07 08:53:38.599231
9	3	4	http://172.19.70.29:8069/	2026-05-07 08:54:06.78421
10	10	4	http://172.19.70.29:8069/	2026-05-07 09:01:40.290024
11	10	4	http://172.19.70.29:8069/	2026-05-07 09:02:00.99352
12	10	4	http://172.19.70.29:8069/	2026-05-07 09:02:10.995284
13	10	4	http://172.19.70.29:8069/	2026-05-07 09:03:06.914012
14	14	4	http://172.19.70.29:8069/	2026-05-07 09:03:14.885076
15	14	4	http://172.19.70.29:8069/	2026-05-07 09:04:01.465409
16	14	4	http://172.19.70.29:8069/	2026-05-07 09:13:42.611981
17	14	4	http://172.19.70.29:8069/	2026-05-07 09:24:02.349542
18	3	4	http://172.19.70.29:8069/	2026-05-07 09:26:37.64167
19	7	3	http://172.19.70.29:8069/contactus	2026-05-07 09:56:34.110779
20	7	3	http://172.19.70.29:8069/contactus	2026-05-07 09:56:35.300722
21	21	4	http://172.19.70.29:8069/	2026-05-07 09:59:06.953217
22	21	4	http://172.19.70.29:8069/	2026-05-07 09:59:25.11686
23	23	4	http://172.19.70.29:8069/	2026-05-07 09:59:33.61408
24	7	4	http://172.19.70.29:8069/	2026-05-07 10:02:12.504382
25	7	4	http://172.19.70.29:8069/	2026-05-07 10:02:16.172965
26	7	4	http://172.19.70.29:8069/	2026-05-07 10:02:18.928725
27	7	4	http://172.19.70.29:8069/	2026-05-07 10:02:21.267044
28	7	4	http://172.19.70.29:8069/	2026-05-07 10:02:21.658412
29	7	4	http://172.19.70.29:8069/	2026-05-07 10:02:23.582821
30	7	4	http://172.19.70.29:8069/	2026-05-07 10:02:26.913346
31	7	4	http://172.19.70.29:8069/	2026-05-07 10:02:26.966781
32	32	4	http://172.19.70.29:8069/	2026-05-07 10:02:55.784396
33	23	4	http://172.19.70.29:8069/	2026-05-07 10:05:08.045455
34	23	4	http://172.19.70.29:8069/	2026-05-07 10:05:12.043175
35	35	4	http://172.19.70.29:8069/	2026-05-07 10:22:37.279612
36	36	4	http://172.19.70.29:8069/	2026-05-07 10:25:39.813553
37	36	4	http://172.19.70.29:8069/	2026-05-07 10:26:21.222386
38	8	4	http://172.19.70.29:8069/	2026-05-07 10:42:49.334906
39	3	4	http://172.19.70.29:8069/	2026-05-07 11:11:08.908455
40	3	4	http://172.19.70.29:8069/	2026-05-07 11:36:07.154242
41	10	4	http://172.19.70.29:8069/	2026-05-08 06:46:07.732319
42	10	4	http://172.19.70.29:8069/	2026-05-08 06:46:36.142246
43	32	4	http://172.19.70.29:8069/	2026-05-08 06:59:12.446706
44	23	4	http://172.19.70.29:8069/	2026-05-08 07:05:39.446802
45	23	4	http://172.19.70.29:8069/	2026-05-08 07:05:46.383223
46	23	4	http://172.19.70.29:8069/	2026-05-08 07:07:07.43959
47	3	4	http://172.19.70.29:8069/	2026-05-08 07:09:13.35405
48	48	4	http://172.19.70.29:8069/	2026-05-08 07:11:20.315952
49	48	4	http://172.19.70.29:8069/	2026-05-08 07:11:27.25662
50	48	4	http://172.19.70.29:8069/	2026-05-08 07:11:30.503465
51	48	4	http://172.19.70.29:8069/	2026-05-08 07:11:30.712924
59	48	4	http://172.19.70.29:8069/	2026-05-08 07:11:43.378041
60	10	4	http://172.19.70.29:8069/	2026-05-08 07:12:00.043808
52	21	4	http://172.19.70.29:8069/	2026-05-08 07:11:31.15788
53	21	4	http://172.19.70.29:8069/	2026-05-08 07:11:34.964573
54	21	4	http://172.19.70.29:8069/	2026-05-08 07:11:36.500737
55	21	4	http://172.19.70.29:8069/	2026-05-08 07:11:37.270581
56	21	4	http://172.19.70.29:8069/	2026-05-08 07:11:37.555359
57	21	4	http://172.19.70.29:8069/	2026-05-08 07:11:39.756863
58	21	4	http://172.19.70.29:8069/	2026-05-08 07:11:40.739593
61	21	4	http://172.19.70.29:8069/	2026-05-08 07:15:58.679736
62	32	4	http://172.19.70.29:8069/	2026-05-08 07:24:55.63232
63	63	4	http://172.19.70.29:8069/	2026-05-08 07:29:57.36097
64	63	4	http://172.19.70.29:8069/	2026-05-08 07:32:40.910176
\.


--
-- Data for Name: website_visitor; Type: TABLE DATA; Schema: public; Owner: odoo
--

COPY public.website_visitor (id, website_id, partner_id, country_id, lang_id, visit_count, create_uid, write_uid, access_token, timezone, create_date, last_connection_datetime, write_date) FROM stdin;
21	1	10	\N	83	2	8	8	10	Etc/GMT-1	2026-05-07 09:59:06.953217	2026-05-08 07:15:58.679736	2026-05-07 09:59:06.953217
1	1	28	\N	83	1	23	23	28	Europe/Madrid	2026-05-07 08:38:35.922852	2026-05-07 08:38:51.7369	2026-05-07 08:38:35.922852
32	1	19	\N	83	2	17	17	19	Europe/Madrid	2026-05-07 10:02:55.784396	2026-05-08 07:24:55.63232	2026-05-07 10:02:55.784396
63	1	20	\N	83	1	18	18	20	Europe/Madrid	2026-05-08 07:29:57.36097	2026-05-08 07:32:40.910176	2026-05-08 07:29:57.36097
14	1	23	\N	83	1	4	4	23	Europe/Madrid	2026-05-07 09:03:14.885076	2026-05-07 09:24:02.349542	2026-05-07 09:03:34.783539
7	1	61	\N	83	1	48	48	61	Europe/Samara	2026-05-07 08:53:28.605713	2026-05-07 10:02:26.966781	2026-05-07 08:53:28.605713
35	1	22	\N	83	1	20	20	22	Europe/Madrid	2026-05-07 10:22:37.279612	2026-05-07 10:22:37.279612	2026-05-07 10:22:37.279612
36	1	18	\N	83	1	16	16	18	Europe/Madrid	2026-05-07 10:25:39.813553	2026-05-07 10:26:21.222386	2026-05-07 10:25:39.813553
8	1	29	\N	83	1	24	24	29	Europe/Madrid	2026-05-07 08:53:38.599231	2026-05-07 10:42:49.334906	2026-05-07 08:53:38.599231
23	1	21	\N	83	2	4	4	21	Europe/Madrid	2026-05-07 09:59:33.61408	2026-05-08 07:07:07.43959	2026-05-07 09:59:51.254932
3	1	3	\N	1	2	2	2	3	Europe/Madrid	2026-05-07 08:38:51.129458	2026-05-08 07:09:13.35405	2026-05-07 08:38:51.129458
48	1	35	\N	83	1	27	27	35	Europe/Madrid	2026-05-08 07:11:20.315952	2026-05-08 07:11:43.378041	2026-05-08 07:11:20.315952
10	1	7	\N	83	2	6	6	7	Europe/Madrid	2026-05-07 09:01:40.290024	2026-05-08 07:12:00.043808	2026-05-07 09:01:40.290024
\.


--
-- Data for Name: wizard_ir_model_menu_create; Type: TABLE DATA; Schema: public; Owner: odoo
--

COPY public.wizard_ir_model_menu_create (id, menu_id, create_uid, write_uid, name, create_date, write_date) FROM stdin;
\.


--
-- Name: account_account_id_seq; Type: SEQUENCE SET; Schema: public; Owner: odoo
--

SELECT pg_catalog.setval('public.account_account_id_seq', 637, true);


--
-- Name: account_account_tag_id_seq; Type: SEQUENCE SET; Schema: public; Owner: odoo
--

SELECT pg_catalog.setval('public.account_account_tag_id_seq', 422, true);


--
-- Name: account_accrued_orders_wizard_id_seq; Type: SEQUENCE SET; Schema: public; Owner: odoo
--

SELECT pg_catalog.setval('public.account_accrued_orders_wizard_id_seq', 1, false);


--
-- Name: account_analytic_account_id_seq; Type: SEQUENCE SET; Schema: public; Owner: odoo
--

SELECT pg_catalog.setval('public.account_analytic_account_id_seq', 1, false);


--
-- Name: account_analytic_applicability_id_seq; Type: SEQUENCE SET; Schema: public; Owner: odoo
--

SELECT pg_catalog.setval('public.account_analytic_applicability_id_seq', 1, false);


--
-- Name: account_analytic_distribution_model_id_seq; Type: SEQUENCE SET; Schema: public; Owner: odoo
--

SELECT pg_catalog.setval('public.account_analytic_distribution_model_id_seq', 1, false);


--
-- Name: account_analytic_line_id_seq; Type: SEQUENCE SET; Schema: public; Owner: odoo
--

SELECT pg_catalog.setval('public.account_analytic_line_id_seq', 1, false);


--
-- Name: account_analytic_plan_id_seq; Type: SEQUENCE SET; Schema: public; Owner: odoo
--

SELECT pg_catalog.setval('public.account_analytic_plan_id_seq', 1, true);


--
-- Name: account_automatic_entry_wizard_id_seq; Type: SEQUENCE SET; Schema: public; Owner: odoo
--

SELECT pg_catalog.setval('public.account_automatic_entry_wizard_id_seq', 1, false);


--
-- Name: account_autopost_bills_wizard_id_seq; Type: SEQUENCE SET; Schema: public; Owner: odoo
--

SELECT pg_catalog.setval('public.account_autopost_bills_wizard_id_seq', 1, false);


--
-- Name: account_bank_statement_id_seq; Type: SEQUENCE SET; Schema: public; Owner: odoo
--

SELECT pg_catalog.setval('public.account_bank_statement_id_seq', 1, false);


--
-- Name: account_bank_statement_line_id_seq; Type: SEQUENCE SET; Schema: public; Owner: odoo
--

SELECT pg_catalog.setval('public.account_bank_statement_line_id_seq', 1, false);


--
-- Name: account_cash_rounding_id_seq; Type: SEQUENCE SET; Schema: public; Owner: odoo
--

SELECT pg_catalog.setval('public.account_cash_rounding_id_seq', 1, false);


--
-- Name: account_edi_proxy_client_user_id_seq; Type: SEQUENCE SET; Schema: public; Owner: odoo
--

SELECT pg_catalog.setval('public.account_edi_proxy_client_user_id_seq', 1, false);


--
-- Name: account_financial_year_op_id_seq; Type: SEQUENCE SET; Schema: public; Owner: odoo
--

SELECT pg_catalog.setval('public.account_financial_year_op_id_seq', 1, false);


--
-- Name: account_fiscal_position_account_id_seq; Type: SEQUENCE SET; Schema: public; Owner: odoo
--

SELECT pg_catalog.setval('public.account_fiscal_position_account_id_seq', 12, true);


--
-- Name: account_fiscal_position_id_seq; Type: SEQUENCE SET; Schema: public; Owner: odoo
--

SELECT pg_catalog.setval('public.account_fiscal_position_id_seq', 29, true);


--
-- Name: account_fiscal_position_tax_id_seq; Type: SEQUENCE SET; Schema: public; Owner: odoo
--

SELECT pg_catalog.setval('public.account_fiscal_position_tax_id_seq', 759, true);


--
-- Name: account_full_reconcile_id_seq; Type: SEQUENCE SET; Schema: public; Owner: odoo
--

SELECT pg_catalog.setval('public.account_full_reconcile_id_seq', 1, false);


--
-- Name: account_group_id_seq; Type: SEQUENCE SET; Schema: public; Owner: odoo
--

SELECT pg_catalog.setval('public.account_group_id_seq', 930, true);


--
-- Name: account_incoterms_id_seq; Type: SEQUENCE SET; Schema: public; Owner: odoo
--

SELECT pg_catalog.setval('public.account_incoterms_id_seq', 11, true);


--
-- Name: account_journal_group_id_seq; Type: SEQUENCE SET; Schema: public; Owner: odoo
--

SELECT pg_catalog.setval('public.account_journal_group_id_seq', 1, false);


--
-- Name: account_journal_id_seq; Type: SEQUENCE SET; Schema: public; Owner: odoo
--

SELECT pg_catalog.setval('public.account_journal_id_seq', 8, true);


--
-- Name: account_lock_exception_id_seq; Type: SEQUENCE SET; Schema: public; Owner: odoo
--

SELECT pg_catalog.setval('public.account_lock_exception_id_seq', 1, false);


--
-- Name: account_merge_wizard_id_seq; Type: SEQUENCE SET; Schema: public; Owner: odoo
--

SELECT pg_catalog.setval('public.account_merge_wizard_id_seq', 1, false);


--
-- Name: account_merge_wizard_line_id_seq; Type: SEQUENCE SET; Schema: public; Owner: odoo
--

SELECT pg_catalog.setval('public.account_merge_wizard_line_id_seq', 1, false);


--
-- Name: account_move_id_seq; Type: SEQUENCE SET; Schema: public; Owner: odoo
--

SELECT pg_catalog.setval('public.account_move_id_seq', 5, true);


--
-- Name: account_move_line_id_seq; Type: SEQUENCE SET; Schema: public; Owner: odoo
--

SELECT pg_catalog.setval('public.account_move_line_id_seq', 14, true);


--
-- Name: account_move_reversal_id_seq; Type: SEQUENCE SET; Schema: public; Owner: odoo
--

SELECT pg_catalog.setval('public.account_move_reversal_id_seq', 1, false);


--
-- Name: account_move_send_batch_wizard_id_seq; Type: SEQUENCE SET; Schema: public; Owner: odoo
--

SELECT pg_catalog.setval('public.account_move_send_batch_wizard_id_seq', 1, false);


--
-- Name: account_move_send_wizard_id_seq; Type: SEQUENCE SET; Schema: public; Owner: odoo
--

SELECT pg_catalog.setval('public.account_move_send_wizard_id_seq', 1, false);


--
-- Name: account_partial_reconcile_id_seq; Type: SEQUENCE SET; Schema: public; Owner: odoo
--

SELECT pg_catalog.setval('public.account_partial_reconcile_id_seq', 1, false);


--
-- Name: account_payment_id_seq; Type: SEQUENCE SET; Schema: public; Owner: odoo
--

SELECT pg_catalog.setval('public.account_payment_id_seq', 1, false);


--
-- Name: account_payment_method_id_seq; Type: SEQUENCE SET; Schema: public; Owner: odoo
--

SELECT pg_catalog.setval('public.account_payment_method_id_seq', 2, true);


--
-- Name: account_payment_method_line_id_seq; Type: SEQUENCE SET; Schema: public; Owner: odoo
--

SELECT pg_catalog.setval('public.account_payment_method_line_id_seq', 4, true);


--
-- Name: account_payment_register_id_seq; Type: SEQUENCE SET; Schema: public; Owner: odoo
--

SELECT pg_catalog.setval('public.account_payment_register_id_seq', 1, false);


--
-- Name: account_payment_term_id_seq; Type: SEQUENCE SET; Schema: public; Owner: odoo
--

SELECT pg_catalog.setval('public.account_payment_term_id_seq', 10, true);


--
-- Name: account_payment_term_line_id_seq; Type: SEQUENCE SET; Schema: public; Owner: odoo
--

SELECT pg_catalog.setval('public.account_payment_term_line_id_seq', 11, true);


--
-- Name: account_peppol_clarification_id_seq; Type: SEQUENCE SET; Schema: public; Owner: odoo
--

SELECT pg_catalog.setval('public.account_peppol_clarification_id_seq', 21, true);


--
-- Name: account_peppol_rejection_wizard_id_seq; Type: SEQUENCE SET; Schema: public; Owner: odoo
--

SELECT pg_catalog.setval('public.account_peppol_rejection_wizard_id_seq', 1, false);


--
-- Name: account_peppol_response_id_seq; Type: SEQUENCE SET; Schema: public; Owner: odoo
--

SELECT pg_catalog.setval('public.account_peppol_response_id_seq', 1, false);


--
-- Name: account_peppol_service_id_seq; Type: SEQUENCE SET; Schema: public; Owner: odoo
--

SELECT pg_catalog.setval('public.account_peppol_service_id_seq', 1, false);


--
-- Name: account_peppol_service_wizard_id_seq; Type: SEQUENCE SET; Schema: public; Owner: odoo
--

SELECT pg_catalog.setval('public.account_peppol_service_wizard_id_seq', 1, false);


--
-- Name: account_reconcile_model_id_seq; Type: SEQUENCE SET; Schema: public; Owner: odoo
--

SELECT pg_catalog.setval('public.account_reconcile_model_id_seq', 4, true);


--
-- Name: account_reconcile_model_line_id_seq; Type: SEQUENCE SET; Schema: public; Owner: odoo
--

SELECT pg_catalog.setval('public.account_reconcile_model_line_id_seq', 2, true);


--
-- Name: account_reconcile_model_partner_mapping_id_seq; Type: SEQUENCE SET; Schema: public; Owner: odoo
--

SELECT pg_catalog.setval('public.account_reconcile_model_partner_mapping_id_seq', 1, false);


--
-- Name: account_report_column_id_seq; Type: SEQUENCE SET; Schema: public; Owner: odoo
--

SELECT pg_catalog.setval('public.account_report_column_id_seq', 18, true);


--
-- Name: account_report_expression_id_seq; Type: SEQUENCE SET; Schema: public; Owner: odoo
--

SELECT pg_catalog.setval('public.account_report_expression_id_seq', 493, true);


--
-- Name: account_report_external_value_id_seq; Type: SEQUENCE SET; Schema: public; Owner: odoo
--

SELECT pg_catalog.setval('public.account_report_external_value_id_seq', 1, false);


--
-- Name: account_report_id_seq; Type: SEQUENCE SET; Schema: public; Owner: odoo
--

SELECT pg_catalog.setval('public.account_report_id_seq', 15, true);


--
-- Name: account_report_line_id_seq; Type: SEQUENCE SET; Schema: public; Owner: odoo
--

SELECT pg_catalog.setval('public.account_report_line_id_seq', 588, true);


--
-- Name: account_resequence_wizard_id_seq; Type: SEQUENCE SET; Schema: public; Owner: odoo
--

SELECT pg_catalog.setval('public.account_resequence_wizard_id_seq', 1, false);


--
-- Name: account_secure_entries_wizard_id_seq; Type: SEQUENCE SET; Schema: public; Owner: odoo
--

SELECT pg_catalog.setval('public.account_secure_entries_wizard_id_seq', 1, false);


--
-- Name: account_setup_bank_manual_config_id_seq; Type: SEQUENCE SET; Schema: public; Owner: odoo
--

SELECT pg_catalog.setval('public.account_setup_bank_manual_config_id_seq', 1, false);


--
-- Name: account_tax_group_id_seq; Type: SEQUENCE SET; Schema: public; Owner: odoo
--

SELECT pg_catalog.setval('public.account_tax_group_id_seq', 32, true);


--
-- Name: account_tax_id_seq; Type: SEQUENCE SET; Schema: public; Owner: odoo
--

SELECT pg_catalog.setval('public.account_tax_id_seq', 168, true);


--
-- Name: account_tax_repartition_line_id_seq; Type: SEQUENCE SET; Schema: public; Owner: odoo
--

SELECT pg_catalog.setval('public.account_tax_repartition_line_id_seq', 728, true);


--
-- Name: auth_totp_device_id_seq; Type: SEQUENCE SET; Schema: public; Owner: odoo
--

SELECT pg_catalog.setval('public.auth_totp_device_id_seq', 1, false);


--
-- Name: auth_totp_wizard_id_seq; Type: SEQUENCE SET; Schema: public; Owner: odoo
--

SELECT pg_catalog.setval('public.auth_totp_wizard_id_seq', 1, false);


--
-- Name: barcode_nomenclature_id_seq; Type: SEQUENCE SET; Schema: public; Owner: odoo
--

SELECT pg_catalog.setval('public.barcode_nomenclature_id_seq', 2, true);


--
-- Name: barcode_rule_id_seq; Type: SEQUENCE SET; Schema: public; Owner: odoo
--

SELECT pg_catalog.setval('public.barcode_rule_id_seq', 34, true);


--
-- Name: base_cache_signaling_assets; Type: SEQUENCE SET; Schema: public; Owner: odoo
--

SELECT pg_catalog.setval('public.base_cache_signaling_assets', 1, true);


--
-- Name: base_cache_signaling_default; Type: SEQUENCE SET; Schema: public; Owner: odoo
--

SELECT pg_catalog.setval('public.base_cache_signaling_default', 177, true);


--
-- Name: base_cache_signaling_groups; Type: SEQUENCE SET; Schema: public; Owner: odoo
--

SELECT pg_catalog.setval('public.base_cache_signaling_groups', 1, true);


--
-- Name: base_cache_signaling_routing; Type: SEQUENCE SET; Schema: public; Owner: odoo
--

SELECT pg_catalog.setval('public.base_cache_signaling_routing', 1, true);


--
-- Name: base_cache_signaling_templates; Type: SEQUENCE SET; Schema: public; Owner: odoo
--

SELECT pg_catalog.setval('public.base_cache_signaling_templates', 2, true);


--
-- Name: base_document_layout_id_seq; Type: SEQUENCE SET; Schema: public; Owner: odoo
--

SELECT pg_catalog.setval('public.base_document_layout_id_seq', 1, false);


--
-- Name: base_enable_profiling_wizard_id_seq; Type: SEQUENCE SET; Schema: public; Owner: odoo
--

SELECT pg_catalog.setval('public.base_enable_profiling_wizard_id_seq', 1, false);


--
-- Name: base_import_import_id_seq; Type: SEQUENCE SET; Schema: public; Owner: odoo
--

SELECT pg_catalog.setval('public.base_import_import_id_seq', 55, true);


--
-- Name: base_import_mapping_id_seq; Type: SEQUENCE SET; Schema: public; Owner: odoo
--

SELECT pg_catalog.setval('public.base_import_mapping_id_seq', 53, true);


--
-- Name: base_import_module_id_seq; Type: SEQUENCE SET; Schema: public; Owner: odoo
--

SELECT pg_catalog.setval('public.base_import_module_id_seq', 1, false);


--
-- Name: base_language_export_id_seq; Type: SEQUENCE SET; Schema: public; Owner: odoo
--

SELECT pg_catalog.setval('public.base_language_export_id_seq', 1, false);


--
-- Name: base_language_import_id_seq; Type: SEQUENCE SET; Schema: public; Owner: odoo
--

SELECT pg_catalog.setval('public.base_language_import_id_seq', 1, false);


--
-- Name: base_language_install_id_seq; Type: SEQUENCE SET; Schema: public; Owner: odoo
--

SELECT pg_catalog.setval('public.base_language_install_id_seq', 2, true);


--
-- Name: base_module_install_request_id_seq; Type: SEQUENCE SET; Schema: public; Owner: odoo
--

SELECT pg_catalog.setval('public.base_module_install_request_id_seq', 1, false);


--
-- Name: base_module_install_review_id_seq; Type: SEQUENCE SET; Schema: public; Owner: odoo
--

SELECT pg_catalog.setval('public.base_module_install_review_id_seq', 1, false);


--
-- Name: base_module_uninstall_id_seq; Type: SEQUENCE SET; Schema: public; Owner: odoo
--

SELECT pg_catalog.setval('public.base_module_uninstall_id_seq', 5, true);


--
-- Name: base_module_update_id_seq; Type: SEQUENCE SET; Schema: public; Owner: odoo
--

SELECT pg_catalog.setval('public.base_module_update_id_seq', 1, false);


--
-- Name: base_module_upgrade_id_seq; Type: SEQUENCE SET; Schema: public; Owner: odoo
--

SELECT pg_catalog.setval('public.base_module_upgrade_id_seq', 1, false);


--
-- Name: base_partner_merge_automatic_wizard_id_seq; Type: SEQUENCE SET; Schema: public; Owner: odoo
--

SELECT pg_catalog.setval('public.base_partner_merge_automatic_wizard_id_seq', 35, true);


--
-- Name: base_partner_merge_line_id_seq; Type: SEQUENCE SET; Schema: public; Owner: odoo
--

SELECT pg_catalog.setval('public.base_partner_merge_line_id_seq', 56, true);


--
-- Name: base_registry_signaling; Type: SEQUENCE SET; Schema: public; Owner: odoo
--

SELECT pg_catalog.setval('public.base_registry_signaling', 25, true);


--
-- Name: bill_to_po_wizard_id_seq; Type: SEQUENCE SET; Schema: public; Owner: odoo
--

SELECT pg_catalog.setval('public.bill_to_po_wizard_id_seq', 1, false);


--
-- Name: bus_bus_id_seq; Type: SEQUENCE SET; Schema: public; Owner: odoo
--

SELECT pg_catalog.setval('public.bus_bus_id_seq', 2673, true);


--
-- Name: bus_presence_id_seq; Type: SEQUENCE SET; Schema: public; Owner: odoo
--

SELECT pg_catalog.setval('public.bus_presence_id_seq', 98, true);


--
-- Name: calendar_alarm_id_seq; Type: SEQUENCE SET; Schema: public; Owner: odoo
--

SELECT pg_catalog.setval('public.calendar_alarm_id_seq', 7, true);


--
-- Name: calendar_attendee_id_seq; Type: SEQUENCE SET; Schema: public; Owner: odoo
--

SELECT pg_catalog.setval('public.calendar_attendee_id_seq', 1, false);


--
-- Name: calendar_event_id_seq; Type: SEQUENCE SET; Schema: public; Owner: odoo
--

SELECT pg_catalog.setval('public.calendar_event_id_seq', 1, false);


--
-- Name: calendar_event_type_id_seq; Type: SEQUENCE SET; Schema: public; Owner: odoo
--

SELECT pg_catalog.setval('public.calendar_event_type_id_seq', 1, false);


--
-- Name: calendar_filters_id_seq; Type: SEQUENCE SET; Schema: public; Owner: odoo
--

SELECT pg_catalog.setval('public.calendar_filters_id_seq', 1, false);


--
-- Name: calendar_popover_delete_wizard_id_seq; Type: SEQUENCE SET; Schema: public; Owner: odoo
--

SELECT pg_catalog.setval('public.calendar_popover_delete_wizard_id_seq', 1, false);


--
-- Name: calendar_provider_config_id_seq; Type: SEQUENCE SET; Schema: public; Owner: odoo
--

SELECT pg_catalog.setval('public.calendar_provider_config_id_seq', 1, false);


--
-- Name: calendar_recurrence_id_seq; Type: SEQUENCE SET; Schema: public; Owner: odoo
--

SELECT pg_catalog.setval('public.calendar_recurrence_id_seq', 1, false);


--
-- Name: certificate_certificate_id_seq; Type: SEQUENCE SET; Schema: public; Owner: odoo
--

SELECT pg_catalog.setval('public.certificate_certificate_id_seq', 1, false);


--
-- Name: certificate_key_id_seq; Type: SEQUENCE SET; Schema: public; Owner: odoo
--

SELECT pg_catalog.setval('public.certificate_key_id_seq', 1, false);


--
-- Name: change_password_own_id_seq; Type: SEQUENCE SET; Schema: public; Owner: odoo
--

SELECT pg_catalog.setval('public.change_password_own_id_seq', 6, true);


--
-- Name: change_password_user_id_seq; Type: SEQUENCE SET; Schema: public; Owner: odoo
--

SELECT pg_catalog.setval('public.change_password_user_id_seq', 43, true);


--
-- Name: change_password_wizard_id_seq; Type: SEQUENCE SET; Schema: public; Owner: odoo
--

SELECT pg_catalog.setval('public.change_password_wizard_id_seq', 43, true);


--
-- Name: change_production_qty_id_seq; Type: SEQUENCE SET; Schema: public; Owner: odoo
--

SELECT pg_catalog.setval('public.change_production_qty_id_seq', 1, false);


--
-- Name: confirm_stock_sms_id_seq; Type: SEQUENCE SET; Schema: public; Owner: odoo
--

SELECT pg_catalog.setval('public.confirm_stock_sms_id_seq', 1, false);


--
-- Name: crm_iap_lead_helpers_id_seq; Type: SEQUENCE SET; Schema: public; Owner: odoo
--

SELECT pg_catalog.setval('public.crm_iap_lead_helpers_id_seq', 1, false);


--
-- Name: crm_iap_lead_industry_id_seq; Type: SEQUENCE SET; Schema: public; Owner: odoo
--

SELECT pg_catalog.setval('public.crm_iap_lead_industry_id_seq', 23, true);


--
-- Name: crm_iap_lead_mining_request_id_seq; Type: SEQUENCE SET; Schema: public; Owner: odoo
--

SELECT pg_catalog.setval('public.crm_iap_lead_mining_request_id_seq', 1, false);


--
-- Name: crm_iap_lead_role_id_seq; Type: SEQUENCE SET; Schema: public; Owner: odoo
--

SELECT pg_catalog.setval('public.crm_iap_lead_role_id_seq', 22, true);


--
-- Name: crm_iap_lead_seniority_id_seq; Type: SEQUENCE SET; Schema: public; Owner: odoo
--

SELECT pg_catalog.setval('public.crm_iap_lead_seniority_id_seq', 3, true);


--
-- Name: crm_lead2opportunity_partner_id_seq; Type: SEQUENCE SET; Schema: public; Owner: odoo
--

SELECT pg_catalog.setval('public.crm_lead2opportunity_partner_id_seq', 1, false);


--
-- Name: crm_lead2opportunity_partner_mass_id_seq; Type: SEQUENCE SET; Schema: public; Owner: odoo
--

SELECT pg_catalog.setval('public.crm_lead2opportunity_partner_mass_id_seq', 1, false);


--
-- Name: crm_lead_id_seq; Type: SEQUENCE SET; Schema: public; Owner: odoo
--

SELECT pg_catalog.setval('public.crm_lead_id_seq', 2, true);


--
-- Name: crm_lead_lost_id_seq; Type: SEQUENCE SET; Schema: public; Owner: odoo
--

SELECT pg_catalog.setval('public.crm_lead_lost_id_seq', 1, false);


--
-- Name: crm_lead_pls_update_id_seq; Type: SEQUENCE SET; Schema: public; Owner: odoo
--

SELECT pg_catalog.setval('public.crm_lead_pls_update_id_seq', 1, false);


--
-- Name: crm_lead_scoring_frequency_field_id_seq; Type: SEQUENCE SET; Schema: public; Owner: odoo
--

SELECT pg_catalog.setval('public.crm_lead_scoring_frequency_field_id_seq', 7, true);


--
-- Name: crm_lead_scoring_frequency_id_seq; Type: SEQUENCE SET; Schema: public; Owner: odoo
--

SELECT pg_catalog.setval('public.crm_lead_scoring_frequency_id_seq', 1, false);


--
-- Name: crm_lost_reason_id_seq; Type: SEQUENCE SET; Schema: public; Owner: odoo
--

SELECT pg_catalog.setval('public.crm_lost_reason_id_seq', 3, true);


--
-- Name: crm_merge_opportunity_id_seq; Type: SEQUENCE SET; Schema: public; Owner: odoo
--

SELECT pg_catalog.setval('public.crm_merge_opportunity_id_seq', 1, false);


--
-- Name: crm_quotation_partner_id_seq; Type: SEQUENCE SET; Schema: public; Owner: odoo
--

SELECT pg_catalog.setval('public.crm_quotation_partner_id_seq', 1, false);


--
-- Name: crm_recurring_plan_id_seq; Type: SEQUENCE SET; Schema: public; Owner: odoo
--

SELECT pg_catalog.setval('public.crm_recurring_plan_id_seq', 4, true);


--
-- Name: crm_stage_id_seq; Type: SEQUENCE SET; Schema: public; Owner: odoo
--

SELECT pg_catalog.setval('public.crm_stage_id_seq', 4, true);


--
-- Name: crm_tag_id_seq; Type: SEQUENCE SET; Schema: public; Owner: odoo
--

SELECT pg_catalog.setval('public.crm_tag_id_seq', 1, false);


--
-- Name: crm_team_id_seq; Type: SEQUENCE SET; Schema: public; Owner: odoo
--

SELECT pg_catalog.setval('public.crm_team_id_seq', 3, true);


--
-- Name: crm_team_member_id_seq; Type: SEQUENCE SET; Schema: public; Owner: odoo
--

SELECT pg_catalog.setval('public.crm_team_member_id_seq', 1, true);


--
-- Name: decimal_precision_id_seq; Type: SEQUENCE SET; Schema: public; Owner: odoo
--

SELECT pg_catalog.setval('public.decimal_precision_id_seq', 7, true);


--
-- Name: digest_digest_id_seq; Type: SEQUENCE SET; Schema: public; Owner: odoo
--

SELECT pg_catalog.setval('public.digest_digest_id_seq', 1, true);


--
-- Name: digest_tip_id_seq; Type: SEQUENCE SET; Schema: public; Owner: odoo
--

SELECT pg_catalog.setval('public.digest_tip_id_seq', 35, true);


--
-- Name: discuss_channel_id_seq; Type: SEQUENCE SET; Schema: public; Owner: odoo
--

SELECT pg_catalog.setval('public.discuss_channel_id_seq', 25, true);


--
-- Name: discuss_channel_member_id_seq; Type: SEQUENCE SET; Schema: public; Owner: odoo
--

SELECT pg_catalog.setval('public.discuss_channel_member_id_seq', 79, true);


--
-- Name: discuss_channel_rtc_session_id_seq; Type: SEQUENCE SET; Schema: public; Owner: odoo
--

SELECT pg_catalog.setval('public.discuss_channel_rtc_session_id_seq', 1, false);


--
-- Name: discuss_gif_favorite_id_seq; Type: SEQUENCE SET; Schema: public; Owner: odoo
--

SELECT pg_catalog.setval('public.discuss_gif_favorite_id_seq', 1, false);


--
-- Name: discuss_voice_metadata_id_seq; Type: SEQUENCE SET; Schema: public; Owner: odoo
--

SELECT pg_catalog.setval('public.discuss_voice_metadata_id_seq', 1, false);


--
-- Name: fetchmail_server_id_seq; Type: SEQUENCE SET; Schema: public; Owner: odoo
--

SELECT pg_catalog.setval('public.fetchmail_server_id_seq', 1, false);


--
-- Name: gamification_badge_id_seq; Type: SEQUENCE SET; Schema: public; Owner: odoo
--

SELECT pg_catalog.setval('public.gamification_badge_id_seq', 4, true);


--
-- Name: gamification_badge_user_id_seq; Type: SEQUENCE SET; Schema: public; Owner: odoo
--

SELECT pg_catalog.setval('public.gamification_badge_user_id_seq', 1, false);


--
-- Name: gamification_badge_user_wizard_id_seq; Type: SEQUENCE SET; Schema: public; Owner: odoo
--

SELECT pg_catalog.setval('public.gamification_badge_user_wizard_id_seq', 1, false);


--
-- Name: gamification_challenge_id_seq; Type: SEQUENCE SET; Schema: public; Owner: odoo
--

SELECT pg_catalog.setval('public.gamification_challenge_id_seq', 4, true);


--
-- Name: gamification_challenge_line_id_seq; Type: SEQUENCE SET; Schema: public; Owner: odoo
--

SELECT pg_catalog.setval('public.gamification_challenge_line_id_seq', 8, true);


--
-- Name: gamification_goal_definition_id_seq; Type: SEQUENCE SET; Schema: public; Owner: odoo
--

SELECT pg_catalog.setval('public.gamification_goal_definition_id_seq', 14, true);


--
-- Name: gamification_goal_id_seq; Type: SEQUENCE SET; Schema: public; Owner: odoo
--

SELECT pg_catalog.setval('public.gamification_goal_id_seq', 45, true);


--
-- Name: gamification_goal_wizard_id_seq; Type: SEQUENCE SET; Schema: public; Owner: odoo
--

SELECT pg_catalog.setval('public.gamification_goal_wizard_id_seq', 1, false);


--
-- Name: gamification_karma_rank_id_seq; Type: SEQUENCE SET; Schema: public; Owner: odoo
--

SELECT pg_catalog.setval('public.gamification_karma_rank_id_seq', 5, true);


--
-- Name: gamification_karma_tracking_id_seq; Type: SEQUENCE SET; Schema: public; Owner: odoo
--

SELECT pg_catalog.setval('public.gamification_karma_tracking_id_seq', 2, true);


--
-- Name: hr_contract_type_id_seq; Type: SEQUENCE SET; Schema: public; Owner: odoo
--

SELECT pg_catalog.setval('public.hr_contract_type_id_seq', 10, true);


--
-- Name: hr_department_id_seq; Type: SEQUENCE SET; Schema: public; Owner: odoo
--

SELECT pg_catalog.setval('public.hr_department_id_seq', 12, true);


--
-- Name: hr_departure_reason_id_seq; Type: SEQUENCE SET; Schema: public; Owner: odoo
--

SELECT pg_catalog.setval('public.hr_departure_reason_id_seq', 3, true);


--
-- Name: hr_departure_wizard_id_seq; Type: SEQUENCE SET; Schema: public; Owner: odoo
--

SELECT pg_catalog.setval('public.hr_departure_wizard_id_seq', 1, false);


--
-- Name: hr_employee_category_id_seq; Type: SEQUENCE SET; Schema: public; Owner: odoo
--

SELECT pg_catalog.setval('public.hr_employee_category_id_seq', 1, false);


--
-- Name: hr_employee_cv_wizard_id_seq; Type: SEQUENCE SET; Schema: public; Owner: odoo
--

SELECT pg_catalog.setval('public.hr_employee_cv_wizard_id_seq', 1, false);


--
-- Name: hr_employee_id_seq; Type: SEQUENCE SET; Schema: public; Owner: odoo
--

SELECT pg_catalog.setval('public.hr_employee_id_seq', 30, true);


--
-- Name: hr_employee_skill_id_seq; Type: SEQUENCE SET; Schema: public; Owner: odoo
--

SELECT pg_catalog.setval('public.hr_employee_skill_id_seq', 182, true);


--
-- Name: hr_employee_skill_log_id_seq; Type: SEQUENCE SET; Schema: public; Owner: odoo
--

SELECT pg_catalog.setval('public.hr_employee_skill_log_id_seq', 200, true);


--
-- Name: hr_job_id_seq; Type: SEQUENCE SET; Schema: public; Owner: odoo
--

SELECT pg_catalog.setval('public.hr_job_id_seq', 11, true);


--
-- Name: hr_resume_line_id_seq; Type: SEQUENCE SET; Schema: public; Owner: odoo
--

SELECT pg_catalog.setval('public.hr_resume_line_id_seq', 121, true);


--
-- Name: hr_resume_line_type_id_seq; Type: SEQUENCE SET; Schema: public; Owner: odoo
--

SELECT pg_catalog.setval('public.hr_resume_line_type_id_seq', 5, true);


--
-- Name: hr_skill_id_seq; Type: SEQUENCE SET; Schema: public; Owner: odoo
--

SELECT pg_catalog.setval('public.hr_skill_id_seq', 36, true);


--
-- Name: hr_skill_level_id_seq; Type: SEQUENCE SET; Schema: public; Owner: odoo
--

SELECT pg_catalog.setval('public.hr_skill_level_id_seq', 11, true);


--
-- Name: hr_skill_type_id_seq; Type: SEQUENCE SET; Schema: public; Owner: odoo
--

SELECT pg_catalog.setval('public.hr_skill_type_id_seq', 2, true);


--
-- Name: hr_work_location_id_seq; Type: SEQUENCE SET; Schema: public; Owner: odoo
--

SELECT pg_catalog.setval('public.hr_work_location_id_seq', 3, true);


--
-- Name: iap_account_id_seq; Type: SEQUENCE SET; Schema: public; Owner: odoo
--

SELECT pg_catalog.setval('public.iap_account_id_seq', 3, true);


--
-- Name: iap_service_id_seq; Type: SEQUENCE SET; Schema: public; Owner: odoo
--

SELECT pg_catalog.setval('public.iap_service_id_seq', 4, true);


--
-- Name: ir_act_window_view_id_seq; Type: SEQUENCE SET; Schema: public; Owner: odoo
--

SELECT pg_catalog.setval('public.ir_act_window_view_id_seq', 237, true);


--
-- Name: ir_actions_id_seq; Type: SEQUENCE SET; Schema: public; Owner: odoo
--

SELECT pg_catalog.setval('public.ir_actions_id_seq', 792, true);


--
-- Name: ir_actions_todo_id_seq; Type: SEQUENCE SET; Schema: public; Owner: odoo
--

SELECT pg_catalog.setval('public.ir_actions_todo_id_seq', 3, true);


--
-- Name: ir_asset_id_seq; Type: SEQUENCE SET; Schema: public; Owner: odoo
--

SELECT pg_catalog.setval('public.ir_asset_id_seq', 113, true);


--
-- Name: ir_attachment_id_seq; Type: SEQUENCE SET; Schema: public; Owner: odoo
--

SELECT pg_catalog.setval('public.ir_attachment_id_seq', 1324, true);


--
-- Name: ir_config_parameter_id_seq; Type: SEQUENCE SET; Schema: public; Owner: odoo
--

SELECT pg_catalog.setval('public.ir_config_parameter_id_seq', 34, true);


--
-- Name: ir_cron_id_seq; Type: SEQUENCE SET; Schema: public; Owner: odoo
--

SELECT pg_catalog.setval('public.ir_cron_id_seq', 41, true);


--
-- Name: ir_cron_progress_id_seq; Type: SEQUENCE SET; Schema: public; Owner: odoo
--

SELECT pg_catalog.setval('public.ir_cron_progress_id_seq', 2686, true);


--
-- Name: ir_cron_trigger_id_seq; Type: SEQUENCE SET; Schema: public; Owner: odoo
--

SELECT pg_catalog.setval('public.ir_cron_trigger_id_seq', 13, true);


--
-- Name: ir_default_id_seq; Type: SEQUENCE SET; Schema: public; Owner: odoo
--

SELECT pg_catalog.setval('public.ir_default_id_seq', 20, true);


--
-- Name: ir_demo_failure_id_seq; Type: SEQUENCE SET; Schema: public; Owner: odoo
--

SELECT pg_catalog.setval('public.ir_demo_failure_id_seq', 1, false);


--
-- Name: ir_demo_failure_wizard_id_seq; Type: SEQUENCE SET; Schema: public; Owner: odoo
--

SELECT pg_catalog.setval('public.ir_demo_failure_wizard_id_seq', 1, false);


--
-- Name: ir_demo_id_seq; Type: SEQUENCE SET; Schema: public; Owner: odoo
--

SELECT pg_catalog.setval('public.ir_demo_id_seq', 1, false);


--
-- Name: ir_embedded_actions_id_seq; Type: SEQUENCE SET; Schema: public; Owner: odoo
--

SELECT pg_catalog.setval('public.ir_embedded_actions_id_seq', 14, true);


--
-- Name: ir_exports_id_seq; Type: SEQUENCE SET; Schema: public; Owner: odoo
--

SELECT pg_catalog.setval('public.ir_exports_id_seq', 2, true);


--
-- Name: ir_exports_line_id_seq; Type: SEQUENCE SET; Schema: public; Owner: odoo
--

SELECT pg_catalog.setval('public.ir_exports_line_id_seq', 18, true);


--
-- Name: ir_filters_id_seq; Type: SEQUENCE SET; Schema: public; Owner: odoo
--

SELECT pg_catalog.setval('public.ir_filters_id_seq', 6, true);


--
-- Name: ir_logging_id_seq; Type: SEQUENCE SET; Schema: public; Owner: odoo
--

SELECT pg_catalog.setval('public.ir_logging_id_seq', 1, false);


--
-- Name: ir_mail_server_id_seq; Type: SEQUENCE SET; Schema: public; Owner: odoo
--

SELECT pg_catalog.setval('public.ir_mail_server_id_seq', 1, false);


--
-- Name: ir_model_access_id_seq; Type: SEQUENCE SET; Schema: public; Owner: odoo
--

SELECT pg_catalog.setval('public.ir_model_access_id_seq', 1179, true);


--
-- Name: ir_model_constraint_id_seq; Type: SEQUENCE SET; Schema: public; Owner: odoo
--

SELECT pg_catalog.setval('public.ir_model_constraint_id_seq', 2934, true);


--
-- Name: ir_model_data_id_seq; Type: SEQUENCE SET; Schema: public; Owner: odoo
--

SELECT pg_catalog.setval('public.ir_model_data_id_seq', 82749, true);


--
-- Name: ir_model_fields_id_seq; Type: SEQUENCE SET; Schema: public; Owner: odoo
--

SELECT pg_catalog.setval('public.ir_model_fields_id_seq', 13131, true);


--
-- Name: ir_model_fields_selection_id_seq; Type: SEQUENCE SET; Schema: public; Owner: odoo
--

SELECT pg_catalog.setval('public.ir_model_fields_selection_id_seq', 2797, true);


--
-- Name: ir_model_id_seq; Type: SEQUENCE SET; Schema: public; Owner: odoo
--

SELECT pg_catalog.setval('public.ir_model_id_seq', 816, true);


--
-- Name: ir_model_inherit_id_seq; Type: SEQUENCE SET; Schema: public; Owner: odoo
--

SELECT pg_catalog.setval('public.ir_model_inherit_id_seq', 313, true);


--
-- Name: ir_model_relation_id_seq; Type: SEQUENCE SET; Schema: public; Owner: odoo
--

SELECT pg_catalog.setval('public.ir_model_relation_id_seq', 237, true);


--
-- Name: ir_module_category_id_seq; Type: SEQUENCE SET; Schema: public; Owner: odoo
--

SELECT pg_catalog.setval('public.ir_module_category_id_seq', 101, true);


--
-- Name: ir_module_module_dependency_id_seq; Type: SEQUENCE SET; Schema: public; Owner: odoo
--

SELECT pg_catalog.setval('public.ir_module_module_dependency_id_seq', 1388, true);


--
-- Name: ir_module_module_exclusion_id_seq; Type: SEQUENCE SET; Schema: public; Owner: odoo
--

SELECT pg_catalog.setval('public.ir_module_module_exclusion_id_seq', 1, false);


--
-- Name: ir_module_module_id_seq; Type: SEQUENCE SET; Schema: public; Owner: odoo
--

SELECT pg_catalog.setval('public.ir_module_module_id_seq', 700, true);


--
-- Name: ir_profile_id_seq; Type: SEQUENCE SET; Schema: public; Owner: odoo
--

SELECT pg_catalog.setval('public.ir_profile_id_seq', 1, false);


--
-- Name: ir_rule_id_seq; Type: SEQUENCE SET; Schema: public; Owner: odoo
--

SELECT pg_catalog.setval('public.ir_rule_id_seq', 308, true);


--
-- Name: ir_sequence_002; Type: SEQUENCE SET; Schema: public; Owner: odoo
--

SELECT pg_catalog.setval('public.ir_sequence_002', 1, false);


--
-- Name: ir_sequence_003; Type: SEQUENCE SET; Schema: public; Owner: odoo
--

SELECT pg_catalog.setval('public.ir_sequence_003', 492, true);


--
-- Name: ir_sequence_004; Type: SEQUENCE SET; Schema: public; Owner: odoo
--

SELECT pg_catalog.setval('public.ir_sequence_004', 1, false);


--
-- Name: ir_sequence_005; Type: SEQUENCE SET; Schema: public; Owner: odoo
--

SELECT pg_catalog.setval('public.ir_sequence_005', 1151, true);


--
-- Name: ir_sequence_006; Type: SEQUENCE SET; Schema: public; Owner: odoo
--

SELECT pg_catalog.setval('public.ir_sequence_006', 1298, true);


--
-- Name: ir_sequence_007; Type: SEQUENCE SET; Schema: public; Owner: odoo
--

SELECT pg_catalog.setval('public.ir_sequence_007', 1, false);


--
-- Name: ir_sequence_008; Type: SEQUENCE SET; Schema: public; Owner: odoo
--

SELECT pg_catalog.setval('public.ir_sequence_008', 1, false);


--
-- Name: ir_sequence_009; Type: SEQUENCE SET; Schema: public; Owner: odoo
--

SELECT pg_catalog.setval('public.ir_sequence_009', 1, false);


--
-- Name: ir_sequence_010; Type: SEQUENCE SET; Schema: public; Owner: odoo
--

SELECT pg_catalog.setval('public.ir_sequence_010', 1, false);


--
-- Name: ir_sequence_011; Type: SEQUENCE SET; Schema: public; Owner: odoo
--

SELECT pg_catalog.setval('public.ir_sequence_011', 1, false);


--
-- Name: ir_sequence_012; Type: SEQUENCE SET; Schema: public; Owner: odoo
--

SELECT pg_catalog.setval('public.ir_sequence_012', 1, false);


--
-- Name: ir_sequence_013; Type: SEQUENCE SET; Schema: public; Owner: odoo
--

SELECT pg_catalog.setval('public.ir_sequence_013', 1, false);


--
-- Name: ir_sequence_014; Type: SEQUENCE SET; Schema: public; Owner: odoo
--

SELECT pg_catalog.setval('public.ir_sequence_014', 1, false);


--
-- Name: ir_sequence_015; Type: SEQUENCE SET; Schema: public; Owner: odoo
--

SELECT pg_catalog.setval('public.ir_sequence_015', 1, false);


--
-- Name: ir_sequence_016; Type: SEQUENCE SET; Schema: public; Owner: odoo
--

SELECT pg_catalog.setval('public.ir_sequence_016', 1, false);


--
-- Name: ir_sequence_017; Type: SEQUENCE SET; Schema: public; Owner: odoo
--

SELECT pg_catalog.setval('public.ir_sequence_017', 1, false);


--
-- Name: ir_sequence_018; Type: SEQUENCE SET; Schema: public; Owner: odoo
--

SELECT pg_catalog.setval('public.ir_sequence_018', 1, false);


--
-- Name: ir_sequence_019; Type: SEQUENCE SET; Schema: public; Owner: odoo
--

SELECT pg_catalog.setval('public.ir_sequence_019', 328, true);


--
-- Name: ir_sequence_020; Type: SEQUENCE SET; Schema: public; Owner: odoo
--

SELECT pg_catalog.setval('public.ir_sequence_020', 1, false);


--
-- Name: ir_sequence_021; Type: SEQUENCE SET; Schema: public; Owner: odoo
--

SELECT pg_catalog.setval('public.ir_sequence_021', 1, false);


--
-- Name: ir_sequence_022; Type: SEQUENCE SET; Schema: public; Owner: odoo
--

SELECT pg_catalog.setval('public.ir_sequence_022', 1, false);


--
-- Name: ir_sequence_023; Type: SEQUENCE SET; Schema: public; Owner: odoo
--

SELECT pg_catalog.setval('public.ir_sequence_023', 1, true);


--
-- Name: ir_sequence_024; Type: SEQUENCE SET; Schema: public; Owner: odoo
--

SELECT pg_catalog.setval('public.ir_sequence_024', 2, true);


--
-- Name: ir_sequence_date_range_id_seq; Type: SEQUENCE SET; Schema: public; Owner: odoo
--

SELECT pg_catalog.setval('public.ir_sequence_date_range_id_seq', 1, false);


--
-- Name: ir_sequence_id_seq; Type: SEQUENCE SET; Schema: public; Owner: odoo
--

SELECT pg_catalog.setval('public.ir_sequence_id_seq', 24, true);


--
-- Name: ir_ui_menu_id_seq; Type: SEQUENCE SET; Schema: public; Owner: odoo
--

SELECT pg_catalog.setval('public.ir_ui_menu_id_seq', 524, true);


--
-- Name: ir_ui_view_custom_id_seq; Type: SEQUENCE SET; Schema: public; Owner: odoo
--

SELECT pg_catalog.setval('public.ir_ui_view_custom_id_seq', 1, false);


--
-- Name: ir_ui_view_id_seq; Type: SEQUENCE SET; Schema: public; Owner: odoo
--

SELECT pg_catalog.setval('public.ir_ui_view_id_seq', 3110, true);


--
-- Name: l10n_es_edi_facturae_ac_role_type_id_seq; Type: SEQUENCE SET; Schema: public; Owner: odoo
--

SELECT pg_catalog.setval('public.l10n_es_edi_facturae_ac_role_type_id_seq', 9, true);


--
-- Name: link_tracker_click_id_seq; Type: SEQUENCE SET; Schema: public; Owner: odoo
--

SELECT pg_catalog.setval('public.link_tracker_click_id_seq', 1, false);


--
-- Name: link_tracker_code_id_seq; Type: SEQUENCE SET; Schema: public; Owner: odoo
--

SELECT pg_catalog.setval('public.link_tracker_code_id_seq', 1, false);


--
-- Name: link_tracker_id_seq; Type: SEQUENCE SET; Schema: public; Owner: odoo
--

SELECT pg_catalog.setval('public.link_tracker_id_seq', 1, false);


--
-- Name: lot_label_layout_id_seq; Type: SEQUENCE SET; Schema: public; Owner: odoo
--

SELECT pg_catalog.setval('public.lot_label_layout_id_seq', 1, false);


--
-- Name: mail_activity_id_seq; Type: SEQUENCE SET; Schema: public; Owner: odoo
--

SELECT pg_catalog.setval('public.mail_activity_id_seq', 198, true);


--
-- Name: mail_activity_plan_id_seq; Type: SEQUENCE SET; Schema: public; Owner: odoo
--

SELECT pg_catalog.setval('public.mail_activity_plan_id_seq', 4, true);


--
-- Name: mail_activity_plan_template_id_seq; Type: SEQUENCE SET; Schema: public; Owner: odoo
--

SELECT pg_catalog.setval('public.mail_activity_plan_template_id_seq', 10, true);


--
-- Name: mail_activity_schedule_id_seq; Type: SEQUENCE SET; Schema: public; Owner: odoo
--

SELECT pg_catalog.setval('public.mail_activity_schedule_id_seq', 66, true);


--
-- Name: mail_activity_type_id_seq; Type: SEQUENCE SET; Schema: public; Owner: odoo
--

SELECT pg_catalog.setval('public.mail_activity_type_id_seq', 8, true);


--
-- Name: mail_alias_domain_id_seq; Type: SEQUENCE SET; Schema: public; Owner: odoo
--

SELECT pg_catalog.setval('public.mail_alias_domain_id_seq', 1, false);


--
-- Name: mail_alias_id_seq; Type: SEQUENCE SET; Schema: public; Owner: odoo
--

SELECT pg_catalog.setval('public.mail_alias_id_seq', 5, true);


--
-- Name: mail_blacklist_id_seq; Type: SEQUENCE SET; Schema: public; Owner: odoo
--

SELECT pg_catalog.setval('public.mail_blacklist_id_seq', 1, false);


--
-- Name: mail_blacklist_remove_id_seq; Type: SEQUENCE SET; Schema: public; Owner: odoo
--

SELECT pg_catalog.setval('public.mail_blacklist_remove_id_seq', 1, false);


--
-- Name: mail_canned_response_id_seq; Type: SEQUENCE SET; Schema: public; Owner: odoo
--

SELECT pg_catalog.setval('public.mail_canned_response_id_seq', 1, true);


--
-- Name: mail_compose_message_id_seq; Type: SEQUENCE SET; Schema: public; Owner: odoo
--

SELECT pg_catalog.setval('public.mail_compose_message_id_seq', 1, false);


--
-- Name: mail_followers_id_seq; Type: SEQUENCE SET; Schema: public; Owner: odoo
--

SELECT pg_catalog.setval('public.mail_followers_id_seq', 647, true);


--
-- Name: mail_gateway_allowed_id_seq; Type: SEQUENCE SET; Schema: public; Owner: odoo
--

SELECT pg_catalog.setval('public.mail_gateway_allowed_id_seq', 1, false);


--
-- Name: mail_guest_id_seq; Type: SEQUENCE SET; Schema: public; Owner: odoo
--

SELECT pg_catalog.setval('public.mail_guest_id_seq', 1, false);


--
-- Name: mail_ice_server_id_seq; Type: SEQUENCE SET; Schema: public; Owner: odoo
--

SELECT pg_catalog.setval('public.mail_ice_server_id_seq', 1, false);


--
-- Name: mail_link_preview_id_seq; Type: SEQUENCE SET; Schema: public; Owner: odoo
--

SELECT pg_catalog.setval('public.mail_link_preview_id_seq', 1, false);


--
-- Name: mail_mail_id_seq; Type: SEQUENCE SET; Schema: public; Owner: odoo
--

SELECT pg_catalog.setval('public.mail_mail_id_seq', 373, true);


--
-- Name: mail_message_id_seq; Type: SEQUENCE SET; Schema: public; Owner: odoo
--

SELECT pg_catalog.setval('public.mail_message_id_seq', 2029, true);


--
-- Name: mail_message_reaction_id_seq; Type: SEQUENCE SET; Schema: public; Owner: odoo
--

SELECT pg_catalog.setval('public.mail_message_reaction_id_seq', 1, false);


--
-- Name: mail_message_schedule_id_seq; Type: SEQUENCE SET; Schema: public; Owner: odoo
--

SELECT pg_catalog.setval('public.mail_message_schedule_id_seq', 1, false);


--
-- Name: mail_message_subtype_id_seq; Type: SEQUENCE SET; Schema: public; Owner: odoo
--

SELECT pg_catalog.setval('public.mail_message_subtype_id_seq', 62, true);


--
-- Name: mail_message_translation_id_seq; Type: SEQUENCE SET; Schema: public; Owner: odoo
--

SELECT pg_catalog.setval('public.mail_message_translation_id_seq', 1, false);


--
-- Name: mail_notification_id_seq; Type: SEQUENCE SET; Schema: public; Owner: odoo
--

SELECT pg_catalog.setval('public.mail_notification_id_seq', 192, true);


--
-- Name: mail_push_device_id_seq; Type: SEQUENCE SET; Schema: public; Owner: odoo
--

SELECT pg_catalog.setval('public.mail_push_device_id_seq', 1, false);


--
-- Name: mail_push_id_seq; Type: SEQUENCE SET; Schema: public; Owner: odoo
--

SELECT pg_catalog.setval('public.mail_push_id_seq', 1, false);


--
-- Name: mail_resend_message_id_seq; Type: SEQUENCE SET; Schema: public; Owner: odoo
--

SELECT pg_catalog.setval('public.mail_resend_message_id_seq', 1, false);


--
-- Name: mail_resend_partner_id_seq; Type: SEQUENCE SET; Schema: public; Owner: odoo
--

SELECT pg_catalog.setval('public.mail_resend_partner_id_seq', 1, false);


--
-- Name: mail_scheduled_message_id_seq; Type: SEQUENCE SET; Schema: public; Owner: odoo
--

SELECT pg_catalog.setval('public.mail_scheduled_message_id_seq', 1, false);


--
-- Name: mail_template_id_seq; Type: SEQUENCE SET; Schema: public; Owner: odoo
--

SELECT pg_catalog.setval('public.mail_template_id_seq', 33, true);


--
-- Name: mail_template_preview_id_seq; Type: SEQUENCE SET; Schema: public; Owner: odoo
--

SELECT pg_catalog.setval('public.mail_template_preview_id_seq', 1, false);


--
-- Name: mail_template_reset_id_seq; Type: SEQUENCE SET; Schema: public; Owner: odoo
--

SELECT pg_catalog.setval('public.mail_template_reset_id_seq', 1, false);


--
-- Name: mail_tracking_value_id_seq; Type: SEQUENCE SET; Schema: public; Owner: odoo
--

SELECT pg_catalog.setval('public.mail_tracking_value_id_seq', 1260, true);


--
-- Name: mail_wizard_invite_id_seq; Type: SEQUENCE SET; Schema: public; Owner: odoo
--

SELECT pg_catalog.setval('public.mail_wizard_invite_id_seq', 1, true);


--
-- Name: maintenance_equipment_category_id_seq; Type: SEQUENCE SET; Schema: public; Owner: odoo
--

SELECT pg_catalog.setval('public.maintenance_equipment_category_id_seq', 1, false);


--
-- Name: maintenance_equipment_id_seq; Type: SEQUENCE SET; Schema: public; Owner: odoo
--

SELECT pg_catalog.setval('public.maintenance_equipment_id_seq', 1, false);


--
-- Name: maintenance_request_id_seq; Type: SEQUENCE SET; Schema: public; Owner: odoo
--

SELECT pg_catalog.setval('public.maintenance_request_id_seq', 1, false);


--
-- Name: maintenance_stage_id_seq; Type: SEQUENCE SET; Schema: public; Owner: odoo
--

SELECT pg_catalog.setval('public.maintenance_stage_id_seq', 4, true);


--
-- Name: maintenance_team_id_seq; Type: SEQUENCE SET; Schema: public; Owner: odoo
--

SELECT pg_catalog.setval('public.maintenance_team_id_seq', 1, true);


--
-- Name: mrp_account_wip_accounting_id_seq; Type: SEQUENCE SET; Schema: public; Owner: odoo
--

SELECT pg_catalog.setval('public.mrp_account_wip_accounting_id_seq', 1, false);


--
-- Name: mrp_account_wip_accounting_line_id_seq; Type: SEQUENCE SET; Schema: public; Owner: odoo
--

SELECT pg_catalog.setval('public.mrp_account_wip_accounting_line_id_seq', 1, false);


--
-- Name: mrp_batch_produce_id_seq; Type: SEQUENCE SET; Schema: public; Owner: odoo
--

SELECT pg_catalog.setval('public.mrp_batch_produce_id_seq', 1, false);


--
-- Name: mrp_bom_byproduct_id_seq; Type: SEQUENCE SET; Schema: public; Owner: odoo
--

SELECT pg_catalog.setval('public.mrp_bom_byproduct_id_seq', 1, false);


--
-- Name: mrp_bom_id_seq; Type: SEQUENCE SET; Schema: public; Owner: odoo
--

SELECT pg_catalog.setval('public.mrp_bom_id_seq', 1, false);


--
-- Name: mrp_bom_line_id_seq; Type: SEQUENCE SET; Schema: public; Owner: odoo
--

SELECT pg_catalog.setval('public.mrp_bom_line_id_seq', 1, false);


--
-- Name: mrp_consumption_warning_id_seq; Type: SEQUENCE SET; Schema: public; Owner: odoo
--

SELECT pg_catalog.setval('public.mrp_consumption_warning_id_seq', 1, false);


--
-- Name: mrp_consumption_warning_line_id_seq; Type: SEQUENCE SET; Schema: public; Owner: odoo
--

SELECT pg_catalog.setval('public.mrp_consumption_warning_line_id_seq', 1, false);


--
-- Name: mrp_production_backorder_id_seq; Type: SEQUENCE SET; Schema: public; Owner: odoo
--

SELECT pg_catalog.setval('public.mrp_production_backorder_id_seq', 1, false);


--
-- Name: mrp_production_backorder_line_id_seq; Type: SEQUENCE SET; Schema: public; Owner: odoo
--

SELECT pg_catalog.setval('public.mrp_production_backorder_line_id_seq', 1, false);


--
-- Name: mrp_production_id_seq; Type: SEQUENCE SET; Schema: public; Owner: odoo
--

SELECT pg_catalog.setval('public.mrp_production_id_seq', 1, true);


--
-- Name: mrp_production_split_id_seq; Type: SEQUENCE SET; Schema: public; Owner: odoo
--

SELECT pg_catalog.setval('public.mrp_production_split_id_seq', 1, false);


--
-- Name: mrp_production_split_line_id_seq; Type: SEQUENCE SET; Schema: public; Owner: odoo
--

SELECT pg_catalog.setval('public.mrp_production_split_line_id_seq', 1, false);


--
-- Name: mrp_production_split_multi_id_seq; Type: SEQUENCE SET; Schema: public; Owner: odoo
--

SELECT pg_catalog.setval('public.mrp_production_split_multi_id_seq', 1, false);


--
-- Name: mrp_routing_workcenter_id_seq; Type: SEQUENCE SET; Schema: public; Owner: odoo
--

SELECT pg_catalog.setval('public.mrp_routing_workcenter_id_seq', 1, false);


--
-- Name: mrp_unbuild_id_seq; Type: SEQUENCE SET; Schema: public; Owner: odoo
--

SELECT pg_catalog.setval('public.mrp_unbuild_id_seq', 1, false);


--
-- Name: mrp_workcenter_capacity_id_seq; Type: SEQUENCE SET; Schema: public; Owner: odoo
--

SELECT pg_catalog.setval('public.mrp_workcenter_capacity_id_seq', 1, false);


--
-- Name: mrp_workcenter_id_seq; Type: SEQUENCE SET; Schema: public; Owner: odoo
--

SELECT pg_catalog.setval('public.mrp_workcenter_id_seq', 1, false);


--
-- Name: mrp_workcenter_productivity_id_seq; Type: SEQUENCE SET; Schema: public; Owner: odoo
--

SELECT pg_catalog.setval('public.mrp_workcenter_productivity_id_seq', 1, false);


--
-- Name: mrp_workcenter_productivity_loss_id_seq; Type: SEQUENCE SET; Schema: public; Owner: odoo
--

SELECT pg_catalog.setval('public.mrp_workcenter_productivity_loss_id_seq', 7, true);


--
-- Name: mrp_workcenter_productivity_loss_type_id_seq; Type: SEQUENCE SET; Schema: public; Owner: odoo
--

SELECT pg_catalog.setval('public.mrp_workcenter_productivity_loss_type_id_seq', 4, true);


--
-- Name: mrp_workcenter_tag_id_seq; Type: SEQUENCE SET; Schema: public; Owner: odoo
--

SELECT pg_catalog.setval('public.mrp_workcenter_tag_id_seq', 1, false);


--
-- Name: mrp_workorder_id_seq; Type: SEQUENCE SET; Schema: public; Owner: odoo
--

SELECT pg_catalog.setval('public.mrp_workorder_id_seq', 1, false);


--
-- Name: onboarding_onboarding_id_seq; Type: SEQUENCE SET; Schema: public; Owner: odoo
--

SELECT pg_catalog.setval('public.onboarding_onboarding_id_seq', 1, true);


--
-- Name: onboarding_onboarding_step_id_seq; Type: SEQUENCE SET; Schema: public; Owner: odoo
--

SELECT pg_catalog.setval('public.onboarding_onboarding_step_id_seq', 7, true);


--
-- Name: onboarding_progress_id_seq; Type: SEQUENCE SET; Schema: public; Owner: odoo
--

SELECT pg_catalog.setval('public.onboarding_progress_id_seq', 1, false);


--
-- Name: onboarding_progress_step_id_seq; Type: SEQUENCE SET; Schema: public; Owner: odoo
--

SELECT pg_catalog.setval('public.onboarding_progress_step_id_seq', 1, false);


--
-- Name: payment_capture_wizard_id_seq; Type: SEQUENCE SET; Schema: public; Owner: odoo
--

SELECT pg_catalog.setval('public.payment_capture_wizard_id_seq', 1, false);


--
-- Name: payment_link_wizard_id_seq; Type: SEQUENCE SET; Schema: public; Owner: odoo
--

SELECT pg_catalog.setval('public.payment_link_wizard_id_seq', 1, false);


--
-- Name: payment_method_id_seq; Type: SEQUENCE SET; Schema: public; Owner: odoo
--

SELECT pg_catalog.setval('public.payment_method_id_seq', 220, true);


--
-- Name: payment_provider_id_seq; Type: SEQUENCE SET; Schema: public; Owner: odoo
--

SELECT pg_catalog.setval('public.payment_provider_id_seq', 17, true);


--
-- Name: payment_provider_onboarding_wizard_id_seq; Type: SEQUENCE SET; Schema: public; Owner: odoo
--

SELECT pg_catalog.setval('public.payment_provider_onboarding_wizard_id_seq', 1, false);


--
-- Name: payment_refund_wizard_id_seq; Type: SEQUENCE SET; Schema: public; Owner: odoo
--

SELECT pg_catalog.setval('public.payment_refund_wizard_id_seq', 1, false);


--
-- Name: payment_token_id_seq; Type: SEQUENCE SET; Schema: public; Owner: odoo
--

SELECT pg_catalog.setval('public.payment_token_id_seq', 1, false);


--
-- Name: payment_transaction_id_seq; Type: SEQUENCE SET; Schema: public; Owner: odoo
--

SELECT pg_catalog.setval('public.payment_transaction_id_seq', 1, false);


--
-- Name: peppol_registration_id_seq; Type: SEQUENCE SET; Schema: public; Owner: odoo
--

SELECT pg_catalog.setval('public.peppol_registration_id_seq', 1, false);


--
-- Name: phone_blacklist_id_seq; Type: SEQUENCE SET; Schema: public; Owner: odoo
--

SELECT pg_catalog.setval('public.phone_blacklist_id_seq', 1, false);


--
-- Name: phone_blacklist_remove_id_seq; Type: SEQUENCE SET; Schema: public; Owner: odoo
--

SELECT pg_catalog.setval('public.phone_blacklist_remove_id_seq', 1, false);


--
-- Name: picking_label_type_id_seq; Type: SEQUENCE SET; Schema: public; Owner: odoo
--

SELECT pg_catalog.setval('public.picking_label_type_id_seq', 1, false);


--
-- Name: portal_share_id_seq; Type: SEQUENCE SET; Schema: public; Owner: odoo
--

SELECT pg_catalog.setval('public.portal_share_id_seq', 1, false);


--
-- Name: portal_wizard_id_seq; Type: SEQUENCE SET; Schema: public; Owner: odoo
--

SELECT pg_catalog.setval('public.portal_wizard_id_seq', 1, true);


--
-- Name: portal_wizard_user_id_seq; Type: SEQUENCE SET; Schema: public; Owner: odoo
--

SELECT pg_catalog.setval('public.portal_wizard_user_id_seq', 1, true);


--
-- Name: privacy_log_id_seq; Type: SEQUENCE SET; Schema: public; Owner: odoo
--

SELECT pg_catalog.setval('public.privacy_log_id_seq', 1, false);


--
-- Name: privacy_lookup_wizard_id_seq; Type: SEQUENCE SET; Schema: public; Owner: odoo
--

SELECT pg_catalog.setval('public.privacy_lookup_wizard_id_seq', 1, false);


--
-- Name: privacy_lookup_wizard_line_id_seq; Type: SEQUENCE SET; Schema: public; Owner: odoo
--

SELECT pg_catalog.setval('public.privacy_lookup_wizard_line_id_seq', 1, false);


--
-- Name: procurement_group_id_seq; Type: SEQUENCE SET; Schema: public; Owner: odoo
--

SELECT pg_catalog.setval('public.procurement_group_id_seq', 342, true);


--
-- Name: product_attribute_custom_value_id_seq; Type: SEQUENCE SET; Schema: public; Owner: odoo
--

SELECT pg_catalog.setval('public.product_attribute_custom_value_id_seq', 1, false);


--
-- Name: product_attribute_id_seq; Type: SEQUENCE SET; Schema: public; Owner: odoo
--

SELECT pg_catalog.setval('public.product_attribute_id_seq', 1, false);


--
-- Name: product_attribute_value_id_seq; Type: SEQUENCE SET; Schema: public; Owner: odoo
--

SELECT pg_catalog.setval('public.product_attribute_value_id_seq', 1, false);


--
-- Name: product_category_id_seq; Type: SEQUENCE SET; Schema: public; Owner: odoo
--

SELECT pg_catalog.setval('public.product_category_id_seq', 3, true);


--
-- Name: product_combo_id_seq; Type: SEQUENCE SET; Schema: public; Owner: odoo
--

SELECT pg_catalog.setval('public.product_combo_id_seq', 1, false);


--
-- Name: product_combo_item_id_seq; Type: SEQUENCE SET; Schema: public; Owner: odoo
--

SELECT pg_catalog.setval('public.product_combo_item_id_seq', 1, false);


--
-- Name: product_document_id_seq; Type: SEQUENCE SET; Schema: public; Owner: odoo
--

SELECT pg_catalog.setval('public.product_document_id_seq', 1, false);


--
-- Name: product_label_layout_id_seq; Type: SEQUENCE SET; Schema: public; Owner: odoo
--

SELECT pg_catalog.setval('public.product_label_layout_id_seq', 1, false);


--
-- Name: product_packaging_id_seq; Type: SEQUENCE SET; Schema: public; Owner: odoo
--

SELECT pg_catalog.setval('public.product_packaging_id_seq', 1, false);


--
-- Name: product_pricelist_id_seq; Type: SEQUENCE SET; Schema: public; Owner: odoo
--

SELECT pg_catalog.setval('public.product_pricelist_id_seq', 1, false);


--
-- Name: product_pricelist_item_id_seq; Type: SEQUENCE SET; Schema: public; Owner: odoo
--

SELECT pg_catalog.setval('public.product_pricelist_item_id_seq', 1, false);


--
-- Name: product_product_id_seq; Type: SEQUENCE SET; Schema: public; Owner: odoo
--

SELECT pg_catalog.setval('public.product_product_id_seq', 10, true);


--
-- Name: product_removal_id_seq; Type: SEQUENCE SET; Schema: public; Owner: odoo
--

SELECT pg_catalog.setval('public.product_removal_id_seq', 4, true);


--
-- Name: product_replenish_id_seq; Type: SEQUENCE SET; Schema: public; Owner: odoo
--

SELECT pg_catalog.setval('public.product_replenish_id_seq', 1, false);


--
-- Name: product_supplierinfo_id_seq; Type: SEQUENCE SET; Schema: public; Owner: odoo
--

SELECT pg_catalog.setval('public.product_supplierinfo_id_seq', 11, true);


--
-- Name: product_tag_id_seq; Type: SEQUENCE SET; Schema: public; Owner: odoo
--

SELECT pg_catalog.setval('public.product_tag_id_seq', 1, false);


--
-- Name: product_template_attribute_exclusion_id_seq; Type: SEQUENCE SET; Schema: public; Owner: odoo
--

SELECT pg_catalog.setval('public.product_template_attribute_exclusion_id_seq', 1, false);


--
-- Name: product_template_attribute_line_id_seq; Type: SEQUENCE SET; Schema: public; Owner: odoo
--

SELECT pg_catalog.setval('public.product_template_attribute_line_id_seq', 1, false);


--
-- Name: product_template_attribute_value_id_seq; Type: SEQUENCE SET; Schema: public; Owner: odoo
--

SELECT pg_catalog.setval('public.product_template_attribute_value_id_seq', 1, false);


--
-- Name: product_template_id_seq; Type: SEQUENCE SET; Schema: public; Owner: odoo
--

SELECT pg_catalog.setval('public.product_template_id_seq', 10, true);


--
-- Name: project_collaborator_id_seq; Type: SEQUENCE SET; Schema: public; Owner: odoo
--

SELECT pg_catalog.setval('public.project_collaborator_id_seq', 1, false);


--
-- Name: project_milestone_id_seq; Type: SEQUENCE SET; Schema: public; Owner: odoo
--

SELECT pg_catalog.setval('public.project_milestone_id_seq', 1, false);


--
-- Name: project_project_id_seq; Type: SEQUENCE SET; Schema: public; Owner: odoo
--

SELECT pg_catalog.setval('public.project_project_id_seq', 1, false);


--
-- Name: project_project_stage_delete_wizard_id_seq; Type: SEQUENCE SET; Schema: public; Owner: odoo
--

SELECT pg_catalog.setval('public.project_project_stage_delete_wizard_id_seq', 1, false);


--
-- Name: project_project_stage_id_seq; Type: SEQUENCE SET; Schema: public; Owner: odoo
--

SELECT pg_catalog.setval('public.project_project_stage_id_seq', 4, true);


--
-- Name: project_share_collaborator_wizard_id_seq; Type: SEQUENCE SET; Schema: public; Owner: odoo
--

SELECT pg_catalog.setval('public.project_share_collaborator_wizard_id_seq', 1, false);


--
-- Name: project_share_wizard_id_seq; Type: SEQUENCE SET; Schema: public; Owner: odoo
--

SELECT pg_catalog.setval('public.project_share_wizard_id_seq', 1, false);


--
-- Name: project_tags_id_seq; Type: SEQUENCE SET; Schema: public; Owner: odoo
--

SELECT pg_catalog.setval('public.project_tags_id_seq', 1, false);


--
-- Name: project_task_id_seq; Type: SEQUENCE SET; Schema: public; Owner: odoo
--

SELECT pg_catalog.setval('public.project_task_id_seq', 1, false);


--
-- Name: project_task_recurrence_id_seq; Type: SEQUENCE SET; Schema: public; Owner: odoo
--

SELECT pg_catalog.setval('public.project_task_recurrence_id_seq', 1, false);


--
-- Name: project_task_type_delete_wizard_id_seq; Type: SEQUENCE SET; Schema: public; Owner: odoo
--

SELECT pg_catalog.setval('public.project_task_type_delete_wizard_id_seq', 1, false);


--
-- Name: project_task_type_id_seq; Type: SEQUENCE SET; Schema: public; Owner: odoo
--

SELECT pg_catalog.setval('public.project_task_type_id_seq', 1, false);


--
-- Name: project_task_user_rel_id_seq; Type: SEQUENCE SET; Schema: public; Owner: odoo
--

SELECT pg_catalog.setval('public.project_task_user_rel_id_seq', 1, false);


--
-- Name: project_update_id_seq; Type: SEQUENCE SET; Schema: public; Owner: odoo
--

SELECT pg_catalog.setval('public.project_update_id_seq', 1, false);


--
-- Name: purchase_order_id_seq; Type: SEQUENCE SET; Schema: public; Owner: odoo
--

SELECT pg_catalog.setval('public.purchase_order_id_seq', 2090, true);


--
-- Name: purchase_order_line_id_seq; Type: SEQUENCE SET; Schema: public; Owner: odoo
--

SELECT pg_catalog.setval('public.purchase_order_line_id_seq', 2304, true);


--
-- Name: quotation_document_id_seq; Type: SEQUENCE SET; Schema: public; Owner: odoo
--

SELECT pg_catalog.setval('public.quotation_document_id_seq', 1, false);


--
-- Name: rating_rating_id_seq; Type: SEQUENCE SET; Schema: public; Owner: odoo
--

SELECT pg_catalog.setval('public.rating_rating_id_seq', 1, false);


--
-- Name: repair_order_id_seq; Type: SEQUENCE SET; Schema: public; Owner: odoo
--

SELECT pg_catalog.setval('public.repair_order_id_seq', 328, true);


--
-- Name: repair_tags_id_seq; Type: SEQUENCE SET; Schema: public; Owner: odoo
--

SELECT pg_catalog.setval('public.repair_tags_id_seq', 1, false);


--
-- Name: report_layout_id_seq; Type: SEQUENCE SET; Schema: public; Owner: odoo
--

SELECT pg_catalog.setval('public.report_layout_id_seq', 7, true);


--
-- Name: report_paperformat_id_seq; Type: SEQUENCE SET; Schema: public; Owner: odoo
--

SELECT pg_catalog.setval('public.report_paperformat_id_seq', 11, true);


--
-- Name: res_bank_id_seq; Type: SEQUENCE SET; Schema: public; Owner: odoo
--

SELECT pg_catalog.setval('public.res_bank_id_seq', 1, true);


--
-- Name: res_company_id_seq; Type: SEQUENCE SET; Schema: public; Owner: odoo
--

SELECT pg_catalog.setval('public.res_company_id_seq', 1, true);


--
-- Name: res_config_id_seq; Type: SEQUENCE SET; Schema: public; Owner: odoo
--

SELECT pg_catalog.setval('public.res_config_id_seq', 1, false);


--
-- Name: res_config_settings_id_seq; Type: SEQUENCE SET; Schema: public; Owner: odoo
--

SELECT pg_catalog.setval('public.res_config_settings_id_seq', 115, true);


--
-- Name: res_country_group_id_seq; Type: SEQUENCE SET; Schema: public; Owner: odoo
--

SELECT pg_catalog.setval('public.res_country_group_id_seq', 6, true);


--
-- Name: res_country_id_seq; Type: SEQUENCE SET; Schema: public; Owner: odoo
--

SELECT pg_catalog.setval('public.res_country_id_seq', 250, true);


--
-- Name: res_country_state_id_seq; Type: SEQUENCE SET; Schema: public; Owner: odoo
--

SELECT pg_catalog.setval('public.res_country_state_id_seq', 1780, true);


--
-- Name: res_currency_id_seq; Type: SEQUENCE SET; Schema: public; Owner: odoo
--

SELECT pg_catalog.setval('public.res_currency_id_seq', 170, true);


--
-- Name: res_currency_rate_id_seq; Type: SEQUENCE SET; Schema: public; Owner: odoo
--

SELECT pg_catalog.setval('public.res_currency_rate_id_seq', 1, false);


--
-- Name: res_device_log_id_seq; Type: SEQUENCE SET; Schema: public; Owner: odoo
--

SELECT pg_catalog.setval('public.res_device_log_id_seq', 546, true);


--
-- Name: res_groups_id_seq; Type: SEQUENCE SET; Schema: public; Owner: odoo
--

SELECT pg_catalog.setval('public.res_groups_id_seq', 90, true);


--
-- Name: res_lang_id_seq; Type: SEQUENCE SET; Schema: public; Owner: odoo
--

SELECT pg_catalog.setval('public.res_lang_id_seq', 92, true);


--
-- Name: res_partner_autocomplete_sync_id_seq; Type: SEQUENCE SET; Schema: public; Owner: odoo
--

SELECT pg_catalog.setval('public.res_partner_autocomplete_sync_id_seq', 1, false);


--
-- Name: res_partner_bank_id_seq; Type: SEQUENCE SET; Schema: public; Owner: odoo
--

SELECT pg_catalog.setval('public.res_partner_bank_id_seq', 1, false);


--
-- Name: res_partner_category_id_seq; Type: SEQUENCE SET; Schema: public; Owner: odoo
--

SELECT pg_catalog.setval('public.res_partner_category_id_seq', 1, false);


--
-- Name: res_partner_id_seq; Type: SEQUENCE SET; Schema: public; Owner: odoo
--

SELECT pg_catalog.setval('public.res_partner_id_seq', 3581, true);


--
-- Name: res_partner_industry_id_seq; Type: SEQUENCE SET; Schema: public; Owner: odoo
--

SELECT pg_catalog.setval('public.res_partner_industry_id_seq', 21, true);


--
-- Name: res_partner_title_id_seq; Type: SEQUENCE SET; Schema: public; Owner: odoo
--

SELECT pg_catalog.setval('public.res_partner_title_id_seq', 5, true);


--
-- Name: res_users_apikeys_description_id_seq; Type: SEQUENCE SET; Schema: public; Owner: odoo
--

SELECT pg_catalog.setval('public.res_users_apikeys_description_id_seq', 1, false);


--
-- Name: res_users_apikeys_id_seq; Type: SEQUENCE SET; Schema: public; Owner: odoo
--

SELECT pg_catalog.setval('public.res_users_apikeys_id_seq', 1, false);


--
-- Name: res_users_deletion_id_seq; Type: SEQUENCE SET; Schema: public; Owner: odoo
--

SELECT pg_catalog.setval('public.res_users_deletion_id_seq', 1, false);


--
-- Name: res_users_id_seq; Type: SEQUENCE SET; Schema: public; Owner: odoo
--

SELECT pg_catalog.setval('public.res_users_id_seq', 48, true);


--
-- Name: res_users_identitycheck_id_seq; Type: SEQUENCE SET; Schema: public; Owner: odoo
--

SELECT pg_catalog.setval('public.res_users_identitycheck_id_seq', 10, true);


--
-- Name: res_users_log_id_seq; Type: SEQUENCE SET; Schema: public; Owner: odoo
--

SELECT pg_catalog.setval('public.res_users_log_id_seq', 92, true);


--
-- Name: res_users_settings_id_seq; Type: SEQUENCE SET; Schema: public; Owner: odoo
--

SELECT pg_catalog.setval('public.res_users_settings_id_seq', 26, true);


--
-- Name: res_users_settings_volumes_id_seq; Type: SEQUENCE SET; Schema: public; Owner: odoo
--

SELECT pg_catalog.setval('public.res_users_settings_volumes_id_seq', 1, false);


--
-- Name: reset_view_arch_wizard_id_seq; Type: SEQUENCE SET; Schema: public; Owner: odoo
--

SELECT pg_catalog.setval('public.reset_view_arch_wizard_id_seq', 1, false);


--
-- Name: resource_calendar_attendance_id_seq; Type: SEQUENCE SET; Schema: public; Owner: odoo
--

SELECT pg_catalog.setval('public.resource_calendar_attendance_id_seq', 15, true);


--
-- Name: resource_calendar_id_seq; Type: SEQUENCE SET; Schema: public; Owner: odoo
--

SELECT pg_catalog.setval('public.resource_calendar_id_seq', 1, true);


--
-- Name: resource_calendar_leaves_id_seq; Type: SEQUENCE SET; Schema: public; Owner: odoo
--

SELECT pg_catalog.setval('public.resource_calendar_leaves_id_seq', 1, false);


--
-- Name: resource_resource_id_seq; Type: SEQUENCE SET; Schema: public; Owner: odoo
--

SELECT pg_catalog.setval('public.resource_resource_id_seq', 32, true);


--
-- Name: sale_advance_payment_inv_id_seq; Type: SEQUENCE SET; Schema: public; Owner: odoo
--

SELECT pg_catalog.setval('public.sale_advance_payment_inv_id_seq', 5, true);


--
-- Name: sale_mass_cancel_orders_id_seq; Type: SEQUENCE SET; Schema: public; Owner: odoo
--

SELECT pg_catalog.setval('public.sale_mass_cancel_orders_id_seq', 10, true);


--
-- Name: sale_order_cancel_id_seq; Type: SEQUENCE SET; Schema: public; Owner: odoo
--

SELECT pg_catalog.setval('public.sale_order_cancel_id_seq', 2, true);


--
-- Name: sale_order_discount_id_seq; Type: SEQUENCE SET; Schema: public; Owner: odoo
--

SELECT pg_catalog.setval('public.sale_order_discount_id_seq', 1, false);


--
-- Name: sale_order_id_seq; Type: SEQUENCE SET; Schema: public; Owner: odoo
--

SELECT pg_catalog.setval('public.sale_order_id_seq', 11180, true);


--
-- Name: sale_order_line_id_seq; Type: SEQUENCE SET; Schema: public; Owner: odoo
--

SELECT pg_catalog.setval('public.sale_order_line_id_seq', 6317, true);


--
-- Name: sale_order_option_id_seq; Type: SEQUENCE SET; Schema: public; Owner: odoo
--

SELECT pg_catalog.setval('public.sale_order_option_id_seq', 1, false);


--
-- Name: sale_order_template_id_seq; Type: SEQUENCE SET; Schema: public; Owner: odoo
--

SELECT pg_catalog.setval('public.sale_order_template_id_seq', 1, false);


--
-- Name: sale_order_template_line_id_seq; Type: SEQUENCE SET; Schema: public; Owner: odoo
--

SELECT pg_catalog.setval('public.sale_order_template_line_id_seq', 1, false);


--
-- Name: sale_order_template_option_id_seq; Type: SEQUENCE SET; Schema: public; Owner: odoo
--

SELECT pg_catalog.setval('public.sale_order_template_option_id_seq', 1, false);


--
-- Name: sale_payment_provider_onboarding_wizard_id_seq; Type: SEQUENCE SET; Schema: public; Owner: odoo
--

SELECT pg_catalog.setval('public.sale_payment_provider_onboarding_wizard_id_seq', 1, false);


--
-- Name: sale_pdf_form_field_id_seq; Type: SEQUENCE SET; Schema: public; Owner: odoo
--

SELECT pg_catalog.setval('public.sale_pdf_form_field_id_seq', 27, true);


--
-- Name: sms_account_code_id_seq; Type: SEQUENCE SET; Schema: public; Owner: odoo
--

SELECT pg_catalog.setval('public.sms_account_code_id_seq', 1, false);


--
-- Name: sms_account_phone_id_seq; Type: SEQUENCE SET; Schema: public; Owner: odoo
--

SELECT pg_catalog.setval('public.sms_account_phone_id_seq', 1, false);


--
-- Name: sms_account_sender_id_seq; Type: SEQUENCE SET; Schema: public; Owner: odoo
--

SELECT pg_catalog.setval('public.sms_account_sender_id_seq', 1, false);


--
-- Name: sms_composer_id_seq; Type: SEQUENCE SET; Schema: public; Owner: odoo
--

SELECT pg_catalog.setval('public.sms_composer_id_seq', 1, false);


--
-- Name: sms_resend_id_seq; Type: SEQUENCE SET; Schema: public; Owner: odoo
--

SELECT pg_catalog.setval('public.sms_resend_id_seq', 1, false);


--
-- Name: sms_resend_recipient_id_seq; Type: SEQUENCE SET; Schema: public; Owner: odoo
--

SELECT pg_catalog.setval('public.sms_resend_recipient_id_seq', 1, false);


--
-- Name: sms_sms_id_seq; Type: SEQUENCE SET; Schema: public; Owner: odoo
--

SELECT pg_catalog.setval('public.sms_sms_id_seq', 1, false);


--
-- Name: sms_template_id_seq; Type: SEQUENCE SET; Schema: public; Owner: odoo
--

SELECT pg_catalog.setval('public.sms_template_id_seq', 2, true);


--
-- Name: sms_template_preview_id_seq; Type: SEQUENCE SET; Schema: public; Owner: odoo
--

SELECT pg_catalog.setval('public.sms_template_preview_id_seq', 1, false);


--
-- Name: sms_template_reset_id_seq; Type: SEQUENCE SET; Schema: public; Owner: odoo
--

SELECT pg_catalog.setval('public.sms_template_reset_id_seq', 1, false);


--
-- Name: sms_tracker_id_seq; Type: SEQUENCE SET; Schema: public; Owner: odoo
--

SELECT pg_catalog.setval('public.sms_tracker_id_seq', 1, false);


--
-- Name: snailmail_letter_format_error_id_seq; Type: SEQUENCE SET; Schema: public; Owner: odoo
--

SELECT pg_catalog.setval('public.snailmail_letter_format_error_id_seq', 1, false);


--
-- Name: snailmail_letter_id_seq; Type: SEQUENCE SET; Schema: public; Owner: odoo
--

SELECT pg_catalog.setval('public.snailmail_letter_id_seq', 1, false);


--
-- Name: snailmail_letter_missing_required_fields_id_seq; Type: SEQUENCE SET; Schema: public; Owner: odoo
--

SELECT pg_catalog.setval('public.snailmail_letter_missing_required_fields_id_seq', 1, false);


--
-- Name: spreadsheet_dashboard_group_id_seq; Type: SEQUENCE SET; Schema: public; Owner: odoo
--

SELECT pg_catalog.setval('public.spreadsheet_dashboard_group_id_seq', 7, true);


--
-- Name: spreadsheet_dashboard_id_seq; Type: SEQUENCE SET; Schema: public; Owner: odoo
--

SELECT pg_catalog.setval('public.spreadsheet_dashboard_id_seq', 4, true);


--
-- Name: spreadsheet_dashboard_share_id_seq; Type: SEQUENCE SET; Schema: public; Owner: odoo
--

SELECT pg_catalog.setval('public.spreadsheet_dashboard_share_id_seq', 1, false);


--
-- Name: stock_backorder_confirmation_id_seq; Type: SEQUENCE SET; Schema: public; Owner: odoo
--

SELECT pg_catalog.setval('public.stock_backorder_confirmation_id_seq', 1, false);


--
-- Name: stock_backorder_confirmation_line_id_seq; Type: SEQUENCE SET; Schema: public; Owner: odoo
--

SELECT pg_catalog.setval('public.stock_backorder_confirmation_line_id_seq', 1, false);


--
-- Name: stock_change_product_qty_id_seq; Type: SEQUENCE SET; Schema: public; Owner: odoo
--

SELECT pg_catalog.setval('public.stock_change_product_qty_id_seq', 1, false);


--
-- Name: stock_inventory_adjustment_name_id_seq; Type: SEQUENCE SET; Schema: public; Owner: odoo
--

SELECT pg_catalog.setval('public.stock_inventory_adjustment_name_id_seq', 1, false);


--
-- Name: stock_inventory_conflict_id_seq; Type: SEQUENCE SET; Schema: public; Owner: odoo
--

SELECT pg_catalog.setval('public.stock_inventory_conflict_id_seq', 1, false);


--
-- Name: stock_inventory_warning_id_seq; Type: SEQUENCE SET; Schema: public; Owner: odoo
--

SELECT pg_catalog.setval('public.stock_inventory_warning_id_seq', 1, false);


--
-- Name: stock_location_id_seq; Type: SEQUENCE SET; Schema: public; Owner: odoo
--

SELECT pg_catalog.setval('public.stock_location_id_seq', 18, true);


--
-- Name: stock_lot_id_seq; Type: SEQUENCE SET; Schema: public; Owner: odoo
--

SELECT pg_catalog.setval('public.stock_lot_id_seq', 1, false);


--
-- Name: stock_move_id_seq; Type: SEQUENCE SET; Schema: public; Owner: odoo
--

SELECT pg_catalog.setval('public.stock_move_id_seq', 8, true);


--
-- Name: stock_move_line_id_seq; Type: SEQUENCE SET; Schema: public; Owner: odoo
--

SELECT pg_catalog.setval('public.stock_move_line_id_seq', 6, true);


--
-- Name: stock_orderpoint_snooze_id_seq; Type: SEQUENCE SET; Schema: public; Owner: odoo
--

SELECT pg_catalog.setval('public.stock_orderpoint_snooze_id_seq', 1, false);


--
-- Name: stock_package_destination_id_seq; Type: SEQUENCE SET; Schema: public; Owner: odoo
--

SELECT pg_catalog.setval('public.stock_package_destination_id_seq', 1, false);


--
-- Name: stock_package_level_id_seq; Type: SEQUENCE SET; Schema: public; Owner: odoo
--

SELECT pg_catalog.setval('public.stock_package_level_id_seq', 1, false);


--
-- Name: stock_package_type_id_seq; Type: SEQUENCE SET; Schema: public; Owner: odoo
--

SELECT pg_catalog.setval('public.stock_package_type_id_seq', 1, false);


--
-- Name: stock_picking_id_seq; Type: SEQUENCE SET; Schema: public; Owner: odoo
--

SELECT pg_catalog.setval('public.stock_picking_id_seq', 2268, true);


--
-- Name: stock_picking_type_id_seq; Type: SEQUENCE SET; Schema: public; Owner: odoo
--

SELECT pg_catalog.setval('public.stock_picking_type_id_seq', 12, true);


--
-- Name: stock_putaway_rule_id_seq; Type: SEQUENCE SET; Schema: public; Owner: odoo
--

SELECT pg_catalog.setval('public.stock_putaway_rule_id_seq', 1, false);


--
-- Name: stock_quant_id_seq; Type: SEQUENCE SET; Schema: public; Owner: odoo
--

SELECT pg_catalog.setval('public.stock_quant_id_seq', 1, false);


--
-- Name: stock_quant_package_id_seq; Type: SEQUENCE SET; Schema: public; Owner: odoo
--

SELECT pg_catalog.setval('public.stock_quant_package_id_seq', 1, false);


--
-- Name: stock_quant_relocate_id_seq; Type: SEQUENCE SET; Schema: public; Owner: odoo
--

SELECT pg_catalog.setval('public.stock_quant_relocate_id_seq', 1, false);


--
-- Name: stock_quantity_history_id_seq; Type: SEQUENCE SET; Schema: public; Owner: odoo
--

SELECT pg_catalog.setval('public.stock_quantity_history_id_seq', 1, false);


--
-- Name: stock_replenishment_info_id_seq; Type: SEQUENCE SET; Schema: public; Owner: odoo
--

SELECT pg_catalog.setval('public.stock_replenishment_info_id_seq', 1, false);


--
-- Name: stock_replenishment_option_id_seq; Type: SEQUENCE SET; Schema: public; Owner: odoo
--

SELECT pg_catalog.setval('public.stock_replenishment_option_id_seq', 1, false);


--
-- Name: stock_request_count_id_seq; Type: SEQUENCE SET; Schema: public; Owner: odoo
--

SELECT pg_catalog.setval('public.stock_request_count_id_seq', 1, false);


--
-- Name: stock_return_picking_id_seq; Type: SEQUENCE SET; Schema: public; Owner: odoo
--

SELECT pg_catalog.setval('public.stock_return_picking_id_seq', 2, true);


--
-- Name: stock_return_picking_line_id_seq; Type: SEQUENCE SET; Schema: public; Owner: odoo
--

SELECT pg_catalog.setval('public.stock_return_picking_line_id_seq', 1, true);


--
-- Name: stock_route_id_seq; Type: SEQUENCE SET; Schema: public; Owner: odoo
--

SELECT pg_catalog.setval('public.stock_route_id_seq', 7, true);


--
-- Name: stock_rule_id_seq; Type: SEQUENCE SET; Schema: public; Owner: odoo
--

SELECT pg_catalog.setval('public.stock_rule_id_seq', 11, true);


--
-- Name: stock_rules_report_id_seq; Type: SEQUENCE SET; Schema: public; Owner: odoo
--

SELECT pg_catalog.setval('public.stock_rules_report_id_seq', 1, false);


--
-- Name: stock_scrap_id_seq; Type: SEQUENCE SET; Schema: public; Owner: odoo
--

SELECT pg_catalog.setval('public.stock_scrap_id_seq', 1, false);


--
-- Name: stock_scrap_reason_tag_id_seq; Type: SEQUENCE SET; Schema: public; Owner: odoo
--

SELECT pg_catalog.setval('public.stock_scrap_reason_tag_id_seq', 1, false);


--
-- Name: stock_storage_category_capacity_id_seq; Type: SEQUENCE SET; Schema: public; Owner: odoo
--

SELECT pg_catalog.setval('public.stock_storage_category_capacity_id_seq', 1, false);


--
-- Name: stock_storage_category_id_seq; Type: SEQUENCE SET; Schema: public; Owner: odoo
--

SELECT pg_catalog.setval('public.stock_storage_category_id_seq', 1, false);


--
-- Name: stock_traceability_report_id_seq; Type: SEQUENCE SET; Schema: public; Owner: odoo
--

SELECT pg_catalog.setval('public.stock_traceability_report_id_seq', 1, false);


--
-- Name: stock_track_confirmation_id_seq; Type: SEQUENCE SET; Schema: public; Owner: odoo
--

SELECT pg_catalog.setval('public.stock_track_confirmation_id_seq', 1, false);


--
-- Name: stock_track_line_id_seq; Type: SEQUENCE SET; Schema: public; Owner: odoo
--

SELECT pg_catalog.setval('public.stock_track_line_id_seq', 1, false);


--
-- Name: stock_valuation_layer_id_seq; Type: SEQUENCE SET; Schema: public; Owner: odoo
--

SELECT pg_catalog.setval('public.stock_valuation_layer_id_seq', 2, true);


--
-- Name: stock_valuation_layer_revaluation_id_seq; Type: SEQUENCE SET; Schema: public; Owner: odoo
--

SELECT pg_catalog.setval('public.stock_valuation_layer_revaluation_id_seq', 1, false);


--
-- Name: stock_warehouse_id_seq; Type: SEQUENCE SET; Schema: public; Owner: odoo
--

SELECT pg_catalog.setval('public.stock_warehouse_id_seq', 1, true);


--
-- Name: stock_warehouse_orderpoint_id_seq; Type: SEQUENCE SET; Schema: public; Owner: odoo
--

SELECT pg_catalog.setval('public.stock_warehouse_orderpoint_id_seq', 1, false);


--
-- Name: stock_warn_insufficient_qty_repair_id_seq; Type: SEQUENCE SET; Schema: public; Owner: odoo
--

SELECT pg_catalog.setval('public.stock_warn_insufficient_qty_repair_id_seq', 1, false);


--
-- Name: stock_warn_insufficient_qty_scrap_id_seq; Type: SEQUENCE SET; Schema: public; Owner: odoo
--

SELECT pg_catalog.setval('public.stock_warn_insufficient_qty_scrap_id_seq', 1, false);


--
-- Name: stock_warn_insufficient_qty_unbuild_id_seq; Type: SEQUENCE SET; Schema: public; Owner: odoo
--

SELECT pg_catalog.setval('public.stock_warn_insufficient_qty_unbuild_id_seq', 1, false);


--
-- Name: theme_ir_asset_id_seq; Type: SEQUENCE SET; Schema: public; Owner: odoo
--

SELECT pg_catalog.setval('public.theme_ir_asset_id_seq', 1, false);


--
-- Name: theme_ir_attachment_id_seq; Type: SEQUENCE SET; Schema: public; Owner: odoo
--

SELECT pg_catalog.setval('public.theme_ir_attachment_id_seq', 1, false);


--
-- Name: theme_ir_ui_view_id_seq; Type: SEQUENCE SET; Schema: public; Owner: odoo
--

SELECT pg_catalog.setval('public.theme_ir_ui_view_id_seq', 1, false);


--
-- Name: theme_website_menu_id_seq; Type: SEQUENCE SET; Schema: public; Owner: odoo
--

SELECT pg_catalog.setval('public.theme_website_menu_id_seq', 1, false);


--
-- Name: theme_website_page_id_seq; Type: SEQUENCE SET; Schema: public; Owner: odoo
--

SELECT pg_catalog.setval('public.theme_website_page_id_seq', 1, false);


--
-- Name: uom_category_id_seq; Type: SEQUENCE SET; Schema: public; Owner: odoo
--

SELECT pg_catalog.setval('public.uom_category_id_seq', 7, true);


--
-- Name: uom_uom_id_seq; Type: SEQUENCE SET; Schema: public; Owner: odoo
--

SELECT pg_catalog.setval('public.uom_uom_id_seq', 28, true);


--
-- Name: update_product_attribute_value_id_seq; Type: SEQUENCE SET; Schema: public; Owner: odoo
--

SELECT pg_catalog.setval('public.update_product_attribute_value_id_seq', 1, false);


--
-- Name: utm_campaign_id_seq; Type: SEQUENCE SET; Schema: public; Owner: odoo
--

SELECT pg_catalog.setval('public.utm_campaign_id_seq', 1, false);


--
-- Name: utm_medium_id_seq; Type: SEQUENCE SET; Schema: public; Owner: odoo
--

SELECT pg_catalog.setval('public.utm_medium_id_seq', 10, true);


--
-- Name: utm_source_id_seq; Type: SEQUENCE SET; Schema: public; Owner: odoo
--

SELECT pg_catalog.setval('public.utm_source_id_seq', 9, true);


--
-- Name: utm_stage_id_seq; Type: SEQUENCE SET; Schema: public; Owner: odoo
--

SELECT pg_catalog.setval('public.utm_stage_id_seq', 1, true);


--
-- Name: utm_tag_id_seq; Type: SEQUENCE SET; Schema: public; Owner: odoo
--

SELECT pg_catalog.setval('public.utm_tag_id_seq', 1, true);


--
-- Name: validate_account_move_id_seq; Type: SEQUENCE SET; Schema: public; Owner: odoo
--

SELECT pg_catalog.setval('public.validate_account_move_id_seq', 1, false);


--
-- Name: web_editor_converter_test_id_seq; Type: SEQUENCE SET; Schema: public; Owner: odoo
--

SELECT pg_catalog.setval('public.web_editor_converter_test_id_seq', 1, false);


--
-- Name: web_editor_converter_test_sub_id_seq; Type: SEQUENCE SET; Schema: public; Owner: odoo
--

SELECT pg_catalog.setval('public.web_editor_converter_test_sub_id_seq', 1, false);


--
-- Name: web_tour_tour_id_seq; Type: SEQUENCE SET; Schema: public; Owner: odoo
--

SELECT pg_catalog.setval('public.web_tour_tour_id_seq', 8, true);


--
-- Name: web_tour_tour_step_id_seq; Type: SEQUENCE SET; Schema: public; Owner: odoo
--

SELECT pg_catalog.setval('public.web_tour_tour_step_id_seq', 1, false);


--
-- Name: website_configurator_feature_id_seq; Type: SEQUENCE SET; Schema: public; Owner: odoo
--

SELECT pg_catalog.setval('public.website_configurator_feature_id_seq', 13, true);


--
-- Name: website_controller_page_id_seq; Type: SEQUENCE SET; Schema: public; Owner: odoo
--

SELECT pg_catalog.setval('public.website_controller_page_id_seq', 1, false);


--
-- Name: website_custom_blocked_third_party_domains_id_seq; Type: SEQUENCE SET; Schema: public; Owner: odoo
--

SELECT pg_catalog.setval('public.website_custom_blocked_third_party_domains_id_seq', 1, false);


--
-- Name: website_id_seq; Type: SEQUENCE SET; Schema: public; Owner: odoo
--

SELECT pg_catalog.setval('public.website_id_seq', 1, true);


--
-- Name: website_menu_id_seq; Type: SEQUENCE SET; Schema: public; Owner: odoo
--

SELECT pg_catalog.setval('public.website_menu_id_seq', 6, true);


--
-- Name: website_page_id_seq; Type: SEQUENCE SET; Schema: public; Owner: odoo
--

SELECT pg_catalog.setval('public.website_page_id_seq', 5, true);


--
-- Name: website_page_properties_base_id_seq; Type: SEQUENCE SET; Schema: public; Owner: odoo
--

SELECT pg_catalog.setval('public.website_page_properties_base_id_seq', 1, false);


--
-- Name: website_page_properties_id_seq; Type: SEQUENCE SET; Schema: public; Owner: odoo
--

SELECT pg_catalog.setval('public.website_page_properties_id_seq', 1, false);


--
-- Name: website_rewrite_id_seq; Type: SEQUENCE SET; Schema: public; Owner: odoo
--

SELECT pg_catalog.setval('public.website_rewrite_id_seq', 1, false);


--
-- Name: website_robots_id_seq; Type: SEQUENCE SET; Schema: public; Owner: odoo
--

SELECT pg_catalog.setval('public.website_robots_id_seq', 1, false);


--
-- Name: website_route_id_seq; Type: SEQUENCE SET; Schema: public; Owner: odoo
--

SELECT pg_catalog.setval('public.website_route_id_seq', 1, false);


--
-- Name: website_snippet_filter_id_seq; Type: SEQUENCE SET; Schema: public; Owner: odoo
--

SELECT pg_catalog.setval('public.website_snippet_filter_id_seq', 1, false);


--
-- Name: website_track_id_seq; Type: SEQUENCE SET; Schema: public; Owner: odoo
--

SELECT pg_catalog.setval('public.website_track_id_seq', 64, true);


--
-- Name: website_visitor_id_seq; Type: SEQUENCE SET; Schema: public; Owner: odoo
--

SELECT pg_catalog.setval('public.website_visitor_id_seq', 64, true);


--
-- Name: wizard_ir_model_menu_create_id_seq; Type: SEQUENCE SET; Schema: public; Owner: odoo
--

SELECT pg_catalog.setval('public.wizard_ir_model_menu_create_id_seq', 1, false);


--
-- Name: account_account_account_journal_rel account_account_account_journal_rel_pkey; Type: CONSTRAINT; Schema: public; Owner: odoo
--

ALTER TABLE ONLY public.account_account_account_journal_rel
    ADD CONSTRAINT account_account_account_journal_rel_pkey PRIMARY KEY (account_account_id, account_journal_id);


--
-- Name: account_account_account_merge_wizard_rel account_account_account_merge_wizard_rel_pkey; Type: CONSTRAINT; Schema: public; Owner: odoo
--

ALTER TABLE ONLY public.account_account_account_merge_wizard_rel
    ADD CONSTRAINT account_account_account_merge_wizard_rel_pkey PRIMARY KEY (account_merge_wizard_id, account_account_id);


--
-- Name: account_account_account_tag account_account_account_tag_pkey; Type: CONSTRAINT; Schema: public; Owner: odoo
--

ALTER TABLE ONLY public.account_account_account_tag
    ADD CONSTRAINT account_account_account_tag_pkey PRIMARY KEY (account_account_id, account_account_tag_id);


--
-- Name: account_account account_account_pkey; Type: CONSTRAINT; Schema: public; Owner: odoo
--

ALTER TABLE ONLY public.account_account
    ADD CONSTRAINT account_account_pkey PRIMARY KEY (id);


--
-- Name: account_account_res_company_rel account_account_res_company_rel_pkey; Type: CONSTRAINT; Schema: public; Owner: odoo
--

ALTER TABLE ONLY public.account_account_res_company_rel
    ADD CONSTRAINT account_account_res_company_rel_pkey PRIMARY KEY (account_account_id, res_company_id);


--
-- Name: account_account_tag_account_move_line_rel account_account_tag_account_move_line_rel_pkey; Type: CONSTRAINT; Schema: public; Owner: odoo
--

ALTER TABLE ONLY public.account_account_tag_account_move_line_rel
    ADD CONSTRAINT account_account_tag_account_move_line_rel_pkey PRIMARY KEY (account_move_line_id, account_account_tag_id);


--
-- Name: account_account_tag_account_tax_repartition_line_rel account_account_tag_account_tax_repartition_line_rel_pkey; Type: CONSTRAINT; Schema: public; Owner: odoo
--

ALTER TABLE ONLY public.account_account_tag_account_tax_repartition_line_rel
    ADD CONSTRAINT account_account_tag_account_tax_repartition_line_rel_pkey PRIMARY KEY (account_tax_repartition_line_id, account_account_tag_id);


--
-- Name: account_account_tag account_account_tag_name_uniq; Type: CONSTRAINT; Schema: public; Owner: odoo
--

ALTER TABLE ONLY public.account_account_tag
    ADD CONSTRAINT account_account_tag_name_uniq UNIQUE (name, applicability, country_id);


--
-- Name: CONSTRAINT account_account_tag_name_uniq ON account_account_tag; Type: COMMENT; Schema: public; Owner: odoo
--

COMMENT ON CONSTRAINT account_account_tag_name_uniq ON public.account_account_tag IS 'unique(name, applicability, country_id)';


--
-- Name: account_account_tag account_account_tag_pkey; Type: CONSTRAINT; Schema: public; Owner: odoo
--

ALTER TABLE ONLY public.account_account_tag
    ADD CONSTRAINT account_account_tag_pkey PRIMARY KEY (id);


--
-- Name: account_account_tag_product_template_rel account_account_tag_product_template_rel_pkey; Type: CONSTRAINT; Schema: public; Owner: odoo
--

ALTER TABLE ONLY public.account_account_tag_product_template_rel
    ADD CONSTRAINT account_account_tag_product_template_rel_pkey PRIMARY KEY (product_template_id, account_account_tag_id);


--
-- Name: account_account_tax_default_rel account_account_tax_default_rel_pkey; Type: CONSTRAINT; Schema: public; Owner: odoo
--

ALTER TABLE ONLY public.account_account_tax_default_rel
    ADD CONSTRAINT account_account_tax_default_rel_pkey PRIMARY KEY (account_id, tax_id);


--
-- Name: account_accrued_orders_wizard account_accrued_orders_wizard_pkey; Type: CONSTRAINT; Schema: public; Owner: odoo
--

ALTER TABLE ONLY public.account_accrued_orders_wizard
    ADD CONSTRAINT account_accrued_orders_wizard_pkey PRIMARY KEY (id);


--
-- Name: account_analytic_account_mrp_bom_rel account_analytic_account_mrp_bom_rel_pkey; Type: CONSTRAINT; Schema: public; Owner: odoo
--

ALTER TABLE ONLY public.account_analytic_account_mrp_bom_rel
    ADD CONSTRAINT account_analytic_account_mrp_bom_rel_pkey PRIMARY KEY (account_analytic_account_id, mrp_bom_id);


--
-- Name: account_analytic_account_mrp_production_rel account_analytic_account_mrp_production_rel_pkey; Type: CONSTRAINT; Schema: public; Owner: odoo
--

ALTER TABLE ONLY public.account_analytic_account_mrp_production_rel
    ADD CONSTRAINT account_analytic_account_mrp_production_rel_pkey PRIMARY KEY (account_analytic_account_id, mrp_production_id);


--
-- Name: account_analytic_account_mrp_workcenter_rel account_analytic_account_mrp_workcenter_rel_pkey; Type: CONSTRAINT; Schema: public; Owner: odoo
--

ALTER TABLE ONLY public.account_analytic_account_mrp_workcenter_rel
    ADD CONSTRAINT account_analytic_account_mrp_workcenter_rel_pkey PRIMARY KEY (account_analytic_account_id, mrp_workcenter_id);


--
-- Name: account_analytic_account account_analytic_account_pkey; Type: CONSTRAINT; Schema: public; Owner: odoo
--

ALTER TABLE ONLY public.account_analytic_account
    ADD CONSTRAINT account_analytic_account_pkey PRIMARY KEY (id);


--
-- Name: account_analytic_applicability account_analytic_applicability_pkey; Type: CONSTRAINT; Schema: public; Owner: odoo
--

ALTER TABLE ONLY public.account_analytic_applicability
    ADD CONSTRAINT account_analytic_applicability_pkey PRIMARY KEY (id);


--
-- Name: account_analytic_distribution_model account_analytic_distribution_model_pkey; Type: CONSTRAINT; Schema: public; Owner: odoo
--

ALTER TABLE ONLY public.account_analytic_distribution_model
    ADD CONSTRAINT account_analytic_distribution_model_pkey PRIMARY KEY (id);


--
-- Name: account_analytic_line account_analytic_line_pkey; Type: CONSTRAINT; Schema: public; Owner: odoo
--

ALTER TABLE ONLY public.account_analytic_line
    ADD CONSTRAINT account_analytic_line_pkey PRIMARY KEY (id);


--
-- Name: account_analytic_line_stock_move_rel account_analytic_line_stock_move_rel_pkey; Type: CONSTRAINT; Schema: public; Owner: odoo
--

ALTER TABLE ONLY public.account_analytic_line_stock_move_rel
    ADD CONSTRAINT account_analytic_line_stock_move_rel_pkey PRIMARY KEY (stock_move_id, account_analytic_line_id);


--
-- Name: account_analytic_plan account_analytic_plan_pkey; Type: CONSTRAINT; Schema: public; Owner: odoo
--

ALTER TABLE ONLY public.account_analytic_plan
    ADD CONSTRAINT account_analytic_plan_pkey PRIMARY KEY (id);


--
-- Name: account_automatic_entry_wizard_account_move_line_rel account_automatic_entry_wizard_account_move_line_rel_pkey; Type: CONSTRAINT; Schema: public; Owner: odoo
--

ALTER TABLE ONLY public.account_automatic_entry_wizard_account_move_line_rel
    ADD CONSTRAINT account_automatic_entry_wizard_account_move_line_rel_pkey PRIMARY KEY (account_automatic_entry_wizard_id, account_move_line_id);


--
-- Name: account_automatic_entry_wizard account_automatic_entry_wizard_pkey; Type: CONSTRAINT; Schema: public; Owner: odoo
--

ALTER TABLE ONLY public.account_automatic_entry_wizard
    ADD CONSTRAINT account_automatic_entry_wizard_pkey PRIMARY KEY (id);


--
-- Name: account_autopost_bills_wizard account_autopost_bills_wizard_pkey; Type: CONSTRAINT; Schema: public; Owner: odoo
--

ALTER TABLE ONLY public.account_autopost_bills_wizard
    ADD CONSTRAINT account_autopost_bills_wizard_pkey PRIMARY KEY (id);


--
-- Name: account_bank_statement_ir_attachment_rel account_bank_statement_ir_attachment_rel_pkey; Type: CONSTRAINT; Schema: public; Owner: odoo
--

ALTER TABLE ONLY public.account_bank_statement_ir_attachment_rel
    ADD CONSTRAINT account_bank_statement_ir_attachment_rel_pkey PRIMARY KEY (account_bank_statement_id, ir_attachment_id);


--
-- Name: account_bank_statement_line account_bank_statement_line_pkey; Type: CONSTRAINT; Schema: public; Owner: odoo
--

ALTER TABLE ONLY public.account_bank_statement_line
    ADD CONSTRAINT account_bank_statement_line_pkey PRIMARY KEY (id);


--
-- Name: account_bank_statement account_bank_statement_pkey; Type: CONSTRAINT; Schema: public; Owner: odoo
--

ALTER TABLE ONLY public.account_bank_statement
    ADD CONSTRAINT account_bank_statement_pkey PRIMARY KEY (id);


--
-- Name: account_cash_rounding account_cash_rounding_pkey; Type: CONSTRAINT; Schema: public; Owner: odoo
--

ALTER TABLE ONLY public.account_cash_rounding
    ADD CONSTRAINT account_cash_rounding_pkey PRIMARY KEY (id);


--
-- Name: account_edi_proxy_client_user account_edi_proxy_client_user_pkey; Type: CONSTRAINT; Schema: public; Owner: odoo
--

ALTER TABLE ONLY public.account_edi_proxy_client_user
    ADD CONSTRAINT account_edi_proxy_client_user_pkey PRIMARY KEY (id);


--
-- Name: account_edi_proxy_client_user account_edi_proxy_client_user_unique_id_client; Type: CONSTRAINT; Schema: public; Owner: odoo
--

ALTER TABLE ONLY public.account_edi_proxy_client_user
    ADD CONSTRAINT account_edi_proxy_client_user_unique_id_client UNIQUE (id_client);


--
-- Name: CONSTRAINT account_edi_proxy_client_user_unique_id_client ON account_edi_proxy_client_user; Type: COMMENT; Schema: public; Owner: odoo
--

COMMENT ON CONSTRAINT account_edi_proxy_client_user_unique_id_client ON public.account_edi_proxy_client_user IS 'unique(id_client)';


--
-- Name: account_financial_year_op account_financial_year_op_pkey; Type: CONSTRAINT; Schema: public; Owner: odoo
--

ALTER TABLE ONLY public.account_financial_year_op
    ADD CONSTRAINT account_financial_year_op_pkey PRIMARY KEY (id);


--
-- Name: account_fiscal_position_account account_fiscal_position_account_account_src_dest_uniq; Type: CONSTRAINT; Schema: public; Owner: odoo
--

ALTER TABLE ONLY public.account_fiscal_position_account
    ADD CONSTRAINT account_fiscal_position_account_account_src_dest_uniq UNIQUE (position_id, account_src_id, account_dest_id);


--
-- Name: CONSTRAINT account_fiscal_position_account_account_src_dest_uniq ON account_fiscal_position_account; Type: COMMENT; Schema: public; Owner: odoo
--

COMMENT ON CONSTRAINT account_fiscal_position_account_account_src_dest_uniq ON public.account_fiscal_position_account IS 'unique (position_id,account_src_id,account_dest_id)';


--
-- Name: account_fiscal_position_account account_fiscal_position_account_pkey; Type: CONSTRAINT; Schema: public; Owner: odoo
--

ALTER TABLE ONLY public.account_fiscal_position_account
    ADD CONSTRAINT account_fiscal_position_account_pkey PRIMARY KEY (id);


--
-- Name: account_fiscal_position account_fiscal_position_pkey; Type: CONSTRAINT; Schema: public; Owner: odoo
--

ALTER TABLE ONLY public.account_fiscal_position
    ADD CONSTRAINT account_fiscal_position_pkey PRIMARY KEY (id);


--
-- Name: account_fiscal_position_res_country_state_rel account_fiscal_position_res_country_state_rel_pkey; Type: CONSTRAINT; Schema: public; Owner: odoo
--

ALTER TABLE ONLY public.account_fiscal_position_res_country_state_rel
    ADD CONSTRAINT account_fiscal_position_res_country_state_rel_pkey PRIMARY KEY (account_fiscal_position_id, res_country_state_id);


--
-- Name: account_fiscal_position_tax account_fiscal_position_tax_pkey; Type: CONSTRAINT; Schema: public; Owner: odoo
--

ALTER TABLE ONLY public.account_fiscal_position_tax
    ADD CONSTRAINT account_fiscal_position_tax_pkey PRIMARY KEY (id);


--
-- Name: account_fiscal_position_tax account_fiscal_position_tax_tax_src_dest_uniq; Type: CONSTRAINT; Schema: public; Owner: odoo
--

ALTER TABLE ONLY public.account_fiscal_position_tax
    ADD CONSTRAINT account_fiscal_position_tax_tax_src_dest_uniq UNIQUE (position_id, tax_src_id, tax_dest_id);


--
-- Name: CONSTRAINT account_fiscal_position_tax_tax_src_dest_uniq ON account_fiscal_position_tax; Type: COMMENT; Schema: public; Owner: odoo
--

COMMENT ON CONSTRAINT account_fiscal_position_tax_tax_src_dest_uniq ON public.account_fiscal_position_tax IS 'unique (position_id,tax_src_id,tax_dest_id)';


--
-- Name: account_full_reconcile account_full_reconcile_pkey; Type: CONSTRAINT; Schema: public; Owner: odoo
--

ALTER TABLE ONLY public.account_full_reconcile
    ADD CONSTRAINT account_full_reconcile_pkey PRIMARY KEY (id);


--
-- Name: account_group account_group_pkey; Type: CONSTRAINT; Schema: public; Owner: odoo
--

ALTER TABLE ONLY public.account_group
    ADD CONSTRAINT account_group_pkey PRIMARY KEY (id);


--
-- Name: account_incoterms account_incoterms_pkey; Type: CONSTRAINT; Schema: public; Owner: odoo
--

ALTER TABLE ONLY public.account_incoterms
    ADD CONSTRAINT account_incoterms_pkey PRIMARY KEY (id);


--
-- Name: account_invoice_transaction_rel account_invoice_transaction_rel_pkey; Type: CONSTRAINT; Schema: public; Owner: odoo
--

ALTER TABLE ONLY public.account_invoice_transaction_rel
    ADD CONSTRAINT account_invoice_transaction_rel_pkey PRIMARY KEY (invoice_id, transaction_id);


--
-- Name: account_journal_account_journal_group_rel account_journal_account_journal_group_rel_pkey; Type: CONSTRAINT; Schema: public; Owner: odoo
--

ALTER TABLE ONLY public.account_journal_account_journal_group_rel
    ADD CONSTRAINT account_journal_account_journal_group_rel_pkey PRIMARY KEY (account_journal_group_id, account_journal_id);


--
-- Name: account_journal_account_reconcile_model_rel account_journal_account_reconcile_model_rel_pkey; Type: CONSTRAINT; Schema: public; Owner: odoo
--

ALTER TABLE ONLY public.account_journal_account_reconcile_model_rel
    ADD CONSTRAINT account_journal_account_reconcile_model_rel_pkey PRIMARY KEY (account_reconcile_model_id, account_journal_id);


--
-- Name: account_journal account_journal_code_company_uniq; Type: CONSTRAINT; Schema: public; Owner: odoo
--

ALTER TABLE ONLY public.account_journal
    ADD CONSTRAINT account_journal_code_company_uniq UNIQUE (company_id, code);


--
-- Name: CONSTRAINT account_journal_code_company_uniq ON account_journal; Type: COMMENT; Schema: public; Owner: odoo
--

COMMENT ON CONSTRAINT account_journal_code_company_uniq ON public.account_journal IS 'unique (company_id, code)';


--
-- Name: account_journal_group account_journal_group_pkey; Type: CONSTRAINT; Schema: public; Owner: odoo
--

ALTER TABLE ONLY public.account_journal_group
    ADD CONSTRAINT account_journal_group_pkey PRIMARY KEY (id);


--
-- Name: account_journal_group account_journal_group_uniq_name; Type: CONSTRAINT; Schema: public; Owner: odoo
--

ALTER TABLE ONLY public.account_journal_group
    ADD CONSTRAINT account_journal_group_uniq_name UNIQUE (company_id, name);


--
-- Name: CONSTRAINT account_journal_group_uniq_name ON account_journal_group; Type: COMMENT; Schema: public; Owner: odoo
--

COMMENT ON CONSTRAINT account_journal_group_uniq_name ON public.account_journal_group IS 'unique(company_id, name)';


--
-- Name: account_journal account_journal_pkey; Type: CONSTRAINT; Schema: public; Owner: odoo
--

ALTER TABLE ONLY public.account_journal
    ADD CONSTRAINT account_journal_pkey PRIMARY KEY (id);


--
-- Name: account_lock_exception account_lock_exception_pkey; Type: CONSTRAINT; Schema: public; Owner: odoo
--

ALTER TABLE ONLY public.account_lock_exception
    ADD CONSTRAINT account_lock_exception_pkey PRIMARY KEY (id);


--
-- Name: account_merge_wizard_line account_merge_wizard_line_pkey; Type: CONSTRAINT; Schema: public; Owner: odoo
--

ALTER TABLE ONLY public.account_merge_wizard_line
    ADD CONSTRAINT account_merge_wizard_line_pkey PRIMARY KEY (id);


--
-- Name: account_merge_wizard account_merge_wizard_pkey; Type: CONSTRAINT; Schema: public; Owner: odoo
--

ALTER TABLE ONLY public.account_merge_wizard
    ADD CONSTRAINT account_merge_wizard_pkey PRIMARY KEY (id);


--
-- Name: account_move__account_payment account_move__account_payment_pkey; Type: CONSTRAINT; Schema: public; Owner: odoo
--

ALTER TABLE ONLY public.account_move__account_payment
    ADD CONSTRAINT account_move__account_payment_pkey PRIMARY KEY (invoice_id, payment_id);


--
-- Name: account_move_account_move_send_batch_wizard_rel account_move_account_move_send_batch_wizard_rel_pkey; Type: CONSTRAINT; Schema: public; Owner: odoo
--

ALTER TABLE ONLY public.account_move_account_move_send_batch_wizard_rel
    ADD CONSTRAINT account_move_account_move_send_batch_wizard_rel_pkey PRIMARY KEY (account_move_send_batch_wizard_id, account_move_id);


--
-- Name: account_move_account_peppol_rejection_wizard_rel account_move_account_peppol_rejection_wizard_rel_pkey; Type: CONSTRAINT; Schema: public; Owner: odoo
--

ALTER TABLE ONLY public.account_move_account_peppol_rejection_wizard_rel
    ADD CONSTRAINT account_move_account_peppol_rejection_wizard_rel_pkey PRIMARY KEY (account_peppol_rejection_wizard_id, account_move_id);


--
-- Name: account_move_account_resequence_wizard_rel account_move_account_resequence_wizard_rel_pkey; Type: CONSTRAINT; Schema: public; Owner: odoo
--

ALTER TABLE ONLY public.account_move_account_resequence_wizard_rel
    ADD CONSTRAINT account_move_account_resequence_wizard_rel_pkey PRIMARY KEY (account_resequence_wizard_id, account_move_id);


--
-- Name: account_move_line_account_tax_rel account_move_line_account_tax_rel_pkey; Type: CONSTRAINT; Schema: public; Owner: odoo
--

ALTER TABLE ONLY public.account_move_line_account_tax_rel
    ADD CONSTRAINT account_move_line_account_tax_rel_pkey PRIMARY KEY (account_move_line_id, account_tax_id);


--
-- Name: account_move_line account_move_line_pkey; Type: CONSTRAINT; Schema: public; Owner: odoo
--

ALTER TABLE ONLY public.account_move_line
    ADD CONSTRAINT account_move_line_pkey PRIMARY KEY (id);


--
-- Name: account_move_mrp_production_rel account_move_mrp_production_rel_pkey; Type: CONSTRAINT; Schema: public; Owner: odoo
--

ALTER TABLE ONLY public.account_move_mrp_production_rel
    ADD CONSTRAINT account_move_mrp_production_rel_pkey PRIMARY KEY (account_move_id, mrp_production_id);


--
-- Name: account_move account_move_pkey; Type: CONSTRAINT; Schema: public; Owner: odoo
--

ALTER TABLE ONLY public.account_move
    ADD CONSTRAINT account_move_pkey PRIMARY KEY (id);


--
-- Name: account_move_purchase_order_rel account_move_purchase_order_rel_pkey; Type: CONSTRAINT; Schema: public; Owner: odoo
--

ALTER TABLE ONLY public.account_move_purchase_order_rel
    ADD CONSTRAINT account_move_purchase_order_rel_pkey PRIMARY KEY (purchase_order_id, account_move_id);


--
-- Name: account_move_reversal_move account_move_reversal_move_pkey; Type: CONSTRAINT; Schema: public; Owner: odoo
--

ALTER TABLE ONLY public.account_move_reversal_move
    ADD CONSTRAINT account_move_reversal_move_pkey PRIMARY KEY (reversal_id, move_id);


--
-- Name: account_move_reversal_new_move account_move_reversal_new_move_pkey; Type: CONSTRAINT; Schema: public; Owner: odoo
--

ALTER TABLE ONLY public.account_move_reversal_new_move
    ADD CONSTRAINT account_move_reversal_new_move_pkey PRIMARY KEY (reversal_id, new_move_id);


--
-- Name: account_move_reversal account_move_reversal_pkey; Type: CONSTRAINT; Schema: public; Owner: odoo
--

ALTER TABLE ONLY public.account_move_reversal
    ADD CONSTRAINT account_move_reversal_pkey PRIMARY KEY (id);


--
-- Name: account_move_send_batch_wizard account_move_send_batch_wizard_pkey; Type: CONSTRAINT; Schema: public; Owner: odoo
--

ALTER TABLE ONLY public.account_move_send_batch_wizard
    ADD CONSTRAINT account_move_send_batch_wizard_pkey PRIMARY KEY (id);


--
-- Name: account_move_send_wizard account_move_send_wizard_pkey; Type: CONSTRAINT; Schema: public; Owner: odoo
--

ALTER TABLE ONLY public.account_move_send_wizard
    ADD CONSTRAINT account_move_send_wizard_pkey PRIMARY KEY (id);


--
-- Name: account_move_send_wizard_res_partner_rel account_move_send_wizard_res_partner_rel_pkey; Type: CONSTRAINT; Schema: public; Owner: odoo
--

ALTER TABLE ONLY public.account_move_send_wizard_res_partner_rel
    ADD CONSTRAINT account_move_send_wizard_res_partner_rel_pkey PRIMARY KEY (account_move_send_wizard_id, res_partner_id);


--
-- Name: account_move_validate_account_move_rel account_move_validate_account_move_rel_pkey; Type: CONSTRAINT; Schema: public; Owner: odoo
--

ALTER TABLE ONLY public.account_move_validate_account_move_rel
    ADD CONSTRAINT account_move_validate_account_move_rel_pkey PRIMARY KEY (validate_account_move_id, account_move_id);


--
-- Name: account_partial_reconcile account_partial_reconcile_pkey; Type: CONSTRAINT; Schema: public; Owner: odoo
--

ALTER TABLE ONLY public.account_partial_reconcile
    ADD CONSTRAINT account_partial_reconcile_pkey PRIMARY KEY (id);


--
-- Name: account_payment_account_bank_statement_line_rel account_payment_account_bank_statement_line_rel_pkey; Type: CONSTRAINT; Schema: public; Owner: odoo
--

ALTER TABLE ONLY public.account_payment_account_bank_statement_line_rel
    ADD CONSTRAINT account_payment_account_bank_statement_line_rel_pkey PRIMARY KEY (account_bank_statement_line_id, account_payment_id);


--
-- Name: account_payment_method_line account_payment_method_line_pkey; Type: CONSTRAINT; Schema: public; Owner: odoo
--

ALTER TABLE ONLY public.account_payment_method_line
    ADD CONSTRAINT account_payment_method_line_pkey PRIMARY KEY (id);


--
-- Name: account_payment_method account_payment_method_name_code_unique; Type: CONSTRAINT; Schema: public; Owner: odoo
--

ALTER TABLE ONLY public.account_payment_method
    ADD CONSTRAINT account_payment_method_name_code_unique UNIQUE (code, payment_type);


--
-- Name: CONSTRAINT account_payment_method_name_code_unique ON account_payment_method; Type: COMMENT; Schema: public; Owner: odoo
--

COMMENT ON CONSTRAINT account_payment_method_name_code_unique ON public.account_payment_method IS 'unique (code, payment_type)';


--
-- Name: account_payment_method account_payment_method_pkey; Type: CONSTRAINT; Schema: public; Owner: odoo
--

ALTER TABLE ONLY public.account_payment_method
    ADD CONSTRAINT account_payment_method_pkey PRIMARY KEY (id);


--
-- Name: account_payment account_payment_pkey; Type: CONSTRAINT; Schema: public; Owner: odoo
--

ALTER TABLE ONLY public.account_payment
    ADD CONSTRAINT account_payment_pkey PRIMARY KEY (id);


--
-- Name: account_payment_register_move_line_rel account_payment_register_move_line_rel_pkey; Type: CONSTRAINT; Schema: public; Owner: odoo
--

ALTER TABLE ONLY public.account_payment_register_move_line_rel
    ADD CONSTRAINT account_payment_register_move_line_rel_pkey PRIMARY KEY (wizard_id, line_id);


--
-- Name: account_payment_register account_payment_register_pkey; Type: CONSTRAINT; Schema: public; Owner: odoo
--

ALTER TABLE ONLY public.account_payment_register
    ADD CONSTRAINT account_payment_register_pkey PRIMARY KEY (id);


--
-- Name: account_payment_term_line account_payment_term_line_pkey; Type: CONSTRAINT; Schema: public; Owner: odoo
--

ALTER TABLE ONLY public.account_payment_term_line
    ADD CONSTRAINT account_payment_term_line_pkey PRIMARY KEY (id);


--
-- Name: account_payment_term account_payment_term_pkey; Type: CONSTRAINT; Schema: public; Owner: odoo
--

ALTER TABLE ONLY public.account_payment_term
    ADD CONSTRAINT account_payment_term_pkey PRIMARY KEY (id);


--
-- Name: account_peppol_clarification account_peppol_clarification_pkey; Type: CONSTRAINT; Schema: public; Owner: odoo
--

ALTER TABLE ONLY public.account_peppol_clarification
    ADD CONSTRAINT account_peppol_clarification_pkey PRIMARY KEY (id);


--
-- Name: account_peppol_rejection_action_rel account_peppol_rejection_action_rel_pkey; Type: CONSTRAINT; Schema: public; Owner: odoo
--

ALTER TABLE ONLY public.account_peppol_rejection_action_rel
    ADD CONSTRAINT account_peppol_rejection_action_rel_pkey PRIMARY KEY (account_peppol_rejection_wizard_id, account_peppol_clarification_id);


--
-- Name: account_peppol_rejection_reason_rel account_peppol_rejection_reason_rel_pkey; Type: CONSTRAINT; Schema: public; Owner: odoo
--

ALTER TABLE ONLY public.account_peppol_rejection_reason_rel
    ADD CONSTRAINT account_peppol_rejection_reason_rel_pkey PRIMARY KEY (account_peppol_rejection_wizard_id, account_peppol_clarification_id);


--
-- Name: account_peppol_rejection_wizard account_peppol_rejection_wizard_pkey; Type: CONSTRAINT; Schema: public; Owner: odoo
--

ALTER TABLE ONLY public.account_peppol_rejection_wizard
    ADD CONSTRAINT account_peppol_rejection_wizard_pkey PRIMARY KEY (id);


--
-- Name: account_peppol_response account_peppol_response_pkey; Type: CONSTRAINT; Schema: public; Owner: odoo
--

ALTER TABLE ONLY public.account_peppol_response
    ADD CONSTRAINT account_peppol_response_pkey PRIMARY KEY (id);


--
-- Name: account_peppol_service account_peppol_service_pkey; Type: CONSTRAINT; Schema: public; Owner: odoo
--

ALTER TABLE ONLY public.account_peppol_service
    ADD CONSTRAINT account_peppol_service_pkey PRIMARY KEY (id);


--
-- Name: account_peppol_service_wizard account_peppol_service_wizard_pkey; Type: CONSTRAINT; Schema: public; Owner: odoo
--

ALTER TABLE ONLY public.account_peppol_service_wizard
    ADD CONSTRAINT account_peppol_service_wizard_pkey PRIMARY KEY (id);


--
-- Name: account_reconcile_model_line_account_tax_rel account_reconcile_model_line_account_tax_rel_pkey; Type: CONSTRAINT; Schema: public; Owner: odoo
--

ALTER TABLE ONLY public.account_reconcile_model_line_account_tax_rel
    ADD CONSTRAINT account_reconcile_model_line_account_tax_rel_pkey PRIMARY KEY (account_reconcile_model_line_id, account_tax_id);


--
-- Name: account_reconcile_model_line account_reconcile_model_line_pkey; Type: CONSTRAINT; Schema: public; Owner: odoo
--

ALTER TABLE ONLY public.account_reconcile_model_line
    ADD CONSTRAINT account_reconcile_model_line_pkey PRIMARY KEY (id);


--
-- Name: account_reconcile_model account_reconcile_model_name_unique; Type: CONSTRAINT; Schema: public; Owner: odoo
--

ALTER TABLE ONLY public.account_reconcile_model
    ADD CONSTRAINT account_reconcile_model_name_unique UNIQUE (name, company_id);


--
-- Name: CONSTRAINT account_reconcile_model_name_unique ON account_reconcile_model; Type: COMMENT; Schema: public; Owner: odoo
--

COMMENT ON CONSTRAINT account_reconcile_model_name_unique ON public.account_reconcile_model IS 'unique(name, company_id)';


--
-- Name: account_reconcile_model_partner_mapping account_reconcile_model_partner_mapping_pkey; Type: CONSTRAINT; Schema: public; Owner: odoo
--

ALTER TABLE ONLY public.account_reconcile_model_partner_mapping
    ADD CONSTRAINT account_reconcile_model_partner_mapping_pkey PRIMARY KEY (id);


--
-- Name: account_reconcile_model account_reconcile_model_pkey; Type: CONSTRAINT; Schema: public; Owner: odoo
--

ALTER TABLE ONLY public.account_reconcile_model
    ADD CONSTRAINT account_reconcile_model_pkey PRIMARY KEY (id);


--
-- Name: account_reconcile_model_res_partner_category_rel account_reconcile_model_res_partner_category_rel_pkey; Type: CONSTRAINT; Schema: public; Owner: odoo
--

ALTER TABLE ONLY public.account_reconcile_model_res_partner_category_rel
    ADD CONSTRAINT account_reconcile_model_res_partner_category_rel_pkey PRIMARY KEY (account_reconcile_model_id, res_partner_category_id);


--
-- Name: account_reconcile_model_res_partner_rel account_reconcile_model_res_partner_rel_pkey; Type: CONSTRAINT; Schema: public; Owner: odoo
--

ALTER TABLE ONLY public.account_reconcile_model_res_partner_rel
    ADD CONSTRAINT account_reconcile_model_res_partner_rel_pkey PRIMARY KEY (account_reconcile_model_id, res_partner_id);


--
-- Name: account_report_column account_report_column_pkey; Type: CONSTRAINT; Schema: public; Owner: odoo
--

ALTER TABLE ONLY public.account_report_column
    ADD CONSTRAINT account_report_column_pkey PRIMARY KEY (id);


--
-- Name: account_report_expression account_report_expression_line_label_uniq; Type: CONSTRAINT; Schema: public; Owner: odoo
--

ALTER TABLE ONLY public.account_report_expression
    ADD CONSTRAINT account_report_expression_line_label_uniq UNIQUE (report_line_id, label);


--
-- Name: CONSTRAINT account_report_expression_line_label_uniq ON account_report_expression; Type: COMMENT; Schema: public; Owner: odoo
--

COMMENT ON CONSTRAINT account_report_expression_line_label_uniq ON public.account_report_expression IS 'UNIQUE(report_line_id,label)';


--
-- Name: account_report_expression account_report_expression_pkey; Type: CONSTRAINT; Schema: public; Owner: odoo
--

ALTER TABLE ONLY public.account_report_expression
    ADD CONSTRAINT account_report_expression_pkey PRIMARY KEY (id);


--
-- Name: account_report_external_value account_report_external_value_pkey; Type: CONSTRAINT; Schema: public; Owner: odoo
--

ALTER TABLE ONLY public.account_report_external_value
    ADD CONSTRAINT account_report_external_value_pkey PRIMARY KEY (id);


--
-- Name: account_report_line account_report_line_code_uniq; Type: CONSTRAINT; Schema: public; Owner: odoo
--

ALTER TABLE ONLY public.account_report_line
    ADD CONSTRAINT account_report_line_code_uniq UNIQUE (report_id, code);


--
-- Name: CONSTRAINT account_report_line_code_uniq ON account_report_line; Type: COMMENT; Schema: public; Owner: odoo
--

COMMENT ON CONSTRAINT account_report_line_code_uniq ON public.account_report_line IS 'unique (report_id, code)';


--
-- Name: account_report_line account_report_line_pkey; Type: CONSTRAINT; Schema: public; Owner: odoo
--

ALTER TABLE ONLY public.account_report_line
    ADD CONSTRAINT account_report_line_pkey PRIMARY KEY (id);


--
-- Name: account_report account_report_pkey; Type: CONSTRAINT; Schema: public; Owner: odoo
--

ALTER TABLE ONLY public.account_report
    ADD CONSTRAINT account_report_pkey PRIMARY KEY (id);


--
-- Name: account_report_section_rel account_report_section_rel_pkey; Type: CONSTRAINT; Schema: public; Owner: odoo
--

ALTER TABLE ONLY public.account_report_section_rel
    ADD CONSTRAINT account_report_section_rel_pkey PRIMARY KEY (main_report_id, sub_report_id);


--
-- Name: account_resequence_wizard account_resequence_wizard_pkey; Type: CONSTRAINT; Schema: public; Owner: odoo
--

ALTER TABLE ONLY public.account_resequence_wizard
    ADD CONSTRAINT account_resequence_wizard_pkey PRIMARY KEY (id);


--
-- Name: account_secure_entries_wizard account_secure_entries_wizard_pkey; Type: CONSTRAINT; Schema: public; Owner: odoo
--

ALTER TABLE ONLY public.account_secure_entries_wizard
    ADD CONSTRAINT account_secure_entries_wizard_pkey PRIMARY KEY (id);


--
-- Name: account_setup_bank_manual_config account_setup_bank_manual_config_pkey; Type: CONSTRAINT; Schema: public; Owner: odoo
--

ALTER TABLE ONLY public.account_setup_bank_manual_config
    ADD CONSTRAINT account_setup_bank_manual_config_pkey PRIMARY KEY (id);


--
-- Name: account_tax_filiation_rel account_tax_filiation_rel_pkey; Type: CONSTRAINT; Schema: public; Owner: odoo
--

ALTER TABLE ONLY public.account_tax_filiation_rel
    ADD CONSTRAINT account_tax_filiation_rel_pkey PRIMARY KEY (parent_tax, child_tax);


--
-- Name: account_tax_group account_tax_group_pkey; Type: CONSTRAINT; Schema: public; Owner: odoo
--

ALTER TABLE ONLY public.account_tax_group
    ADD CONSTRAINT account_tax_group_pkey PRIMARY KEY (id);


--
-- Name: account_tax account_tax_pkey; Type: CONSTRAINT; Schema: public; Owner: odoo
--

ALTER TABLE ONLY public.account_tax
    ADD CONSTRAINT account_tax_pkey PRIMARY KEY (id);


--
-- Name: account_tax_purchase_order_line_rel account_tax_purchase_order_line_rel_pkey; Type: CONSTRAINT; Schema: public; Owner: odoo
--

ALTER TABLE ONLY public.account_tax_purchase_order_line_rel
    ADD CONSTRAINT account_tax_purchase_order_line_rel_pkey PRIMARY KEY (purchase_order_line_id, account_tax_id);


--
-- Name: account_tax_repartition_line account_tax_repartition_line_pkey; Type: CONSTRAINT; Schema: public; Owner: odoo
--

ALTER TABLE ONLY public.account_tax_repartition_line
    ADD CONSTRAINT account_tax_repartition_line_pkey PRIMARY KEY (id);


--
-- Name: account_tax_sale_order_discount_rel account_tax_sale_order_discount_rel_pkey; Type: CONSTRAINT; Schema: public; Owner: odoo
--

ALTER TABLE ONLY public.account_tax_sale_order_discount_rel
    ADD CONSTRAINT account_tax_sale_order_discount_rel_pkey PRIMARY KEY (sale_order_discount_id, account_tax_id);


--
-- Name: account_tax_sale_order_line_rel account_tax_sale_order_line_rel_pkey; Type: CONSTRAINT; Schema: public; Owner: odoo
--

ALTER TABLE ONLY public.account_tax_sale_order_line_rel
    ADD CONSTRAINT account_tax_sale_order_line_rel_pkey PRIMARY KEY (sale_order_line_id, account_tax_id);


--
-- Name: activity_attachment_rel activity_attachment_rel_pkey; Type: CONSTRAINT; Schema: public; Owner: odoo
--

ALTER TABLE ONLY public.activity_attachment_rel
    ADD CONSTRAINT activity_attachment_rel_pkey PRIMARY KEY (activity_id, attachment_id);


--
-- Name: auth_totp_device auth_totp_device_pkey; Type: CONSTRAINT; Schema: public; Owner: odoo
--

ALTER TABLE ONLY public.auth_totp_device
    ADD CONSTRAINT auth_totp_device_pkey PRIMARY KEY (id);


--
-- Name: auth_totp_wizard auth_totp_wizard_pkey; Type: CONSTRAINT; Schema: public; Owner: odoo
--

ALTER TABLE ONLY public.auth_totp_wizard
    ADD CONSTRAINT auth_totp_wizard_pkey PRIMARY KEY (id);


--
-- Name: badge_unlocked_definition_rel badge_unlocked_definition_rel_pkey; Type: CONSTRAINT; Schema: public; Owner: odoo
--

ALTER TABLE ONLY public.badge_unlocked_definition_rel
    ADD CONSTRAINT badge_unlocked_definition_rel_pkey PRIMARY KEY (gamification_badge_id, gamification_goal_definition_id);


--
-- Name: barcode_nomenclature barcode_nomenclature_pkey; Type: CONSTRAINT; Schema: public; Owner: odoo
--

ALTER TABLE ONLY public.barcode_nomenclature
    ADD CONSTRAINT barcode_nomenclature_pkey PRIMARY KEY (id);


--
-- Name: barcode_rule barcode_rule_pkey; Type: CONSTRAINT; Schema: public; Owner: odoo
--

ALTER TABLE ONLY public.barcode_rule
    ADD CONSTRAINT barcode_rule_pkey PRIMARY KEY (id);


--
-- Name: base_document_layout base_document_layout_pkey; Type: CONSTRAINT; Schema: public; Owner: odoo
--

ALTER TABLE ONLY public.base_document_layout
    ADD CONSTRAINT base_document_layout_pkey PRIMARY KEY (id);


--
-- Name: base_enable_profiling_wizard base_enable_profiling_wizard_pkey; Type: CONSTRAINT; Schema: public; Owner: odoo
--

ALTER TABLE ONLY public.base_enable_profiling_wizard
    ADD CONSTRAINT base_enable_profiling_wizard_pkey PRIMARY KEY (id);


--
-- Name: base_import_import base_import_import_pkey; Type: CONSTRAINT; Schema: public; Owner: odoo
--

ALTER TABLE ONLY public.base_import_import
    ADD CONSTRAINT base_import_import_pkey PRIMARY KEY (id);


--
-- Name: base_import_mapping base_import_mapping_pkey; Type: CONSTRAINT; Schema: public; Owner: odoo
--

ALTER TABLE ONLY public.base_import_mapping
    ADD CONSTRAINT base_import_mapping_pkey PRIMARY KEY (id);


--
-- Name: base_import_module base_import_module_pkey; Type: CONSTRAINT; Schema: public; Owner: odoo
--

ALTER TABLE ONLY public.base_import_module
    ADD CONSTRAINT base_import_module_pkey PRIMARY KEY (id);


--
-- Name: base_language_export base_language_export_pkey; Type: CONSTRAINT; Schema: public; Owner: odoo
--

ALTER TABLE ONLY public.base_language_export
    ADD CONSTRAINT base_language_export_pkey PRIMARY KEY (id);


--
-- Name: base_language_import base_language_import_pkey; Type: CONSTRAINT; Schema: public; Owner: odoo
--

ALTER TABLE ONLY public.base_language_import
    ADD CONSTRAINT base_language_import_pkey PRIMARY KEY (id);


--
-- Name: base_language_install base_language_install_pkey; Type: CONSTRAINT; Schema: public; Owner: odoo
--

ALTER TABLE ONLY public.base_language_install
    ADD CONSTRAINT base_language_install_pkey PRIMARY KEY (id);


--
-- Name: base_language_install_website_rel base_language_install_website_rel_pkey; Type: CONSTRAINT; Schema: public; Owner: odoo
--

ALTER TABLE ONLY public.base_language_install_website_rel
    ADD CONSTRAINT base_language_install_website_rel_pkey PRIMARY KEY (base_language_install_id, website_id);


--
-- Name: base_module_install_request base_module_install_request_pkey; Type: CONSTRAINT; Schema: public; Owner: odoo
--

ALTER TABLE ONLY public.base_module_install_request
    ADD CONSTRAINT base_module_install_request_pkey PRIMARY KEY (id);


--
-- Name: base_module_install_review base_module_install_review_pkey; Type: CONSTRAINT; Schema: public; Owner: odoo
--

ALTER TABLE ONLY public.base_module_install_review
    ADD CONSTRAINT base_module_install_review_pkey PRIMARY KEY (id);


--
-- Name: base_module_uninstall base_module_uninstall_pkey; Type: CONSTRAINT; Schema: public; Owner: odoo
--

ALTER TABLE ONLY public.base_module_uninstall
    ADD CONSTRAINT base_module_uninstall_pkey PRIMARY KEY (id);


--
-- Name: base_module_update base_module_update_pkey; Type: CONSTRAINT; Schema: public; Owner: odoo
--

ALTER TABLE ONLY public.base_module_update
    ADD CONSTRAINT base_module_update_pkey PRIMARY KEY (id);


--
-- Name: base_module_upgrade base_module_upgrade_pkey; Type: CONSTRAINT; Schema: public; Owner: odoo
--

ALTER TABLE ONLY public.base_module_upgrade
    ADD CONSTRAINT base_module_upgrade_pkey PRIMARY KEY (id);


--
-- Name: base_partner_merge_automatic_wizard base_partner_merge_automatic_wizard_pkey; Type: CONSTRAINT; Schema: public; Owner: odoo
--

ALTER TABLE ONLY public.base_partner_merge_automatic_wizard
    ADD CONSTRAINT base_partner_merge_automatic_wizard_pkey PRIMARY KEY (id);


--
-- Name: base_partner_merge_automatic_wizard_res_partner_rel base_partner_merge_automatic_wizard_res_partner_rel_pkey; Type: CONSTRAINT; Schema: public; Owner: odoo
--

ALTER TABLE ONLY public.base_partner_merge_automatic_wizard_res_partner_rel
    ADD CONSTRAINT base_partner_merge_automatic_wizard_res_partner_rel_pkey PRIMARY KEY (base_partner_merge_automatic_wizard_id, res_partner_id);


--
-- Name: base_partner_merge_line base_partner_merge_line_pkey; Type: CONSTRAINT; Schema: public; Owner: odoo
--

ALTER TABLE ONLY public.base_partner_merge_line
    ADD CONSTRAINT base_partner_merge_line_pkey PRIMARY KEY (id);


--
-- Name: bill_to_po_wizard bill_to_po_wizard_pkey; Type: CONSTRAINT; Schema: public; Owner: odoo
--

ALTER TABLE ONLY public.bill_to_po_wizard
    ADD CONSTRAINT bill_to_po_wizard_pkey PRIMARY KEY (id);


--
-- Name: bus_bus bus_bus_pkey; Type: CONSTRAINT; Schema: public; Owner: odoo
--

ALTER TABLE ONLY public.bus_bus
    ADD CONSTRAINT bus_bus_pkey PRIMARY KEY (id);


--
-- Name: bus_presence bus_presence_pkey; Type: CONSTRAINT; Schema: public; Owner: odoo
--

ALTER TABLE ONLY public.bus_presence
    ADD CONSTRAINT bus_presence_pkey PRIMARY KEY (id);


--
-- Name: calendar_alarm_calendar_event_rel calendar_alarm_calendar_event_rel_pkey; Type: CONSTRAINT; Schema: public; Owner: odoo
--

ALTER TABLE ONLY public.calendar_alarm_calendar_event_rel
    ADD CONSTRAINT calendar_alarm_calendar_event_rel_pkey PRIMARY KEY (calendar_event_id, calendar_alarm_id);


--
-- Name: calendar_alarm calendar_alarm_pkey; Type: CONSTRAINT; Schema: public; Owner: odoo
--

ALTER TABLE ONLY public.calendar_alarm
    ADD CONSTRAINT calendar_alarm_pkey PRIMARY KEY (id);


--
-- Name: calendar_attendee calendar_attendee_pkey; Type: CONSTRAINT; Schema: public; Owner: odoo
--

ALTER TABLE ONLY public.calendar_attendee
    ADD CONSTRAINT calendar_attendee_pkey PRIMARY KEY (id);


--
-- Name: calendar_event calendar_event_pkey; Type: CONSTRAINT; Schema: public; Owner: odoo
--

ALTER TABLE ONLY public.calendar_event
    ADD CONSTRAINT calendar_event_pkey PRIMARY KEY (id);


--
-- Name: calendar_event_res_partner_rel calendar_event_res_partner_rel_pkey; Type: CONSTRAINT; Schema: public; Owner: odoo
--

ALTER TABLE ONLY public.calendar_event_res_partner_rel
    ADD CONSTRAINT calendar_event_res_partner_rel_pkey PRIMARY KEY (res_partner_id, calendar_event_id);


--
-- Name: calendar_event_type calendar_event_type_name_uniq; Type: CONSTRAINT; Schema: public; Owner: odoo
--

ALTER TABLE ONLY public.calendar_event_type
    ADD CONSTRAINT calendar_event_type_name_uniq UNIQUE (name);


--
-- Name: CONSTRAINT calendar_event_type_name_uniq ON calendar_event_type; Type: COMMENT; Schema: public; Owner: odoo
--

COMMENT ON CONSTRAINT calendar_event_type_name_uniq ON public.calendar_event_type IS 'unique (name)';


--
-- Name: calendar_event_type calendar_event_type_pkey; Type: CONSTRAINT; Schema: public; Owner: odoo
--

ALTER TABLE ONLY public.calendar_event_type
    ADD CONSTRAINT calendar_event_type_pkey PRIMARY KEY (id);


--
-- Name: calendar_filters calendar_filters_pkey; Type: CONSTRAINT; Schema: public; Owner: odoo
--

ALTER TABLE ONLY public.calendar_filters
    ADD CONSTRAINT calendar_filters_pkey PRIMARY KEY (id);


--
-- Name: calendar_filters calendar_filters_user_id_partner_id_unique; Type: CONSTRAINT; Schema: public; Owner: odoo
--

ALTER TABLE ONLY public.calendar_filters
    ADD CONSTRAINT calendar_filters_user_id_partner_id_unique UNIQUE (user_id, partner_id);


--
-- Name: CONSTRAINT calendar_filters_user_id_partner_id_unique ON calendar_filters; Type: COMMENT; Schema: public; Owner: odoo
--

COMMENT ON CONSTRAINT calendar_filters_user_id_partner_id_unique ON public.calendar_filters IS 'UNIQUE(user_id, partner_id)';


--
-- Name: calendar_popover_delete_wizard calendar_popover_delete_wizard_pkey; Type: CONSTRAINT; Schema: public; Owner: odoo
--

ALTER TABLE ONLY public.calendar_popover_delete_wizard
    ADD CONSTRAINT calendar_popover_delete_wizard_pkey PRIMARY KEY (id);


--
-- Name: calendar_provider_config calendar_provider_config_pkey; Type: CONSTRAINT; Schema: public; Owner: odoo
--

ALTER TABLE ONLY public.calendar_provider_config
    ADD CONSTRAINT calendar_provider_config_pkey PRIMARY KEY (id);


--
-- Name: calendar_recurrence calendar_recurrence_pkey; Type: CONSTRAINT; Schema: public; Owner: odoo
--

ALTER TABLE ONLY public.calendar_recurrence
    ADD CONSTRAINT calendar_recurrence_pkey PRIMARY KEY (id);


--
-- Name: certificate_certificate certificate_certificate_pkey; Type: CONSTRAINT; Schema: public; Owner: odoo
--

ALTER TABLE ONLY public.certificate_certificate
    ADD CONSTRAINT certificate_certificate_pkey PRIMARY KEY (id);


--
-- Name: certificate_key certificate_key_pkey; Type: CONSTRAINT; Schema: public; Owner: odoo
--

ALTER TABLE ONLY public.certificate_key
    ADD CONSTRAINT certificate_key_pkey PRIMARY KEY (id);


--
-- Name: change_password_own change_password_own_pkey; Type: CONSTRAINT; Schema: public; Owner: odoo
--

ALTER TABLE ONLY public.change_password_own
    ADD CONSTRAINT change_password_own_pkey PRIMARY KEY (id);


--
-- Name: change_password_user change_password_user_pkey; Type: CONSTRAINT; Schema: public; Owner: odoo
--

ALTER TABLE ONLY public.change_password_user
    ADD CONSTRAINT change_password_user_pkey PRIMARY KEY (id);


--
-- Name: change_password_wizard change_password_wizard_pkey; Type: CONSTRAINT; Schema: public; Owner: odoo
--

ALTER TABLE ONLY public.change_password_wizard
    ADD CONSTRAINT change_password_wizard_pkey PRIMARY KEY (id);


--
-- Name: change_production_qty change_production_qty_pkey; Type: CONSTRAINT; Schema: public; Owner: odoo
--

ALTER TABLE ONLY public.change_production_qty
    ADD CONSTRAINT change_production_qty_pkey PRIMARY KEY (id);


--
-- Name: confirm_stock_sms confirm_stock_sms_pkey; Type: CONSTRAINT; Schema: public; Owner: odoo
--

ALTER TABLE ONLY public.confirm_stock_sms
    ADD CONSTRAINT confirm_stock_sms_pkey PRIMARY KEY (id);


--
-- Name: crm_convert_lead_mass_lead_rel crm_convert_lead_mass_lead_rel_pkey; Type: CONSTRAINT; Schema: public; Owner: odoo
--

ALTER TABLE ONLY public.crm_convert_lead_mass_lead_rel
    ADD CONSTRAINT crm_convert_lead_mass_lead_rel_pkey PRIMARY KEY (crm_lead2opportunity_partner_mass_id, crm_lead_id);


--
-- Name: crm_iap_lead_helpers crm_iap_lead_helpers_pkey; Type: CONSTRAINT; Schema: public; Owner: odoo
--

ALTER TABLE ONLY public.crm_iap_lead_helpers
    ADD CONSTRAINT crm_iap_lead_helpers_pkey PRIMARY KEY (id);


--
-- Name: crm_iap_lead_industry_crm_iap_lead_mining_request_rel crm_iap_lead_industry_crm_iap_lead_mining_request_rel_pkey; Type: CONSTRAINT; Schema: public; Owner: odoo
--

ALTER TABLE ONLY public.crm_iap_lead_industry_crm_iap_lead_mining_request_rel
    ADD CONSTRAINT crm_iap_lead_industry_crm_iap_lead_mining_request_rel_pkey PRIMARY KEY (crm_iap_lead_mining_request_id, crm_iap_lead_industry_id);


--
-- Name: crm_iap_lead_industry crm_iap_lead_industry_name_uniq; Type: CONSTRAINT; Schema: public; Owner: odoo
--

ALTER TABLE ONLY public.crm_iap_lead_industry
    ADD CONSTRAINT crm_iap_lead_industry_name_uniq UNIQUE (name);


--
-- Name: CONSTRAINT crm_iap_lead_industry_name_uniq ON crm_iap_lead_industry; Type: COMMENT; Schema: public; Owner: odoo
--

COMMENT ON CONSTRAINT crm_iap_lead_industry_name_uniq ON public.crm_iap_lead_industry IS 'unique (name)';


--
-- Name: crm_iap_lead_industry crm_iap_lead_industry_pkey; Type: CONSTRAINT; Schema: public; Owner: odoo
--

ALTER TABLE ONLY public.crm_iap_lead_industry
    ADD CONSTRAINT crm_iap_lead_industry_pkey PRIMARY KEY (id);


--
-- Name: crm_iap_lead_mining_request_crm_iap_lead_role_rel crm_iap_lead_mining_request_crm_iap_lead_role_rel_pkey; Type: CONSTRAINT; Schema: public; Owner: odoo
--

ALTER TABLE ONLY public.crm_iap_lead_mining_request_crm_iap_lead_role_rel
    ADD CONSTRAINT crm_iap_lead_mining_request_crm_iap_lead_role_rel_pkey PRIMARY KEY (crm_iap_lead_mining_request_id, crm_iap_lead_role_id);


--
-- Name: crm_iap_lead_mining_request_crm_tag_rel crm_iap_lead_mining_request_crm_tag_rel_pkey; Type: CONSTRAINT; Schema: public; Owner: odoo
--

ALTER TABLE ONLY public.crm_iap_lead_mining_request_crm_tag_rel
    ADD CONSTRAINT crm_iap_lead_mining_request_crm_tag_rel_pkey PRIMARY KEY (crm_iap_lead_mining_request_id, crm_tag_id);


--
-- Name: crm_iap_lead_mining_request crm_iap_lead_mining_request_pkey; Type: CONSTRAINT; Schema: public; Owner: odoo
--

ALTER TABLE ONLY public.crm_iap_lead_mining_request
    ADD CONSTRAINT crm_iap_lead_mining_request_pkey PRIMARY KEY (id);


--
-- Name: crm_iap_lead_mining_request_res_country_rel crm_iap_lead_mining_request_res_country_rel_pkey; Type: CONSTRAINT; Schema: public; Owner: odoo
--

ALTER TABLE ONLY public.crm_iap_lead_mining_request_res_country_rel
    ADD CONSTRAINT crm_iap_lead_mining_request_res_country_rel_pkey PRIMARY KEY (crm_iap_lead_mining_request_id, res_country_id);


--
-- Name: crm_iap_lead_mining_request_res_country_state_rel crm_iap_lead_mining_request_res_country_state_rel_pkey; Type: CONSTRAINT; Schema: public; Owner: odoo
--

ALTER TABLE ONLY public.crm_iap_lead_mining_request_res_country_state_rel
    ADD CONSTRAINT crm_iap_lead_mining_request_res_country_state_rel_pkey PRIMARY KEY (crm_iap_lead_mining_request_id, res_country_state_id);


--
-- Name: crm_iap_lead_role crm_iap_lead_role_name_uniq; Type: CONSTRAINT; Schema: public; Owner: odoo
--

ALTER TABLE ONLY public.crm_iap_lead_role
    ADD CONSTRAINT crm_iap_lead_role_name_uniq UNIQUE (name);


--
-- Name: CONSTRAINT crm_iap_lead_role_name_uniq ON crm_iap_lead_role; Type: COMMENT; Schema: public; Owner: odoo
--

COMMENT ON CONSTRAINT crm_iap_lead_role_name_uniq ON public.crm_iap_lead_role IS 'unique (name)';


--
-- Name: crm_iap_lead_role crm_iap_lead_role_pkey; Type: CONSTRAINT; Schema: public; Owner: odoo
--

ALTER TABLE ONLY public.crm_iap_lead_role
    ADD CONSTRAINT crm_iap_lead_role_pkey PRIMARY KEY (id);


--
-- Name: crm_iap_lead_seniority crm_iap_lead_seniority_name_uniq; Type: CONSTRAINT; Schema: public; Owner: odoo
--

ALTER TABLE ONLY public.crm_iap_lead_seniority
    ADD CONSTRAINT crm_iap_lead_seniority_name_uniq UNIQUE (name);


--
-- Name: CONSTRAINT crm_iap_lead_seniority_name_uniq ON crm_iap_lead_seniority; Type: COMMENT; Schema: public; Owner: odoo
--

COMMENT ON CONSTRAINT crm_iap_lead_seniority_name_uniq ON public.crm_iap_lead_seniority IS 'unique (name)';


--
-- Name: crm_iap_lead_seniority crm_iap_lead_seniority_pkey; Type: CONSTRAINT; Schema: public; Owner: odoo
--

ALTER TABLE ONLY public.crm_iap_lead_seniority
    ADD CONSTRAINT crm_iap_lead_seniority_pkey PRIMARY KEY (id);


--
-- Name: crm_lead2opportunity_partner_mass crm_lead2opportunity_partner_mass_pkey; Type: CONSTRAINT; Schema: public; Owner: odoo
--

ALTER TABLE ONLY public.crm_lead2opportunity_partner_mass
    ADD CONSTRAINT crm_lead2opportunity_partner_mass_pkey PRIMARY KEY (id);


--
-- Name: crm_lead2opportunity_partner_mass_res_users_rel crm_lead2opportunity_partner_mass_res_users_rel_pkey; Type: CONSTRAINT; Schema: public; Owner: odoo
--

ALTER TABLE ONLY public.crm_lead2opportunity_partner_mass_res_users_rel
    ADD CONSTRAINT crm_lead2opportunity_partner_mass_res_users_rel_pkey PRIMARY KEY (crm_lead2opportunity_partner_mass_id, res_users_id);


--
-- Name: crm_lead2opportunity_partner crm_lead2opportunity_partner_pkey; Type: CONSTRAINT; Schema: public; Owner: odoo
--

ALTER TABLE ONLY public.crm_lead2opportunity_partner
    ADD CONSTRAINT crm_lead2opportunity_partner_pkey PRIMARY KEY (id);


--
